Feb 15 20:31:51.119353 n-d-825015-4 neutron-server[103341]: DEBUG neutron_lib.callbacks.manager [None req-f6879abc-5c85-41e3-bd45-30e6e3038676 admin admin] Publish callbacks ['neutron.services.auto_allocate.db._ensure_external_network_default_value_callback-8780539548447'] for network (462e1525-6e59-48b0-aaaa-9562bb740d69), precommit_create {{(pid=103341) _notify_loop /usr/local/lib/python3.8/dist-packages/neutron_lib/callbacks/manager.py:176}}
Feb 15 20:31:51.131542 n-d-825015-4 neutron-server[103340]: DEBUG neutron_lib.callbacks.manager [None req-ff56f47c-548d-4034-bb8c-8d009c71e99a tempest-ServersWithSpecificFlavorTestJSON-409184294 tempest-ServersWithSpecificFlavorTestJSON-409184294-project] Publish callbacks [] for floatingip (None), before_create {{(pid=103340) _notify_loop /usr/local/lib/python3.8/dist-packages/neutron_lib/callbacks/manager.py:176}}
Feb 15 20:31:51.161326 n-d-825015-4 neutron-server[103342]: DEBUG neutron.plugins.ml2.rpc [None req-550c413a-a3af-40dd-bad1-abff387f9232 None None] Device 43c92d4f-fa49-45ed-9501-445ca2cecb40 details requested by agent hyperv_n-h1-825015-4 with host n-h1-825015-4 {{(pid=103342) get_device_details /opt/stack/neutron/neutron/plugins/ml2/rpc.py:102}}
Feb 15 20:31:51.194989 n-d-825015-4 neutron-server[103341]: DEBUG neutron_lib.callbacks.manager [None req-f6879abc-5c85-41e3-bd45-30e6e3038676 admin admin] Publish callbacks ['neutron.plugins.ml2.ovo_rpc._ObjectChangeHandler.handle_event-537460', 'neutron.api.rpc.agentnotifiers.dhcp_rpc_agent_api.DhcpAgentNotifyAPI._native_event_send_dhcp_notification-733116'] for network (462e1525-6e59-48b0-aaaa-9562bb740d69), after_create {{(pid=103341) _notify_loop /usr/local/lib/python3.8/dist-packages/neutron_lib/callbacks/manager.py:176}}
Feb 15 20:31:51.196033 n-d-825015-4 neutron-server[103341]: DEBUG neutron.pecan_wsgi.hooks.policy_enforcement [None req-f6879abc-5c85-41e3-bd45-30e6e3038676 admin admin] Attributes excluded by policy engine: ['standard_attr_id', 'vlan_transparent'] {{(pid=103341) _exclude_attributes_by_policy /opt/stack/neutron/neutron/pecan_wsgi/hooks/policy_enforcement.py:255}}
Feb 15 20:31:51.196728 n-d-825015-4 neutron-server[103341]: DEBUG neutron_lib.callbacks.manager [None req-f6879abc-5c85-41e3-bd45-30e6e3038676 admin admin] Publish callbacks ['neutron.api.rpc.agentnotifiers.dhcp_rpc_agent_api.DhcpAgentNotifyAPI._send_dhcp_notification-733098'] for network (None), before_response {{(pid=103341) _notify_loop /usr/local/lib/python3.8/dist-packages/neutron_lib/callbacks/manager.py:176}}
Feb 15 20:31:51.220628 n-d-825015-4 neutron-server[103341]: DEBUG neutron.api.rpc.handlers.resources_rpc [None req-f6879abc-5c85-41e3-bd45-30e6e3038676 admin admin] Pushing event updated for resources: {'SecurityGroup': ['ID=9a2c1960-3f1e-445f-83d0-43ffcb4a94a3,revision_number=1']} {{(pid=103341) push /opt/stack/neutron/neutron/api/rpc/handlers/resources_rpc.py:237}}
Feb 15 20:31:51.288052 n-d-825015-4 neutron-server[103340]: DEBUG neutron_lib.callbacks.manager [req-bb568545-ae5a-437c-ba5f-5a2e7a078de3 req-e7f720d0-de0e-4b83-ac2a-41cba6f22550 tempest-MigrationsAdminTest-1313821159 tempest-MigrationsAdminTest-1313821159-project] Publish callbacks [] for security_group (9bc9564f-e4b0-4bc2-b293-3553b2930916), precommit_create {{(pid=103340) _notify_loop /usr/local/lib/python3.8/dist-packages/neutron_lib/callbacks/manager.py:176}}
Feb 15 20:31:51.301825 n-d-825015-4 neutron-server[103342]: DEBUG neutron.plugins.ml2.plugin [None req-35696360-32a7-4e05-bb7b-319e6b2c8fc1 None None] Current status of the port 3040276a-ac29-48f9-b7b0-a7e5c0416573 is: ACTIVE; New status is: ACTIVE {{(pid=103342) _update_individual_port_db_status /opt/stack/neutron/neutron/plugins/ml2/plugin.py:2232}}
Feb 15 20:31:51.306872 n-d-825015-4 neutron-server[103340]: DEBUG neutron_lib.callbacks.manager [req-bb568545-ae5a-437c-ba5f-5a2e7a078de3 req-e7f720d0-de0e-4b83-ac2a-41cba6f22550 tempest-MigrationsAdminTest-1313821159 tempest-MigrationsAdminTest-1313821159-project] Publish callbacks ['neutron.plugins.ml2.ovo_rpc._ObjectChangeHandler.handle_event-537383'] for security_group (9bc9564f-e4b0-4bc2-b293-3553b2930916), after_create {{(pid=103340) _notify_loop /usr/local/lib/python3.8/dist-packages/neutron_lib/callbacks/manager.py:176}}
Feb 15 20:31:51.324302 n-d-825015-4 neutron-server[103341]: DEBUG neutron_lib.callbacks.manager [None req-d5992720-01bf-494c-975b-5fed34305fa0 admin admin] Publish callbacks [] for security_group (None), before_create {{(pid=103341) _notify_loop /usr/local/lib/python3.8/dist-packages/neutron_lib/callbacks/manager.py:176}}
Feb 15 20:31:51.357373 n-d-825015-4 neutron-server[103341]: INFO neutron.wsgi [None req-f6879abc-5c85-41e3-bd45-30e6e3038676 admin admin] 10.222.0.37 "POST /v2.0/networks HTTP/1.1" status: 201 len: 893 time: 0.6940398
Feb 15 20:31:51.360799 n-d-825015-4 neutron-server[103341]: DEBUG neutron.wsgi [-] (103341) accepted ('10.222.0.37', 37706) {{(pid=103341) server /usr/local/lib/python3.8/dist-packages/eventlet/wsgi.py:1004}}
Feb 15 20:31:51.374637 n-d-825015-4 neutron-server[103341]: DEBUG neutron.api.v2.base [None req-179326d6-5343-4cc7-b7b3-dd474ffa8b39 admin admin] Request body: {'subnet': {'network_id': '462e1525-6e59-48b0-aaaa-9562bb740d69', 'cidr': '172.20.0.0/28', 'name': 'tempest-LiveAutoBlockMigrationV225Test-486461172-subnet', 'tenant_id': 'a94e239a71e440e78dd77516ad75da9d', 'enable_dhcp': False, 'ip_version': 4}} {{(pid=103341) prepare_request_body /opt/stack/neutron/neutron/api/v2/base.py:729}}
Feb 15 20:31:51.394648 n-d-825015-4 neutron-server[103341]: DEBUG neutron.api.rpc.handlers.resources_rpc [None req-f6879abc-5c85-41e3-bd45-30e6e3038676 admin admin] Pushing event updated for resources: {'Network': ['ID=462e1525-6e59-48b0-aaaa-9562bb740d69,revision_number=1']} {{(pid=103341) push /opt/stack/neutron/neutron/api/rpc/handlers/resources_rpc.py:237}}
Feb 15 20:31:51.429605 n-d-825015-4 neutron-server[103341]: DEBUG neutron.pecan_wsgi.hooks.quota_enforcement [None req-179326d6-5343-4cc7-b7b3-dd474ffa8b39 admin admin] Made reservation on behalf of a94e239a71e440e78dd77516ad75da9d for: {'subnet': 1} {{(pid=103341) before /opt/stack/neutron/neutron/pecan_wsgi/hooks/quota_enforcement.py:53}}
Feb 15 20:31:51.432324 n-d-825015-4 neutron-server[103341]: DEBUG neutron_lib.callbacks.manager [None req-179326d6-5343-4cc7-b7b3-dd474ffa8b39 admin admin] Publish callbacks ['neutron.services.segments.plugin.SegmentHostRoutes.host_routes_before_create-3951473'] for subnet (None), before_create {{(pid=103341) _notify_loop /usr/local/lib/python3.8/dist-packages/neutron_lib/callbacks/manager.py:176}}
Feb 15 20:31:51.438761 n-d-825015-4 neutron-server[103342]: DEBUG neutron.plugins.ml2.rpc [None req-35696360-32a7-4e05-bb7b-319e6b2c8fc1 None None] Network 462e1525-6e59-48b0-aaaa-9562bb740d69 details requested by agent ovs-agent-n-d-825015-4 with host n-d-825015-4 {{(pid=103342) get_network_details /opt/stack/neutron/neutron/plugins/ml2/rpc.py:248}}
Feb 15 20:31:51.446245 n-d-825015-4 neutron-server[103342]: DEBUG neutron.plugins.ml2.db [None req-550c413a-a3af-40dd-bad1-abff387f9232 None None] For port 43c92d4f-fa49-45ed-9501-445ca2cecb40, host n-h1-825015-4, got binding levels [PortBindingLevel(driver='hyperv',host='n-h1-825015-4',level=0,port_id=43c92d4f-fa49-45ed-9501-445ca2cecb40,segment=NetworkSegment(ff52c516-0f81-49e7-8e60-87f5a2341d3b),segment_id=ff52c516-0f81-49e7-8e60-87f5a2341d3b)] {{(pid=103342) get_binding_level_objs /opt/stack/neutron/neutron/plugins/ml2/db.py:74}}
Feb 15 20:31:51.492324 n-d-825015-4 neutron-server[103340]: DEBUG neutron.api.rpc.handlers.resources_rpc [None req-e7f720d0-de0e-4b83-ac2a-41cba6f22550 tempest-MigrationsAdminTest-1313821159 tempest-MigrationsAdminTest-1313821159-project] Pushing event updated for resources: {'SecurityGroup': ['ID=9bc9564f-e4b0-4bc2-b293-3553b2930916,revision_number=1']} {{(pid=103340) push /opt/stack/neutron/neutron/api/rpc/handlers/resources_rpc.py:237}}
Feb 15 20:31:51.570538 n-d-825015-4 neutron-server[103342]: DEBUG neutron.plugins.ml2.rpc [None req-550c413a-a3af-40dd-bad1-abff387f9232 None None] Returning: {'device': '43c92d4f-fa49-45ed-9501-445ca2cecb40', 'network_id': '7730ca89-f5ab-4727-8aac-e3f9620985db', 'port_id': '43c92d4f-fa49-45ed-9501-445ca2cecb40', 'mac_address': 'fa:16:3e:1c:d0:d6', 'admin_state_up': True, 'network_type': 'vlan', 'segmentation_id': 130, 'physical_network': 'physnet1', 'mtu': 1500, 'fixed_ips': [{'subnet_id': '76aebe34-d472-4d88-87e2-4c36c45ca318', 'ip_address': '192.168.233.38'}], 'device_owner': 'compute:tempest-test_az-682060520', 'allowed_address_pairs': [], 'port_security_enabled': True, 'qos_policy_id': None, 'network_qos_policy_id': None, 'profile': {}, 'propagate_uplink_status': False} {{(pid=103342) _get_device_details /opt/stack/neutron/neutron/plugins/ml2/rpc.py:184}}
Feb 15 20:31:51.579280 n-d-825015-4 neutron-server[103340]: DEBUG neutron.db.db_base_plugin_common [req-bb568545-ae5a-437c-ba5f-5a2e7a078de3 req-e7f720d0-de0e-4b83-ac2a-41cba6f22550 tempest-MigrationsAdminTest-1313821159 tempest-MigrationsAdminTest-1313821159-project] Allocated IP 192.168.233.169 (7730ca89-f5ab-4727-8aac-e3f9620985db/76aebe34-d472-4d88-87e2-4c36c45ca318/e2fc3a8f-e865-449e-90d6-c8aaedc0f8a3) {{(pid=103340) _store_ip_allocation /opt/stack/neutron/neutron/db/db_base_plugin_common.py:131}}
Feb 15 20:31:51.618102 n-d-825015-4 neutron-server[103341]: DEBUG neutron_lib.callbacks.manager [None req-d5992720-01bf-494c-975b-5fed34305fa0 admin admin] Publish callbacks [] for security_group (1768485d-2c79-4d38-b23a-44d7782565b7), precommit_create {{(pid=103341) _notify_loop /usr/local/lib/python3.8/dist-packages/neutron_lib/callbacks/manager.py:176}}
Feb 15 20:31:51.630826 n-d-825015-4 neutron-server[103341]: DEBUG neutron_lib.callbacks.manager [None req-d5992720-01bf-494c-975b-5fed34305fa0 admin admin] Publish callbacks ['neutron.plugins.ml2.ovo_rpc._ObjectChangeHandler.handle_event-537383'] for security_group (1768485d-2c79-4d38-b23a-44d7782565b7), after_create {{(pid=103341) _notify_loop /usr/local/lib/python3.8/dist-packages/neutron_lib/callbacks/manager.py:176}}
Feb 15 20:31:51.665629 n-d-825015-4 neutron-server[103342]: DEBUG neutron.plugins.ml2.plugin [None req-550c413a-a3af-40dd-bad1-abff387f9232 None None] Current status of the port 43c92d4f-fa49-45ed-9501-445ca2cecb40 is: DOWN; New status is: BUILD {{(pid=103342) _update_individual_port_db_status /opt/stack/neutron/neutron/plugins/ml2/plugin.py:2232}}
Feb 15 20:31:51.666302 n-d-825015-4 neutron-server[103342]: DEBUG neutron_lib.callbacks.manager [None req-550c413a-a3af-40dd-bad1-abff387f9232 None None] Publish callbacks ['neutron.plugins.ml2.plugin.SecurityGroupDbMixin._ensure_default_security_group_handler-32872859'] for port (43c92d4f-fa49-45ed-9501-445ca2cecb40), before_update {{(pid=103342) _notify_loop /usr/local/lib/python3.8/dist-packages/neutron_lib/callbacks/manager.py:176}}
Feb 15 20:31:51.684926 n-d-825015-4 neutron-server[103341]: DEBUG neutron.api.rpc.handlers.resources_rpc [None req-d5992720-01bf-494c-975b-5fed34305fa0 admin admin] Pushing event updated for resources: {'SecurityGroup': ['ID=1768485d-2c79-4d38-b23a-44d7782565b7,revision_number=1']} {{(pid=103341) push /opt/stack/neutron/neutron/api/rpc/handlers/resources_rpc.py:237}}
Feb 15 20:31:51.707648 n-d-825015-4 neutron-server[103342]: DEBUG neutron.notifiers.nova [None req-550c413a-a3af-40dd-bad1-abff387f9232 None None] Ignoring state change previous_port_status: DOWN current_port_status: BUILD port_id 43c92d4f-fa49-45ed-9501-445ca2cecb40 {{(pid=103342) record_port_status_changed /opt/stack/neutron/neutron/notifiers/nova.py:233}}
Feb 15 20:31:51.754346 n-d-825015-4 neutron-server[103341]: INFO neutron.wsgi [None req-d5992720-01bf-494c-975b-5fed34305fa0 admin admin] 10.222.0.37 "GET /v2.0/security-groups?tenant_id=abb41f44f24748c98f55813a883426f4&name=default HTTP/1.1" status: 200 len: 2996 time: 0.8990808
Feb 15 20:31:51.755628 n-d-825015-4 neutron-server[103341]: DEBUG neutron.wsgi [-] (103341) accepted ('10.222.0.37', 37712) {{(pid=103341) server /usr/local/lib/python3.8/dist-packages/eventlet/wsgi.py:1004}}
Feb 15 20:31:51.775524 n-d-825015-4 neutron-server[103342]: DEBUG neutron.plugins.ml2.db [None req-550c413a-a3af-40dd-bad1-abff387f9232 None None] For port 43c92d4f-fa49-45ed-9501-445ca2cecb40, host n-h1-825015-4, got binding levels [PortBindingLevel(driver='hyperv',host='n-h1-825015-4',level=0,port_id=43c92d4f-fa49-45ed-9501-445ca2cecb40,segment=NetworkSegment(ff52c516-0f81-49e7-8e60-87f5a2341d3b),segment_id=ff52c516-0f81-49e7-8e60-87f5a2341d3b)] {{(pid=103342) get_binding_level_objs /opt/stack/neutron/neutron/plugins/ml2/db.py:74}}
Feb 15 20:31:51.781771 n-d-825015-4 neutron-server[103342]: DEBUG neutron_lib.callbacks.manager [None req-550c413a-a3af-40dd-bad1-abff387f9232 None None] Publish callbacks ['neutron.plugins.ml2.plugin.SecurityGroupServerNotifierRpcMixin._notify_sg_on_port_change-32872772', 'neutron.plugins.ml2.ovo_rpc._ObjectChangeHandler.handle_event-950992', 'neutron.api.rpc.agentnotifiers.dhcp_rpc_agent_api.DhcpAgentNotifyAPI._native_event_send_dhcp_notification-733116', 'neutron.db.l3_db.L3RpcNotifierMixin._notify_gateway_port_ip_changed-8780539983391', 'neutron.db.l3_dvrscheduler_db._notify_l3_agent_port_update-8780539575754', 'neutron.db.l3_hascheduler_db._notify_l3_agent_ha_port_update-8780539575772'] for port (43c92d4f-fa49-45ed-9501-445ca2cecb40), after_update {{(pid=103342) _notify_loop /usr/local/lib/python3.8/dist-packages/neutron_lib/callbacks/manager.py:176}}
Feb 15 20:31:51.917401 n-d-825015-4 neutron-server[103342]: DEBUG neutron.api.rpc.handlers.resources_rpc [None req-550c413a-a3af-40dd-bad1-abff387f9232 None None] Pushing event updated for resources: {'Port': ['ID=43c92d4f-fa49-45ed-9501-445ca2cecb40,revision_number=4']} {{(pid=103342) push /opt/stack/neutron/neutron/api/rpc/handlers/resources_rpc.py:237}}
Feb 15 20:31:51.945916 n-d-825015-4 neutron-server[103340]: DEBUG neutron_lib.callbacks.manager [None req-ff56f47c-548d-4034-bb8c-8d009c71e99a tempest-ServersWithSpecificFlavorTestJSON-409184294 tempest-ServersWithSpecificFlavorTestJSON-409184294-project] Publish callbacks ['neutron.plugins.ml2.plugin.SecurityGroupDbMixin._ensure_default_security_group_handler-32872859'] for port (None), before_create {{(pid=103340) _notify_loop /usr/local/lib/python3.8/dist-packages/neutron_lib/callbacks/manager.py:176}}
Feb 15 20:31:52.066238 n-d-825015-4 neutron-server[103341]: DEBUG neutron_lib.callbacks.manager [None req-179326d6-5343-4cc7-b7b3-dd474ffa8b39 admin admin] Publish callbacks ['neutron.plugins.ml2.ovo_rpc._ObjectChangeHandler.handle_event-561992', 'neutron.api.rpc.agentnotifiers.dhcp_rpc_agent_api.DhcpAgentNotifyAPI._native_event_send_dhcp_notification-733116', 'neutron.services.segments.plugin.NovaSegmentNotifier._notify_subnet_created-3181762', 'neutron.services.segments.plugin.SegmentHostRoutes.host_routes_after_create-3951459'] for subnet (c89085c7-25ed-4f2d-9640-e395f34bf7e0), after_create {{(pid=103341) _notify_loop /usr/local/lib/python3.8/dist-packages/neutron_lib/callbacks/manager.py:176}}
Feb 15 20:31:52.070249 n-d-825015-4 neutron-server[103342]: DEBUG neutron.plugins.ml2.db [None req-550c413a-a3af-40dd-bad1-abff387f9232 None None] get_ports_and_sgs() called for port_ids ['43c92d4f-fa49-45ed-9501-445ca2cecb40'] {{(pid=103342) get_ports_and_sgs /opt/stack/neutron/neutron/plugins/ml2/db.py:156}}
Feb 15 20:31:52.085576 n-d-825015-4 neutron-server[103341]: DEBUG neutron.pecan_wsgi.hooks.policy_enforcement [req-ed8c0463-db2a-4ca2-b08f-75fd95fa4364 req-5572d302-ad78-4b42-a1ab-013a2762f5b9 tempest-AggregatesAdminTestJSON-1518111399 tempest-AggregatesAdminTestJSON-1518111399-project] Attributes excluded by policy engine: ['standard_attr_id', 'binding:profile', 'binding:host_id', 'binding:vif_type', 'binding:vif_details'] {{(pid=103341) _exclude_attributes_by_policy /opt/stack/neutron/neutron/pecan_wsgi/hooks/policy_enforcement.py:255}}
Feb 15 20:31:52.090650 n-d-825015-4 neutron-server[103341]: INFO neutron.wsgi [req-ed8c0463-db2a-4ca2-b08f-75fd95fa4364 req-5572d302-ad78-4b42-a1ab-013a2762f5b9 tempest-AggregatesAdminTestJSON-1518111399 tempest-AggregatesAdminTestJSON-1518111399-project] 10.222.0.37 "GET /v2.0/ports?device_id=07aebb45-9733-4c3a-a640-85945f10892f HTTP/1.1" status: 200 len: 969 time: 0.2582145
Feb 15 20:31:52.132745 n-d-825015-4 neutron-server[103341]: DEBUG neutron_lib.callbacks.manager [None req-71122b20-f2ee-4dc6-bdc3-f252f8903c20 admin admin] Publish callbacks [] for security_group (1768485d-2c79-4d38-b23a-44d7782565b7), before_delete {{(pid=103341) _notify_loop /usr/local/lib/python3.8/dist-packages/neutron_lib/callbacks/manager.py:176}}
Feb 15 20:31:52.137281 n-d-825015-4 neutron-server[103340]: INFO neutron.wsgi [req-aa427380-0353-4afe-b2ab-942b8dda7c54 req-5155c58a-d5f9-4783-a762-b536d4bed99e tempest-MigrationsAdminTest-1313821159 tempest-MigrationsAdminTest-1313821159-project] 10.222.0.37 "GET /v2.0/ports?device_id=0c38c650-b182-4a95-bc0a-9cc95f0450ea HTTP/1.1" status: 200 len: 210 time: 0.0783343
Feb 15 20:31:52.183633 n-d-825015-4 neutron-server[103341]: DEBUG neutron_lib.callbacks.manager [None req-71122b20-f2ee-4dc6-bdc3-f252f8903c20 admin admin] Publish callbacks [] for security_group (1768485d-2c79-4d38-b23a-44d7782565b7), precommit_delete {{(pid=103341) _notify_loop /usr/local/lib/python3.8/dist-packages/neutron_lib/callbacks/manager.py:176}}
Feb 15 20:31:52.271932 n-d-825015-4 neutron-server[103340]: DEBUG neutron_lib.callbacks.manager [req-bb568545-ae5a-437c-ba5f-5a2e7a078de3 req-e7f720d0-de0e-4b83-ac2a-41cba6f22550 tempest-MigrationsAdminTest-1313821159 tempest-MigrationsAdminTest-1313821159-project] Publish callbacks [] for port (e2fc3a8f-e865-449e-90d6-c8aaedc0f8a3), precommit_create {{(pid=103340) _notify_loop /usr/local/lib/python3.8/dist-packages/neutron_lib/callbacks/manager.py:176}}
Feb 15 20:31:52.292760 n-d-825015-4 neutron-server[103340]: DEBUG neutron.db.db_base_plugin_common [None req-ff56f47c-548d-4034-bb8c-8d009c71e99a tempest-ServersWithSpecificFlavorTestJSON-409184294 tempest-ServersWithSpecificFlavorTestJSON-409184294-project] Allocated IP 172.25.1.49 (df4c0931-a81b-4dec-be54-55aaa008f5cd/5aa1bb4b-45a8-4e37-bf84-f585c0e227dc/5ac4dbd4-7438-4db7-98e8-858006a96040) {{(pid=103340) _store_ip_allocation /opt/stack/neutron/neutron/db/db_base_plugin_common.py:131}}
Feb 15 20:31:52.460985 n-d-825015-4 neutron-server[103341]: DEBUG neutron.api.rpc.handlers.resources_rpc [None req-179326d6-5343-4cc7-b7b3-dd474ffa8b39 admin admin] Pushing event updated for resources: {'Subnet': ['ID=c89085c7-25ed-4f2d-9640-e395f34bf7e0,revision_number=0']} {{(pid=103341) push /opt/stack/neutron/neutron/api/rpc/handlers/resources_rpc.py:237}}
Feb 15 20:31:52.478287 n-d-825015-4 neutron-server[103341]: INFO neutron.wsgi [req-ed8c0463-db2a-4ca2-b08f-75fd95fa4364 req-5eb239ec-9b5b-43bb-a5b1-d7f2739caf30 tempest-AggregatesAdminTestJSON-1518111399 tempest-AggregatesAdminTestJSON-1518111399-project] 10.222.0.37 "GET /v2.0/security-groups?id=a771c89d-eda9-4b83-824d-2c89bf07d5ac&fields=id&fields=name HTTP/1.1" status: 200 len: 286 time: 0.3463225
Feb 15 20:31:52.491321 n-d-825015-4 neutron-server[103341]: DEBUG neutron.plugins.ml2.drivers.mech_agent [None req-179326d6-5343-4cc7-b7b3-dd474ffa8b39 admin admin] Checking segment: {'id': 'faa6b616-3a19-4888-9e87-e41003ef5ce8', 'network_type': 'vlan', 'physical_network': 'physnet1', 'segmentation_id': 135, 'network_id': '462e1525-6e59-48b0-aaaa-9562bb740d69'} for mappings: {'physnet1': 'br-data'} with network types: ['local', 'flat', 'vlan'] {{(pid=103341) check_segment_for_agent /opt/stack/neutron/neutron/plugins/ml2/drivers/mech_agent.py:373}}
Feb 15 20:31:52.491766 n-d-825015-4 neutron-server[103341]: DEBUG neutron.scheduler.dhcp_agent_scheduler [None req-179326d6-5343-4cc7-b7b3-dd474ffa8b39 admin admin] Network hostable DHCP agents. Network: 462e1525-6e59-48b0-aaaa-9562bb740d69, hostable agents: ['6724cbde-ec8f-4aac-af2c-c5d2bf1d6818'], hosted agents: [] {{(pid=103341) _get_network_hostable_dhcp_agents /opt/stack/neutron/neutron/scheduler/dhcp_agent_scheduler.py:329}}
Feb 15 20:31:52.510886 n-d-825015-4 neutron-server[103341]: DEBUG neutron_lib.callbacks.manager [None req-71122b20-f2ee-4dc6-bdc3-f252f8903c20 admin admin] Publish callbacks ['neutron.plugins.ml2.ovo_rpc._ObjectChangeHandler.handle_event-537383'] for security_group (1768485d-2c79-4d38-b23a-44d7782565b7), after_delete {{(pid=103341) _notify_loop /usr/local/lib/python3.8/dist-packages/neutron_lib/callbacks/manager.py:176}}
Feb 15 20:31:52.512236 n-d-825015-4 neutron-server[103341]: DEBUG neutron_lib.callbacks.manager [None req-71122b20-f2ee-4dc6-bdc3-f252f8903c20 admin admin] Publish callbacks [] for security_group (None), before_response {{(pid=103341) _notify_loop /usr/local/lib/python3.8/dist-packages/neutron_lib/callbacks/manager.py:176}}
Feb 15 20:31:52.513869 n-d-825015-4 neutron-server[103341]: INFO neutron.wsgi [None req-71122b20-f2ee-4dc6-bdc3-f252f8903c20 admin admin] 10.222.0.37 "DELETE /v2.0/security-groups/1768485d-2c79-4d38-b23a-44d7782565b7 HTTP/1.1" status: 204 len: 168 time: 0.7530403
Feb 15 20:31:52.515069 n-d-825015-4 neutron-server[103340]: DEBUG neutron_lib.callbacks.manager [req-bb568545-ae5a-437c-ba5f-5a2e7a078de3 req-e7f720d0-de0e-4b83-ac2a-41cba6f22550 tempest-MigrationsAdminTest-1313821159 tempest-MigrationsAdminTest-1313821159-project] Publish callbacks ['neutron.plugins.ml2.plugin.SecurityGroupServerNotifierRpcMixin._notify_sg_on_port_change-32872772', 'neutron.plugins.ml2.ovo_rpc._ObjectChangeHandler.handle_event-950992', 'neutron.api.rpc.agentnotifiers.dhcp_rpc_agent_api.DhcpAgentNotifyAPI._native_event_send_dhcp_notification-733116', 'neutron.db.l3_dvrscheduler_db._notify_l3_agent_new_port-8780539575736', 'neutron.services.segments.plugin.NovaSegmentNotifier._notify_port_created_or_deleted-9080420'] for port (e2fc3a8f-e865-449e-90d6-c8aaedc0f8a3), after_create {{(pid=103340) _notify_loop /usr/local/lib/python3.8/dist-packages/neutron_lib/callbacks/manager.py:176}}
Feb 15 20:31:52.525846 n-d-825015-4 neutron-server[103341]: DEBUG neutron.api.rpc.handlers.resources_rpc [None req-71122b20-f2ee-4dc6-bdc3-f252f8903c20 admin admin] Pushing event deleted for resources: {'SecurityGroup': ['ID=1768485d-2c79-4d38-b23a-44d7782565b7,revision_number=None']} {{(pid=103341) push /opt/stack/neutron/neutron/api/rpc/handlers/resources_rpc.py:237}}
Feb 15 20:31:52.531688 n-d-825015-4 neutron-server[103341]: DEBUG neutron.scheduler.dhcp_agent_scheduler [None req-179326d6-5343-4cc7-b7b3-dd474ffa8b39 admin admin] Network 462e1525-6e59-48b0-aaaa-9562bb740d69 is scheduled to be hosted by DHCP agent 6724cbde-ec8f-4aac-af2c-c5d2bf1d6818 with binding_index 1 {{(pid=103341) bind /opt/stack/neutron/neutron/scheduler/dhcp_agent_scheduler.py:227}}
Feb 15 20:31:52.551001 n-d-825015-4 neutron-server[103340]: DEBUG neutron.scheduler.dhcp_agent_scheduler [req-bb568545-ae5a-437c-ba5f-5a2e7a078de3 req-e7f720d0-de0e-4b83-ac2a-41cba6f22550 tempest-MigrationsAdminTest-1313821159 tempest-MigrationsAdminTest-1313821159-project] Network 7730ca89-f5ab-4727-8aac-e3f9620985db is already hosted by enough agents. {{(pid=103340) _get_dhcp_agents_hosting_network /opt/stack/neutron/neutron/scheduler/dhcp_agent_scheduler.py:275}}
Feb 15 20:31:52.551741 n-d-825015-4 neutron-server[103341]: DEBUG neutron.scheduler.base_scheduler [None req-179326d6-5343-4cc7-b7b3-dd474ffa8b39 admin admin] Resources bound (agent type, host, resource id): (DHCP agent, n-d-825015-4, 462e1525-6e59-48b0-aaaa-9562bb740d69) {{(pid=103341) schedule /opt/stack/neutron/neutron/scheduler/base_scheduler.py:57}}
Feb 15 20:31:52.561682 n-d-825015-4 neutron-server[103341]: DEBUG neutron.pecan_wsgi.hooks.policy_enforcement [None req-179326d6-5343-4cc7-b7b3-dd474ffa8b39 admin admin] Attributes excluded by policy engine: ['standard_attr_id', 'shared', 'segment_id', 'network'] {{(pid=103341) _exclude_attributes_by_policy /opt/stack/neutron/neutron/pecan_wsgi/hooks/policy_enforcement.py:255}}
Feb 15 20:31:52.561682 n-d-825015-4 neutron-server[103341]: DEBUG neutron_lib.callbacks.manager [None req-179326d6-5343-4cc7-b7b3-dd474ffa8b39 admin admin] Publish callbacks [] for subnet (None), before_response {{(pid=103341) _notify_loop /usr/local/lib/python3.8/dist-packages/neutron_lib/callbacks/manager.py:176}}
Feb 15 20:31:52.563160 n-d-825015-4 neutron-server[103340]: DEBUG neutron.scheduler.base_scheduler [req-bb568545-ae5a-437c-ba5f-5a2e7a078de3 req-e7f720d0-de0e-4b83-ac2a-41cba6f22550 tempest-MigrationsAdminTest-1313821159 tempest-MigrationsAdminTest-1313821159-project] Resources bound (agent type, host, resource id): {{(pid=103340) schedule /opt/stack/neutron/neutron/scheduler/base_scheduler.py:57}}
Feb 15 20:31:52.566874 n-d-825015-4 neutron-server[103342]: DEBUG neutron.api.rpc.handlers.dhcp_rpc [None req-8249aad5-4d0e-418b-aa4c-3cee0a9b8d0e None None] Network 462e1525-6e59-48b0-aaaa-9562bb740d69 requested from n-d-825015-4 {{(pid=103342) get_network_info /opt/stack/neutron/neutron/api/rpc/handlers/dhcp_rpc.py:191}}
Feb 15 20:31:52.601009 n-d-825015-4 neutron-server[103340]: DEBUG neutron.db.l3_dvrscheduler_db [req-bb568545-ae5a-437c-ba5f-5a2e7a078de3 req-e7f720d0-de0e-4b83-ac2a-41cba6f22550 tempest-MigrationsAdminTest-1313821159 tempest-MigrationsAdminTest-1313821159-project] Received port after_create {{(pid=103340) _notify_l3_agent_new_port /opt/stack/neutron/neutron/db/l3_dvrscheduler_db.py:536}}
Feb 15 20:31:52.630382 n-d-825015-4 neutron-server[103341]: INFO neutron.wsgi [None req-179326d6-5343-4cc7-b7b3-dd474ffa8b39 admin admin] 10.222.0.37 "POST /v2.0/subnets HTTP/1.1" status: 201 len: 857 time: 1.2654691
Feb 15 20:31:52.695689 n-d-825015-4 neutron-server[103340]: DEBUG neutron.api.rpc.handlers.resources_rpc [None req-e7f720d0-de0e-4b83-ac2a-41cba6f22550 tempest-MigrationsAdminTest-1313821159 tempest-MigrationsAdminTest-1313821159-project] Pushing event updated for resources: {'Port': ['ID=e2fc3a8f-e865-449e-90d6-c8aaedc0f8a3,revision_number=1']} {{(pid=103340) push /opt/stack/neutron/neutron/api/rpc/handlers/resources_rpc.py:237}}
Feb 15 20:31:52.710210 n-d-825015-4 neutron-server[103342]: DEBUG neutron.api.rpc.handlers.dhcp_rpc [None req-5d89b6ac-b85c-40a8-abec-e28b0b6f6623 None None] Network 462e1525-6e59-48b0-aaaa-9562bb740d69 requested from n-d-825015-4 {{(pid=103342) get_network_info /opt/stack/neutron/neutron/api/rpc/handlers/dhcp_rpc.py:191}}
Feb 15 20:31:52.722095 n-d-825015-4 neutron-server[103340]: DEBUG neutron_lib.callbacks.manager [None req-ff56f47c-548d-4034-bb8c-8d009c71e99a tempest-ServersWithSpecificFlavorTestJSON-409184294 tempest-ServersWithSpecificFlavorTestJSON-409184294-project] Publish callbacks [] for port (5ac4dbd4-7438-4db7-98e8-858006a96040), precommit_create {{(pid=103340) _notify_loop /usr/local/lib/python3.8/dist-packages/neutron_lib/callbacks/manager.py:176}}
Feb 15 20:31:52.744396 n-d-825015-4 neutron-server[103340]: DEBUG neutron.pecan_wsgi.hooks.policy_enforcement [req-bb568545-ae5a-437c-ba5f-5a2e7a078de3 req-e7f720d0-de0e-4b83-ac2a-41cba6f22550 tempest-MigrationsAdminTest-1313821159 tempest-MigrationsAdminTest-1313821159-project] Attributes excluded by policy engine: ['standard_attr_id', 'binding:profile', 'binding:host_id', 'binding:vif_type', 'binding:vif_details', 'network'] {{(pid=103340) _exclude_attributes_by_policy /opt/stack/neutron/neutron/pecan_wsgi/hooks/policy_enforcement.py:255}}
Feb 15 20:31:52.752713 n-d-825015-4 neutron-server[103340]: DEBUG neutron_lib.callbacks.manager [req-bb568545-ae5a-437c-ba5f-5a2e7a078de3 req-e7f720d0-de0e-4b83-ac2a-41cba6f22550 tempest-MigrationsAdminTest-1313821159 tempest-MigrationsAdminTest-1313821159-project] Publish callbacks ['neutron.notifiers.nova.Notifier._send_nova_notification-18504', 'neutron.api.rpc.agentnotifiers.dhcp_rpc_agent_api.DhcpAgentNotifyAPI._send_dhcp_notification-733098'] for port (None), before_response {{(pid=103340) _notify_loop /usr/local/lib/python3.8/dist-packages/neutron_lib/callbacks/manager.py:176}}
Feb 15 20:31:52.780095 n-d-825015-4 neutron-server[103340]: INFO neutron.wsgi [req-bb568545-ae5a-437c-ba5f-5a2e7a078de3 req-e7f720d0-de0e-4b83-ac2a-41cba6f22550 tempest-MigrationsAdminTest-1313821159 tempest-MigrationsAdminTest-1313821159-project] 10.222.0.42 "POST /v2.0/ports HTTP/1.1" status: 201 len: 938 time: 2.4891965
Feb 15 20:31:52.839990 n-d-825015-4 neutron-server[103340]: DEBUG neutron_lib.callbacks.manager [None req-ff56f47c-548d-4034-bb8c-8d009c71e99a tempest-ServersWithSpecificFlavorTestJSON-409184294 tempest-ServersWithSpecificFlavorTestJSON-409184294-project] Publish callbacks ['neutron.plugins.ml2.plugin.SecurityGroupServerNotifierRpcMixin._notify_sg_on_port_change-32872772', 'neutron.plugins.ml2.ovo_rpc._ObjectChangeHandler.handle_event-950992', 'neutron.api.rpc.agentnotifiers.dhcp_rpc_agent_api.DhcpAgentNotifyAPI._native_event_send_dhcp_notification-733116', 'neutron.db.l3_dvrscheduler_db._notify_l3_agent_new_port-8780539575736', 'neutron.services.segments.plugin.NovaSegmentNotifier._notify_port_created_or_deleted-9080420'] for port (5ac4dbd4-7438-4db7-98e8-858006a96040), after_create {{(pid=103340) _notify_loop /usr/local/lib/python3.8/dist-packages/neutron_lib/callbacks/manager.py:176}}
Feb 15 20:31:52.894747 n-d-825015-4 neutron-server[103340]: DEBUG neutron.scheduler.dhcp_agent_scheduler [None req-ff56f47c-548d-4034-bb8c-8d009c71e99a tempest-ServersWithSpecificFlavorTestJSON-409184294 tempest-ServersWithSpecificFlavorTestJSON-409184294-project] Network df4c0931-a81b-4dec-be54-55aaa008f5cd is already hosted by enough agents. {{(pid=103340) _get_dhcp_agents_hosting_network /opt/stack/neutron/neutron/scheduler/dhcp_agent_scheduler.py:275}}
Feb 15 20:31:52.897925 n-d-825015-4 neutron-server[103340]: DEBUG neutron.scheduler.base_scheduler [None req-ff56f47c-548d-4034-bb8c-8d009c71e99a tempest-ServersWithSpecificFlavorTestJSON-409184294 tempest-ServersWithSpecificFlavorTestJSON-409184294-project] Resources bound (agent type, host, resource id): {{(pid=103340) schedule /opt/stack/neutron/neutron/scheduler/base_scheduler.py:57}}
Feb 15 20:31:52.903139 n-d-825015-4 neutron-server[103340]: DEBUG neutron.db.l3_dvrscheduler_db [None req-ff56f47c-548d-4034-bb8c-8d009c71e99a tempest-ServersWithSpecificFlavorTestJSON-409184294 tempest-ServersWithSpecificFlavorTestJSON-409184294-project] Received port after_create {{(pid=103340) _notify_l3_agent_new_port /opt/stack/neutron/neutron/db/l3_dvrscheduler_db.py:536}}
Feb 15 20:31:52.908937 n-d-825015-4 neutron-server[103340]: DEBUG neutron.api.rpc.handlers.resources_rpc [None req-ff56f47c-548d-4034-bb8c-8d009c71e99a tempest-ServersWithSpecificFlavorTestJSON-409184294 tempest-ServersWithSpecificFlavorTestJSON-409184294-project] Pushing event updated for resources: {'Port': ['ID=5ac4dbd4-7438-4db7-98e8-858006a96040,revision_number=1']} {{(pid=103340) push /opt/stack/neutron/neutron/api/rpc/handlers/resources_rpc.py:237}}
Feb 15 20:31:52.948111 n-d-825015-4 neutron-server[103342]: DEBUG neutron.db.provisioning_blocks [None req-31a5f8b8-9143-423e-a4d8-abf29ecb8429 None None] Provisioning complete for port e2fc3a8f-e865-449e-90d6-c8aaedc0f8a3 triggered by entity DHCP. {{(pid=103342) provisioning_complete /opt/stack/neutron/neutron/db/provisioning_blocks.py:139}}
Feb 15 20:31:52.948401 n-d-825015-4 neutron-server[103342]: DEBUG neutron_lib.callbacks.manager [None req-31a5f8b8-9143-423e-a4d8-abf29ecb8429 None None] Publish callbacks ['neutron.plugins.ml2.plugin.Ml2Plugin._port_provisioned-32864042'] for port (e2fc3a8f-e865-449e-90d6-c8aaedc0f8a3), provisioning_complete {{(pid=103342) _notify_loop /usr/local/lib/python3.8/dist-packages/neutron_lib/callbacks/manager.py:176}}
Feb 15 20:31:52.995413 n-d-825015-4 neutron-server[103342]: DEBUG neutron.plugins.ml2.plugin [None req-31a5f8b8-9143-423e-a4d8-abf29ecb8429 None None] Port e2fc3a8f-e865-449e-90d6-c8aaedc0f8a3 cannot update to ACTIVE because it is not bound. {{(pid=103342) _port_provisioned /opt/stack/neutron/neutron/plugins/ml2/plugin.py:343}}
Feb 15 20:31:53.093530 n-d-825015-4 neutron-server[103340]: DEBUG neutron_lib.callbacks.manager [None req-ff56f47c-548d-4034-bb8c-8d009c71e99a tempest-ServersWithSpecificFlavorTestJSON-409184294 tempest-ServersWithSpecificFlavorTestJSON-409184294-project] Publish callbacks [] for floatingip (d02c071c-3413-46b3-b70f-2717f62b5488), precommit_create {{(pid=103340) _notify_loop /usr/local/lib/python3.8/dist-packages/neutron_lib/callbacks/manager.py:176}}
Feb 15 20:31:53.109792 n-d-825015-4 neutron-server[103342]: DEBUG neutron.plugins.ml2.rpc [None req-550c413a-a3af-40dd-bad1-abff387f9232 None None] Device 43c92d4f-fa49-45ed-9501-445ca2cecb40 up at agent hyperv_n-h1-825015-4 {{(pid=103342) update_device_up /opt/stack/neutron/neutron/plugins/ml2/rpc.py:296}}
Feb 15 20:31:53.168166 n-d-825015-4 neutron-server[103340]: DEBUG neutron_lib.callbacks.manager [None req-ff56f47c-548d-4034-bb8c-8d009c71e99a tempest-ServersWithSpecificFlavorTestJSON-409184294 tempest-ServersWithSpecificFlavorTestJSON-409184294-project] Publish callbacks ['neutron.plugins.ml2.plugin.SecurityGroupDbMixin._ensure_default_security_group_handler-32872859'] for port (5ac4dbd4-7438-4db7-98e8-858006a96040), before_update {{(pid=103340) _notify_loop /usr/local/lib/python3.8/dist-packages/neutron_lib/callbacks/manager.py:176}}
Feb 15 20:31:53.197408 n-d-825015-4 neutron-server[103342]: DEBUG neutron.db.provisioning_blocks [None req-550c413a-a3af-40dd-bad1-abff387f9232 None None] Provisioning for port 43c92d4f-fa49-45ed-9501-445ca2cecb40 completed by entity L2. {{(pid=103342) provisioning_complete /opt/stack/neutron/neutron/db/provisioning_blocks.py:133}}
Feb 15 20:31:53.204397 n-d-825015-4 neutron-server[103342]: DEBUG neutron.db.provisioning_blocks [None req-550c413a-a3af-40dd-bad1-abff387f9232 None None] Provisioning complete for port 43c92d4f-fa49-45ed-9501-445ca2cecb40 triggered by entity L2. {{(pid=103342) provisioning_complete /opt/stack/neutron/neutron/db/provisioning_blocks.py:139}}
Feb 15 20:31:53.204841 n-d-825015-4 neutron-server[103342]: DEBUG neutron_lib.callbacks.manager [None req-550c413a-a3af-40dd-bad1-abff387f9232 None None] Publish callbacks ['neutron.plugins.ml2.plugin.Ml2Plugin._port_provisioned-32864042'] for port (43c92d4f-fa49-45ed-9501-445ca2cecb40), provisioning_complete {{(pid=103342) _notify_loop /usr/local/lib/python3.8/dist-packages/neutron_lib/callbacks/manager.py:176}}
Feb 15 20:31:53.328323 n-d-825015-4 neutron-server[103342]: DEBUG neutron.plugins.ml2.plugin [None req-550c413a-a3af-40dd-bad1-abff387f9232 None None] Current status of the port 43c92d4f-fa49-45ed-9501-445ca2cecb40 is: BUILD; New status is: ACTIVE {{(pid=103342) _update_individual_port_db_status /opt/stack/neutron/neutron/plugins/ml2/plugin.py:2232}}
Feb 15 20:31:53.328861 n-d-825015-4 neutron-server[103342]: DEBUG neutron_lib.callbacks.manager [None req-550c413a-a3af-40dd-bad1-abff387f9232 None None] Publish callbacks ['neutron.plugins.ml2.plugin.SecurityGroupDbMixin._ensure_default_security_group_handler-32872859'] for port (43c92d4f-fa49-45ed-9501-445ca2cecb40), before_update {{(pid=103342) _notify_loop /usr/local/lib/python3.8/dist-packages/neutron_lib/callbacks/manager.py:176}}
Feb 15 20:31:53.332695 n-d-825015-4 neutron-server[103341]: DEBUG neutron.wsgi [-] (103341) accepted ('10.222.0.37', 37754) {{(pid=103341) server /usr/local/lib/python3.8/dist-packages/eventlet/wsgi.py:1004}}
Feb 15 20:31:53.355737 n-d-825015-4 neutron-server[103341]: DEBUG neutron_lib.callbacks.manager [None req-98b8a8cb-94bc-4344-affa-ec24abcee22f admin admin] Publish callbacks [] for security_group (None), before_create {{(pid=103341) _notify_loop /usr/local/lib/python3.8/dist-packages/neutron_lib/callbacks/manager.py:176}}
Feb 15 20:31:53.371299 n-d-825015-4 neutron-server[103342]: DEBUG neutron.notifiers.nova [-] Sending events: [{'server_uuid': '07aebb45-9733-4c3a-a640-85945f10892f', 'name': 'network-vif-plugged', 'status': 'completed', 'tag': '43c92d4f-fa49-45ed-9501-445ca2cecb40'}] {{(pid=103342) send_events /opt/stack/neutron/neutron/notifiers/nova.py:271}}
Feb 15 20:31:53.405397 n-d-825015-4 neutron-server[103340]: INFO neutron.wsgi [req-f522d762-7079-439f-b99b-051e99d2be21 req-b8ce5597-e79e-40ae-a9a0-5d6ee83a309c tempest-ServersAdminNegativeTestJSON-632475771 tempest-ServersAdminNegativeTestJSON-632475771-project] 10.222.0.37 "GET /v2.0/networks?tenant_id=7cf70e8d34ac40ff8f55dae7c16b78f5&shared=False HTTP/1.1" status: 200 len: 213 time: 0.0422597
Feb 15 20:31:53.452143 n-d-825015-4 neutron-server[103342]: DEBUG neutron.plugins.ml2.db [None req-550c413a-a3af-40dd-bad1-abff387f9232 None None] For port 43c92d4f-fa49-45ed-9501-445ca2cecb40, host n-h1-825015-4, got binding levels [PortBindingLevel(driver='hyperv',host='n-h1-825015-4',level=0,port_id=43c92d4f-fa49-45ed-9501-445ca2cecb40,segment=NetworkSegment(ff52c516-0f81-49e7-8e60-87f5a2341d3b),segment_id=ff52c516-0f81-49e7-8e60-87f5a2341d3b)] {{(pid=103342) get_binding_level_objs /opt/stack/neutron/neutron/plugins/ml2/db.py:74}}
Feb 15 20:31:53.460968 n-d-825015-4 neutron-server[103342]: DEBUG neutron_lib.callbacks.manager [None req-550c413a-a3af-40dd-bad1-abff387f9232 None None] Publish callbacks ['neutron.plugins.ml2.plugin.SecurityGroupServerNotifierRpcMixin._notify_sg_on_port_change-32872772', 'neutron.plugins.ml2.ovo_rpc._ObjectChangeHandler.handle_event-950992', 'neutron.api.rpc.agentnotifiers.dhcp_rpc_agent_api.DhcpAgentNotifyAPI._native_event_send_dhcp_notification-733116', 'neutron.db.l3_db.L3RpcNotifierMixin._notify_gateway_port_ip_changed-8780539983391', 'neutron.db.l3_dvrscheduler_db._notify_l3_agent_port_update-8780539575754', 'neutron.db.l3_hascheduler_db._notify_l3_agent_ha_port_update-8780539575772'] for port (43c92d4f-fa49-45ed-9501-445ca2cecb40), after_update {{(pid=103342) _notify_loop /usr/local/lib/python3.8/dist-packages/neutron_lib/callbacks/manager.py:176}}
Feb 15 20:31:53.535816 n-d-825015-4 neutron-server[103342]: DEBUG neutron.api.rpc.handlers.resources_rpc [None req-550c413a-a3af-40dd-bad1-abff387f9232 None None] Pushing event updated for resources: {'Port': ['ID=43c92d4f-fa49-45ed-9501-445ca2cecb40,revision_number=5']} {{(pid=103342) push /opt/stack/neutron/neutron/api/rpc/handlers/resources_rpc.py:237}}
Feb 15 20:31:53.568015 n-d-825015-4 neutron-server[103340]: DEBUG neutron_lib.callbacks.manager [None req-ff56f47c-548d-4034-bb8c-8d009c71e99a tempest-ServersWithSpecificFlavorTestJSON-409184294 tempest-ServersWithSpecificFlavorTestJSON-409184294-project] Publish callbacks [] for port (5ac4dbd4-7438-4db7-98e8-858006a96040), precommit_update {{(pid=103340) _notify_loop /usr/local/lib/python3.8/dist-packages/neutron_lib/callbacks/manager.py:176}}
Feb 15 20:31:53.580697 n-d-825015-4 neutron-server[103340]: DEBUG neutron_lib.callbacks.manager [None req-ff56f47c-548d-4034-bb8c-8d009c71e99a tempest-ServersWithSpecificFlavorTestJSON-409184294 tempest-ServersWithSpecificFlavorTestJSON-409184294-project] Publish callbacks ['neutron.plugins.ml2.plugin.SecurityGroupServerNotifierRpcMixin._notify_sg_on_port_change-32872772', 'neutron.plugins.ml2.ovo_rpc._ObjectChangeHandler.handle_event-950992', 'neutron.api.rpc.agentnotifiers.dhcp_rpc_agent_api.DhcpAgentNotifyAPI._native_event_send_dhcp_notification-733116', 'neutron.db.l3_db.L3RpcNotifierMixin._notify_gateway_port_ip_changed-8780539983391', 'neutron.db.l3_dvrscheduler_db._notify_l3_agent_port_update-8780539575754', 'neutron.db.l3_hascheduler_db._notify_l3_agent_ha_port_update-8780539575772', 'neutron.services.segments.plugin.NovaSegmentNotifier._notify_port_updated-9080413'] for port (5ac4dbd4-7438-4db7-98e8-858006a96040), after_update {{(pid=103340) _notify_loop /usr/local/lib/python3.8/dist-packages/neutron_lib/callbacks/manager.py:176}}
Feb 15 20:31:53.603643 n-d-825015-4 neutron-server[103342]: DEBUG novaclient.v2.client [-] REQ: curl -g -i --cacert "/opt/stack/data/ca-bundle.pem" -X POST http://10.222.0.37/compute/v2.1/os-server-external-events -H "Accept: application/json" -H "Content-Type: application/json" -H "User-Agent: python-novaclient" -H "X-Auth-Token: {SHA256}b493d48ddfa7ae8a051dde399aba4ac515e91f8a77d341690d530dd373f3b976" -H "X-OpenStack-Nova-API-Version: 2.1" -H "X-OpenStack-Request-ID: req-a0044b77-2062-40b1-9222-da8570bd3cce" -d '{"events": [{"server_uuid": "07aebb45-9733-4c3a-a640-85945f10892f", "name": "network-vif-plugged", "status": "completed", "tag": "43c92d4f-fa49-45ed-9501-445ca2cecb40"}]}' {{(pid=103342) _http_log_request /usr/local/lib/python3.8/dist-packages/keystoneauth1/session.py:519}}
Feb 15 20:31:53.632017 n-d-825015-4 neutron-server[103340]: DEBUG neutron.pecan_wsgi.hooks.policy_enforcement [req-f522d762-7079-439f-b99b-051e99d2be21 req-755aa40a-3882-4bc4-8441-5f8de2b2052b tempest-ServersAdminNegativeTestJSON-632475771 tempest-ServersAdminNegativeTestJSON-632475771-project] Attributes excluded by policy engine: ['standard_attr_id', 'vlan_transparent', 'provider:network_type', 'provider:physical_network', 'provider:segmentation_id'] {{(pid=103340) _exclude_attributes_by_policy /opt/stack/neutron/neutron/pecan_wsgi/hooks/policy_enforcement.py:255}}
Feb 15 20:31:53.633673 n-d-825015-4 neutron-server[103340]: INFO neutron.wsgi [req-f522d762-7079-439f-b99b-051e99d2be21 req-755aa40a-3882-4bc4-8441-5f8de2b2052b tempest-ServersAdminNegativeTestJSON-632475771 tempest-ServersAdminNegativeTestJSON-632475771-project] 10.222.0.37 "GET /v2.0/networks?shared=True HTTP/1.1" status: 200 len: 769 time: 0.2274926
Feb 15 20:31:53.667383 n-d-825015-4 neutron-server[103341]: DEBUG neutron_lib.callbacks.manager [None req-98b8a8cb-94bc-4344-affa-ec24abcee22f admin admin] Publish callbacks [] for security_group (bd4fe11f-5151-40e6-9c93-cad6b18d049f), precommit_create {{(pid=103341) _notify_loop /usr/local/lib/python3.8/dist-packages/neutron_lib/callbacks/manager.py:176}}
Feb 15 20:31:53.675776 n-d-825015-4 neutron-server[103341]: DEBUG neutron_lib.callbacks.manager [None req-98b8a8cb-94bc-4344-affa-ec24abcee22f admin admin] Publish callbacks ['neutron.plugins.ml2.ovo_rpc._ObjectChangeHandler.handle_event-537383'] for security_group (bd4fe11f-5151-40e6-9c93-cad6b18d049f), after_create {{(pid=103341) _notify_loop /usr/local/lib/python3.8/dist-packages/neutron_lib/callbacks/manager.py:176}}
Feb 15 20:31:53.676392 n-d-825015-4 neutron-server[103340]: INFO neutron.wsgi [req-f522d762-7079-439f-b99b-051e99d2be21 req-f4364c05-d330-4e84-9de2-8215359ff5aa tempest-ServersAdminNegativeTestJSON-632475771 tempest-ServersAdminNegativeTestJSON-632475771-project] 10.222.0.37 "GET /v2.0/quotas/7cf70e8d34ac40ff8f55dae7c16b78f5 HTTP/1.1" status: 200 len: 375 time: 0.0223320
Feb 15 20:31:53.687586 n-d-825015-4 neutron-server[103340]: DEBUG neutron.api.rpc.handlers.resources_rpc [None req-ff56f47c-548d-4034-bb8c-8d009c71e99a tempest-ServersWithSpecificFlavorTestJSON-409184294 tempest-ServersWithSpecificFlavorTestJSON-409184294-project] Pushing event updated for resources: {'Port': ['ID=5ac4dbd4-7438-4db7-98e8-858006a96040,revision_number=2']} {{(pid=103340) push /opt/stack/neutron/neutron/api/rpc/handlers/resources_rpc.py:237}}
Feb 15 20:31:53.704283 n-d-825015-4 neutron-server[103341]: DEBUG neutron.pecan_wsgi.hooks.policy_enforcement [req-a388a0ac-9087-4ebf-9a2e-6f4f6fb09a81 req-faa8ccc8-e727-497d-9f4e-1dec15683d4a tempest-LiveAutoBlockMigrationV225Test-721119558 tempest-LiveAutoBlockMigrationV225Test-721119558-project] Attributes excluded by policy engine: ['standard_attr_id', 'vlan_transparent', 'provider:network_type', 'provider:physical_network', 'provider:segmentation_id'] {{(pid=103341) _exclude_attributes_by_policy /opt/stack/neutron/neutron/pecan_wsgi/hooks/policy_enforcement.py:255}}
Feb 15 20:31:53.706373 n-d-825015-4 neutron-server[103341]: INFO neutron.wsgi [req-a388a0ac-9087-4ebf-9a2e-6f4f6fb09a81 req-faa8ccc8-e727-497d-9f4e-1dec15683d4a tempest-LiveAutoBlockMigrationV225Test-721119558 tempest-LiveAutoBlockMigrationV225Test-721119558-project] 10.222.0.37 "GET /v2.0/networks?id=8ab1ff53-e629-48b1-9549-79fcb75c8d83 HTTP/1.1" status: 200 len: 821 time: 0.3016682
Feb 15 20:31:53.722277 n-d-825015-4 neutron-server[103340]: DEBUG neutron_lib.callbacks.manager [None req-ff56f47c-548d-4034-bb8c-8d009c71e99a tempest-ServersWithSpecificFlavorTestJSON-409184294 tempest-ServersWithSpecificFlavorTestJSON-409184294-project] Publish callbacks ['neutron.services.l3_router.l3_router_plugin.DVRResourceOperationHandler._create_dvr_floating_gw_port-394997'] for floatingip (d02c071c-3413-46b3-b70f-2717f62b5488), after_create {{(pid=103340) _notify_loop /usr/local/lib/python3.8/dist-packages/neutron_lib/callbacks/manager.py:176}}
Feb 15 20:31:53.744726 n-d-825015-4 neutron-server[103341]: INFO neutron.wsgi [req-a388a0ac-9087-4ebf-9a2e-6f4f6fb09a81 req-e6b4a079-7b57-4880-a6a3-c41861277a2e tempest-LiveAutoBlockMigrationV225Test-721119558 tempest-LiveAutoBlockMigrationV225Test-721119558-project] 10.222.0.37 "GET /v2.0/quotas/c38780ad1ef6427ba7842a67f56dea09 HTTP/1.1" status: 200 len: 375 time: 0.0266328
Feb 15 20:31:53.745318 n-d-825015-4 neutron-server[103341]: DEBUG neutron.api.rpc.handlers.resources_rpc [None req-98b8a8cb-94bc-4344-affa-ec24abcee22f admin admin] Pushing event updated for resources: {'SecurityGroup': ['ID=bd4fe11f-5151-40e6-9c93-cad6b18d049f,revision_number=1']} {{(pid=103341) push /opt/stack/neutron/neutron/api/rpc/handlers/resources_rpc.py:237}}
Feb 15 20:31:53.746134 n-d-825015-4 neutron-server[103340]: INFO neutron.wsgi [req-f522d762-7079-439f-b99b-051e99d2be21 req-9c667a77-70dc-4839-bcd5-96bc8e94a855 tempest-ServersAdminNegativeTestJSON-632475771 tempest-ServersAdminNegativeTestJSON-632475771-project] 10.222.0.37 "GET /v2.0/ports?tenant_id=7cf70e8d34ac40ff8f55dae7c16b78f5&fields=id HTTP/1.1" status: 200 len: 210 time: 0.0620728
Feb 15 20:31:53.749524 n-d-825015-4 neutron-server[103341]: INFO neutron.wsgi [None req-98b8a8cb-94bc-4344-affa-ec24abcee22f admin admin] 10.222.0.37 "GET /v2.0/security-groups?tenant_id=ce0817ddd0684369a1c3dc451be2fd3c&name=default HTTP/1.1" status: 200 len: 2996 time: 0.4083953
Feb 15 20:31:53.752791 n-d-825015-4 neutron-server[103340]: DEBUG neutron.wsgi [-] (103340) accepted ('10.222.0.37', 37776) {{(pid=103340) server /usr/local/lib/python3.8/dist-packages/eventlet/wsgi.py:1004}}
Feb 15 20:31:53.773203 n-d-825015-4 neutron-server[103340]: DEBUG neutron_lib.callbacks.manager [None req-ff56f47c-548d-4034-bb8c-8d009c71e99a tempest-ServersWithSpecificFlavorTestJSON-409184294 tempest-ServersWithSpecificFlavorTestJSON-409184294-project] Publish callbacks ['neutron.notifiers.nova.Notifier._send_nova_notification-18504'] for floatingip (None), before_response {{(pid=103340) _notify_loop /usr/local/lib/python3.8/dist-packages/neutron_lib/callbacks/manager.py:176}}
Feb 15 20:31:53.783735 n-d-825015-4 neutron-server[103340]: INFO neutron.wsgi [None req-ff56f47c-548d-4034-bb8c-8d009c71e99a tempest-ServersWithSpecificFlavorTestJSON-409184294 tempest-ServersWithSpecificFlavorTestJSON-409184294-project] 10.222.0.37 "POST /v2.0/floatingips HTTP/1.1" status: 201 len: 692 time: 2.7068627
Feb 15 20:31:53.786969 n-d-825015-4 neutron-server[103341]: INFO neutron.wsgi [req-a388a0ac-9087-4ebf-9a2e-6f4f6fb09a81 req-6f29c527-3a21-4b31-b34e-5c1977f02bbf tempest-LiveAutoBlockMigrationV225Test-721119558 tempest-LiveAutoBlockMigrationV225Test-721119558-project] 10.222.0.37 "GET /v2.0/ports?tenant_id=c38780ad1ef6427ba7842a67f56dea09&fields=id HTTP/1.1" status: 200 len: 210 time: 0.0331233
Feb 15 20:31:53.844219 n-d-825015-4 neutron-server[103340]: DEBUG neutron_lib.callbacks.manager [None req-d03d6948-c3f5-4297-a0d0-9adedac27bf3 admin admin] Publish callbacks [] for security_group (bd4fe11f-5151-40e6-9c93-cad6b18d049f), before_delete {{(pid=103340) _notify_loop /usr/local/lib/python3.8/dist-packages/neutron_lib/callbacks/manager.py:176}}
Feb 15 20:31:53.876305 n-d-825015-4 neutron-server[103340]: DEBUG neutron_lib.callbacks.manager [None req-d03d6948-c3f5-4297-a0d0-9adedac27bf3 admin admin] Publish callbacks [] for security_group (bd4fe11f-5151-40e6-9c93-cad6b18d049f), precommit_delete {{(pid=103340) _notify_loop /usr/local/lib/python3.8/dist-packages/neutron_lib/callbacks/manager.py:176}}
Feb 15 20:31:53.973735 n-d-825015-4 neutron-server[103340]: DEBUG neutron_lib.callbacks.manager [None req-d03d6948-c3f5-4297-a0d0-9adedac27bf3 admin admin] Publish callbacks ['neutron.plugins.ml2.ovo_rpc._ObjectChangeHandler.handle_event-537383'] for security_group (bd4fe11f-5151-40e6-9c93-cad6b18d049f), after_delete {{(pid=103340) _notify_loop /usr/local/lib/python3.8/dist-packages/neutron_lib/callbacks/manager.py:176}}
Feb 15 20:31:53.976239 n-d-825015-4 neutron-server[103340]: DEBUG neutron_lib.callbacks.manager [None req-d03d6948-c3f5-4297-a0d0-9adedac27bf3 admin admin] Publish callbacks [] for security_group (None), before_response {{(pid=103340) _notify_loop /usr/local/lib/python3.8/dist-packages/neutron_lib/callbacks/manager.py:176}}
Feb 15 20:31:53.977432 n-d-825015-4 neutron-server[103340]: INFO neutron.wsgi [None req-d03d6948-c3f5-4297-a0d0-9adedac27bf3 admin admin] 10.222.0.37 "DELETE /v2.0/security-groups/bd4fe11f-5151-40e6-9c93-cad6b18d049f HTTP/1.1" status: 204 len: 168 time: 0.2239079
Feb 15 20:31:54.011989 n-d-825015-4 neutron-server[103340]: DEBUG neutron.api.rpc.handlers.resources_rpc [None req-d03d6948-c3f5-4297-a0d0-9adedac27bf3 admin admin] Pushing event deleted for resources: {'SecurityGroup': ['ID=bd4fe11f-5151-40e6-9c93-cad6b18d049f,revision_number=None']} {{(pid=103340) push /opt/stack/neutron/neutron/api/rpc/handlers/resources_rpc.py:237}}
Feb 15 20:31:54.041635 n-d-825015-4 neutron-server[103341]: DEBUG neutron.wsgi [req-a388a0ac-9087-4ebf-9a2e-6f4f6fb09a81 req-81334989-45a7-4853-8a62-9c7756cee4b3 service neutron] http://10.222.0.37:9696/v2.0/extensions returned with HTTP 200 {{(pid=103341) __call__ /opt/stack/neutron/neutron/wsgi.py:730}}
