Jan 18 04:14:57.081360 n-d-824931-1 devstack@placement-api.service[104192]: DEBUG placement.objects.allocation_candidate [req-cb99742c-82c2-4fe1-aaaa-9f4c9b790c2c req-f713d9f7-0624-47f7-bcff-b96dcc859f83 service placement] RequestGroup(use_same_provider=False, resources={DISK_GB:1, MEMORY_MB:1024, VCPU:1}, traits=[], aggregates=[]) (suffix '') returned 2 matches {{(pid=104192) _get_by_requests /opt/stack/placement/placement/objects/allocation_candidate.py:145}}
Jan 18 04:14:57.082120 n-d-824931-1 devstack@placement-api.service[104192]: DEBUG placement.objects.allocation_candidate [req-cb99742c-82c2-4fe1-aaaa-9f4c9b790c2c req-f713d9f7-0624-47f7-bcff-b96dcc859f83 service placement] Merging candidates yields 2 allocation requests and 2 provider summaries {{(pid=104192) _merge_candidates /opt/stack/placement/placement/objects/allocation_candidate.py:783}}
Jan 18 04:14:57.084849 n-d-824931-1 devstack@placement-api.service[104192]: INFO placement.requestlog [req-cb99742c-82c2-4fe1-aaaa-9f4c9b790c2c req-f713d9f7-0624-47f7-bcff-b96dcc859f83 service placement] 10.222.0.48 "GET /placement/allocation_candidates?limit=1000&resources=DISK_GB%3A1%2CMEMORY_MB%3A1024%2CVCPU%3A1&root_required=%21COMPUTE_STATUS_DISABLED" status: 200 len: 1309 microversion: 1.36
Jan 18 04:14:57.085756 n-d-824931-1 devstack@placement-api.service[104192]: [pid: 104192|app: 0|req: 260/523] 10.222.0.48 () {60 vars in 1506 bytes} [Tue Jan 18 04:14:56 2022] GET /placement/allocation_candidates?limit=1000&resources=DISK_GB%3A1%2CMEMORY_MB%3A1024%2CVCPU%3A1&root_required=%21COMPUTE_STATUS_DISABLED => generated 1309 bytes in 174 msecs (HTTP/1.1 200) 8 headers in 297 bytes (1 switches on core 0)
Jan 18 04:14:57.166277 n-d-824931-1 devstack@placement-api.service[104191]: DEBUG placement.requestlog [req-cb99742c-82c2-4fe1-aaaa-9f4c9b790c2c req-8a9c0817-c9b7-4e6b-80cc-d075577b45a7 None None] Starting request: 10.222.0.48 "GET /placement/allocations/fc7aa371-4722-42f2-9f23-d373c176e46e" {{(pid=104191) __call__ /opt/stack/placement/placement/requestlog.py:55}}
Jan 18 04:14:57.181262 n-d-824931-1 devstack@placement-api.service[104191]: INFO placement.requestlog [req-cb99742c-82c2-4fe1-aaaa-9f4c9b790c2c req-8a9c0817-c9b7-4e6b-80cc-d075577b45a7 service placement] 10.222.0.48 "GET /placement/allocations/fc7aa371-4722-42f2-9f23-d373c176e46e" status: 200 len: 19 microversion: 1.28
Jan 18 04:14:57.181656 n-d-824931-1 devstack@placement-api.service[104191]: [pid: 104191|app: 0|req: 264/524] 10.222.0.48 () {60 vars in 1380 bytes} [Tue Jan 18 04:14:57 2022] GET /placement/allocations/fc7aa371-4722-42f2-9f23-d373c176e46e => generated 19 bytes in 16 msecs (HTTP/1.1 200) 8 headers in 295 bytes (1 switches on core 0)
Jan 18 04:14:57.195282 n-d-824931-1 devstack@placement-api.service[104192]: DEBUG placement.requestlog [req-cb99742c-82c2-4fe1-aaaa-9f4c9b790c2c req-298b3d74-14c2-4e18-a8a5-955ea13a248d None None] Starting request: 10.222.0.48 "PUT /placement/allocations/fc7aa371-4722-42f2-9f23-d373c176e46e" {{(pid=104192) __call__ /opt/stack/placement/placement/requestlog.py:55}}
Jan 18 04:14:57.658057 n-d-824931-1 devstack@placement-api.service[104192]: DEBUG placement.handlers.allocation [req-cb99742c-82c2-4fe1-aaaa-9f4c9b790c2c req-298b3d74-14c2-4e18-a8a5-955ea13a248d service placement] Successfully wrote allocations [, , ] {{(pid=104192) _update_consumers_and_create_allocations /opt/stack/placement/placement/handlers/allocation.py:462}}
Jan 18 04:14:57.709244 n-d-824931-1 devstack@placement-api.service[104192]: INFO placement.requestlog [req-cb99742c-82c2-4fe1-aaaa-9f4c9b790c2c req-298b3d74-14c2-4e18-a8a5-955ea13a248d service placement] 10.222.0.48 "PUT /placement/allocations/fc7aa371-4722-42f2-9f23-d373c176e46e" status: 204 len: 0 microversion: 1.36
Jan 18 04:14:57.713191 n-d-824931-1 devstack@placement-api.service[104192]: [pid: 104192|app: 0|req: 261/525] 10.222.0.48 () {64 vars in 1433 bytes} [Tue Jan 18 04:14:57 2022] PUT /placement/allocations/fc7aa371-4722-42f2-9f23-d373c176e46e => generated 0 bytes in 515 msecs (HTTP/1.1 204) 5 headers in 199 bytes (1 switches on core 0)
Jan 18 04:14:57.866889 n-d-824931-1 devstack@placement-api.service[104191]: DEBUG placement.requestlog [req-b64f1089-396e-483a-8add-0ef253a4a0b0 req-6fdf4d07-fd9d-4d80-99cb-37c4a4692288 None None] Starting request: 10.222.0.45 "GET /placement/allocations/5c6f709a-e4e1-4e89-b774-3c9e34c90b59" {{(pid=104191) __call__ /opt/stack/placement/placement/requestlog.py:55}}
Jan 18 04:14:57.890163 n-d-824931-1 devstack@placement-api.service[104191]: INFO placement.requestlog [req-b64f1089-396e-483a-8add-0ef253a4a0b0 req-6fdf4d07-fd9d-4d80-99cb-37c4a4692288 service placement] 10.222.0.45 "GET /placement/allocations/5c6f709a-e4e1-4e89-b774-3c9e34c90b59" status: 200 len: 258 microversion: 1.28
Jan 18 04:14:57.890163 n-d-824931-1 devstack@placement-api.service[104191]: [pid: 104191|app: 0|req: 265/526] 10.222.0.45 () {60 vars in 1377 bytes} [Tue Jan 18 04:14:57 2022] GET /placement/allocations/5c6f709a-e4e1-4e89-b774-3c9e34c90b59 => generated 258 bytes in 25 msecs (HTTP/1.1 200) 8 headers in 296 bytes (1 switches on core 0)
Jan 18 04:14:59.062070 n-d-824931-1 devstack@placement-api.service[104192]: DEBUG placement.requestlog [req-cb99742c-82c2-4fe1-aaaa-9f4c9b790c2c req-b8be21c6-c0b0-4998-bf37-b28ce778c18c None None] Starting request: 10.222.0.32 "GET /placement/allocations/fc7aa371-4722-42f2-9f23-d373c176e46e" {{(pid=104192) __call__ /opt/stack/placement/placement/requestlog.py:55}}
Jan 18 04:14:59.093538 n-d-824931-1 devstack@placement-api.service[104192]: INFO placement.requestlog [req-cb99742c-82c2-4fe1-aaaa-9f4c9b790c2c req-b8be21c6-c0b0-4998-bf37-b28ce778c18c service placement] 10.222.0.32 "GET /placement/allocations/fc7aa371-4722-42f2-9f23-d373c176e46e" status: 200 len: 259 microversion: 1.28
Jan 18 04:14:59.094943 n-d-824931-1 devstack@placement-api.service[104192]: [pid: 104192|app: 0|req: 262/527] 10.222.0.32 () {60 vars in 1377 bytes} [Tue Jan 18 04:14:59 2022] GET /placement/allocations/fc7aa371-4722-42f2-9f23-d373c176e46e => generated 259 bytes in 33 msecs (HTTP/1.1 200) 8 headers in 296 bytes (1 switches on core 0)
Jan 18 04:14:59.887847 n-d-824931-1 devstack@placement-api.service[104191]: DEBUG placement.requestlog [req-6a8356fb-3f4a-4380-ae02-66b61d400f5c req-8307839f-e16a-4eef-8b1b-8850a487428a None None] Starting request: 10.222.0.48 "GET /placement/allocation_candidates?limit=1000&resources=DISK_GB%3A1%2CMEMORY_MB%3A1024%2CVCPU%3A1&root_required=%21COMPUTE_STATUS_DISABLED" {{(pid=104191) __call__ /opt/stack/placement/placement/requestlog.py:55}}
Jan 18 04:14:59.929166 n-d-824931-1 devstack@placement-api.service[104191]: DEBUG placement.objects.research_context [req-6a8356fb-3f4a-4380-ae02-66b61d400f5c req-8307839f-e16a-4eef-8b1b-8850a487428a service placement] getting providers with 1 DISK_GB {{(pid=104191) __init__ /opt/stack/placement/placement/objects/research_context.py:126}}
Jan 18 04:14:59.937274 n-d-824931-1 devstack@placement-api.service[104191]: DEBUG placement.objects.research_context [req-6a8356fb-3f4a-4380-ae02-66b61d400f5c req-8307839f-e16a-4eef-8b1b-8850a487428a service placement] getting providers with 1024 MEMORY_MB {{(pid=104191) __init__ /opt/stack/placement/placement/objects/research_context.py:126}}
Jan 18 04:14:59.944773 n-d-824931-1 devstack@placement-api.service[104191]: DEBUG placement.objects.research_context [req-6a8356fb-3f4a-4380-ae02-66b61d400f5c req-8307839f-e16a-4eef-8b1b-8850a487428a service placement] getting providers with 1 VCPU {{(pid=104191) __init__ /opt/stack/placement/placement/objects/research_context.py:126}}
Jan 18 04:14:59.950688 n-d-824931-1 devstack@placement-api.service[104191]: DEBUG placement.objects.research_context [req-6a8356fb-3f4a-4380-ae02-66b61d400f5c req-8307839f-e16a-4eef-8b1b-8850a487428a service placement] found 2 providers with available 1 DISK_GB {{(pid=104191) get_provider_ids_matching /opt/stack/placement/placement/objects/research_context.py:549}}
Jan 18 04:14:59.951128 n-d-824931-1 devstack@placement-api.service[104191]: DEBUG placement.objects.research_context [req-6a8356fb-3f4a-4380-ae02-66b61d400f5c req-8307839f-e16a-4eef-8b1b-8850a487428a service placement] found 2 providers with available 1024 MEMORY_MB {{(pid=104191) get_provider_ids_matching /opt/stack/placement/placement/objects/research_context.py:549}}
Jan 18 04:14:59.951533 n-d-824931-1 devstack@placement-api.service[104191]: DEBUG placement.objects.research_context [req-6a8356fb-3f4a-4380-ae02-66b61d400f5c req-8307839f-e16a-4eef-8b1b-8850a487428a service placement] found 2 providers after filtering by previous result {{(pid=104191) get_provider_ids_matching /opt/stack/placement/placement/objects/research_context.py:580}}
Jan 18 04:14:59.951947 n-d-824931-1 devstack@placement-api.service[104191]: DEBUG placement.objects.research_context [req-6a8356fb-3f4a-4380-ae02-66b61d400f5c req-8307839f-e16a-4eef-8b1b-8850a487428a service placement] found 2 providers with available 1 VCPU {{(pid=104191) get_provider_ids_matching /opt/stack/placement/placement/objects/research_context.py:549}}
Jan 18 04:14:59.952344 n-d-824931-1 devstack@placement-api.service[104191]: DEBUG placement.objects.research_context [req-6a8356fb-3f4a-4380-ae02-66b61d400f5c req-8307839f-e16a-4eef-8b1b-8850a487428a service placement] found 2 providers after filtering by previous result {{(pid=104191) get_provider_ids_matching /opt/stack/placement/placement/objects/research_context.py:580}}
Jan 18 04:14:59.977764 n-d-824931-1 devstack@placement-api.service[104191]: DEBUG placement.objects.allocation_candidate [req-6a8356fb-3f4a-4380-ae02-66b61d400f5c req-8307839f-e16a-4eef-8b1b-8850a487428a service placement] RequestGroup(use_same_provider=False, resources={DISK_GB:1, MEMORY_MB:1024, VCPU:1}, traits=[], aggregates=[]) (suffix '') returned 2 matches {{(pid=104191) _get_by_requests /opt/stack/placement/placement/objects/allocation_candidate.py:145}}
Jan 18 04:14:59.978307 n-d-824931-1 devstack@placement-api.service[104191]: DEBUG placement.objects.allocation_candidate [req-6a8356fb-3f4a-4380-ae02-66b61d400f5c req-8307839f-e16a-4eef-8b1b-8850a487428a service placement] Merging candidates yields 2 allocation requests and 2 provider summaries {{(pid=104191) _merge_candidates /opt/stack/placement/placement/objects/allocation_candidate.py:783}}
Jan 18 04:14:59.980185 n-d-824931-1 devstack@placement-api.service[104191]: INFO placement.requestlog [req-6a8356fb-3f4a-4380-ae02-66b61d400f5c req-8307839f-e16a-4eef-8b1b-8850a487428a service placement] 10.222.0.48 "GET /placement/allocation_candidates?limit=1000&resources=DISK_GB%3A1%2CMEMORY_MB%3A1024%2CVCPU%3A1&root_required=%21COMPUTE_STATUS_DISABLED" status: 200 len: 1309 microversion: 1.36
Jan 18 04:14:59.984929 n-d-824931-1 devstack@placement-api.service[104191]: [pid: 104191|app: 0|req: 266/528] 10.222.0.48 () {60 vars in 1506 bytes} [Tue Jan 18 04:14:59 2022] GET /placement/allocation_candidates?limit=1000&resources=DISK_GB%3A1%2CMEMORY_MB%3A1024%2CVCPU%3A1&root_required=%21COMPUTE_STATUS_DISABLED => generated 1309 bytes in 97 msecs (HTTP/1.1 200) 8 headers in 297 bytes (1 switches on core 0)
Jan 18 04:15:00.039625 n-d-824931-1 devstack@placement-api.service[104192]: DEBUG placement.requestlog [req-6a8356fb-3f4a-4380-ae02-66b61d400f5c req-03c504d3-653e-4d26-a229-11667c664569 None None] Starting request: 10.222.0.48 "GET /placement/allocations/357566e9-91e2-4852-8faf-c9b417e7cdfe" {{(pid=104192) __call__ /opt/stack/placement/placement/requestlog.py:55}}
Jan 18 04:15:00.058460 n-d-824931-1 devstack@placement-api.service[104192]: INFO placement.requestlog [req-6a8356fb-3f4a-4380-ae02-66b61d400f5c req-03c504d3-653e-4d26-a229-11667c664569 service placement] 10.222.0.48 "GET /placement/allocations/357566e9-91e2-4852-8faf-c9b417e7cdfe" status: 200 len: 19 microversion: 1.28
Jan 18 04:15:00.059353 n-d-824931-1 devstack@placement-api.service[104192]: [pid: 104192|app: 0|req: 263/529] 10.222.0.48 () {60 vars in 1380 bytes} [Tue Jan 18 04:15:00 2022] GET /placement/allocations/357566e9-91e2-4852-8faf-c9b417e7cdfe => generated 19 bytes in 20 msecs (HTTP/1.1 200) 8 headers in 295 bytes (1 switches on core 0)
Jan 18 04:15:00.070940 n-d-824931-1 devstack@placement-api.service[104191]: DEBUG placement.requestlog [req-6a8356fb-3f4a-4380-ae02-66b61d400f5c req-66b0bbe0-d03b-4416-8670-e538cefbebda None None] Starting request: 10.222.0.48 "PUT /placement/allocations/357566e9-91e2-4852-8faf-c9b417e7cdfe" {{(pid=104191) __call__ /opt/stack/placement/placement/requestlog.py:55}}
Jan 18 04:15:00.310823 n-d-824931-1 devstack@placement-api.service[104191]: DEBUG placement.handlers.allocation [req-6a8356fb-3f4a-4380-ae02-66b61d400f5c req-66b0bbe0-d03b-4416-8670-e538cefbebda service placement] Successfully wrote allocations [, , ] {{(pid=104191) _update_consumers_and_create_allocations /opt/stack/placement/placement/handlers/allocation.py:462}}
Jan 18 04:15:00.403325 n-d-824931-1 devstack@placement-api.service[104191]: INFO placement.requestlog [req-6a8356fb-3f4a-4380-ae02-66b61d400f5c req-66b0bbe0-d03b-4416-8670-e538cefbebda service placement] 10.222.0.48 "PUT /placement/allocations/357566e9-91e2-4852-8faf-c9b417e7cdfe" status: 204 len: 0 microversion: 1.36
Jan 18 04:15:00.404916 n-d-824931-1 devstack@placement-api.service[104191]: [pid: 104191|app: 0|req: 267/530] 10.222.0.48 () {64 vars in 1433 bytes} [Tue Jan 18 04:15:00 2022] PUT /placement/allocations/357566e9-91e2-4852-8faf-c9b417e7cdfe => generated 0 bytes in 334 msecs (HTTP/1.1 204) 5 headers in 199 bytes (1 switches on core 0)
Jan 18 04:15:01.865014 n-d-824931-1 devstack@placement-api.service[104192]: DEBUG placement.requestlog [req-6a8356fb-3f4a-4380-ae02-66b61d400f5c req-e8fc71aa-427c-4f7d-bd5c-1f2d02faee7e None None] Starting request: 10.222.0.32 "GET /placement/allocations/357566e9-91e2-4852-8faf-c9b417e7cdfe" {{(pid=104192) __call__ /opt/stack/placement/placement/requestlog.py:55}}
Jan 18 04:15:01.896875 n-d-824931-1 devstack@placement-api.service[104192]: INFO placement.requestlog [req-6a8356fb-3f4a-4380-ae02-66b61d400f5c req-e8fc71aa-427c-4f7d-bd5c-1f2d02faee7e service placement] 10.222.0.32 "GET /placement/allocations/357566e9-91e2-4852-8faf-c9b417e7cdfe" status: 200 len: 259 microversion: 1.28
Jan 18 04:15:01.897482 n-d-824931-1 devstack@placement-api.service[104192]: [pid: 104192|app: 0|req: 264/531] 10.222.0.32 () {60 vars in 1377 bytes} [Tue Jan 18 04:15:01 2022] GET /placement/allocations/357566e9-91e2-4852-8faf-c9b417e7cdfe => generated 259 bytes in 34 msecs (HTTP/1.1 200) 8 headers in 296 bytes (1 switches on core 0)
Jan 18 04:15:03.416157 n-d-824931-1 devstack@placement-api.service[104191]: DEBUG placement.requestlog [req-0292a3c0-862b-4093-a4ae-99528e0b8cd4 req-e7be9f9a-3c18-4f6a-bbbf-4db5eba7d2fc None None] Starting request: 10.222.0.48 "GET /placement/allocation_candidates?limit=1000&resources=DISK_GB%3A1%2CMEMORY_MB%3A1024%2CVCPU%3A1&root_required=%21COMPUTE_STATUS_DISABLED" {{(pid=104191) __call__ /opt/stack/placement/placement/requestlog.py:55}}
Jan 18 04:15:03.487425 n-d-824931-1 devstack@placement-api.service[104191]: DEBUG placement.objects.research_context [req-0292a3c0-862b-4093-a4ae-99528e0b8cd4 req-e7be9f9a-3c18-4f6a-bbbf-4db5eba7d2fc service placement] getting providers with 1 DISK_GB {{(pid=104191) __init__ /opt/stack/placement/placement/objects/research_context.py:126}}
Jan 18 04:15:03.509750 n-d-824931-1 devstack@placement-api.service[104191]: DEBUG placement.objects.research_context [req-0292a3c0-862b-4093-a4ae-99528e0b8cd4 req-e7be9f9a-3c18-4f6a-bbbf-4db5eba7d2fc service placement] getting providers with 1024 MEMORY_MB {{(pid=104191) __init__ /opt/stack/placement/placement/objects/research_context.py:126}}
Jan 18 04:15:03.524355 n-d-824931-1 devstack@placement-api.service[104191]: DEBUG placement.objects.research_context [req-0292a3c0-862b-4093-a4ae-99528e0b8cd4 req-e7be9f9a-3c18-4f6a-bbbf-4db5eba7d2fc service placement] getting providers with 1 VCPU {{(pid=104191) __init__ /opt/stack/placement/placement/objects/research_context.py:126}}
Jan 18 04:15:03.531490 n-d-824931-1 devstack@placement-api.service[104191]: DEBUG placement.objects.research_context [req-0292a3c0-862b-4093-a4ae-99528e0b8cd4 req-e7be9f9a-3c18-4f6a-bbbf-4db5eba7d2fc service placement] found 2 providers with available 1 DISK_GB {{(pid=104191) get_provider_ids_matching /opt/stack/placement/placement/objects/research_context.py:549}}
Jan 18 04:15:03.531995 n-d-824931-1 devstack@placement-api.service[104191]: DEBUG placement.objects.research_context [req-0292a3c0-862b-4093-a4ae-99528e0b8cd4 req-e7be9f9a-3c18-4f6a-bbbf-4db5eba7d2fc service placement] found 2 providers with available 1024 MEMORY_MB {{(pid=104191) get_provider_ids_matching /opt/stack/placement/placement/objects/research_context.py:549}}
Jan 18 04:15:03.534451 n-d-824931-1 devstack@placement-api.service[104191]: DEBUG placement.objects.research_context [req-0292a3c0-862b-4093-a4ae-99528e0b8cd4 req-e7be9f9a-3c18-4f6a-bbbf-4db5eba7d2fc service placement] found 2 providers after filtering by previous result {{(pid=104191) get_provider_ids_matching /opt/stack/placement/placement/objects/research_context.py:580}}
Jan 18 04:15:03.534878 n-d-824931-1 devstack@placement-api.service[104191]: DEBUG placement.objects.research_context [req-0292a3c0-862b-4093-a4ae-99528e0b8cd4 req-e7be9f9a-3c18-4f6a-bbbf-4db5eba7d2fc service placement] found 2 providers with available 1 VCPU {{(pid=104191) get_provider_ids_matching /opt/stack/placement/placement/objects/research_context.py:549}}
Jan 18 04:15:03.536189 n-d-824931-1 devstack@placement-api.service[104191]: DEBUG placement.objects.research_context [req-0292a3c0-862b-4093-a4ae-99528e0b8cd4 req-e7be9f9a-3c18-4f6a-bbbf-4db5eba7d2fc service placement] found 2 providers after filtering by previous result {{(pid=104191) get_provider_ids_matching /opt/stack/placement/placement/objects/research_context.py:580}}
Jan 18 04:15:03.559742 n-d-824931-1 devstack@placement-api.service[104191]: DEBUG placement.objects.allocation_candidate [req-0292a3c0-862b-4093-a4ae-99528e0b8cd4 req-e7be9f9a-3c18-4f6a-bbbf-4db5eba7d2fc service placement] RequestGroup(use_same_provider=False, resources={DISK_GB:1, MEMORY_MB:1024, VCPU:1}, traits=[], aggregates=[]) (suffix '') returned 2 matches {{(pid=104191) _get_by_requests /opt/stack/placement/placement/objects/allocation_candidate.py:145}}
Jan 18 04:15:03.560344 n-d-824931-1 devstack@placement-api.service[104191]: DEBUG placement.objects.allocation_candidate [req-0292a3c0-862b-4093-a4ae-99528e0b8cd4 req-e7be9f9a-3c18-4f6a-bbbf-4db5eba7d2fc service placement] Merging candidates yields 2 allocation requests and 2 provider summaries {{(pid=104191) _merge_candidates /opt/stack/placement/placement/objects/allocation_candidate.py:783}}
Jan 18 04:15:03.573189 n-d-824931-1 devstack@placement-api.service[104191]: INFO placement.requestlog [req-0292a3c0-862b-4093-a4ae-99528e0b8cd4 req-e7be9f9a-3c18-4f6a-bbbf-4db5eba7d2fc service placement] 10.222.0.48 "GET /placement/allocation_candidates?limit=1000&resources=DISK_GB%3A1%2CMEMORY_MB%3A1024%2CVCPU%3A1&root_required=%21COMPUTE_STATUS_DISABLED" status: 200 len: 1309 microversion: 1.36
Jan 18 04:15:03.574832 n-d-824931-1 devstack@placement-api.service[104191]: [pid: 104191|app: 0|req: 268/532] 10.222.0.48 () {60 vars in 1506 bytes} [Tue Jan 18 04:15:03 2022] GET /placement/allocation_candidates?limit=1000&resources=DISK_GB%3A1%2CMEMORY_MB%3A1024%2CVCPU%3A1&root_required=%21COMPUTE_STATUS_DISABLED => generated 1309 bytes in 159 msecs (HTTP/1.1 200) 8 headers in 297 bytes (1 switches on core 0)
Jan 18 04:15:03.698859 n-d-824931-1 devstack@placement-api.service[104192]: DEBUG placement.requestlog [req-0292a3c0-862b-4093-a4ae-99528e0b8cd4 req-eb854e8e-4b32-4ff4-a104-a6e6c631aaac None None] Starting request: 10.222.0.48 "GET /placement/allocations/908d3220-d026-4728-aadd-ae5308794a63" {{(pid=104192) __call__ /opt/stack/placement/placement/requestlog.py:55}}
Jan 18 04:15:03.718482 n-d-824931-1 devstack@placement-api.service[104192]: INFO placement.requestlog [req-0292a3c0-862b-4093-a4ae-99528e0b8cd4 req-eb854e8e-4b32-4ff4-a104-a6e6c631aaac service placement] 10.222.0.48 "GET /placement/allocations/908d3220-d026-4728-aadd-ae5308794a63" status: 200 len: 19 microversion: 1.28
Jan 18 04:15:03.719086 n-d-824931-1 devstack@placement-api.service[104192]: [pid: 104192|app: 0|req: 265/533] 10.222.0.48 () {60 vars in 1380 bytes} [Tue Jan 18 04:15:03 2022] GET /placement/allocations/908d3220-d026-4728-aadd-ae5308794a63 => generated 19 bytes in 21 msecs (HTTP/1.1 200) 8 headers in 295 bytes (1 switches on core 0)
Jan 18 04:15:03.727743 n-d-824931-1 devstack@placement-api.service[104191]: DEBUG placement.requestlog [req-0292a3c0-862b-4093-a4ae-99528e0b8cd4 req-18651071-5fa6-4f74-8fee-3713df910b5a None None] Starting request: 10.222.0.48 "PUT /placement/allocations/908d3220-d026-4728-aadd-ae5308794a63" {{(pid=104191) __call__ /opt/stack/placement/placement/requestlog.py:55}}
Jan 18 04:15:04.042179 n-d-824931-1 devstack@placement-api.service[104191]: DEBUG placement.handlers.allocation [req-0292a3c0-862b-4093-a4ae-99528e0b8cd4 req-18651071-5fa6-4f74-8fee-3713df910b5a service placement] Successfully wrote allocations [, , ] {{(pid=104191) _update_consumers_and_create_allocations /opt/stack/placement/placement/handlers/allocation.py:462}}
Jan 18 04:15:04.117135 n-d-824931-1 devstack@placement-api.service[104191]: INFO placement.requestlog [req-0292a3c0-862b-4093-a4ae-99528e0b8cd4 req-18651071-5fa6-4f74-8fee-3713df910b5a service placement] 10.222.0.48 "PUT /placement/allocations/908d3220-d026-4728-aadd-ae5308794a63" status: 204 len: 0 microversion: 1.36
Jan 18 04:15:04.117641 n-d-824931-1 devstack@placement-api.service[104191]: [pid: 104191|app: 0|req: 269/534] 10.222.0.48 () {64 vars in 1433 bytes} [Tue Jan 18 04:15:03 2022] PUT /placement/allocations/908d3220-d026-4728-aadd-ae5308794a63 => generated 0 bytes in 390 msecs (HTTP/1.1 204) 5 headers in 199 bytes (1 switches on core 0)
Jan 18 04:15:05.554415 n-d-824931-1 devstack@placement-api.service[104192]: DEBUG placement.requestlog [req-04dc49e5-4cc9-463c-8013-56e4a81c74d4 req-50987e6b-799f-493c-818e-2d9438160ae6 None None] Starting request: 10.222.0.45 "GET /placement/allocations/8ed7b5a2-5d70-491d-8e8e-de8a58e94add" {{(pid=104192) __call__ /opt/stack/placement/placement/requestlog.py:55}}
Jan 18 04:15:05.582463 n-d-824931-1 devstack@placement-api.service[104192]: INFO placement.requestlog [req-04dc49e5-4cc9-463c-8013-56e4a81c74d4 req-50987e6b-799f-493c-818e-2d9438160ae6 service placement] 10.222.0.45 "GET /placement/allocations/8ed7b5a2-5d70-491d-8e8e-de8a58e94add" status: 200 len: 259 microversion: 1.28
Jan 18 04:15:05.583073 n-d-824931-1 devstack@placement-api.service[104192]: [pid: 104192|app: 0|req: 266/535] 10.222.0.45 () {60 vars in 1377 bytes} [Tue Jan 18 04:15:05 2022] GET /placement/allocations/8ed7b5a2-5d70-491d-8e8e-de8a58e94add => generated 259 bytes in 29 msecs (HTTP/1.1 200) 8 headers in 296 bytes (1 switches on core 0)
Jan 18 04:15:05.587510 n-d-824931-1 devstack@placement-api.service[104191]: DEBUG placement.requestlog [req-0292a3c0-862b-4093-a4ae-99528e0b8cd4 req-9087f1e3-604c-4b46-804e-c0df86ca1497 None None] Starting request: 10.222.0.45 "GET /placement/allocations/908d3220-d026-4728-aadd-ae5308794a63" {{(pid=104191) __call__ /opt/stack/placement/placement/requestlog.py:55}}
Jan 18 04:15:05.604968 n-d-824931-1 devstack@placement-api.service[104191]: INFO placement.requestlog [req-0292a3c0-862b-4093-a4ae-99528e0b8cd4 req-9087f1e3-604c-4b46-804e-c0df86ca1497 service placement] 10.222.0.45 "GET /placement/allocations/908d3220-d026-4728-aadd-ae5308794a63" status: 200 len: 259 microversion: 1.28
Jan 18 04:15:05.606402 n-d-824931-1 devstack@placement-api.service[104192]: DEBUG placement.requestlog [req-04dc49e5-4cc9-463c-8013-56e4a81c74d4 req-354251d6-52aa-4c10-8a81-cd7b5355d3e3 None None] Starting request: 10.222.0.45 "PUT /placement/allocations/8ed7b5a2-5d70-491d-8e8e-de8a58e94add" {{(pid=104192) __call__ /opt/stack/placement/placement/requestlog.py:55}}
Jan 18 04:15:05.615188 n-d-824931-1 devstack@placement-api.service[104191]: [pid: 104191|app: 0|req: 270/536] 10.222.0.45 () {60 vars in 1377 bytes} [Tue Jan 18 04:15:05 2022] GET /placement/allocations/908d3220-d026-4728-aadd-ae5308794a63 => generated 259 bytes in 28 msecs (HTTP/1.1 200) 8 headers in 296 bytes (1 switches on core 0)
Jan 18 04:15:05.655164 n-d-824931-1 devstack@placement-api.service[104192]: DEBUG placement.handlers.allocation [req-04dc49e5-4cc9-463c-8013-56e4a81c74d4 req-354251d6-52aa-4c10-8a81-cd7b5355d3e3 service placement] Successfully wrote allocations [, , ] {{(pid=104192) _update_consumers_and_create_allocations /opt/stack/placement/placement/handlers/allocation.py:462}}
Jan 18 04:15:05.745929 n-d-824931-1 devstack@placement-api.service[104192]: INFO placement.requestlog [req-04dc49e5-4cc9-463c-8013-56e4a81c74d4 req-354251d6-52aa-4c10-8a81-cd7b5355d3e3 service placement] 10.222.0.45 "PUT /placement/allocations/8ed7b5a2-5d70-491d-8e8e-de8a58e94add" status: 204 len: 0 microversion: 1.28
Jan 18 04:15:05.747294 n-d-824931-1 devstack@placement-api.service[104192]: [pid: 104192|app: 0|req: 267/537] 10.222.0.45 () {64 vars in 1430 bytes} [Tue Jan 18 04:15:05 2022] PUT /placement/allocations/8ed7b5a2-5d70-491d-8e8e-de8a58e94add => generated 0 bytes in 141 msecs (HTTP/1.1 204) 5 headers in 199 bytes (2 switches on core 0)
Jan 18 04:15:07.512379 n-d-824931-1 devstack@placement-api.service[104191]: DEBUG placement.requestlog [req-0253ca1c-14f8-4415-8b9f-55294928af00 req-79ed8e6c-4f77-4e36-9348-3ee6fbd52edd None None] Starting request: 10.222.0.45 "DELETE /placement/allocations/d765bfe2-7bb9-4dae-af96-9b1f4f0cbd70" {{(pid=104191) __call__ /opt/stack/placement/placement/requestlog.py:55}}
Jan 18 04:15:07.726268 n-d-824931-1 devstack@placement-api.service[104191]: DEBUG placement.handlers.allocation [req-0253ca1c-14f8-4415-8b9f-55294928af00 req-79ed8e6c-4f77-4e36-9348-3ee6fbd52edd service placement] Successfully deleted allocations [, ] {{(pid=104191) delete_allocations /opt/stack/placement/placement/handlers/allocation.py:627}}
Jan 18 04:15:07.729580 n-d-824931-1 devstack@placement-api.service[104191]: INFO placement.requestlog [req-0253ca1c-14f8-4415-8b9f-55294928af00 req-79ed8e6c-4f77-4e36-9348-3ee6fbd52edd service placement] 10.222.0.45 "DELETE /placement/allocations/d765bfe2-7bb9-4dae-af96-9b1f4f0cbd70" status: 204 len: 0 microversion: 1.0
Jan 18 04:15:07.730622 n-d-824931-1 devstack@placement-api.service[104191]: [pid: 104191|app: 0|req: 271/538] 10.222.0.45 () {60 vars in 1355 bytes} [Tue Jan 18 04:15:07 2022] DELETE /placement/allocations/d765bfe2-7bb9-4dae-af96-9b1f4f0cbd70 => generated 0 bytes in 218 msecs (HTTP/1.1 204) 5 headers in 198 bytes (1 switches on core 0)
Jan 18 04:15:14.606320 n-d-824931-1 devstack@placement-api.service[104192]: DEBUG placement.requestlog [req-cf3e9a46-92bf-4e21-b1e4-468d9cedabbf req-e6a6f0ef-a203-4518-8b82-32c6f83be85d None None] Starting request: 10.222.0.48 "GET /placement/allocation_candidates?limit=1000&resources=DISK_GB%3A1%2CMEMORY_MB%3A1024%2CVCPU%3A1&root_required=%21COMPUTE_STATUS_DISABLED" {{(pid=104192) __call__ /opt/stack/placement/placement/requestlog.py:55}}
Jan 18 04:15:14.664849 n-d-824931-1 devstack@placement-api.service[104192]: DEBUG placement.objects.research_context [req-cf3e9a46-92bf-4e21-b1e4-468d9cedabbf req-e6a6f0ef-a203-4518-8b82-32c6f83be85d service placement] getting providers with 1 DISK_GB {{(pid=104192) __init__ /opt/stack/placement/placement/objects/research_context.py:126}}
Jan 18 04:15:14.675199 n-d-824931-1 devstack@placement-api.service[104192]: DEBUG placement.objects.research_context [req-cf3e9a46-92bf-4e21-b1e4-468d9cedabbf req-e6a6f0ef-a203-4518-8b82-32c6f83be85d service placement] getting providers with 1024 MEMORY_MB {{(pid=104192) __init__ /opt/stack/placement/placement/objects/research_context.py:126}}
Jan 18 04:15:14.683042 n-d-824931-1 devstack@placement-api.service[104192]: DEBUG placement.objects.research_context [req-cf3e9a46-92bf-4e21-b1e4-468d9cedabbf req-e6a6f0ef-a203-4518-8b82-32c6f83be85d service placement] getting providers with 1 VCPU {{(pid=104192) __init__ /opt/stack/placement/placement/objects/research_context.py:126}}
Jan 18 04:15:14.693095 n-d-824931-1 devstack@placement-api.service[104192]: DEBUG placement.objects.research_context [req-cf3e9a46-92bf-4e21-b1e4-468d9cedabbf req-e6a6f0ef-a203-4518-8b82-32c6f83be85d service placement] found 2 providers with available 1 DISK_GB {{(pid=104192) get_provider_ids_matching /opt/stack/placement/placement/objects/research_context.py:549}}
Jan 18 04:15:14.693363 n-d-824931-1 devstack@placement-api.service[104192]: DEBUG placement.objects.research_context [req-cf3e9a46-92bf-4e21-b1e4-468d9cedabbf req-e6a6f0ef-a203-4518-8b82-32c6f83be85d service placement] found 2 providers with available 1024 MEMORY_MB {{(pid=104192) get_provider_ids_matching /opt/stack/placement/placement/objects/research_context.py:549}}
Jan 18 04:15:14.693632 n-d-824931-1 devstack@placement-api.service[104192]: DEBUG placement.objects.research_context [req-cf3e9a46-92bf-4e21-b1e4-468d9cedabbf req-e6a6f0ef-a203-4518-8b82-32c6f83be85d service placement] found 2 providers after filtering by previous result {{(pid=104192) get_provider_ids_matching /opt/stack/placement/placement/objects/research_context.py:580}}
Jan 18 04:15:14.693885 n-d-824931-1 devstack@placement-api.service[104192]: DEBUG placement.objects.research_context [req-cf3e9a46-92bf-4e21-b1e4-468d9cedabbf req-e6a6f0ef-a203-4518-8b82-32c6f83be85d service placement] found 2 providers with available 1 VCPU {{(pid=104192) get_provider_ids_matching /opt/stack/placement/placement/objects/research_context.py:549}}
Jan 18 04:15:14.694287 n-d-824931-1 devstack@placement-api.service[104192]: DEBUG placement.objects.research_context [req-cf3e9a46-92bf-4e21-b1e4-468d9cedabbf req-e6a6f0ef-a203-4518-8b82-32c6f83be85d service placement] found 2 providers after filtering by previous result {{(pid=104192) get_provider_ids_matching /opt/stack/placement/placement/objects/research_context.py:580}}
Jan 18 04:15:14.707782 n-d-824931-1 devstack@placement-api.service[104192]: DEBUG placement.objects.allocation_candidate [req-cf3e9a46-92bf-4e21-b1e4-468d9cedabbf req-e6a6f0ef-a203-4518-8b82-32c6f83be85d service placement] RequestGroup(use_same_provider=False, resources={DISK_GB:1, MEMORY_MB:1024, VCPU:1}, traits=[], aggregates=[]) (suffix '') returned 2 matches {{(pid=104192) _get_by_requests /opt/stack/placement/placement/objects/allocation_candidate.py:145}}
Jan 18 04:15:14.708417 n-d-824931-1 devstack@placement-api.service[104192]: DEBUG placement.objects.allocation_candidate [req-cf3e9a46-92bf-4e21-b1e4-468d9cedabbf req-e6a6f0ef-a203-4518-8b82-32c6f83be85d service placement] Merging candidates yields 2 allocation requests and 2 provider summaries {{(pid=104192) _merge_candidates /opt/stack/placement/placement/objects/allocation_candidate.py:783}}
Jan 18 04:15:14.710894 n-d-824931-1 devstack@placement-api.service[104192]: INFO placement.requestlog [req-cf3e9a46-92bf-4e21-b1e4-468d9cedabbf req-e6a6f0ef-a203-4518-8b82-32c6f83be85d service placement] 10.222.0.48 "GET /placement/allocation_candidates?limit=1000&resources=DISK_GB%3A1%2CMEMORY_MB%3A1024%2CVCPU%3A1&root_required=%21COMPUTE_STATUS_DISABLED" status: 200 len: 1309 microversion: 1.36
Jan 18 04:15:14.715449 n-d-824931-1 devstack@placement-api.service[104192]: [pid: 104192|app: 0|req: 268/539] 10.222.0.48 () {60 vars in 1506 bytes} [Tue Jan 18 04:15:14 2022] GET /placement/allocation_candidates?limit=1000&resources=DISK_GB%3A1%2CMEMORY_MB%3A1024%2CVCPU%3A1&root_required=%21COMPUTE_STATUS_DISABLED => generated 1309 bytes in 109 msecs (HTTP/1.1 200) 8 headers in 297 bytes (1 switches on core 0)
Jan 18 04:15:14.770063 n-d-824931-1 devstack@placement-api.service[104191]: DEBUG placement.requestlog [req-cf3e9a46-92bf-4e21-b1e4-468d9cedabbf req-182db6bd-e6af-4e18-aabb-d9e964a8b3d1 None None] Starting request: 10.222.0.48 "GET /placement/allocations/b6591db3-0825-4854-a5bb-2e50a7e45a22" {{(pid=104191) __call__ /opt/stack/placement/placement/requestlog.py:55}}
Jan 18 04:15:14.781291 n-d-824931-1 devstack@placement-api.service[104191]: INFO placement.requestlog [req-cf3e9a46-92bf-4e21-b1e4-468d9cedabbf req-182db6bd-e6af-4e18-aabb-d9e964a8b3d1 service placement] 10.222.0.48 "GET /placement/allocations/b6591db3-0825-4854-a5bb-2e50a7e45a22" status: 200 len: 19 microversion: 1.28
Jan 18 04:15:14.782196 n-d-824931-1 devstack@placement-api.service[104191]: [pid: 104191|app: 0|req: 272/540] 10.222.0.48 () {60 vars in 1380 bytes} [Tue Jan 18 04:15:14 2022] GET /placement/allocations/b6591db3-0825-4854-a5bb-2e50a7e45a22 => generated 19 bytes in 13 msecs (HTTP/1.1 200) 8 headers in 295 bytes (1 switches on core 0)
Jan 18 04:15:14.788845 n-d-824931-1 devstack@placement-api.service[104192]: DEBUG placement.requestlog [req-cf3e9a46-92bf-4e21-b1e4-468d9cedabbf req-6e753506-5112-411c-953f-9cd3301607d2 None None] Starting request: 10.222.0.48 "PUT /placement/allocations/b6591db3-0825-4854-a5bb-2e50a7e45a22" {{(pid=104192) __call__ /opt/stack/placement/placement/requestlog.py:55}}
Jan 18 04:15:14.914492 n-d-824931-1 devstack@placement-api.service[104192]: DEBUG placement.handlers.allocation [req-cf3e9a46-92bf-4e21-b1e4-468d9cedabbf req-6e753506-5112-411c-953f-9cd3301607d2 service placement] Successfully wrote allocations [, , ] {{(pid=104192) _update_consumers_and_create_allocations /opt/stack/placement/placement/handlers/allocation.py:462}}
Jan 18 04:15:14.987941 n-d-824931-1 devstack@placement-api.service[104192]: INFO placement.requestlog [req-cf3e9a46-92bf-4e21-b1e4-468d9cedabbf req-6e753506-5112-411c-953f-9cd3301607d2 service placement] 10.222.0.48 "PUT /placement/allocations/b6591db3-0825-4854-a5bb-2e50a7e45a22" status: 204 len: 0 microversion: 1.36
Jan 18 04:15:14.989136 n-d-824931-1 devstack@placement-api.service[104192]: [pid: 104192|app: 0|req: 269/541] 10.222.0.48 () {64 vars in 1433 bytes} [Tue Jan 18 04:15:14 2022] PUT /placement/allocations/b6591db3-0825-4854-a5bb-2e50a7e45a22 => generated 0 bytes in 201 msecs (HTTP/1.1 204) 5 headers in 199 bytes (1 switches on core 0)
Jan 18 04:15:16.418623 n-d-824931-1 devstack@placement-api.service[104191]: DEBUG placement.requestlog [req-cf3e9a46-92bf-4e21-b1e4-468d9cedabbf req-69c279db-70d0-48d6-b7db-42f65b10aab9 None None] Starting request: 10.222.0.32 "GET /placement/allocations/b6591db3-0825-4854-a5bb-2e50a7e45a22" {{(pid=104191) __call__ /opt/stack/placement/placement/requestlog.py:55}}
Jan 18 04:15:16.445519 n-d-824931-1 devstack@placement-api.service[104191]: INFO placement.requestlog [req-cf3e9a46-92bf-4e21-b1e4-468d9cedabbf req-69c279db-70d0-48d6-b7db-42f65b10aab9 service placement] 10.222.0.32 "GET /placement/allocations/b6591db3-0825-4854-a5bb-2e50a7e45a22" status: 200 len: 259 microversion: 1.28
Jan 18 04:15:16.447918 n-d-824931-1 devstack@placement-api.service[104191]: [pid: 104191|app: 0|req: 273/542] 10.222.0.32 () {60 vars in 1377 bytes} [Tue Jan 18 04:15:16 2022] GET /placement/allocations/b6591db3-0825-4854-a5bb-2e50a7e45a22 => generated 259 bytes in 30 msecs (HTTP/1.1 200) 8 headers in 296 bytes (1 switches on core 0)
Jan 18 04:15:22.795581 n-d-824931-1 devstack@placement-api.service[104192]: DEBUG placement.requestlog [req-8c19e7c0-a467-4e36-a91a-7121ac9aee97 req-1e37d914-e665-4455-a54e-3fa7e14e581f None None] Starting request: 10.222.0.45 "GET /placement/allocations/908d3220-d026-4728-aadd-ae5308794a63" {{(pid=104192) __call__ /opt/stack/placement/placement/requestlog.py:55}}
Jan 18 04:15:22.814097 n-d-824931-1 devstack@placement-api.service[104192]: INFO placement.requestlog [req-8c19e7c0-a467-4e36-a91a-7121ac9aee97 req-1e37d914-e665-4455-a54e-3fa7e14e581f service placement] 10.222.0.45 "GET /placement/allocations/908d3220-d026-4728-aadd-ae5308794a63" status: 200 len: 259 microversion: 1.28
Jan 18 04:15:22.815052 n-d-824931-1 devstack@placement-api.service[104192]: [pid: 104192|app: 0|req: 270/543] 10.222.0.45 () {60 vars in 1377 bytes} [Tue Jan 18 04:15:22 2022] GET /placement/allocations/908d3220-d026-4728-aadd-ae5308794a63 => generated 259 bytes in 20 msecs (HTTP/1.1 200) 8 headers in 296 bytes (1 switches on core 0)
Jan 18 04:15:28.261559 n-d-824931-1 devstack@placement-api.service[104191]: DEBUG placement.requestlog [req-6075e66e-a40b-4867-b872-b9b121790788 req-18e72d00-6ae7-41db-b383-94137d823a89 None None] Starting request: 10.222.0.48 "GET /placement/allocation_candidates?limit=1000&resources=DISK_GB%3A1%2CMEMORY_MB%3A1024%2CVCPU%3A1&root_required=%21COMPUTE_STATUS_DISABLED" {{(pid=104191) __call__ /opt/stack/placement/placement/requestlog.py:55}}
Jan 18 04:15:28.337592 n-d-824931-1 devstack@placement-api.service[104191]: DEBUG placement.objects.research_context [req-6075e66e-a40b-4867-b872-b9b121790788 req-18e72d00-6ae7-41db-b383-94137d823a89 service placement] getting providers with 1 DISK_GB {{(pid=104191) __init__ /opt/stack/placement/placement/objects/research_context.py:126}}
Jan 18 04:15:28.346258 n-d-824931-1 devstack@placement-api.service[104191]: DEBUG placement.objects.research_context [req-6075e66e-a40b-4867-b872-b9b121790788 req-18e72d00-6ae7-41db-b383-94137d823a89 service placement] getting providers with 1024 MEMORY_MB {{(pid=104191) __init__ /opt/stack/placement/placement/objects/research_context.py:126}}
Jan 18 04:15:28.355897 n-d-824931-1 devstack@placement-api.service[104191]: DEBUG placement.objects.research_context [req-6075e66e-a40b-4867-b872-b9b121790788 req-18e72d00-6ae7-41db-b383-94137d823a89 service placement] getting providers with 1 VCPU {{(pid=104191) __init__ /opt/stack/placement/placement/objects/research_context.py:126}}
Jan 18 04:15:28.364857 n-d-824931-1 devstack@placement-api.service[104191]: DEBUG placement.objects.research_context [req-6075e66e-a40b-4867-b872-b9b121790788 req-18e72d00-6ae7-41db-b383-94137d823a89 service placement] found 2 providers with available 1 DISK_GB {{(pid=104191) get_provider_ids_matching /opt/stack/placement/placement/objects/research_context.py:549}}
Jan 18 04:15:28.365341 n-d-824931-1 devstack@placement-api.service[104191]: DEBUG placement.objects.research_context [req-6075e66e-a40b-4867-b872-b9b121790788 req-18e72d00-6ae7-41db-b383-94137d823a89 service placement] found 2 providers with available 1024 MEMORY_MB {{(pid=104191) get_provider_ids_matching /opt/stack/placement/placement/objects/research_context.py:549}}
Jan 18 04:15:28.365816 n-d-824931-1 devstack@placement-api.service[104191]: DEBUG placement.objects.research_context [req-6075e66e-a40b-4867-b872-b9b121790788 req-18e72d00-6ae7-41db-b383-94137d823a89 service placement] found 2 providers after filtering by previous result {{(pid=104191) get_provider_ids_matching /opt/stack/placement/placement/objects/research_context.py:580}}
Jan 18 04:15:28.366300 n-d-824931-1 devstack@placement-api.service[104191]: DEBUG placement.objects.research_context [req-6075e66e-a40b-4867-b872-b9b121790788 req-18e72d00-6ae7-41db-b383-94137d823a89 service placement] found 2 providers with available 1 VCPU {{(pid=104191) get_provider_ids_matching /opt/stack/placement/placement/objects/research_context.py:549}}
Jan 18 04:15:28.367349 n-d-824931-1 devstack@placement-api.service[104191]: DEBUG placement.objects.research_context [req-6075e66e-a40b-4867-b872-b9b121790788 req-18e72d00-6ae7-41db-b383-94137d823a89 service placement] found 2 providers after filtering by previous result {{(pid=104191) get_provider_ids_matching /opt/stack/placement/placement/objects/research_context.py:580}}
Jan 18 04:15:28.393525 n-d-824931-1 devstack@placement-api.service[104191]: DEBUG placement.objects.allocation_candidate [req-6075e66e-a40b-4867-b872-b9b121790788 req-18e72d00-6ae7-41db-b383-94137d823a89 service placement] RequestGroup(use_same_provider=False, resources={DISK_GB:1, MEMORY_MB:1024, VCPU:1}, traits=[], aggregates=[]) (suffix '') returned 2 matches {{(pid=104191) _get_by_requests /opt/stack/placement/placement/objects/allocation_candidate.py:145}}
Jan 18 04:15:28.395132 n-d-824931-1 devstack@placement-api.service[104191]: DEBUG placement.objects.allocation_candidate [req-6075e66e-a40b-4867-b872-b9b121790788 req-18e72d00-6ae7-41db-b383-94137d823a89 service placement] Merging candidates yields 2 allocation requests and 2 provider summaries {{(pid=104191) _merge_candidates /opt/stack/placement/placement/objects/allocation_candidate.py:783}}
Jan 18 04:15:28.397211 n-d-824931-1 devstack@placement-api.service[104191]: INFO placement.requestlog [req-6075e66e-a40b-4867-b872-b9b121790788 req-18e72d00-6ae7-41db-b383-94137d823a89 service placement] 10.222.0.48 "GET /placement/allocation_candidates?limit=1000&resources=DISK_GB%3A1%2CMEMORY_MB%3A1024%2CVCPU%3A1&root_required=%21COMPUTE_STATUS_DISABLED" status: 200 len: 1309 microversion: 1.36
Jan 18 04:15:28.402481 n-d-824931-1 devstack@placement-api.service[104191]: [pid: 104191|app: 0|req: 274/544] 10.222.0.48 () {60 vars in 1506 bytes} [Tue Jan 18 04:15:28 2022] GET /placement/allocation_candidates?limit=1000&resources=DISK_GB%3A1%2CMEMORY_MB%3A1024%2CVCPU%3A1&root_required=%21COMPUTE_STATUS_DISABLED => generated 1309 bytes in 141 msecs (HTTP/1.1 200) 8 headers in 297 bytes (1 switches on core 0)
Jan 18 04:15:28.501238 n-d-824931-1 devstack@placement-api.service[104192]: DEBUG placement.requestlog [req-6075e66e-a40b-4867-b872-b9b121790788 req-0401bfd6-0d17-4202-b531-a41016135946 None None] Starting request: 10.222.0.48 "GET /placement/allocations/cd20edad-773e-4c79-a639-0b9c870659bb" {{(pid=104192) __call__ /opt/stack/placement/placement/requestlog.py:55}}
Jan 18 04:15:28.523884 n-d-824931-1 devstack@placement-api.service[104192]: INFO placement.requestlog [req-6075e66e-a40b-4867-b872-b9b121790788 req-0401bfd6-0d17-4202-b531-a41016135946 service placement] 10.222.0.48 "GET /placement/allocations/cd20edad-773e-4c79-a639-0b9c870659bb" status: 200 len: 19 microversion: 1.28
Jan 18 04:15:28.524277 n-d-824931-1 devstack@placement-api.service[104192]: [pid: 104192|app: 0|req: 271/545] 10.222.0.48 () {60 vars in 1380 bytes} [Tue Jan 18 04:15:28 2022] GET /placement/allocations/cd20edad-773e-4c79-a639-0b9c870659bb => generated 19 bytes in 23 msecs (HTTP/1.1 200) 8 headers in 295 bytes (1 switches on core 0)
Jan 18 04:15:28.531389 n-d-824931-1 devstack@placement-api.service[104191]: DEBUG placement.requestlog [req-6075e66e-a40b-4867-b872-b9b121790788 req-30cb13df-e96b-4d57-84d5-d5a4242093b2 None None] Starting request: 10.222.0.48 "PUT /placement/allocations/cd20edad-773e-4c79-a639-0b9c870659bb" {{(pid=104191) __call__ /opt/stack/placement/placement/requestlog.py:55}}
Jan 18 04:15:28.927035 n-d-824931-1 devstack@placement-api.service[104191]: DEBUG placement.handlers.allocation [req-6075e66e-a40b-4867-b872-b9b121790788 req-30cb13df-e96b-4d57-84d5-d5a4242093b2 service placement] Successfully wrote allocations [, , ] {{(pid=104191) _update_consumers_and_create_allocations /opt/stack/placement/placement/handlers/allocation.py:462}}
Jan 18 04:15:28.992959 n-d-824931-1 devstack@placement-api.service[104191]: INFO placement.requestlog [req-6075e66e-a40b-4867-b872-b9b121790788 req-30cb13df-e96b-4d57-84d5-d5a4242093b2 service placement] 10.222.0.48 "PUT /placement/allocations/cd20edad-773e-4c79-a639-0b9c870659bb" status: 204 len: 0 microversion: 1.36
Jan 18 04:15:28.993837 n-d-824931-1 devstack@placement-api.service[104191]: [pid: 104191|app: 0|req: 275/546] 10.222.0.48 () {64 vars in 1433 bytes} [Tue Jan 18 04:15:28 2022] PUT /placement/allocations/cd20edad-773e-4c79-a639-0b9c870659bb => generated 0 bytes in 463 msecs (HTTP/1.1 204) 5 headers in 199 bytes (2 switches on core 0)
Jan 18 04:15:30.243138 n-d-824931-1 devstack@placement-api.service[104192]: DEBUG placement.requestlog [req-6075e66e-a40b-4867-b872-b9b121790788 req-1654b633-2a5c-44fd-a97e-23eab211357c None None] Starting request: 10.222.0.45 "GET /placement/allocations/cd20edad-773e-4c79-a639-0b9c870659bb" {{(pid=104192) __call__ /opt/stack/placement/placement/requestlog.py:55}}
Jan 18 04:15:30.273593 n-d-824931-1 devstack@placement-api.service[104192]: INFO placement.requestlog [req-6075e66e-a40b-4867-b872-b9b121790788 req-1654b633-2a5c-44fd-a97e-23eab211357c service placement] 10.222.0.45 "GET /placement/allocations/cd20edad-773e-4c79-a639-0b9c870659bb" status: 200 len: 259 microversion: 1.28
Jan 18 04:15:30.275538 n-d-824931-1 devstack@placement-api.service[104192]: [pid: 104192|app: 0|req: 272/547] 10.222.0.45 () {60 vars in 1377 bytes} [Tue Jan 18 04:15:30 2022] GET /placement/allocations/cd20edad-773e-4c79-a639-0b9c870659bb => generated 259 bytes in 33 msecs (HTTP/1.1 200) 8 headers in 296 bytes (1 switches on core 0)
Jan 18 04:15:30.655284 n-d-824931-1 devstack@placement-api.service[104191]: DEBUG placement.requestlog [req-cd81de75-ba66-4396-ae6e-b050c42cb175 req-a1d54884-a194-4c4f-8506-278ca37b59f5 None None] Starting request: 10.222.0.32 "DELETE /placement/allocations/e03c8ba5-15d7-4e25-9ec3-f221d8619457" {{(pid=104191) __call__ /opt/stack/placement/placement/requestlog.py:55}}
Jan 18 04:15:30.844021 n-d-824931-1 devstack@placement-api.service[104191]: DEBUG placement.handlers.allocation [req-cd81de75-ba66-4396-ae6e-b050c42cb175 req-a1d54884-a194-4c4f-8506-278ca37b59f5 service placement] Successfully deleted allocations [, , ] {{(pid=104191) delete_allocations /opt/stack/placement/placement/handlers/allocation.py:627}}
Jan 18 04:15:30.844745 n-d-824931-1 devstack@placement-api.service[104191]: INFO placement.requestlog [req-cd81de75-ba66-4396-ae6e-b050c42cb175 req-a1d54884-a194-4c4f-8506-278ca37b59f5 service placement] 10.222.0.32 "DELETE /placement/allocations/e03c8ba5-15d7-4e25-9ec3-f221d8619457" status: 204 len: 0 microversion: 1.0
Jan 18 04:15:30.847561 n-d-824931-1 devstack@placement-api.service[104191]: [pid: 104191|app: 0|req: 276/548] 10.222.0.32 () {60 vars in 1355 bytes} [Tue Jan 18 04:15:30 2022] DELETE /placement/allocations/e03c8ba5-15d7-4e25-9ec3-f221d8619457 => generated 0 bytes in 193 msecs (HTTP/1.1 204) 5 headers in 198 bytes (1 switches on core 0)
Jan 18 04:15:34.580564 n-d-824931-1 devstack@placement-api.service[104192]: DEBUG placement.requestlog [req-907258dd-79ba-4edc-b6f0-870720df9ae6 req-0cf0eb38-c67e-4258-ae42-35ce0d1228a2 None None] Starting request: 10.222.0.45 "GET /placement/resource_providers/1a6a9f4a-a429-4420-80e4-5af773db78b5/allocations" {{(pid=104192) __call__ /opt/stack/placement/placement/requestlog.py:55}}
Jan 18 04:15:34.616815 n-d-824931-1 devstack@placement-api.service[104192]: INFO placement.requestlog [req-907258dd-79ba-4edc-b6f0-870720df9ae6 req-0cf0eb38-c67e-4258-ae42-35ce0d1228a2 service placement] 10.222.0.45 "GET /placement/resource_providers/1a6a9f4a-a429-4420-80e4-5af773db78b5/allocations" status: 200 len: 557 microversion: 1.0
Jan 18 04:15:34.617599 n-d-824931-1 devstack@placement-api.service[104192]: [pid: 104192|app: 0|req: 273/549] 10.222.0.45 () {58 vars in 1390 bytes} [Tue Jan 18 04:15:34 2022] GET /placement/resource_providers/1a6a9f4a-a429-4420-80e4-5af773db78b5/allocations => generated 557 bytes in 37 msecs (HTTP/1.1 200) 6 headers in 224 bytes (1 switches on core 0)
Jan 18 04:15:38.375111 n-d-824931-1 devstack@placement-api.service[104191]: DEBUG placement.requestlog [None req-474b7228-4994-4c1c-a45d-ba0bab80f409 None None] Starting request: 10.222.0.48 "GET /placement/" {{(pid=104191) __call__ /opt/stack/placement/placement/requestlog.py:55}}
Jan 18 04:15:38.377408 n-d-824931-1 devstack@placement-api.service[104191]: INFO placement.requestlog [None req-474b7228-4994-4c1c-a45d-ba0bab80f409 None None] 10.222.0.48 "GET /placement/" status: 200 len: 136 microversion: 1.0
Jan 18 04:15:38.378211 n-d-824931-1 devstack@placement-api.service[104191]: [pid: 104191|app: 0|req: 277/550] 10.222.0.48 () {54 vars in 916 bytes} [Tue Jan 18 04:15:38 2022] GET /placement => generated 136 bytes in 4 msecs (HTTP/1.1 200) 6 headers in 224 bytes (1 switches on core 0)
Jan 18 04:15:38.387919 n-d-824931-1 devstack@placement-api.service[104192]: DEBUG placement.requestlog [req-4682242d-fd99-4349-a87d-5a33e85a5e1f req-1826db04-8c55-4eb1-8f82-9c0b8994eecb None None] Starting request: 10.222.0.48 "GET /placement/allocations/b6591db3-0825-4854-a5bb-2e50a7e45a22" {{(pid=104192) __call__ /opt/stack/placement/placement/requestlog.py:55}}
Jan 18 04:15:38.524417 n-d-824931-1 devstack@placement-api.service[104192]: INFO placement.requestlog [req-4682242d-fd99-4349-a87d-5a33e85a5e1f req-1826db04-8c55-4eb1-8f82-9c0b8994eecb service placement] 10.222.0.48 "GET /placement/allocations/b6591db3-0825-4854-a5bb-2e50a7e45a22" status: 200 len: 259 microversion: 1.28
Jan 18 04:15:38.525941 n-d-824931-1 devstack@placement-api.service[104192]: [pid: 104192|app: 0|req: 274/551] 10.222.0.48 () {60 vars in 1380 bytes} [Tue Jan 18 04:15:38 2022] GET /placement/allocations/b6591db3-0825-4854-a5bb-2e50a7e45a22 => generated 259 bytes in 138 msecs (HTTP/1.1 200) 8 headers in 296 bytes (1 switches on core 0)
Jan 18 04:15:38.531623 n-d-824931-1 devstack@placement-api.service[104191]: DEBUG placement.requestlog [req-4682242d-fd99-4349-a87d-5a33e85a5e1f req-4b38e85f-29fe-4c54-b6d7-3d3e77fae36e None None] Starting request: 10.222.0.48 "GET /placement/allocations/b6591db3-0825-4854-a5bb-2e50a7e45a22" {{(pid=104191) __call__ /opt/stack/placement/placement/requestlog.py:55}}
Jan 18 04:15:38.562698 n-d-824931-1 devstack@placement-api.service[104191]: INFO placement.requestlog [req-4682242d-fd99-4349-a87d-5a33e85a5e1f req-4b38e85f-29fe-4c54-b6d7-3d3e77fae36e service placement] 10.222.0.48 "GET /placement/allocations/b6591db3-0825-4854-a5bb-2e50a7e45a22" status: 200 len: 259 microversion: 1.28
