Jan 18 04:04:34.460721 n-d-824931-1 devstack@placement-api.service[104191]: DEBUG placement.handlers.allocation [req-f755d2f4-4a80-4def-a0a2-287662a99aad req-7c75f296-41e5-4d21-9d26-de2ed51ae8e2 service placement] Successfully wrote allocations [, , ] {{(pid=104191) _update_consumers_and_create_allocations /opt/stack/placement/placement/handlers/allocation.py:462}}
Jan 18 04:04:34.529272 n-d-824931-1 devstack@placement-api.service[104191]: INFO placement.requestlog [req-f755d2f4-4a80-4def-a0a2-287662a99aad req-7c75f296-41e5-4d21-9d26-de2ed51ae8e2 service placement] 10.222.0.48 "PUT /placement/allocations/c328cd12-a964-43f4-ac5e-5c6858524849" status: 204 len: 0 microversion: 1.36
Jan 18 04:04:34.529856 n-d-824931-1 devstack@placement-api.service[104191]: [pid: 104191|app: 0|req: 47/92] 10.222.0.48 () {64 vars in 1433 bytes} [Tue Jan 18 04:04:34 2022] PUT /placement/allocations/c328cd12-a964-43f4-ac5e-5c6858524849 => generated 0 bytes in 395 msecs (HTTP/1.1 204) 5 headers in 199 bytes (1 switches on core 0)
Jan 18 04:04:35.706497 n-d-824931-1 devstack@placement-api.service[104192]: DEBUG placement.requestlog [req-f755d2f4-4a80-4def-a0a2-287662a99aad req-c3b2ac79-4f80-4b1d-9c83-a3018600971b None None] Starting request: 10.222.0.45 "GET /placement/allocations/c328cd12-a964-43f4-ac5e-5c6858524849" {{(pid=104192) __call__ /opt/stack/placement/placement/requestlog.py:55}}
Jan 18 04:04:35.728303 n-d-824931-1 devstack@placement-api.service[104192]: INFO placement.requestlog [req-f755d2f4-4a80-4def-a0a2-287662a99aad req-c3b2ac79-4f80-4b1d-9c83-a3018600971b service placement] 10.222.0.45 "GET /placement/allocations/c328cd12-a964-43f4-ac5e-5c6858524849" status: 200 len: 259 microversion: 1.28
Jan 18 04:04:35.729505 n-d-824931-1 devstack@placement-api.service[104192]: [pid: 104192|app: 0|req: 46/93] 10.222.0.45 () {60 vars in 1377 bytes} [Tue Jan 18 04:04:35 2022] GET /placement/allocations/c328cd12-a964-43f4-ac5e-5c6858524849 => generated 259 bytes in 23 msecs (HTTP/1.1 200) 8 headers in 296 bytes (1 switches on core 0)
Jan 18 04:04:48.100017 n-d-824931-1 devstack@placement-api.service[104191]: DEBUG placement.requestlog [req-ff42fdc6-3df9-43a3-b658-31048e783a76 req-2e92bf29-d968-4cbf-a200-4644ca4bf5e3 None None] Starting request: 10.222.0.45 "DELETE /placement/allocations/ab69e41d-bd7b-4c78-a768-c3f20367f461" {{(pid=104191) __call__ /opt/stack/placement/placement/requestlog.py:55}}
Jan 18 04:04:48.292783 n-d-824931-1 devstack@placement-api.service[104191]: DEBUG placement.handlers.allocation [req-ff42fdc6-3df9-43a3-b658-31048e783a76 req-2e92bf29-d968-4cbf-a200-4644ca4bf5e3 service placement] Successfully deleted allocations [, , ] {{(pid=104191) delete_allocations /opt/stack/placement/placement/handlers/allocation.py:627}}
Jan 18 04:04:48.293289 n-d-824931-1 devstack@placement-api.service[104191]: INFO placement.requestlog [req-ff42fdc6-3df9-43a3-b658-31048e783a76 req-2e92bf29-d968-4cbf-a200-4644ca4bf5e3 service placement] 10.222.0.45 "DELETE /placement/allocations/ab69e41d-bd7b-4c78-a768-c3f20367f461" status: 204 len: 0 microversion: 1.0
Jan 18 04:04:48.293986 n-d-824931-1 devstack@placement-api.service[104191]: [pid: 104191|app: 0|req: 48/94] 10.222.0.45 () {60 vars in 1355 bytes} [Tue Jan 18 04:04:48 2022] DELETE /placement/allocations/ab69e41d-bd7b-4c78-a768-c3f20367f461 => generated 0 bytes in 194 msecs (HTTP/1.1 204) 5 headers in 198 bytes (1 switches on core 0)
Jan 18 04:04:51.075467 n-d-824931-1 devstack@placement-api.service[104192]: DEBUG placement.requestlog [req-4c77451c-3fae-4fb0-ad4b-870440bd4651 req-36de1f31-c119-4d56-8a80-b2a994874d15 None None] Starting request: 10.222.0.48 "GET /placement/allocation_candidates?limit=1000&resources=DISK_GB%3A1%2CMEMORY_MB%3A1024%2CVCPU%3A1&root_required=%21COMPUTE_STATUS_DISABLED" {{(pid=104192) __call__ /opt/stack/placement/placement/requestlog.py:55}}
Jan 18 04:04:51.155036 n-d-824931-1 devstack@placement-api.service[104192]: DEBUG placement.objects.research_context [req-4c77451c-3fae-4fb0-ad4b-870440bd4651 req-36de1f31-c119-4d56-8a80-b2a994874d15 service placement] getting providers with 1 DISK_GB {{(pid=104192) __init__ /opt/stack/placement/placement/objects/research_context.py:126}}
Jan 18 04:04:51.163164 n-d-824931-1 devstack@placement-api.service[104192]: DEBUG placement.objects.research_context [req-4c77451c-3fae-4fb0-ad4b-870440bd4651 req-36de1f31-c119-4d56-8a80-b2a994874d15 service placement] getting providers with 1024 MEMORY_MB {{(pid=104192) __init__ /opt/stack/placement/placement/objects/research_context.py:126}}
Jan 18 04:04:51.172991 n-d-824931-1 devstack@placement-api.service[104192]: DEBUG placement.objects.research_context [req-4c77451c-3fae-4fb0-ad4b-870440bd4651 req-36de1f31-c119-4d56-8a80-b2a994874d15 service placement] getting providers with 1 VCPU {{(pid=104192) __init__ /opt/stack/placement/placement/objects/research_context.py:126}}
Jan 18 04:04:51.180012 n-d-824931-1 devstack@placement-api.service[104192]: DEBUG placement.objects.research_context [req-4c77451c-3fae-4fb0-ad4b-870440bd4651 req-36de1f31-c119-4d56-8a80-b2a994874d15 service placement] found 2 providers with available 1 DISK_GB {{(pid=104192) get_provider_ids_matching /opt/stack/placement/placement/objects/research_context.py:549}}
Jan 18 04:04:51.180279 n-d-824931-1 devstack@placement-api.service[104192]: DEBUG placement.objects.research_context [req-4c77451c-3fae-4fb0-ad4b-870440bd4651 req-36de1f31-c119-4d56-8a80-b2a994874d15 service placement] found 2 providers with available 1024 MEMORY_MB {{(pid=104192) get_provider_ids_matching /opt/stack/placement/placement/objects/research_context.py:549}}
Jan 18 04:04:51.183217 n-d-824931-1 devstack@placement-api.service[104192]: DEBUG placement.objects.research_context [req-4c77451c-3fae-4fb0-ad4b-870440bd4651 req-36de1f31-c119-4d56-8a80-b2a994874d15 service placement] found 2 providers after filtering by previous result {{(pid=104192) get_provider_ids_matching /opt/stack/placement/placement/objects/research_context.py:580}}
Jan 18 04:04:51.183556 n-d-824931-1 devstack@placement-api.service[104192]: DEBUG placement.objects.research_context [req-4c77451c-3fae-4fb0-ad4b-870440bd4651 req-36de1f31-c119-4d56-8a80-b2a994874d15 service placement] found 2 providers with available 1 VCPU {{(pid=104192) get_provider_ids_matching /opt/stack/placement/placement/objects/research_context.py:549}}
Jan 18 04:04:51.183826 n-d-824931-1 devstack@placement-api.service[104192]: DEBUG placement.objects.research_context [req-4c77451c-3fae-4fb0-ad4b-870440bd4651 req-36de1f31-c119-4d56-8a80-b2a994874d15 service placement] found 2 providers after filtering by previous result {{(pid=104192) get_provider_ids_matching /opt/stack/placement/placement/objects/research_context.py:580}}
Jan 18 04:04:51.199530 n-d-824931-1 devstack@placement-api.service[104192]: DEBUG placement.objects.allocation_candidate [req-4c77451c-3fae-4fb0-ad4b-870440bd4651 req-36de1f31-c119-4d56-8a80-b2a994874d15 service placement] RequestGroup(use_same_provider=False, resources={DISK_GB:1, MEMORY_MB:1024, VCPU:1}, traits=[], aggregates=[]) (suffix '') returned 2 matches {{(pid=104192) _get_by_requests /opt/stack/placement/placement/objects/allocation_candidate.py:145}}
Jan 18 04:04:51.202302 n-d-824931-1 devstack@placement-api.service[104192]: DEBUG placement.objects.allocation_candidate [req-4c77451c-3fae-4fb0-ad4b-870440bd4651 req-36de1f31-c119-4d56-8a80-b2a994874d15 service placement] Merging candidates yields 2 allocation requests and 2 provider summaries {{(pid=104192) _merge_candidates /opt/stack/placement/placement/objects/allocation_candidate.py:783}}
Jan 18 04:04:51.211712 n-d-824931-1 devstack@placement-api.service[104192]: INFO placement.requestlog [req-4c77451c-3fae-4fb0-ad4b-870440bd4651 req-36de1f31-c119-4d56-8a80-b2a994874d15 service placement] 10.222.0.48 "GET /placement/allocation_candidates?limit=1000&resources=DISK_GB%3A1%2CMEMORY_MB%3A1024%2CVCPU%3A1&root_required=%21COMPUTE_STATUS_DISABLED" status: 200 len: 1309 microversion: 1.36
Jan 18 04:04:51.213406 n-d-824931-1 devstack@placement-api.service[104192]: [pid: 104192|app: 0|req: 47/95] 10.222.0.48 () {60 vars in 1506 bytes} [Tue Jan 18 04:04:51 2022] GET /placement/allocation_candidates?limit=1000&resources=DISK_GB%3A1%2CMEMORY_MB%3A1024%2CVCPU%3A1&root_required=%21COMPUTE_STATUS_DISABLED => generated 1309 bytes in 138 msecs (HTTP/1.1 200) 8 headers in 297 bytes (1 switches on core 0)
Jan 18 04:04:51.277880 n-d-824931-1 devstack@placement-api.service[104191]: DEBUG placement.requestlog [req-4c77451c-3fae-4fb0-ad4b-870440bd4651 req-3edbed2b-c44f-449b-abd0-e9129bc72ae5 None None] Starting request: 10.222.0.48 "GET /placement/allocations/077c39f8-8124-49c5-a2c9-7be479f23779" {{(pid=104191) __call__ /opt/stack/placement/placement/requestlog.py:55}}
Jan 18 04:04:51.300938 n-d-824931-1 devstack@placement-api.service[104191]: INFO placement.requestlog [req-4c77451c-3fae-4fb0-ad4b-870440bd4651 req-3edbed2b-c44f-449b-abd0-e9129bc72ae5 service placement] 10.222.0.48 "GET /placement/allocations/077c39f8-8124-49c5-a2c9-7be479f23779" status: 200 len: 19 microversion: 1.28
Jan 18 04:04:51.302031 n-d-824931-1 devstack@placement-api.service[104191]: [pid: 104191|app: 0|req: 49/96] 10.222.0.48 () {60 vars in 1380 bytes} [Tue Jan 18 04:04:51 2022] GET /placement/allocations/077c39f8-8124-49c5-a2c9-7be479f23779 => generated 19 bytes in 25 msecs (HTTP/1.1 200) 8 headers in 295 bytes (1 switches on core 0)
Jan 18 04:04:51.310862 n-d-824931-1 devstack@placement-api.service[104192]: DEBUG placement.requestlog [req-4c77451c-3fae-4fb0-ad4b-870440bd4651 req-a38231ec-df42-4eba-9e73-0c50f9cf8118 None None] Starting request: 10.222.0.48 "PUT /placement/allocations/077c39f8-8124-49c5-a2c9-7be479f23779" {{(pid=104192) __call__ /opt/stack/placement/placement/requestlog.py:55}}
Jan 18 04:04:51.673997 n-d-824931-1 devstack@placement-api.service[104192]: DEBUG placement.handlers.allocation [req-4c77451c-3fae-4fb0-ad4b-870440bd4651 req-a38231ec-df42-4eba-9e73-0c50f9cf8118 service placement] Successfully wrote allocations [, , ] {{(pid=104192) _update_consumers_and_create_allocations /opt/stack/placement/placement/handlers/allocation.py:462}}
Jan 18 04:04:51.769407 n-d-824931-1 devstack@placement-api.service[104192]: INFO placement.requestlog [req-4c77451c-3fae-4fb0-ad4b-870440bd4651 req-a38231ec-df42-4eba-9e73-0c50f9cf8118 service placement] 10.222.0.48 "PUT /placement/allocations/077c39f8-8124-49c5-a2c9-7be479f23779" status: 204 len: 0 microversion: 1.36
Jan 18 04:04:51.770152 n-d-824931-1 devstack@placement-api.service[104192]: [pid: 104192|app: 0|req: 48/97] 10.222.0.48 () {64 vars in 1433 bytes} [Tue Jan 18 04:04:51 2022] PUT /placement/allocations/077c39f8-8124-49c5-a2c9-7be479f23779 => generated 0 bytes in 459 msecs (HTTP/1.1 204) 5 headers in 199 bytes (1 switches on core 0)
Jan 18 04:04:53.016138 n-d-824931-1 devstack@placement-api.service[104191]: DEBUG placement.requestlog [req-4c77451c-3fae-4fb0-ad4b-870440bd4651 req-639265ce-31c7-4ee0-9b2a-de54a96b3e16 None None] Starting request: 10.222.0.45 "GET /placement/allocations/077c39f8-8124-49c5-a2c9-7be479f23779" {{(pid=104191) __call__ /opt/stack/placement/placement/requestlog.py:55}}
Jan 18 04:04:53.039910 n-d-824931-1 devstack@placement-api.service[104191]: INFO placement.requestlog [req-4c77451c-3fae-4fb0-ad4b-870440bd4651 req-639265ce-31c7-4ee0-9b2a-de54a96b3e16 service placement] 10.222.0.45 "GET /placement/allocations/077c39f8-8124-49c5-a2c9-7be479f23779" status: 200 len: 259 microversion: 1.28
Jan 18 04:04:53.040813 n-d-824931-1 devstack@placement-api.service[104191]: [pid: 104191|app: 0|req: 50/98] 10.222.0.45 () {60 vars in 1377 bytes} [Tue Jan 18 04:04:53 2022] GET /placement/allocations/077c39f8-8124-49c5-a2c9-7be479f23779 => generated 259 bytes in 25 msecs (HTTP/1.1 200) 8 headers in 296 bytes (1 switches on core 0)
Jan 18 04:04:53.493347 n-d-824931-1 devstack@placement-api.service[104192]: DEBUG placement.requestlog [req-a6fb3ebd-4d74-4981-a5c4-255482c5c018 req-52101db4-4283-4552-bc6d-76bddc9aea99 None None] Starting request: 10.222.0.48 "GET /placement/allocation_candidates?resources=DISK_GB%3A1%2CMEMORY_MB%3A1024%2CVCPU%3A1&root_required=%21COMPUTE_STATUS_DISABLED" {{(pid=104192) __call__ /opt/stack/placement/placement/requestlog.py:55}}
Jan 18 04:04:53.552532 n-d-824931-1 devstack@placement-api.service[104192]: DEBUG placement.objects.research_context [req-a6fb3ebd-4d74-4981-a5c4-255482c5c018 req-52101db4-4283-4552-bc6d-76bddc9aea99 service placement] getting providers with 1 DISK_GB {{(pid=104192) __init__ /opt/stack/placement/placement/objects/research_context.py:126}}
Jan 18 04:04:53.561252 n-d-824931-1 devstack@placement-api.service[104192]: DEBUG placement.objects.research_context [req-a6fb3ebd-4d74-4981-a5c4-255482c5c018 req-52101db4-4283-4552-bc6d-76bddc9aea99 service placement] getting providers with 1024 MEMORY_MB {{(pid=104192) __init__ /opt/stack/placement/placement/objects/research_context.py:126}}
Jan 18 04:04:53.568777 n-d-824931-1 devstack@placement-api.service[104192]: DEBUG placement.objects.research_context [req-a6fb3ebd-4d74-4981-a5c4-255482c5c018 req-52101db4-4283-4552-bc6d-76bddc9aea99 service placement] getting providers with 1 VCPU {{(pid=104192) __init__ /opt/stack/placement/placement/objects/research_context.py:126}}
Jan 18 04:04:53.577188 n-d-824931-1 devstack@placement-api.service[104192]: DEBUG placement.objects.research_context [req-a6fb3ebd-4d74-4981-a5c4-255482c5c018 req-52101db4-4283-4552-bc6d-76bddc9aea99 service placement] found 2 providers with available 1 DISK_GB {{(pid=104192) get_provider_ids_matching /opt/stack/placement/placement/objects/research_context.py:549}}
Jan 18 04:04:53.577727 n-d-824931-1 devstack@placement-api.service[104192]: DEBUG placement.objects.research_context [req-a6fb3ebd-4d74-4981-a5c4-255482c5c018 req-52101db4-4283-4552-bc6d-76bddc9aea99 service placement] found 2 providers with available 1024 MEMORY_MB {{(pid=104192) get_provider_ids_matching /opt/stack/placement/placement/objects/research_context.py:549}}
Jan 18 04:04:53.578352 n-d-824931-1 devstack@placement-api.service[104192]: DEBUG placement.objects.research_context [req-a6fb3ebd-4d74-4981-a5c4-255482c5c018 req-52101db4-4283-4552-bc6d-76bddc9aea99 service placement] found 2 providers after filtering by previous result {{(pid=104192) get_provider_ids_matching /opt/stack/placement/placement/objects/research_context.py:580}}
Jan 18 04:04:53.579044 n-d-824931-1 devstack@placement-api.service[104192]: DEBUG placement.objects.research_context [req-a6fb3ebd-4d74-4981-a5c4-255482c5c018 req-52101db4-4283-4552-bc6d-76bddc9aea99 service placement] found 2 providers with available 1 VCPU {{(pid=104192) get_provider_ids_matching /opt/stack/placement/placement/objects/research_context.py:549}}
Jan 18 04:04:53.579611 n-d-824931-1 devstack@placement-api.service[104192]: DEBUG placement.objects.research_context [req-a6fb3ebd-4d74-4981-a5c4-255482c5c018 req-52101db4-4283-4552-bc6d-76bddc9aea99 service placement] found 2 providers after filtering by previous result {{(pid=104192) get_provider_ids_matching /opt/stack/placement/placement/objects/research_context.py:580}}
Jan 18 04:04:53.593959 n-d-824931-1 devstack@placement-api.service[104192]: DEBUG placement.objects.allocation_candidate [req-a6fb3ebd-4d74-4981-a5c4-255482c5c018 req-52101db4-4283-4552-bc6d-76bddc9aea99 service placement] RequestGroup(use_same_provider=False, resources={DISK_GB:1, MEMORY_MB:1024, VCPU:1}, traits=[], aggregates=[]) (suffix '') returned 2 matches {{(pid=104192) _get_by_requests /opt/stack/placement/placement/objects/allocation_candidate.py:145}}
Jan 18 04:04:53.594643 n-d-824931-1 devstack@placement-api.service[104192]: DEBUG placement.objects.allocation_candidate [req-a6fb3ebd-4d74-4981-a5c4-255482c5c018 req-52101db4-4283-4552-bc6d-76bddc9aea99 service placement] Merging candidates yields 2 allocation requests and 2 provider summaries {{(pid=104192) _merge_candidates /opt/stack/placement/placement/objects/allocation_candidate.py:783}}
Jan 18 04:04:53.596722 n-d-824931-1 devstack@placement-api.service[104192]: INFO placement.requestlog [req-a6fb3ebd-4d74-4981-a5c4-255482c5c018 req-52101db4-4283-4552-bc6d-76bddc9aea99 service placement] 10.222.0.48 "GET /placement/allocation_candidates?resources=DISK_GB%3A1%2CMEMORY_MB%3A1024%2CVCPU%3A1&root_required=%21COMPUTE_STATUS_DISABLED" status: 200 len: 1309 microversion: 1.36
Jan 18 04:04:53.597652 n-d-824931-1 devstack@placement-api.service[104192]: [pid: 104192|app: 0|req: 49/99] 10.222.0.48 () {60 vars in 1484 bytes} [Tue Jan 18 04:04:53 2022] GET /placement/allocation_candidates?resources=DISK_GB%3A1%2CMEMORY_MB%3A1024%2CVCPU%3A1&root_required=%21COMPUTE_STATUS_DISABLED => generated 1309 bytes in 104 msecs (HTTP/1.1 200) 8 headers in 297 bytes (1 switches on core 0)
Jan 18 04:04:53.778651 n-d-824931-1 devstack@placement-api.service[104191]: DEBUG placement.requestlog [req-a6fb3ebd-4d74-4981-a5c4-255482c5c018 req-f35a6143-0820-48de-b76e-d829ef69bdf5 None None] Starting request: 10.222.0.48 "GET /placement/allocations/109e1146-a0b6-42bd-b5dd-925900d58c66" {{(pid=104191) __call__ /opt/stack/placement/placement/requestlog.py:55}}
Jan 18 04:04:53.806982 n-d-824931-1 devstack@placement-api.service[104191]: INFO placement.requestlog [req-a6fb3ebd-4d74-4981-a5c4-255482c5c018 req-f35a6143-0820-48de-b76e-d829ef69bdf5 service placement] 10.222.0.48 "GET /placement/allocations/109e1146-a0b6-42bd-b5dd-925900d58c66" status: 200 len: 19 microversion: 1.28
Jan 18 04:04:53.815174 n-d-824931-1 devstack@placement-api.service[104192]: DEBUG placement.requestlog [req-a6fb3ebd-4d74-4981-a5c4-255482c5c018 req-00fa6a3f-a7fd-4769-9242-b32882f49fa5 None None] Starting request: 10.222.0.48 "PUT /placement/allocations/109e1146-a0b6-42bd-b5dd-925900d58c66" {{(pid=104192) __call__ /opt/stack/placement/placement/requestlog.py:55}}
Jan 18 04:04:53.817833 n-d-824931-1 devstack@placement-api.service[104191]: [pid: 104191|app: 0|req: 51/100] 10.222.0.48 () {60 vars in 1380 bytes} [Tue Jan 18 04:04:53 2022] GET /placement/allocations/109e1146-a0b6-42bd-b5dd-925900d58c66 => generated 19 bytes in 42 msecs (HTTP/1.1 200) 8 headers in 295 bytes (1 switches on core 0)
Jan 18 04:04:54.008169 n-d-824931-1 devstack@placement-api.service[104192]: DEBUG placement.handlers.allocation [req-a6fb3ebd-4d74-4981-a5c4-255482c5c018 req-00fa6a3f-a7fd-4769-9242-b32882f49fa5 service placement] Successfully wrote allocations [, , ] {{(pid=104192) _update_consumers_and_create_allocations /opt/stack/placement/placement/handlers/allocation.py:462}}
Jan 18 04:04:54.098092 n-d-824931-1 devstack@placement-api.service[104192]: INFO placement.requestlog [req-a6fb3ebd-4d74-4981-a5c4-255482c5c018 req-00fa6a3f-a7fd-4769-9242-b32882f49fa5 service placement] 10.222.0.48 "PUT /placement/allocations/109e1146-a0b6-42bd-b5dd-925900d58c66" status: 204 len: 0 microversion: 1.36
Jan 18 04:04:54.101024 n-d-824931-1 devstack@placement-api.service[104192]: [pid: 104192|app: 0|req: 50/101] 10.222.0.48 () {64 vars in 1433 bytes} [Tue Jan 18 04:04:53 2022] PUT /placement/allocations/109e1146-a0b6-42bd-b5dd-925900d58c66 => generated 0 bytes in 284 msecs (HTTP/1.1 204) 5 headers in 199 bytes (1 switches on core 0)
Jan 18 04:04:54.119208 n-d-824931-1 devstack@placement-api.service[104191]: DEBUG placement.requestlog [req-a6fb3ebd-4d74-4981-a5c4-255482c5c018 req-870b5d30-cdb9-4ccd-9d6e-6256b0b4d2bf None None] Starting request: 10.222.0.48 "GET /placement/allocations/e68ffa4c-6237-4be8-87d7-1ad79dad4f63" {{(pid=104191) __call__ /opt/stack/placement/placement/requestlog.py:55}}
Jan 18 04:04:54.138159 n-d-824931-1 devstack@placement-api.service[104191]: INFO placement.requestlog [req-a6fb3ebd-4d74-4981-a5c4-255482c5c018 req-870b5d30-cdb9-4ccd-9d6e-6256b0b4d2bf service placement] 10.222.0.48 "GET /placement/allocations/e68ffa4c-6237-4be8-87d7-1ad79dad4f63" status: 200 len: 19 microversion: 1.28
Jan 18 04:04:54.139384 n-d-824931-1 devstack@placement-api.service[104191]: [pid: 104191|app: 0|req: 52/102] 10.222.0.48 () {60 vars in 1380 bytes} [Tue Jan 18 04:04:54 2022] GET /placement/allocations/e68ffa4c-6237-4be8-87d7-1ad79dad4f63 => generated 19 bytes in 20 msecs (HTTP/1.1 200) 8 headers in 295 bytes (1 switches on core 0)
Jan 18 04:04:54.146206 n-d-824931-1 devstack@placement-api.service[104192]: DEBUG placement.requestlog [req-a6fb3ebd-4d74-4981-a5c4-255482c5c018 req-ddc4d83b-800e-4e65-8cbf-a89790182b7c None None] Starting request: 10.222.0.48 "PUT /placement/allocations/e68ffa4c-6237-4be8-87d7-1ad79dad4f63" {{(pid=104192) __call__ /opt/stack/placement/placement/requestlog.py:55}}
Jan 18 04:04:54.347593 n-d-824931-1 devstack@placement-api.service[104192]: DEBUG placement.handlers.allocation [req-a6fb3ebd-4d74-4981-a5c4-255482c5c018 req-ddc4d83b-800e-4e65-8cbf-a89790182b7c service placement] Successfully wrote allocations [, , ] {{(pid=104192) _update_consumers_and_create_allocations /opt/stack/placement/placement/handlers/allocation.py:462}}
Jan 18 04:04:54.433348 n-d-824931-1 devstack@placement-api.service[104192]: INFO placement.requestlog [req-a6fb3ebd-4d74-4981-a5c4-255482c5c018 req-ddc4d83b-800e-4e65-8cbf-a89790182b7c service placement] 10.222.0.48 "PUT /placement/allocations/e68ffa4c-6237-4be8-87d7-1ad79dad4f63" status: 204 len: 0 microversion: 1.36
Jan 18 04:04:54.438042 n-d-824931-1 devstack@placement-api.service[104192]: [pid: 104192|app: 0|req: 51/103] 10.222.0.48 () {64 vars in 1433 bytes} [Tue Jan 18 04:04:54 2022] PUT /placement/allocations/e68ffa4c-6237-4be8-87d7-1ad79dad4f63 => generated 0 bytes in 289 msecs (HTTP/1.1 204) 5 headers in 199 bytes (2 switches on core 0)
Jan 18 04:04:56.011162 n-d-824931-1 devstack@placement-api.service[104191]: DEBUG placement.requestlog [req-a6fb3ebd-4d74-4981-a5c4-255482c5c018 req-7da86f37-1bd4-4585-871e-1aa6b5fcfd94 None None] Starting request: 10.222.0.32 "GET /placement/allocations/109e1146-a0b6-42bd-b5dd-925900d58c66" {{(pid=104191) __call__ /opt/stack/placement/placement/requestlog.py:55}}
Jan 18 04:04:56.037755 n-d-824931-1 devstack@placement-api.service[104191]: INFO placement.requestlog [req-a6fb3ebd-4d74-4981-a5c4-255482c5c018 req-7da86f37-1bd4-4585-871e-1aa6b5fcfd94 service placement] 10.222.0.32 "GET /placement/allocations/109e1146-a0b6-42bd-b5dd-925900d58c66" status: 200 len: 258 microversion: 1.28
Jan 18 04:04:56.038879 n-d-824931-1 devstack@placement-api.service[104191]: [pid: 104191|app: 0|req: 53/104] 10.222.0.32 () {60 vars in 1377 bytes} [Tue Jan 18 04:04:56 2022] GET /placement/allocations/109e1146-a0b6-42bd-b5dd-925900d58c66 => generated 258 bytes in 30 msecs (HTTP/1.1 200) 8 headers in 296 bytes (1 switches on core 0)
Jan 18 04:04:56.627856 n-d-824931-1 devstack@placement-api.service[104192]: DEBUG placement.requestlog [req-a6fb3ebd-4d74-4981-a5c4-255482c5c018 req-c36214ec-b37b-4cb4-939c-27717b1cbc4d None None] Starting request: 10.222.0.32 "GET /placement/allocations/e68ffa4c-6237-4be8-87d7-1ad79dad4f63" {{(pid=104192) __call__ /opt/stack/placement/placement/requestlog.py:55}}
Jan 18 04:04:56.648968 n-d-824931-1 devstack@placement-api.service[104192]: INFO placement.requestlog [req-a6fb3ebd-4d74-4981-a5c4-255482c5c018 req-c36214ec-b37b-4cb4-939c-27717b1cbc4d service placement] 10.222.0.32 "GET /placement/allocations/e68ffa4c-6237-4be8-87d7-1ad79dad4f63" status: 200 len: 258 microversion: 1.28
Jan 18 04:04:56.649982 n-d-824931-1 devstack@placement-api.service[104192]: [pid: 104192|app: 0|req: 52/105] 10.222.0.32 () {60 vars in 1377 bytes} [Tue Jan 18 04:04:56 2022] GET /placement/allocations/e68ffa4c-6237-4be8-87d7-1ad79dad4f63 => generated 258 bytes in 22 msecs (HTTP/1.1 200) 8 headers in 296 bytes (2 switches on core 0)
Jan 18 04:04:56.985883 n-d-824931-1 devstack@placement-api.service[104191]: DEBUG placement.requestlog [req-3e5dae1e-abab-4238-9c9c-3b78e68ab8fe req-5ce470b9-119a-44fd-ac66-3baafcec332f None None] Starting request: 10.222.0.32 "DELETE /placement/allocations/dfc7fc4f-0398-4f7d-9f38-fa5bc1711257" {{(pid=104191) __call__ /opt/stack/placement/placement/requestlog.py:55}}
Jan 18 04:04:57.277919 n-d-824931-1 devstack@placement-api.service[104191]: DEBUG placement.handlers.allocation [req-3e5dae1e-abab-4238-9c9c-3b78e68ab8fe req-5ce470b9-119a-44fd-ac66-3baafcec332f service placement] Successfully deleted allocations [, , ] {{(pid=104191) delete_allocations /opt/stack/placement/placement/handlers/allocation.py:627}}
Jan 18 04:04:57.278622 n-d-824931-1 devstack@placement-api.service[104191]: INFO placement.requestlog [req-3e5dae1e-abab-4238-9c9c-3b78e68ab8fe req-5ce470b9-119a-44fd-ac66-3baafcec332f service placement] 10.222.0.32 "DELETE /placement/allocations/dfc7fc4f-0398-4f7d-9f38-fa5bc1711257" status: 204 len: 0 microversion: 1.0
Jan 18 04:04:57.278804 n-d-824931-1 devstack@placement-api.service[104191]: [pid: 104191|app: 0|req: 54/106] 10.222.0.32 () {60 vars in 1355 bytes} [Tue Jan 18 04:04:56 2022] DELETE /placement/allocations/dfc7fc4f-0398-4f7d-9f38-fa5bc1711257 => generated 0 bytes in 299 msecs (HTTP/1.1 204) 5 headers in 198 bytes (1 switches on core 0)
Jan 18 04:04:58.386879 n-d-824931-1 devstack@placement-api.service[104192]: DEBUG placement.requestlog [req-a3c697fd-9313-48f0-80c0-7908bde2d160 req-ff20e35a-aad9-4e2e-9ae8-cc162b6f3153 None None] Starting request: 10.222.0.48 "GET /placement/allocation_candidates?limit=1000&resources=DISK_GB%3A1%2CMEMORY_MB%3A1024%2CVCPU%3A1&root_required=%21COMPUTE_STATUS_DISABLED" {{(pid=104192) __call__ /opt/stack/placement/placement/requestlog.py:55}}
Jan 18 04:04:58.440572 n-d-824931-1 devstack@placement-api.service[104192]: DEBUG placement.objects.research_context [req-a3c697fd-9313-48f0-80c0-7908bde2d160 req-ff20e35a-aad9-4e2e-9ae8-cc162b6f3153 service placement] getting providers with 1 DISK_GB {{(pid=104192) __init__ /opt/stack/placement/placement/objects/research_context.py:126}}
Jan 18 04:04:58.452175 n-d-824931-1 devstack@placement-api.service[104192]: DEBUG placement.objects.research_context [req-a3c697fd-9313-48f0-80c0-7908bde2d160 req-ff20e35a-aad9-4e2e-9ae8-cc162b6f3153 service placement] getting providers with 1024 MEMORY_MB {{(pid=104192) __init__ /opt/stack/placement/placement/objects/research_context.py:126}}
Jan 18 04:04:58.459897 n-d-824931-1 devstack@placement-api.service[104192]: DEBUG placement.objects.research_context [req-a3c697fd-9313-48f0-80c0-7908bde2d160 req-ff20e35a-aad9-4e2e-9ae8-cc162b6f3153 service placement] getting providers with 1 VCPU {{(pid=104192) __init__ /opt/stack/placement/placement/objects/research_context.py:126}}
Jan 18 04:04:58.466612 n-d-824931-1 devstack@placement-api.service[104192]: DEBUG placement.objects.research_context [req-a3c697fd-9313-48f0-80c0-7908bde2d160 req-ff20e35a-aad9-4e2e-9ae8-cc162b6f3153 service placement] found 2 providers with available 1 DISK_GB {{(pid=104192) get_provider_ids_matching /opt/stack/placement/placement/objects/research_context.py:549}}
Jan 18 04:04:58.466924 n-d-824931-1 devstack@placement-api.service[104192]: DEBUG placement.objects.research_context [req-a3c697fd-9313-48f0-80c0-7908bde2d160 req-ff20e35a-aad9-4e2e-9ae8-cc162b6f3153 service placement] found 2 providers with available 1024 MEMORY_MB {{(pid=104192) get_provider_ids_matching /opt/stack/placement/placement/objects/research_context.py:549}}
Jan 18 04:04:58.467331 n-d-824931-1 devstack@placement-api.service[104192]: DEBUG placement.objects.research_context [req-a3c697fd-9313-48f0-80c0-7908bde2d160 req-ff20e35a-aad9-4e2e-9ae8-cc162b6f3153 service placement] found 2 providers after filtering by previous result {{(pid=104192) get_provider_ids_matching /opt/stack/placement/placement/objects/research_context.py:580}}
Jan 18 04:04:58.467591 n-d-824931-1 devstack@placement-api.service[104192]: DEBUG placement.objects.research_context [req-a3c697fd-9313-48f0-80c0-7908bde2d160 req-ff20e35a-aad9-4e2e-9ae8-cc162b6f3153 service placement] found 2 providers with available 1 VCPU {{(pid=104192) get_provider_ids_matching /opt/stack/placement/placement/objects/research_context.py:549}}
Jan 18 04:04:58.467850 n-d-824931-1 devstack@placement-api.service[104192]: DEBUG placement.objects.research_context [req-a3c697fd-9313-48f0-80c0-7908bde2d160 req-ff20e35a-aad9-4e2e-9ae8-cc162b6f3153 service placement] found 2 providers after filtering by previous result {{(pid=104192) get_provider_ids_matching /opt/stack/placement/placement/objects/research_context.py:580}}
Jan 18 04:04:58.471348 n-d-824931-1 devstack@placement-api.service[104191]: DEBUG placement.requestlog [req-f6d034d9-b826-47ff-9dca-b4b09a21fd45 req-c2d78df7-5f33-4ea2-8fcd-b00f27cebcf2 None None] Starting request: 10.222.0.45 "DELETE /placement/allocations/c328cd12-a964-43f4-ac5e-5c6858524849" {{(pid=104191) __call__ /opt/stack/placement/placement/requestlog.py:55}}
Jan 18 04:04:58.481659 n-d-824931-1 devstack@placement-api.service[104192]: DEBUG placement.objects.allocation_candidate [req-a3c697fd-9313-48f0-80c0-7908bde2d160 req-ff20e35a-aad9-4e2e-9ae8-cc162b6f3153 service placement] RequestGroup(use_same_provider=False, resources={DISK_GB:1, MEMORY_MB:1024, VCPU:1}, traits=[], aggregates=[]) (suffix '') returned 2 matches {{(pid=104192) _get_by_requests /opt/stack/placement/placement/objects/allocation_candidate.py:145}}
Jan 18 04:04:58.482261 n-d-824931-1 devstack@placement-api.service[104192]: DEBUG placement.objects.allocation_candidate [req-a3c697fd-9313-48f0-80c0-7908bde2d160 req-ff20e35a-aad9-4e2e-9ae8-cc162b6f3153 service placement] Merging candidates yields 2 allocation requests and 2 provider summaries {{(pid=104192) _merge_candidates /opt/stack/placement/placement/objects/allocation_candidate.py:783}}
Jan 18 04:04:58.484057 n-d-824931-1 devstack@placement-api.service[104192]: INFO placement.requestlog [req-a3c697fd-9313-48f0-80c0-7908bde2d160 req-ff20e35a-aad9-4e2e-9ae8-cc162b6f3153 service placement] 10.222.0.48 "GET /placement/allocation_candidates?limit=1000&resources=DISK_GB%3A1%2CMEMORY_MB%3A1024%2CVCPU%3A1&root_required=%21COMPUTE_STATUS_DISABLED" status: 200 len: 1309 microversion: 1.36
Jan 18 04:04:58.485776 n-d-824931-1 devstack@placement-api.service[104192]: [pid: 104192|app: 0|req: 53/107] 10.222.0.48 () {60 vars in 1506 bytes} [Tue Jan 18 04:04:58 2022] GET /placement/allocation_candidates?limit=1000&resources=DISK_GB%3A1%2CMEMORY_MB%3A1024%2CVCPU%3A1&root_required=%21COMPUTE_STATUS_DISABLED => generated 1309 bytes in 98 msecs (HTTP/1.1 200) 8 headers in 297 bytes (1 switches on core 0)
Jan 18 04:04:58.554847 n-d-824931-1 devstack@placement-api.service[104192]: DEBUG placement.requestlog [req-a3c697fd-9313-48f0-80c0-7908bde2d160 req-8d11a2a9-e596-4d8c-933b-19051108edcb None None] Starting request: 10.222.0.48 "GET /placement/allocations/aed7219f-cddf-4349-9931-59b1a47aea73" {{(pid=104192) __call__ /opt/stack/placement/placement/requestlog.py:55}}
Jan 18 04:04:58.565892 n-d-824931-1 devstack@placement-api.service[104192]: INFO placement.requestlog [req-a3c697fd-9313-48f0-80c0-7908bde2d160 req-8d11a2a9-e596-4d8c-933b-19051108edcb service placement] 10.222.0.48 "GET /placement/allocations/aed7219f-cddf-4349-9931-59b1a47aea73" status: 200 len: 19 microversion: 1.28
Jan 18 04:04:58.566847 n-d-824931-1 devstack@placement-api.service[104192]: [pid: 104192|app: 0|req: 54/108] 10.222.0.48 () {60 vars in 1380 bytes} [Tue Jan 18 04:04:58 2022] GET /placement/allocations/aed7219f-cddf-4349-9931-59b1a47aea73 => generated 19 bytes in 12 msecs (HTTP/1.1 200) 8 headers in 295 bytes (1 switches on core 0)
Jan 18 04:04:58.573016 n-d-824931-1 devstack@placement-api.service[104192]: DEBUG placement.requestlog [req-a3c697fd-9313-48f0-80c0-7908bde2d160 req-e927ae9f-ad63-4309-8711-d7acaa26eea4 None None] Starting request: 10.222.0.48 "PUT /placement/allocations/aed7219f-cddf-4349-9931-59b1a47aea73" {{(pid=104192) __call__ /opt/stack/placement/placement/requestlog.py:55}}
Jan 18 04:04:58.701267 n-d-824931-1 devstack@placement-api.service[104191]: DEBUG placement.handlers.allocation [req-f6d034d9-b826-47ff-9dca-b4b09a21fd45 req-c2d78df7-5f33-4ea2-8fcd-b00f27cebcf2 service placement] Successfully deleted allocations [, , ] {{(pid=104191) delete_allocations /opt/stack/placement/placement/handlers/allocation.py:627}}
Jan 18 04:04:58.702911 n-d-824931-1 devstack@placement-api.service[104191]: INFO placement.requestlog [req-f6d034d9-b826-47ff-9dca-b4b09a21fd45 req-c2d78df7-5f33-4ea2-8fcd-b00f27cebcf2 service placement] 10.222.0.45 "DELETE /placement/allocations/c328cd12-a964-43f4-ac5e-5c6858524849" status: 204 len: 0 microversion: 1.0
Jan 18 04:04:58.704954 n-d-824931-1 devstack@placement-api.service[104191]: [pid: 104191|app: 0|req: 55/109] 10.222.0.45 () {60 vars in 1355 bytes} [Tue Jan 18 04:04:58 2022] DELETE /placement/allocations/c328cd12-a964-43f4-ac5e-5c6858524849 => generated 0 bytes in 234 msecs (HTTP/1.1 204) 5 headers in 198 bytes (1 switches on core 0)
Jan 18 04:04:58.850030 n-d-824931-1 devstack@placement-api.service[104192]: DEBUG placement.handlers.allocation [req-a3c697fd-9313-48f0-80c0-7908bde2d160 req-e927ae9f-ad63-4309-8711-d7acaa26eea4 service placement] Successfully wrote allocations [, , ] {{(pid=104192) _update_consumers_and_create_allocations /opt/stack/placement/placement/handlers/allocation.py:462}}
Jan 18 04:04:58.918486 n-d-824931-1 devstack@placement-api.service[104192]: INFO placement.requestlog [req-a3c697fd-9313-48f0-80c0-7908bde2d160 req-e927ae9f-ad63-4309-8711-d7acaa26eea4 service placement] 10.222.0.48 "PUT /placement/allocations/aed7219f-cddf-4349-9931-59b1a47aea73" status: 204 len: 0 microversion: 1.36
Jan 18 04:04:58.920498 n-d-824931-1 devstack@placement-api.service[104192]: [pid: 104192|app: 0|req: 55/110] 10.222.0.48 () {64 vars in 1433 bytes} [Tue Jan 18 04:04:58 2022] PUT /placement/allocations/aed7219f-cddf-4349-9931-59b1a47aea73 => generated 0 bytes in 346 msecs (HTTP/1.1 204) 5 headers in 199 bytes (1 switches on core 0)
Jan 18 04:05:00.223702 n-d-824931-1 devstack@placement-api.service[104191]: DEBUG placement.requestlog [req-a3c697fd-9313-48f0-80c0-7908bde2d160 req-19d318ad-9e5a-413c-8647-d6a761bc291c None None] Starting request: 10.222.0.45 "GET /placement/allocations/aed7219f-cddf-4349-9931-59b1a47aea73" {{(pid=104191) __call__ /opt/stack/placement/placement/requestlog.py:55}}
Jan 18 04:05:00.265231 n-d-824931-1 devstack@placement-api.service[104191]: INFO placement.requestlog [req-a3c697fd-9313-48f0-80c0-7908bde2d160 req-19d318ad-9e5a-413c-8647-d6a761bc291c service placement] 10.222.0.45 "GET /placement/allocations/aed7219f-cddf-4349-9931-59b1a47aea73" status: 200 len: 259 microversion: 1.28
Jan 18 04:05:00.266684 n-d-824931-1 devstack@placement-api.service[104191]: [pid: 104191|app: 0|req: 56/111] 10.222.0.45 () {60 vars in 1377 bytes} [Tue Jan 18 04:05:00 2022] GET /placement/allocations/aed7219f-cddf-4349-9931-59b1a47aea73 => generated 259 bytes in 43 msecs (HTTP/1.1 200) 8 headers in 296 bytes (2 switches on core 0)
Jan 18 04:05:02.771121 n-d-824931-1 devstack@placement-api.service[104192]: DEBUG placement.requestlog [req-1fd60e3b-c13b-4304-b4f9-4bfd21293c7d req-b5e28ac6-1164-4f9d-b814-bba1ff833b1f None None] Starting request: 10.222.0.48 "GET /placement/allocation_candidates?limit=1000&resources=DISK_GB%3A1%2CMEMORY_MB%3A1024%2CVCPU%3A1&root_required=%21COMPUTE_STATUS_DISABLED" {{(pid=104192) __call__ /opt/stack/placement/placement/requestlog.py:55}}
Jan 18 04:05:02.813036 n-d-824931-1 devstack@placement-api.service[104192]: DEBUG placement.objects.research_context [req-1fd60e3b-c13b-4304-b4f9-4bfd21293c7d req-b5e28ac6-1164-4f9d-b814-bba1ff833b1f service placement] getting providers with 1 DISK_GB {{(pid=104192) __init__ /opt/stack/placement/placement/objects/research_context.py:126}}
Jan 18 04:05:02.821520 n-d-824931-1 devstack@placement-api.service[104192]: DEBUG placement.objects.research_context [req-1fd60e3b-c13b-4304-b4f9-4bfd21293c7d req-b5e28ac6-1164-4f9d-b814-bba1ff833b1f service placement] getting providers with 1024 MEMORY_MB {{(pid=104192) __init__ /opt/stack/placement/placement/objects/research_context.py:126}}
Jan 18 04:05:02.830805 n-d-824931-1 devstack@placement-api.service[104192]: DEBUG placement.objects.research_context [req-1fd60e3b-c13b-4304-b4f9-4bfd21293c7d req-b5e28ac6-1164-4f9d-b814-bba1ff833b1f service placement] getting providers with 1 VCPU {{(pid=104192) __init__ /opt/stack/placement/placement/objects/research_context.py:126}}
Jan 18 04:05:02.839785 n-d-824931-1 devstack@placement-api.service[104192]: DEBUG placement.objects.research_context [req-1fd60e3b-c13b-4304-b4f9-4bfd21293c7d req-b5e28ac6-1164-4f9d-b814-bba1ff833b1f service placement] found 2 providers with available 1 DISK_GB {{(pid=104192) get_provider_ids_matching /opt/stack/placement/placement/objects/research_context.py:549}}
Jan 18 04:05:02.840915 n-d-824931-1 devstack@placement-api.service[104192]: DEBUG placement.objects.research_context [req-1fd60e3b-c13b-4304-b4f9-4bfd21293c7d req-b5e28ac6-1164-4f9d-b814-bba1ff833b1f service placement] found 2 providers with available 1024 MEMORY_MB {{(pid=104192) get_provider_ids_matching /opt/stack/placement/placement/objects/research_context.py:549}}
Jan 18 04:05:02.842248 n-d-824931-1 devstack@placement-api.service[104192]: DEBUG placement.objects.research_context [req-1fd60e3b-c13b-4304-b4f9-4bfd21293c7d req-b5e28ac6-1164-4f9d-b814-bba1ff833b1f service placement] found 2 providers after filtering by previous result {{(pid=104192) get_provider_ids_matching /opt/stack/placement/placement/objects/research_context.py:580}}
Jan 18 04:05:02.843607 n-d-824931-1 devstack@placement-api.service[104192]: DEBUG placement.objects.research_context [req-1fd60e3b-c13b-4304-b4f9-4bfd21293c7d req-b5e28ac6-1164-4f9d-b814-bba1ff833b1f service placement] found 2 providers with available 1 VCPU {{(pid=104192) get_provider_ids_matching /opt/stack/placement/placement/objects/research_context.py:549}}
Jan 18 04:05:02.844127 n-d-824931-1 devstack@placement-api.service[104192]: DEBUG placement.objects.research_context [req-1fd60e3b-c13b-4304-b4f9-4bfd21293c7d req-b5e28ac6-1164-4f9d-b814-bba1ff833b1f service placement] found 2 providers after filtering by previous result {{(pid=104192) get_provider_ids_matching /opt/stack/placement/placement/objects/research_context.py:580}}
Jan 18 04:05:02.863461 n-d-824931-1 devstack@placement-api.service[104192]: DEBUG placement.objects.allocation_candidate [req-1fd60e3b-c13b-4304-b4f9-4bfd21293c7d req-b5e28ac6-1164-4f9d-b814-bba1ff833b1f service placement] RequestGroup(use_same_provider=False, resources={DISK_GB:1, MEMORY_MB:1024, VCPU:1}, traits=[], aggregates=[]) (suffix '') returned 2 matches {{(pid=104192) _get_by_requests /opt/stack/placement/placement/objects/allocation_candidate.py:145}}
Jan 18 04:05:02.864773 n-d-824931-1 devstack@placement-api.service[104192]: DEBUG placement.objects.allocation_candidate [req-1fd60e3b-c13b-4304-b4f9-4bfd21293c7d req-b5e28ac6-1164-4f9d-b814-bba1ff833b1f service placement] Merging candidates yields 2 allocation requests and 2 provider summaries {{(pid=104192) _merge_candidates /opt/stack/placement/placement/objects/allocation_candidate.py:783}}
Jan 18 04:05:02.866827 n-d-824931-1 devstack@placement-api.service[104192]: INFO placement.requestlog [req-1fd60e3b-c13b-4304-b4f9-4bfd21293c7d req-b5e28ac6-1164-4f9d-b814-bba1ff833b1f service placement] 10.222.0.48 "GET /placement/allocation_candidates?limit=1000&resources=DISK_GB%3A1%2CMEMORY_MB%3A1024%2CVCPU%3A1&root_required=%21COMPUTE_STATUS_DISABLED" status: 200 len: 1309 microversion: 1.36
Jan 18 04:05:02.887775 n-d-824931-1 devstack@placement-api.service[104192]: [pid: 104192|app: 0|req: 56/112] 10.222.0.48 () {60 vars in 1506 bytes} [Tue Jan 18 04:05:02 2022] GET /placement/allocation_candidates?limit=1000&resources=DISK_GB%3A1%2CMEMORY_MB%3A1024%2CVCPU%3A1&root_required=%21COMPUTE_STATUS_DISABLED => generated 1309 bytes in 119 msecs (HTTP/1.1 200) 8 headers in 297 bytes (1 switches on core 0)
Jan 18 04:05:02.987943 n-d-824931-1 devstack@placement-api.service[104191]: DEBUG placement.requestlog [req-1fd60e3b-c13b-4304-b4f9-4bfd21293c7d req-ba2e4ca6-045b-4e05-9c25-dede6a2e9abf None None] Starting request: 10.222.0.48 "GET /placement/allocations/08c2abea-def0-49a0-b82b-983fb61cbb4d" {{(pid=104191) __call__ /opt/stack/placement/placement/requestlog.py:55}}
Jan 18 04:05:03.014432 n-d-824931-1 devstack@placement-api.service[104191]: INFO placement.requestlog [req-1fd60e3b-c13b-4304-b4f9-4bfd21293c7d req-ba2e4ca6-045b-4e05-9c25-dede6a2e9abf service placement] 10.222.0.48 "GET /placement/allocations/08c2abea-def0-49a0-b82b-983fb61cbb4d" status: 200 len: 19 microversion: 1.28
Jan 18 04:05:03.016880 n-d-824931-1 devstack@placement-api.service[104191]: [pid: 104191|app: 0|req: 57/113] 10.222.0.48 () {60 vars in 1380 bytes} [Tue Jan 18 04:05:02 2022] GET /placement/allocations/08c2abea-def0-49a0-b82b-983fb61cbb4d => generated 19 bytes in 29 msecs (HTTP/1.1 200) 8 headers in 295 bytes (1 switches on core 0)
Jan 18 04:05:03.022871 n-d-824931-1 devstack@placement-api.service[104192]: DEBUG placement.requestlog [req-1fd60e3b-c13b-4304-b4f9-4bfd21293c7d req-f941d179-6045-4269-9529-519d9368bd6b None None] Starting request: 10.222.0.48 "PUT /placement/allocations/08c2abea-def0-49a0-b82b-983fb61cbb4d" {{(pid=104192) __call__ /opt/stack/placement/placement/requestlog.py:55}}
Jan 18 04:05:03.216871 n-d-824931-1 devstack@placement-api.service[104192]: DEBUG placement.handlers.allocation [req-1fd60e3b-c13b-4304-b4f9-4bfd21293c7d req-f941d179-6045-4269-9529-519d9368bd6b service placement] Successfully wrote allocations [, , ] {{(pid=104192) _update_consumers_and_create_allocations /opt/stack/placement/placement/handlers/allocation.py:462}}
Jan 18 04:05:03.297640 n-d-824931-1 devstack@placement-api.service[104192]: INFO placement.requestlog [req-1fd60e3b-c13b-4304-b4f9-4bfd21293c7d req-f941d179-6045-4269-9529-519d9368bd6b service placement] 10.222.0.48 "PUT /placement/allocations/08c2abea-def0-49a0-b82b-983fb61cbb4d" status: 204 len: 0 microversion: 1.36
Jan 18 04:05:03.299144 n-d-824931-1 devstack@placement-api.service[104192]: [pid: 104192|app: 0|req: 57/114] 10.222.0.48 () {64 vars in 1433 bytes} [Tue Jan 18 04:05:03 2022] PUT /placement/allocations/08c2abea-def0-49a0-b82b-983fb61cbb4d => generated 0 bytes in 277 msecs (HTTP/1.1 204) 5 headers in 199 bytes (1 switches on core 0)
Jan 18 04:05:04.704704 n-d-824931-1 devstack@placement-api.service[104191]: DEBUG placement.requestlog [req-1fd60e3b-c13b-4304-b4f9-4bfd21293c7d req-c6833bfa-fd2b-45e6-b920-6f1dee00d45e None None] Starting request: 10.222.0.45 "GET /placement/allocations/08c2abea-def0-49a0-b82b-983fb61cbb4d" {{(pid=104191) __call__ /opt/stack/placement/placement/requestlog.py:55}}
Jan 18 04:05:04.736880 n-d-824931-1 devstack@placement-api.service[104191]: INFO placement.requestlog [req-1fd60e3b-c13b-4304-b4f9-4bfd21293c7d req-c6833bfa-fd2b-45e6-b920-6f1dee00d45e service placement] 10.222.0.45 "GET /placement/allocations/08c2abea-def0-49a0-b82b-983fb61cbb4d" status: 200 len: 259 microversion: 1.28
Jan 18 04:05:04.737575 n-d-824931-1 devstack@placement-api.service[104191]: [pid: 104191|app: 0|req: 58/115] 10.222.0.45 () {60 vars in 1377 bytes} [Tue Jan 18 04:05:04 2022] GET /placement/allocations/08c2abea-def0-49a0-b82b-983fb61cbb4d => generated 259 bytes in 33 msecs (HTTP/1.1 200) 8 headers in 296 bytes (1 switches on core 0)
Jan 18 04:05:13.263245 n-d-824931-1 devstack@placement-api.service[104192]: DEBUG placement.requestlog [None req-4341898c-7562-47e3-ab1b-9e054f9c7946 None None] Starting request: 10.222.0.48 "GET /placement/" {{(pid=104192) __call__ /opt/stack/placement/placement/requestlog.py:55}}
Jan 18 04:05:13.264246 n-d-824931-1 devstack@placement-api.service[104192]: INFO placement.requestlog [None req-4341898c-7562-47e3-ab1b-9e054f9c7946 None None] 10.222.0.48 "GET /placement/" status: 200 len: 136 microversion: 1.0
Jan 18 04:05:13.264596 n-d-824931-1 devstack@placement-api.service[104192]: [pid: 104192|app: 0|req: 58/116] 10.222.0.48 () {54 vars in 916 bytes} [Tue Jan 18 04:05:13 2022] GET /placement => generated 136 bytes in 2 msecs (HTTP/1.1 200) 6 headers in 224 bytes (1 switches on core 0)
Jan 18 04:05:13.273419 n-d-824931-1 devstack@placement-api.service[104191]: DEBUG placement.requestlog [req-9264f5c6-8f40-4b42-a6a0-6fcc56137bfd req-02057eee-2270-4b21-869b-2cb140a05169 None None] Starting request: 10.222.0.48 "GET /placement/allocations/077c39f8-8124-49c5-a2c9-7be479f23779" {{(pid=104191) __call__ /opt/stack/placement/placement/requestlog.py:55}}
Jan 18 04:05:13.349076 n-d-824931-1 devstack@placement-api.service[104191]: INFO placement.requestlog [req-9264f5c6-8f40-4b42-a6a0-6fcc56137bfd req-02057eee-2270-4b21-869b-2cb140a05169 service placement] 10.222.0.48 "GET /placement/allocations/077c39f8-8124-49c5-a2c9-7be479f23779" status: 200 len: 259 microversion: 1.28
Jan 18 04:05:13.349588 n-d-824931-1 devstack@placement-api.service[104191]: [pid: 104191|app: 0|req: 59/117] 10.222.0.48 () {60 vars in 1380 bytes} [Tue Jan 18 04:05:13 2022] GET /placement/allocations/077c39f8-8124-49c5-a2c9-7be479f23779 => generated 259 bytes in 76 msecs (HTTP/1.1 200) 8 headers in 296 bytes (1 switches on core 0)
Jan 18 04:05:13.357497 n-d-824931-1 devstack@placement-api.service[104192]: DEBUG placement.requestlog [req-9264f5c6-8f40-4b42-a6a0-6fcc56137bfd req-a848bc56-06d4-4bcb-9dd7-5eed5c632a81 None None] Starting request: 10.222.0.48 "GET /placement/allocations/077c39f8-8124-49c5-a2c9-7be479f23779" {{(pid=104192) __call__ /opt/stack/placement/placement/requestlog.py:55}}
Jan 18 04:05:13.380113 n-d-824931-1 devstack@placement-api.service[104192]: INFO placement.requestlog [req-9264f5c6-8f40-4b42-a6a0-6fcc56137bfd req-a848bc56-06d4-4bcb-9dd7-5eed5c632a81 service placement] 10.222.0.48 "GET /placement/allocations/077c39f8-8124-49c5-a2c9-7be479f23779" status: 200 len: 259 microversion: 1.28
Jan 18 04:05:13.387414 n-d-824931-1 devstack@placement-api.service[104191]: DEBUG placement.requestlog [req-9264f5c6-8f40-4b42-a6a0-6fcc56137bfd req-4a01b36e-9630-4603-b116-949ea0682a47 None None] Starting request: 10.222.0.48 "GET /placement/allocations/d2704fc6-f6a3-4a91-a8c4-9c029577cd05" {{(pid=104191) __call__ /opt/stack/placement/placement/requestlog.py:55}}
Jan 18 04:05:13.388121 n-d-824931-1 devstack@placement-api.service[104192]: [pid: 104192|app: 0|req: 59/118] 10.222.0.48 () {60 vars in 1380 bytes} [Tue Jan 18 04:05:13 2022] GET /placement/allocations/077c39f8-8124-49c5-a2c9-7be479f23779 => generated 259 bytes in 29 msecs (HTTP/1.1 200) 8 headers in 296 bytes (1 switches on core 0)
Jan 18 04:05:13.401081 n-d-824931-1 devstack@placement-api.service[104191]: INFO placement.requestlog [req-9264f5c6-8f40-4b42-a6a0-6fcc56137bfd req-4a01b36e-9630-4603-b116-949ea0682a47 service placement] 10.222.0.48 "GET /placement/allocations/d2704fc6-f6a3-4a91-a8c4-9c029577cd05" status: 200 len: 19 microversion: 1.28
Jan 18 04:05:13.401573 n-d-824931-1 devstack@placement-api.service[104191]: [pid: 104191|app: 0|req: 60/119] 10.222.0.48 () {60 vars in 1380 bytes} [Tue Jan 18 04:05:13 2022] GET /placement/allocations/d2704fc6-f6a3-4a91-a8c4-9c029577cd05 => generated 19 bytes in 14 msecs (HTTP/1.1 200) 8 headers in 295 bytes (1 switches on core 0)
Jan 18 04:05:13.409883 n-d-824931-1 devstack@placement-api.service[104192]: DEBUG placement.requestlog [req-9264f5c6-8f40-4b42-a6a0-6fcc56137bfd req-3a84dbcc-aa54-4691-8319-0f494e5726e1 None None] Starting request: 10.222.0.48 "POST /placement/allocations" {{(pid=104192) __call__ /opt/stack/placement/placement/requestlog.py:55}}
Jan 18 04:05:13.594594 n-d-824931-1 devstack@placement-api.service[104192]: DEBUG placement.handlers.allocation [req-9264f5c6-8f40-4b42-a6a0-6fcc56137bfd req-3a84dbcc-aa54-4691-8319-0f494e5726e1 service placement] Successfully wrote allocations [, , , , , ] {{(pid=104192) _update_consumers_and_create_allocations /opt/stack/placement/placement/handlers/allocation.py:572}}
Jan 18 04:05:13.674400 n-d-824931-1 devstack@placement-api.service[104192]: INFO placement.requestlog [req-9264f5c6-8f40-4b42-a6a0-6fcc56137bfd req-3a84dbcc-aa54-4691-8319-0f494e5726e1 service placement] 10.222.0.48 "POST /placement/allocations" status: 204 len: 0 microversion: 1.28
Jan 18 04:05:13.675272 n-d-824931-1 devstack@placement-api.service[104192]: [pid: 104192|app: 0|req: 60/120] 10.222.0.48 () {64 vars in 1323 bytes} [Tue Jan 18 04:05:13 2022] POST /placement/allocations => generated 0 bytes in 266 msecs (HTTP/1.1 204) 5 headers in 199 bytes (1 switches on core 0)
Jan 18 04:05:13.721783 n-d-824931-1 devstack@placement-api.service[104191]: DEBUG placement.requestlog [req-9264f5c6-8f40-4b42-a6a0-6fcc56137bfd req-b8674bc8-cc36-41c3-ab3c-8f53c83988f4 None None] Starting request: 10.222.0.48 "GET /placement/allocations/077c39f8-8124-49c5-a2c9-7be479f23779" {{(pid=104191) __call__ /opt/stack/placement/placement/requestlog.py:55}}
Jan 18 04:05:13.965633 n-d-824931-1 devstack@placement-api.service[104191]: INFO placement.requestlog [req-9264f5c6-8f40-4b42-a6a0-6fcc56137bfd req-b8674bc8-cc36-41c3-ab3c-8f53c83988f4 service placement] 10.222.0.48 "GET /placement/allocations/077c39f8-8124-49c5-a2c9-7be479f23779" status: 200 len: 19 microversion: 1.28
Jan 18 04:05:13.966332 n-d-824931-1 devstack@placement-api.service[104191]: [pid: 104191|app: 0|req: 61/121] 10.222.0.48 () {60 vars in 1380 bytes} [Tue Jan 18 04:05:13 2022] GET /placement/allocations/077c39f8-8124-49c5-a2c9-7be479f23779 => generated 19 bytes in 245 msecs (HTTP/1.1 200) 8 headers in 295 bytes (1 switches on core 0)
Jan 18 04:05:13.972229 n-d-824931-1 devstack@placement-api.service[104192]: DEBUG placement.requestlog [req-9264f5c6-8f40-4b42-a6a0-6fcc56137bfd req-438dfc10-951a-4193-8710-33579a234b62 None None] Starting request: 10.222.0.48 "PUT /placement/allocations/077c39f8-8124-49c5-a2c9-7be479f23779" {{(pid=104192) __call__ /opt/stack/placement/placement/requestlog.py:55}}
