Jan 18 04:04:41.206142 n-d-824931-1 devstack@n-api.service[118380]: DEBUG nova.policy [None req-b7593668-d858-4383-8c55-78c882d713d9 tempest-ServersOnMultiNodesTest-373603150 tempest-ServersOnMultiNodesTest-373603150-project] Policy check for os_compute_api:os-extended-server-attributes failed with credentials {'is_admin': False, 'user_id': '8456490343bc4a5abf4187a6ae040eb0', 'user_domain_id': 'default', 'system_scope': None, 'domain_id': None, 'project_id': 'f9ed4d92bc5c44f788d7f7104c1ca36e', 'project_domain_id': 'default', 'roles': ['reader', 'member'], 'is_admin_project': True, 'service_user_id': None, 'service_user_domain_id': None, 'service_project_id': None, 'service_project_domain_id': None, 'service_roles': []} {{(pid=118380) authorize /opt/stack/nova/nova/policy.py:199}}
Jan 18 04:04:41.215229 n-d-824931-1 devstack@n-api.service[118380]: INFO nova.api.openstack.requestlog [None req-b7593668-d858-4383-8c55-78c882d713d9 tempest-ServersOnMultiNodesTest-373603150 tempest-ServersOnMultiNodesTest-373603150-project] 10.222.0.48 "GET /compute/v2.1/servers/d00c8473-2e31-4b83-9719-1a82f1ffed51" status: 200 len: 1317 microversion: 2.1 time: 0.411124
Jan 18 04:04:41.215840 n-d-824931-1 devstack@n-api.service[118380]: [pid: 118380|app: 0|req: 198/390] 10.222.0.48 () {58 vars in 1235 bytes} [Tue Jan 18 04:04:40 2022] GET /compute/v2.1/servers/d00c8473-2e31-4b83-9719-1a82f1ffed51 => generated 1317 bytes in 412 msecs (HTTP/1.1 200) 9 headers in 358 bytes (1 switches on core 0)
Jan 18 04:04:41.223463 n-d-824931-1 devstack@n-api.service[118381]: DEBUG nova.policy [None req-c14fd2f7-d4c6-430d-9b70-f4aaf914e41d tempest-LiveMigrationNegativeTest-392952966 tempest-LiveMigrationNegativeTest-392952966-project] Policy check for os_compute_api:os-extended-server-attributes failed with credentials {'is_admin': False, 'user_id': '3838d9d7d7b249af84ec141b6f13aeaa', 'user_domain_id': 'default', 'system_scope': None, 'domain_id': None, 'project_id': '29ed341c4f454fc8b99ecca1e0dab1aa', 'project_domain_id': 'default', 'roles': ['reader', 'member'], 'is_admin_project': True, 'service_user_id': None, 'service_user_domain_id': None, 'service_project_id': None, 'service_project_domain_id': None, 'service_roles': []} {{(pid=118381) authorize /opt/stack/nova/nova/policy.py:199}}
Jan 18 04:04:41.230637 n-d-824931-1 devstack@n-api.service[118380]: DEBUG nova.api.openstack.wsgi [None req-b9282b67-bdc5-481e-9ba6-2e929481dbed tempest-ServersWithSpecificFlavorTestJSON-469428657 tempest-ServersWithSpecificFlavorTestJSON-469428657-project] Action: 'action', calling method: >, body: {"os-getConsoleOutput": {}} {{(pid=118380) _process_stack /opt/stack/nova/nova/api/openstack/wsgi.py:511}}
Jan 18 04:04:41.231556 n-d-824931-1 devstack@n-api.service[118380]: DEBUG nova.compute.api [None req-b9282b67-bdc5-481e-9ba6-2e929481dbed tempest-ServersWithSpecificFlavorTestJSON-469428657 tempest-ServersWithSpecificFlavorTestJSON-469428657-project] [instance: 4d3c7935-1a93-43bd-bbb7-4ac016d5ceaa] Fetching instance by UUID {{(pid=118380) get /opt/stack/nova/nova/compute/api.py:2865}}
Jan 18 04:04:41.233354 n-d-824931-1 devstack@n-api.service[118381]: INFO nova.api.openstack.requestlog [None req-c14fd2f7-d4c6-430d-9b70-f4aaf914e41d tempest-LiveMigrationNegativeTest-392952966 tempest-LiveMigrationNegativeTest-392952966-project] 10.222.0.48 "GET /compute/v2.1/servers/ab69e41d-bd7b-4c78-a768-c3f20367f461" status: 200 len: 1476 microversion: 2.1 time: 0.244185
Jan 18 04:04:41.235244 n-d-824931-1 devstack@n-api.service[118381]: [pid: 118381|app: 0|req: 193/391] 10.222.0.48 () {58 vars in 1235 bytes} [Tue Jan 18 04:04:40 2022] GET /compute/v2.1/servers/ab69e41d-bd7b-4c78-a768-c3f20367f461 => generated 1476 bytes in 248 msecs (HTTP/1.1 200) 9 headers in 358 bytes (1 switches on core 0)
Jan 18 04:04:41.248244 n-d-824931-1 devstack@n-api.service[118381]: DEBUG nova.api.openstack.wsgi [None req-bd4a2ef2-99d8-4090-94c1-fc74eaf51f4a tempest-FlavorsAdminTestJSON-1558408481 tempest-FlavorsAdminTestJSON-1558408481-project-admin] Calling method '>' {{(pid=118381) _process_stack /opt/stack/nova/nova/api/openstack/wsgi.py:513}}
Jan 18 04:04:41.248244 n-d-824931-1 devstack@n-api.service[118381]: /usr/local/lib/python3.8/dist-packages/oslo_policy/policy.py:1119: UserWarning: Policy "os_compute_api:os-flavor-manage:delete": "rule:system_admin_api" failed scope check. The token used to make the request was project scoped but the policy requires ['system'] scope. This behavior may change in the future where using the intended scope is required
Jan 18 04:04:41.248244 n-d-824931-1 devstack@n-api.service[118381]: warnings.warn(msg)
Jan 18 04:04:41.248593 n-d-824931-1 devstack@n-api.service[118380]: DEBUG oslo_concurrency.lockutils [None req-b9282b67-bdc5-481e-9ba6-2e929481dbed tempest-ServersWithSpecificFlavorTestJSON-469428657 tempest-ServersWithSpecificFlavorTestJSON-469428657-project] Lock "8f826b74-a0cc-44d9-9079-287a60367ea7" acquired by "nova.context.set_target_cell..get_or_set_cached_cell_and_set_connections" :: waited 0.000s {{(pid=118380) inner /usr/local/lib/python3.8/dist-packages/oslo_concurrency/lockutils.py:386}}
Jan 18 04:04:41.248818 n-d-824931-1 devstack@n-api.service[118380]: DEBUG oslo_concurrency.lockutils [None req-b9282b67-bdc5-481e-9ba6-2e929481dbed tempest-ServersWithSpecificFlavorTestJSON-469428657 tempest-ServersWithSpecificFlavorTestJSON-469428657-project] Lock "8f826b74-a0cc-44d9-9079-287a60367ea7" "released" by "nova.context.set_target_cell..get_or_set_cached_cell_and_set_connections" :: held 0.001s {{(pid=118380) inner /usr/local/lib/python3.8/dist-packages/oslo_concurrency/lockutils.py:400}}
Jan 18 04:04:41.250148 n-d-824931-1 devstack@n-api.service[118380]: DEBUG oslo_concurrency.lockutils [None req-b9282b67-bdc5-481e-9ba6-2e929481dbed tempest-ServersWithSpecificFlavorTestJSON-469428657 tempest-ServersWithSpecificFlavorTestJSON-469428657-project] Lock "8f826b74-a0cc-44d9-9079-287a60367ea7" acquired by "nova.context.set_target_cell..get_or_set_cached_cell_and_set_connections" :: waited 0.000s {{(pid=118380) inner /usr/local/lib/python3.8/dist-packages/oslo_concurrency/lockutils.py:386}}
Jan 18 04:04:41.250807 n-d-824931-1 devstack@n-api.service[118380]: DEBUG oslo_concurrency.lockutils [None req-b9282b67-bdc5-481e-9ba6-2e929481dbed tempest-ServersWithSpecificFlavorTestJSON-469428657 tempest-ServersWithSpecificFlavorTestJSON-469428657-project] Lock "8f826b74-a0cc-44d9-9079-287a60367ea7" "released" by "nova.context.set_target_cell..get_or_set_cached_cell_and_set_connections" :: held 0.001s {{(pid=118380) inner /usr/local/lib/python3.8/dist-packages/oslo_concurrency/lockutils.py:400}}
Jan 18 04:04:41.311108 n-d-824931-1 devstack@n-api.service[118380]: INFO nova.api.openstack.requestlog [None req-b9282b67-bdc5-481e-9ba6-2e929481dbed tempest-ServersWithSpecificFlavorTestJSON-469428657 tempest-ServersWithSpecificFlavorTestJSON-469428657-project] 10.222.0.48 "POST /compute/v2.1/servers/4d3c7935-1a93-43bd-bbb7-4ac016d5ceaa/action" status: 200 len: 16401 microversion: 2.1 time: 0.084472
Jan 18 04:04:41.311734 n-d-824931-1 devstack@n-api.service[118380]: [pid: 118380|app: 0|req: 199/392] 10.222.0.48 () {60 vars in 1277 bytes} [Tue Jan 18 04:04:41 2022] POST /compute/v2.1/servers/4d3c7935-1a93-43bd-bbb7-4ac016d5ceaa/action => generated 16401 bytes in 95 msecs (HTTP/1.1 200) 9 headers in 359 bytes (1 switches on core 0)
Jan 18 04:04:41.359482 n-d-824931-1 devstack@n-api.service[118381]: INFO nova.api.openstack.requestlog [None req-bd4a2ef2-99d8-4090-94c1-fc74eaf51f4a tempest-FlavorsAdminTestJSON-1558408481 tempest-FlavorsAdminTestJSON-1558408481-project-admin] 10.222.0.48 "DELETE /compute/v2.1/flavors/1040767820" status: 202 len: 0 microversion: 2.1 time: 0.121764
Jan 18 04:04:41.370074 n-d-824931-1 devstack@n-api.service[118380]: DEBUG nova.api.openstack.wsgi [None req-d56097f6-7d6e-4ffd-8412-db81999ca969 tempest-FlavorsAdminTestJSON-1558408481 tempest-FlavorsAdminTestJSON-1558408481-project-admin] Calling method '>' {{(pid=118380) _process_stack /opt/stack/nova/nova/api/openstack/wsgi.py:513}}
Jan 18 04:04:41.370450 n-d-824931-1 devstack@n-api.service[118381]: [pid: 118381|app: 0|req: 194/393] 10.222.0.48 () {58 vars in 1160 bytes} [Tue Jan 18 04:04:41 2022] DELETE /compute/v2.1/flavors/1040767820 => generated 0 bytes in 126 msecs (HTTP/1.1 202) 9 headers in 361 bytes (1 switches on core 0)
Jan 18 04:04:41.393067 n-d-824931-1 devstack@n-api.service[118380]: INFO nova.api.openstack.requestlog [None req-d56097f6-7d6e-4ffd-8412-db81999ca969 tempest-FlavorsAdminTestJSON-1558408481 tempest-FlavorsAdminTestJSON-1558408481-project-admin] 10.222.0.48 "GET /compute/v2.1/flavors/detail" status: 200 len: 5819 microversion: 2.1 time: 0.028198
Jan 18 04:04:41.394166 n-d-824931-1 devstack@n-api.service[118380]: [pid: 118380|app: 0|req: 200/394] 10.222.0.48 () {58 vars in 1145 bytes} [Tue Jan 18 04:04:41 2022] GET /compute/v2.1/flavors/detail => generated 5819 bytes in 30 msecs (HTTP/1.1 200) 9 headers in 358 bytes (1 switches on core 0)
Jan 18 04:04:41.412740 n-d-824931-1 devstack@n-api.service[118381]: DEBUG nova.api.openstack.wsgi [None req-8b158e37-9516-4433-b530-11b820bc3895 tempest-FlavorsAdminTestJSON-1558408481 tempest-FlavorsAdminTestJSON-1558408481-project-admin] Action: 'create', calling method: >, body: {"flavor": {"ram": 512, "vcpus": 1, "disk": 10, "name": "tempest-test_flavor_-92992191", "id": 454787058, "os-flavor-access:is_public": "False"}} {{(pid=118381) _process_stack /opt/stack/nova/nova/api/openstack/wsgi.py:511}}
Jan 18 04:04:41.414260 n-d-824931-1 devstack@n-api.service[118381]: /usr/local/lib/python3.8/dist-packages/oslo_policy/policy.py:1119: UserWarning: Policy "os_compute_api:os-flavor-manage:create": "rule:system_admin_api" failed scope check. The token used to make the request was project scoped but the policy requires ['system'] scope. This behavior may change in the future where using the intended scope is required
Jan 18 04:04:41.414260 n-d-824931-1 devstack@n-api.service[118381]: warnings.warn(msg)
Jan 18 04:04:41.528329 n-d-824931-1 devstack@n-api.service[118381]: INFO nova.api.openstack.requestlog [None req-8b158e37-9516-4433-b530-11b820bc3895 tempest-FlavorsAdminTestJSON-1558408481 tempest-FlavorsAdminTestJSON-1558408481-project-admin] 10.222.0.48 "POST /compute/v2.1/flavors" status: 200 len: 410 microversion: 2.1 time: 0.119994
Jan 18 04:04:41.529288 n-d-824931-1 devstack@n-api.service[118381]: [pid: 118381|app: 0|req: 195/395] 10.222.0.48 () {60 vars in 1146 bytes} [Tue Jan 18 04:04:41 2022] POST /compute/v2.1/flavors => generated 410 bytes in 121 msecs (HTTP/1.1 200) 9 headers in 357 bytes (1 switches on core 0)
Jan 18 04:04:41.538819 n-d-824931-1 devstack@n-api.service[118380]: DEBUG nova.api.openstack.wsgi [None req-3118e7e5-9ac4-4756-afbc-5011b3f6d9a9 tempest-FlavorsAdminTestJSON-1558408481 tempest-FlavorsAdminTestJSON-1558408481-project-admin] Calling method '>' {{(pid=118380) _process_stack /opt/stack/nova/nova/api/openstack/wsgi.py:513}}
Jan 18 04:04:41.559741 n-d-824931-1 devstack@n-api.service[118380]: INFO nova.api.openstack.requestlog [None req-3118e7e5-9ac4-4756-afbc-5011b3f6d9a9 tempest-FlavorsAdminTestJSON-1558408481 tempest-FlavorsAdminTestJSON-1558408481-project-admin] 10.222.0.48 "GET /compute/v2.1/flavors/detail" status: 200 len: 5819 microversion: 2.1 time: 0.024353
Jan 18 04:04:41.560362 n-d-824931-1 devstack@n-api.service[118380]: [pid: 118380|app: 0|req: 201/396] 10.222.0.48 () {58 vars in 1145 bytes} [Tue Jan 18 04:04:41 2022] GET /compute/v2.1/flavors/detail => generated 5819 bytes in 26 msecs (HTTP/1.1 200) 9 headers in 358 bytes (1 switches on core 0)
Jan 18 04:04:41.575726 n-d-824931-1 devstack@n-api.service[118381]: DEBUG nova.api.openstack.wsgi [None req-693ebe09-1f52-4c3b-82cc-2ff5a4e3b637 tempest-FlavorsAdminTestJSON-65663752 tempest-FlavorsAdminTestJSON-65663752-project] Calling method '>' {{(pid=118381) _process_stack /opt/stack/nova/nova/api/openstack/wsgi.py:513}}
Jan 18 04:04:41.606650 n-d-824931-1 devstack@n-api.service[118381]: INFO nova.api.openstack.requestlog [None req-693ebe09-1f52-4c3b-82cc-2ff5a4e3b637 tempest-FlavorsAdminTestJSON-65663752 tempest-FlavorsAdminTestJSON-65663752-project] 10.222.0.48 "GET /compute/v2.1/flavors/detail" status: 200 len: 5819 microversion: 2.1 time: 0.034594
Jan 18 04:04:41.607467 n-d-824931-1 devstack@n-api.service[118381]: [pid: 118381|app: 0|req: 196/397] 10.222.0.48 () {58 vars in 1145 bytes} [Tue Jan 18 04:04:41 2022] GET /compute/v2.1/flavors/detail => generated 5819 bytes in 36 msecs (HTTP/1.1 200) 9 headers in 358 bytes (2 switches on core 0)
Jan 18 04:04:41.621765 n-d-824931-1 devstack@n-api.service[118380]: DEBUG nova.api.openstack.wsgi [None req-b24bdee0-1074-4434-85ac-ba39d6f98690 tempest-FlavorsAdminTestJSON-1558408481 tempest-FlavorsAdminTestJSON-1558408481-project-admin] Calling method '>' {{(pid=118380) _process_stack /opt/stack/nova/nova/api/openstack/wsgi.py:513}}
Jan 18 04:04:41.622654 n-d-824931-1 devstack@n-api.service[118380]: /usr/local/lib/python3.8/dist-packages/oslo_policy/policy.py:1119: UserWarning: Policy "os_compute_api:os-flavor-manage:delete": "rule:system_admin_api" failed scope check. The token used to make the request was project scoped but the policy requires ['system'] scope. This behavior may change in the future where using the intended scope is required
Jan 18 04:04:41.622654 n-d-824931-1 devstack@n-api.service[118380]: warnings.warn(msg)
Jan 18 04:04:41.695334 n-d-824931-1 devstack@n-api.service[118381]: DEBUG nova.api.openstack.wsgi [None req-a9013886-e43b-46c6-b451-76a00aa35f5d tempest-DeleteServersAdminTestJSON-2104761758 tempest-DeleteServersAdminTestJSON-2104761758-project] Calling method '>' {{(pid=118381) _process_stack /opt/stack/nova/nova/api/openstack/wsgi.py:513}}
Jan 18 04:04:41.696463 n-d-824931-1 devstack@n-api.service[118381]: DEBUG nova.compute.api [None req-a9013886-e43b-46c6-b451-76a00aa35f5d tempest-DeleteServersAdminTestJSON-2104761758 tempest-DeleteServersAdminTestJSON-2104761758-project] [instance: c328cd12-a964-43f4-ac5e-5c6858524849] Fetching instance by UUID {{(pid=118381) get /opt/stack/nova/nova/compute/api.py:2865}}
Jan 18 04:04:41.704579 n-d-824931-1 devstack@n-api.service[118381]: DEBUG oslo_concurrency.lockutils [None req-a9013886-e43b-46c6-b451-76a00aa35f5d tempest-DeleteServersAdminTestJSON-2104761758 tempest-DeleteServersAdminTestJSON-2104761758-project] Lock "8f826b74-a0cc-44d9-9079-287a60367ea7" acquired by "nova.context.set_target_cell..get_or_set_cached_cell_and_set_connections" :: waited 0.000s {{(pid=118381) inner /usr/local/lib/python3.8/dist-packages/oslo_concurrency/lockutils.py:386}}
Jan 18 04:04:41.705316 n-d-824931-1 devstack@n-api.service[118381]: DEBUG oslo_concurrency.lockutils [None req-a9013886-e43b-46c6-b451-76a00aa35f5d tempest-DeleteServersAdminTestJSON-2104761758 tempest-DeleteServersAdminTestJSON-2104761758-project] Lock "8f826b74-a0cc-44d9-9079-287a60367ea7" "released" by "nova.context.set_target_cell..get_or_set_cached_cell_and_set_connections" :: held 0.001s {{(pid=118381) inner /usr/local/lib/python3.8/dist-packages/oslo_concurrency/lockutils.py:400}}
Jan 18 04:04:41.706739 n-d-824931-1 devstack@n-api.service[118381]: DEBUG oslo_concurrency.lockutils [None req-a9013886-e43b-46c6-b451-76a00aa35f5d tempest-DeleteServersAdminTestJSON-2104761758 tempest-DeleteServersAdminTestJSON-2104761758-project] Lock "8f826b74-a0cc-44d9-9079-287a60367ea7" acquired by "nova.context.set_target_cell..get_or_set_cached_cell_and_set_connections" :: waited 0.000s {{(pid=118381) inner /usr/local/lib/python3.8/dist-packages/oslo_concurrency/lockutils.py:386}}
Jan 18 04:04:41.707229 n-d-824931-1 devstack@n-api.service[118381]: DEBUG oslo_concurrency.lockutils [None req-a9013886-e43b-46c6-b451-76a00aa35f5d tempest-DeleteServersAdminTestJSON-2104761758 tempest-DeleteServersAdminTestJSON-2104761758-project] Lock "8f826b74-a0cc-44d9-9079-287a60367ea7" "released" by "nova.context.set_target_cell..get_or_set_cached_cell_and_set_connections" :: held 0.001s {{(pid=118381) inner /usr/local/lib/python3.8/dist-packages/oslo_concurrency/lockutils.py:400}}
Jan 18 04:04:41.732026 n-d-824931-1 devstack@n-api.service[118380]: INFO nova.api.openstack.requestlog [None req-b24bdee0-1074-4434-85ac-ba39d6f98690 tempest-FlavorsAdminTestJSON-1558408481 tempest-FlavorsAdminTestJSON-1558408481-project-admin] 10.222.0.48 "DELETE /compute/v2.1/flavors/454787058" status: 202 len: 0 microversion: 2.1 time: 0.114241
Jan 18 04:04:41.733041 n-d-824931-1 devstack@n-api.service[118380]: [pid: 118380|app: 0|req: 202/398] 10.222.0.48 () {58 vars in 1157 bytes} [Tue Jan 18 04:04:41 2022] DELETE /compute/v2.1/flavors/454787058 => generated 0 bytes in 116 msecs (HTTP/1.1 202) 9 headers in 361 bytes (1 switches on core 0)
Jan 18 04:04:41.741108 n-d-824931-1 devstack@n-api.service[118380]: DEBUG nova.api.openstack.wsgi [None req-dad20712-3f5c-4f10-b0da-ea42aa536569 tempest-FlavorsAdminTestJSON-1558408481 tempest-FlavorsAdminTestJSON-1558408481-project-admin] Calling method '>' {{(pid=118380) _process_stack /opt/stack/nova/nova/api/openstack/wsgi.py:513}}
Jan 18 04:04:41.762874 n-d-824931-1 devstack@n-api.service[118380]: INFO nova.api.openstack.requestlog [None req-dad20712-3f5c-4f10-b0da-ea42aa536569 tempest-FlavorsAdminTestJSON-1558408481 tempest-FlavorsAdminTestJSON-1558408481-project-admin] 10.222.0.48 "GET /compute/v2.1/flavors/detail" status: 200 len: 5819 microversion: 2.1 time: 0.025232
Jan 18 04:04:41.763457 n-d-824931-1 devstack@n-api.service[118380]: [pid: 118380|app: 0|req: 203/399] 10.222.0.48 () {58 vars in 1145 bytes} [Tue Jan 18 04:04:41 2022] GET /compute/v2.1/flavors/detail => generated 5819 bytes in 27 msecs (HTTP/1.1 200) 9 headers in 358 bytes (2 switches on core 0)
Jan 18 04:04:41.779443 n-d-824931-1 devstack@n-api.service[118380]: DEBUG nova.api.openstack.wsgi [None req-9d29622d-c730-4c5d-b0ce-4e74207c7be9 tempest-FlavorsAdminTestJSON-1558408481 tempest-FlavorsAdminTestJSON-1558408481-project-admin] Action: 'create', calling method: >, body: {"flavor": {"ram": 512, "vcpus": 1, "disk": 10, "name": "tempest-test_flavor_-691587300", "id": 48260233, "os-flavor-access:is_public": "True"}} {{(pid=118380) _process_stack /opt/stack/nova/nova/api/openstack/wsgi.py:511}}
Jan 18 04:04:41.781282 n-d-824931-1 devstack@n-api.service[118380]: /usr/local/lib/python3.8/dist-packages/oslo_policy/policy.py:1119: UserWarning: Policy "os_compute_api:os-flavor-manage:create": "rule:system_admin_api" failed scope check. The token used to make the request was project scoped but the policy requires ['system'] scope. This behavior may change in the future where using the intended scope is required
Jan 18 04:04:41.781282 n-d-824931-1 devstack@n-api.service[118380]: warnings.warn(msg)
Jan 18 04:04:41.867486 n-d-824931-1 devstack@n-api.service[118380]: INFO nova.api.openstack.requestlog [None req-9d29622d-c730-4c5d-b0ce-4e74207c7be9 tempest-FlavorsAdminTestJSON-1558408481 tempest-FlavorsAdminTestJSON-1558408481-project-admin] 10.222.0.48 "POST /compute/v2.1/flavors" status: 200 len: 407 microversion: 2.1 time: 0.091488
Jan 18 04:04:41.868122 n-d-824931-1 devstack@n-api.service[118380]: [pid: 118380|app: 0|req: 204/400] 10.222.0.48 () {60 vars in 1146 bytes} [Tue Jan 18 04:04:41 2022] POST /compute/v2.1/flavors => generated 407 bytes in 93 msecs (HTTP/1.1 200) 9 headers in 357 bytes (2 switches on core 0)
Jan 18 04:04:41.879266 n-d-824931-1 devstack@n-api.service[118380]: DEBUG nova.api.openstack.wsgi [None req-d172fa6f-926e-4f54-aab3-9c7f1cefb9dd tempest-FlavorsAdminTestJSON-65663752 tempest-FlavorsAdminTestJSON-65663752-project] Calling method '>' {{(pid=118380) _process_stack /opt/stack/nova/nova/api/openstack/wsgi.py:513}}
Jan 18 04:04:41.886673 n-d-824931-1 devstack@n-api.service[118381]: DEBUG nova.policy [None req-a9013886-e43b-46c6-b451-76a00aa35f5d tempest-DeleteServersAdminTestJSON-2104761758 tempest-DeleteServersAdminTestJSON-2104761758-project] Policy check for os_compute_api:os-extended-server-attributes failed with credentials {'is_admin': False, 'user_id': 'df12ed35af31451dbe297d6cd2e6b088', 'user_domain_id': 'default', 'system_scope': None, 'domain_id': None, 'project_id': 'bfd2a4afcd1448aaa3f0e5f4413fdbeb', 'project_domain_id': 'default', 'roles': ['reader', 'member'], 'is_admin_project': True, 'service_user_id': None, 'service_user_domain_id': None, 'service_project_id': None, 'service_project_domain_id': None, 'service_roles': []} {{(pid=118381) authorize /opt/stack/nova/nova/policy.py:199}}
Jan 18 04:04:41.893617 n-d-824931-1 devstack@n-api.service[118381]: INFO nova.api.openstack.requestlog [None req-a9013886-e43b-46c6-b451-76a00aa35f5d tempest-DeleteServersAdminTestJSON-2104761758 tempest-DeleteServersAdminTestJSON-2104761758-project] 10.222.0.48 "GET /compute/v2.1/servers/c328cd12-a964-43f4-ac5e-5c6858524849" status: 200 len: 1319 microversion: 2.1 time: 0.204416
Jan 18 04:04:41.894241 n-d-824931-1 devstack@n-api.service[118381]: [pid: 118381|app: 0|req: 197/401] 10.222.0.48 () {58 vars in 1235 bytes} [Tue Jan 18 04:04:41 2022] GET /compute/v2.1/servers/c328cd12-a964-43f4-ac5e-5c6858524849 => generated 1319 bytes in 206 msecs (HTTP/1.1 200) 9 headers in 358 bytes (2 switches on core 0)
Jan 18 04:04:41.926660 n-d-824931-1 devstack@n-api.service[118380]: INFO nova.api.openstack.requestlog [None req-d172fa6f-926e-4f54-aab3-9c7f1cefb9dd tempest-FlavorsAdminTestJSON-65663752 tempest-FlavorsAdminTestJSON-65663752-project] 10.222.0.48 "GET /compute/v2.1/flavors/detail" status: 200 len: 6216 microversion: 2.1 time: 0.051107
Jan 18 04:04:41.927624 n-d-824931-1 devstack@n-api.service[118380]: [pid: 118380|app: 0|req: 205/402] 10.222.0.48 () {58 vars in 1145 bytes} [Tue Jan 18 04:04:41 2022] GET /compute/v2.1/flavors/detail => generated 6216 bytes in 53 msecs (HTTP/1.1 200) 9 headers in 358 bytes (2 switches on core 0)
Jan 18 04:04:41.947973 n-d-824931-1 devstack@n-api.service[118381]: DEBUG nova.api.openstack.wsgi [None req-02780d3a-31b8-4b98-9636-fb165b9e0680 tempest-FlavorsAdminTestJSON-1558408481 tempest-FlavorsAdminTestJSON-1558408481-project-admin] Calling method '>' {{(pid=118381) _process_stack /opt/stack/nova/nova/api/openstack/wsgi.py:513}}
Jan 18 04:04:41.947973 n-d-824931-1 devstack@n-api.service[118381]: /usr/local/lib/python3.8/dist-packages/oslo_policy/policy.py:1119: UserWarning: Policy "os_compute_api:os-flavor-manage:delete": "rule:system_admin_api" failed scope check. The token used to make the request was project scoped but the policy requires ['system'] scope. This behavior may change in the future where using the intended scope is required
Jan 18 04:04:41.947973 n-d-824931-1 devstack@n-api.service[118381]: warnings.warn(msg)
Jan 18 04:04:42.031638 n-d-824931-1 devstack@n-api.service[118381]: INFO nova.api.openstack.requestlog [None req-02780d3a-31b8-4b98-9636-fb165b9e0680 tempest-FlavorsAdminTestJSON-1558408481 tempest-FlavorsAdminTestJSON-1558408481-project-admin] 10.222.0.48 "DELETE /compute/v2.1/flavors/48260233" status: 202 len: 0 microversion: 2.1 time: 0.091708
Jan 18 04:04:42.032362 n-d-824931-1 devstack@n-api.service[118381]: [pid: 118381|app: 0|req: 198/403] 10.222.0.48 () {58 vars in 1154 bytes} [Tue Jan 18 04:04:41 2022] DELETE /compute/v2.1/flavors/48260233 => generated 0 bytes in 94 msecs (HTTP/1.1 202) 9 headers in 361 bytes (1 switches on core 0)
Jan 18 04:04:42.040133 n-d-824931-1 devstack@n-api.service[118380]: DEBUG nova.api.openstack.wsgi [None req-46e1d6c3-1ab7-4be8-880a-dc78f5b65af8 tempest-FlavorsAdminTestJSON-1558408481 tempest-FlavorsAdminTestJSON-1558408481-project-admin] Calling method '>' {{(pid=118380) _process_stack /opt/stack/nova/nova/api/openstack/wsgi.py:513}}
Jan 18 04:04:42.061188 n-d-824931-1 devstack@n-api.service[118380]: INFO nova.api.openstack.requestlog [None req-46e1d6c3-1ab7-4be8-880a-dc78f5b65af8 tempest-FlavorsAdminTestJSON-1558408481 tempest-FlavorsAdminTestJSON-1558408481-project-admin] 10.222.0.48 "GET /compute/v2.1/flavors/detail" status: 200 len: 5819 microversion: 2.1 time: 0.024436
Jan 18 04:04:42.062658 n-d-824931-1 devstack@n-api.service[118380]: [pid: 118380|app: 0|req: 206/404] 10.222.0.48 () {58 vars in 1145 bytes} [Tue Jan 18 04:04:42 2022] GET /compute/v2.1/flavors/detail => generated 5819 bytes in 27 msecs (HTTP/1.1 200) 9 headers in 358 bytes (1 switches on core 0)
Jan 18 04:04:42.233159 n-d-824931-1 devstack@n-api.service[118381]: DEBUG nova.api.openstack.wsgi [None req-eecefa7b-8bf0-421c-b9dd-5b06eb58800e tempest-ServersOnMultiNodesTest-373603150 tempest-ServersOnMultiNodesTest-373603150-project] Calling method '>' {{(pid=118381) _process_stack /opt/stack/nova/nova/api/openstack/wsgi.py:513}}
Jan 18 04:04:42.234310 n-d-824931-1 devstack@n-api.service[118381]: DEBUG nova.compute.api [None req-eecefa7b-8bf0-421c-b9dd-5b06eb58800e tempest-ServersOnMultiNodesTest-373603150 tempest-ServersOnMultiNodesTest-373603150-project] [instance: d00c8473-2e31-4b83-9719-1a82f1ffed51] Fetching instance by UUID {{(pid=118381) get /opt/stack/nova/nova/compute/api.py:2865}}
Jan 18 04:04:42.240304 n-d-824931-1 devstack@n-api.service[118381]: DEBUG oslo_concurrency.lockutils [None req-eecefa7b-8bf0-421c-b9dd-5b06eb58800e tempest-ServersOnMultiNodesTest-373603150 tempest-ServersOnMultiNodesTest-373603150-project] Lock "8f826b74-a0cc-44d9-9079-287a60367ea7" acquired by "nova.context.set_target_cell..get_or_set_cached_cell_and_set_connections" :: waited 0.000s {{(pid=118381) inner /usr/local/lib/python3.8/dist-packages/oslo_concurrency/lockutils.py:386}}
Jan 18 04:04:42.240746 n-d-824931-1 devstack@n-api.service[118381]: DEBUG oslo_concurrency.lockutils [None req-eecefa7b-8bf0-421c-b9dd-5b06eb58800e tempest-ServersOnMultiNodesTest-373603150 tempest-ServersOnMultiNodesTest-373603150-project] Lock "8f826b74-a0cc-44d9-9079-287a60367ea7" "released" by "nova.context.set_target_cell..get_or_set_cached_cell_and_set_connections" :: held 0.001s {{(pid=118381) inner /usr/local/lib/python3.8/dist-packages/oslo_concurrency/lockutils.py:400}}
Jan 18 04:04:42.241535 n-d-824931-1 devstack@n-api.service[118381]: DEBUG oslo_concurrency.lockutils [None req-eecefa7b-8bf0-421c-b9dd-5b06eb58800e tempest-ServersOnMultiNodesTest-373603150 tempest-ServersOnMultiNodesTest-373603150-project] Lock "8f826b74-a0cc-44d9-9079-287a60367ea7" acquired by "nova.context.set_target_cell..get_or_set_cached_cell_and_set_connections" :: waited 0.000s {{(pid=118381) inner /usr/local/lib/python3.8/dist-packages/oslo_concurrency/lockutils.py:386}}
Jan 18 04:04:42.241974 n-d-824931-1 devstack@n-api.service[118381]: DEBUG oslo_concurrency.lockutils [None req-eecefa7b-8bf0-421c-b9dd-5b06eb58800e tempest-ServersOnMultiNodesTest-373603150 tempest-ServersOnMultiNodesTest-373603150-project] Lock "8f826b74-a0cc-44d9-9079-287a60367ea7" "released" by "nova.context.set_target_cell..get_or_set_cached_cell_and_set_connections" :: held 0.000s {{(pid=118381) inner /usr/local/lib/python3.8/dist-packages/oslo_concurrency/lockutils.py:400}}
Jan 18 04:04:42.252134 n-d-824931-1 devstack@n-api.service[118380]: DEBUG nova.api.openstack.wsgi [None req-97096801-f11c-4730-891f-5f51c3137059 tempest-LiveMigrationNegativeTest-392952966 tempest-LiveMigrationNegativeTest-392952966-project] Calling method '>' {{(pid=118380) _process_stack /opt/stack/nova/nova/api/openstack/wsgi.py:513}}
Jan 18 04:04:42.253443 n-d-824931-1 devstack@n-api.service[118380]: DEBUG nova.compute.api [None req-97096801-f11c-4730-891f-5f51c3137059 tempest-LiveMigrationNegativeTest-392952966 tempest-LiveMigrationNegativeTest-392952966-project] [instance: ab69e41d-bd7b-4c78-a768-c3f20367f461] Fetching instance by UUID {{(pid=118380) get /opt/stack/nova/nova/compute/api.py:2865}}
Jan 18 04:04:42.263191 n-d-824931-1 devstack@n-api.service[118380]: DEBUG oslo_concurrency.lockutils [None req-97096801-f11c-4730-891f-5f51c3137059 tempest-LiveMigrationNegativeTest-392952966 tempest-LiveMigrationNegativeTest-392952966-project] Lock "8f826b74-a0cc-44d9-9079-287a60367ea7" acquired by "nova.context.set_target_cell..get_or_set_cached_cell_and_set_connections" :: waited 0.000s {{(pid=118380) inner /usr/local/lib/python3.8/dist-packages/oslo_concurrency/lockutils.py:386}}
Jan 18 04:04:42.263903 n-d-824931-1 devstack@n-api.service[118380]: DEBUG oslo_concurrency.lockutils [None req-97096801-f11c-4730-891f-5f51c3137059 tempest-LiveMigrationNegativeTest-392952966 tempest-LiveMigrationNegativeTest-392952966-project] Lock "8f826b74-a0cc-44d9-9079-287a60367ea7" "released" by "nova.context.set_target_cell..get_or_set_cached_cell_and_set_connections" :: held 0.001s {{(pid=118380) inner /usr/local/lib/python3.8/dist-packages/oslo_concurrency/lockutils.py:400}}
Jan 18 04:04:42.264896 n-d-824931-1 devstack@n-api.service[118380]: DEBUG oslo_concurrency.lockutils [None req-97096801-f11c-4730-891f-5f51c3137059 tempest-LiveMigrationNegativeTest-392952966 tempest-LiveMigrationNegativeTest-392952966-project] Lock "8f826b74-a0cc-44d9-9079-287a60367ea7" acquired by "nova.context.set_target_cell..get_or_set_cached_cell_and_set_connections" :: waited 0.000s {{(pid=118380) inner /usr/local/lib/python3.8/dist-packages/oslo_concurrency/lockutils.py:386}}
Jan 18 04:04:42.265517 n-d-824931-1 devstack@n-api.service[118380]: DEBUG oslo_concurrency.lockutils [None req-97096801-f11c-4730-891f-5f51c3137059 tempest-LiveMigrationNegativeTest-392952966 tempest-LiveMigrationNegativeTest-392952966-project] Lock "8f826b74-a0cc-44d9-9079-287a60367ea7" "released" by "nova.context.set_target_cell..get_or_set_cached_cell_and_set_connections" :: held 0.001s {{(pid=118380) inner /usr/local/lib/python3.8/dist-packages/oslo_concurrency/lockutils.py:400}}
Jan 18 04:04:42.393275 n-d-824931-1 devstack@n-api.service[118381]: DEBUG nova.policy [None req-eecefa7b-8bf0-421c-b9dd-5b06eb58800e tempest-ServersOnMultiNodesTest-373603150 tempest-ServersOnMultiNodesTest-373603150-project] Policy check for os_compute_api:os-extended-server-attributes failed with credentials {'is_admin': False, 'user_id': '8456490343bc4a5abf4187a6ae040eb0', 'user_domain_id': 'default', 'system_scope': None, 'domain_id': None, 'project_id': 'f9ed4d92bc5c44f788d7f7104c1ca36e', 'project_domain_id': 'default', 'roles': ['reader', 'member'], 'is_admin_project': True, 'service_user_id': None, 'service_user_domain_id': None, 'service_project_id': None, 'service_project_domain_id': None, 'service_roles': []} {{(pid=118381) authorize /opt/stack/nova/nova/policy.py:199}}
Jan 18 04:04:42.402410 n-d-824931-1 devstack@n-api.service[118381]: INFO nova.api.openstack.requestlog [None req-eecefa7b-8bf0-421c-b9dd-5b06eb58800e tempest-ServersOnMultiNodesTest-373603150 tempest-ServersOnMultiNodesTest-373603150-project] 10.222.0.48 "GET /compute/v2.1/servers/d00c8473-2e31-4b83-9719-1a82f1ffed51" status: 200 len: 1317 microversion: 2.1 time: 0.173181
Jan 18 04:04:42.403026 n-d-824931-1 devstack@n-api.service[118381]: [pid: 118381|app: 0|req: 199/405] 10.222.0.48 () {58 vars in 1235 bytes} [Tue Jan 18 04:04:42 2022] GET /compute/v2.1/servers/d00c8473-2e31-4b83-9719-1a82f1ffed51 => generated 1317 bytes in 175 msecs (HTTP/1.1 200) 9 headers in 358 bytes (1 switches on core 0)
Jan 18 04:04:42.415237 n-d-824931-1 devstack@n-api.service[118381]: DEBUG nova.api.openstack.wsgi [None req-8afb478e-2754-4eb8-b7fb-a6b7b4d3d854 tempest-ServersWithSpecificFlavorTestJSON-469428657 tempest-ServersWithSpecificFlavorTestJSON-469428657-project] Action: 'action', calling method: >, body: {"os-getConsoleOutput": {}} {{(pid=118381) _process_stack /opt/stack/nova/nova/api/openstack/wsgi.py:511}}
Jan 18 04:04:42.416397 n-d-824931-1 devstack@n-api.service[118381]: DEBUG nova.compute.api [None req-8afb478e-2754-4eb8-b7fb-a6b7b4d3d854 tempest-ServersWithSpecificFlavorTestJSON-469428657 tempest-ServersWithSpecificFlavorTestJSON-469428657-project] [instance: 4d3c7935-1a93-43bd-bbb7-4ac016d5ceaa] Fetching instance by UUID {{(pid=118381) get /opt/stack/nova/nova/compute/api.py:2865}}
Jan 18 04:04:42.426425 n-d-824931-1 devstack@n-api.service[118381]: DEBUG oslo_concurrency.lockutils [None req-8afb478e-2754-4eb8-b7fb-a6b7b4d3d854 tempest-ServersWithSpecificFlavorTestJSON-469428657 tempest-ServersWithSpecificFlavorTestJSON-469428657-project] Lock "8f826b74-a0cc-44d9-9079-287a60367ea7" acquired by "nova.context.set_target_cell..get_or_set_cached_cell_and_set_connections" :: waited 0.000s {{(pid=118381) inner /usr/local/lib/python3.8/dist-packages/oslo_concurrency/lockutils.py:386}}
Jan 18 04:04:42.426848 n-d-824931-1 devstack@n-api.service[118381]: DEBUG oslo_concurrency.lockutils [None req-8afb478e-2754-4eb8-b7fb-a6b7b4d3d854 tempest-ServersWithSpecificFlavorTestJSON-469428657 tempest-ServersWithSpecificFlavorTestJSON-469428657-project] Lock "8f826b74-a0cc-44d9-9079-287a60367ea7" "released" by "nova.context.set_target_cell..get_or_set_cached_cell_and_set_connections" :: held 0.001s {{(pid=118381) inner /usr/local/lib/python3.8/dist-packages/oslo_concurrency/lockutils.py:400}}
Jan 18 04:04:42.427923 n-d-824931-1 devstack@n-api.service[118381]: DEBUG oslo_concurrency.lockutils [None req-8afb478e-2754-4eb8-b7fb-a6b7b4d3d854 tempest-ServersWithSpecificFlavorTestJSON-469428657 tempest-ServersWithSpecificFlavorTestJSON-469428657-project] Lock "8f826b74-a0cc-44d9-9079-287a60367ea7" acquired by "nova.context.set_target_cell..get_or_set_cached_cell_and_set_connections" :: waited 0.000s {{(pid=118381) inner /usr/local/lib/python3.8/dist-packages/oslo_concurrency/lockutils.py:386}}
Jan 18 04:04:42.428871 n-d-824931-1 devstack@n-api.service[118381]: DEBUG oslo_concurrency.lockutils [None req-8afb478e-2754-4eb8-b7fb-a6b7b4d3d854 tempest-ServersWithSpecificFlavorTestJSON-469428657 tempest-ServersWithSpecificFlavorTestJSON-469428657-project] Lock "8f826b74-a0cc-44d9-9079-287a60367ea7" "released" by "nova.context.set_target_cell..get_or_set_cached_cell_and_set_connections" :: held 0.001s {{(pid=118381) inner /usr/local/lib/python3.8/dist-packages/oslo_concurrency/lockutils.py:400}}
Jan 18 04:04:42.429254 n-d-824931-1 devstack@n-api.service[118380]: DEBUG nova.policy [None req-97096801-f11c-4730-891f-5f51c3137059 tempest-LiveMigrationNegativeTest-392952966 tempest-LiveMigrationNegativeTest-392952966-project] Policy check for os_compute_api:os-extended-server-attributes failed with credentials {'is_admin': False, 'user_id': '3838d9d7d7b249af84ec141b6f13aeaa', 'user_domain_id': 'default', 'system_scope': None, 'domain_id': None, 'project_id': '29ed341c4f454fc8b99ecca1e0dab1aa', 'project_domain_id': 'default', 'roles': ['reader', 'member'], 'is_admin_project': True, 'service_user_id': None, 'service_user_domain_id': None, 'service_project_id': None, 'service_project_domain_id': None, 'service_roles': []} {{(pid=118380) authorize /opt/stack/nova/nova/policy.py:199}}
Jan 18 04:04:42.442125 n-d-824931-1 devstack@n-api.service[118380]: INFO nova.api.openstack.requestlog [None req-97096801-f11c-4730-891f-5f51c3137059 tempest-LiveMigrationNegativeTest-392952966 tempest-LiveMigrationNegativeTest-392952966-project] 10.222.0.48 "GET /compute/v2.1/servers/ab69e41d-bd7b-4c78-a768-c3f20367f461" status: 200 len: 1459 microversion: 2.1 time: 0.193882
Jan 18 04:04:42.442750 n-d-824931-1 devstack@n-api.service[118380]: [pid: 118380|app: 0|req: 207/406] 10.222.0.48 () {58 vars in 1235 bytes} [Tue Jan 18 04:04:42 2022] GET /compute/v2.1/servers/ab69e41d-bd7b-4c78-a768-c3f20367f461 => generated 1459 bytes in 195 msecs (HTTP/1.1 200) 9 headers in 358 bytes (2 switches on core 0)
Jan 18 04:04:42.462140 n-d-824931-1 devstack@n-api.service[118380]: DEBUG nova.api.openstack.wsgi [None req-1a0e61cc-b630-44cf-8cb5-f1b682898ff2 tempest-LiveMigrationNegativeTest-238988405 tempest-LiveMigrationNegativeTest-238988405-project-admin] Calling method '>' {{(pid=118380) _process_stack /opt/stack/nova/nova/api/openstack/wsgi.py:513}}
Jan 18 04:04:42.462786 n-d-824931-1 devstack@n-api.service[118380]: DEBUG nova.compute.api [None req-1a0e61cc-b630-44cf-8cb5-f1b682898ff2 tempest-LiveMigrationNegativeTest-238988405 tempest-LiveMigrationNegativeTest-238988405-project-admin] [instance: ab69e41d-bd7b-4c78-a768-c3f20367f461] Fetching instance by UUID {{(pid=118380) get /opt/stack/nova/nova/compute/api.py:2865}}
Jan 18 04:04:42.477393 n-d-824931-1 devstack@n-api.service[118380]: DEBUG oslo_concurrency.lockutils [None req-1a0e61cc-b630-44cf-8cb5-f1b682898ff2 tempest-LiveMigrationNegativeTest-238988405 tempest-LiveMigrationNegativeTest-238988405-project-admin] Lock "8f826b74-a0cc-44d9-9079-287a60367ea7" acquired by "nova.context.set_target_cell..get_or_set_cached_cell_and_set_connections" :: waited 0.000s {{(pid=118380) inner /usr/local/lib/python3.8/dist-packages/oslo_concurrency/lockutils.py:386}}
Jan 18 04:04:42.477393 n-d-824931-1 devstack@n-api.service[118380]: DEBUG oslo_concurrency.lockutils [None req-1a0e61cc-b630-44cf-8cb5-f1b682898ff2 tempest-LiveMigrationNegativeTest-238988405 tempest-LiveMigrationNegativeTest-238988405-project-admin] Lock "8f826b74-a0cc-44d9-9079-287a60367ea7" "released" by "nova.context.set_target_cell..get_or_set_cached_cell_and_set_connections" :: held 0.001s {{(pid=118380) inner /usr/local/lib/python3.8/dist-packages/oslo_concurrency/lockutils.py:400}}
Jan 18 04:04:42.477393 n-d-824931-1 devstack@n-api.service[118380]: DEBUG oslo_concurrency.lockutils [None req-1a0e61cc-b630-44cf-8cb5-f1b682898ff2 tempest-LiveMigrationNegativeTest-238988405 tempest-LiveMigrationNegativeTest-238988405-project-admin] Lock "8f826b74-a0cc-44d9-9079-287a60367ea7" acquired by "nova.context.set_target_cell..get_or_set_cached_cell_and_set_connections" :: waited 0.000s {{(pid=118380) inner /usr/local/lib/python3.8/dist-packages/oslo_concurrency/lockutils.py:386}}
Jan 18 04:04:42.477393 n-d-824931-1 devstack@n-api.service[118380]: DEBUG oslo_concurrency.lockutils [None req-1a0e61cc-b630-44cf-8cb5-f1b682898ff2 tempest-LiveMigrationNegativeTest-238988405 tempest-LiveMigrationNegativeTest-238988405-project-admin] Lock "8f826b74-a0cc-44d9-9079-287a60367ea7" "released" by "nova.context.set_target_cell..get_or_set_cached_cell_and_set_connections" :: held 0.000s {{(pid=118380) inner /usr/local/lib/python3.8/dist-packages/oslo_concurrency/lockutils.py:400}}
Jan 18 04:04:42.516272 n-d-824931-1 devstack@n-api.service[118381]: INFO nova.api.openstack.requestlog [None req-8afb478e-2754-4eb8-b7fb-a6b7b4d3d854 tempest-ServersWithSpecificFlavorTestJSON-469428657 tempest-ServersWithSpecificFlavorTestJSON-469428657-project] 10.222.0.48 "POST /compute/v2.1/servers/4d3c7935-1a93-43bd-bbb7-4ac016d5ceaa/action" status: 200 len: 16401 microversion: 2.1 time: 0.104430
Jan 18 04:04:42.517568 n-d-824931-1 devstack@n-api.service[118381]: [pid: 118381|app: 0|req: 200/407] 10.222.0.48 () {60 vars in 1277 bytes} [Tue Jan 18 04:04:42 2022] POST /compute/v2.1/servers/4d3c7935-1a93-43bd-bbb7-4ac016d5ceaa/action => generated 16401 bytes in 114 msecs (HTTP/1.1 200) 9 headers in 359 bytes (1 switches on core 0)
Jan 18 04:04:42.918295 n-d-824931-1 devstack@n-api.service[118381]: DEBUG nova.api.openstack.wsgi [None req-2c1cc731-5baa-4435-979c-de4aba07b73b tempest-DeleteServersAdminTestJSON-2104761758 tempest-DeleteServersAdminTestJSON-2104761758-project] Calling method '>' {{(pid=118381) _process_stack /opt/stack/nova/nova/api/openstack/wsgi.py:513}}
Jan 18 04:04:42.921563 n-d-824931-1 devstack@n-api.service[118381]: DEBUG nova.compute.api [None req-2c1cc731-5baa-4435-979c-de4aba07b73b tempest-DeleteServersAdminTestJSON-2104761758 tempest-DeleteServersAdminTestJSON-2104761758-project] [instance: c328cd12-a964-43f4-ac5e-5c6858524849] Fetching instance by UUID {{(pid=118381) get /opt/stack/nova/nova/compute/api.py:2865}}
Jan 18 04:04:42.945144 n-d-824931-1 devstack@n-api.service[118381]: DEBUG oslo_concurrency.lockutils [None req-2c1cc731-5baa-4435-979c-de4aba07b73b tempest-DeleteServersAdminTestJSON-2104761758 tempest-DeleteServersAdminTestJSON-2104761758-project] Lock "8f826b74-a0cc-44d9-9079-287a60367ea7" acquired by "nova.context.set_target_cell..get_or_set_cached_cell_and_set_connections" :: waited 0.000s {{(pid=118381) inner /usr/local/lib/python3.8/dist-packages/oslo_concurrency/lockutils.py:386}}
Jan 18 04:04:42.945614 n-d-824931-1 devstack@n-api.service[118381]: DEBUG oslo_concurrency.lockutils [None req-2c1cc731-5baa-4435-979c-de4aba07b73b tempest-DeleteServersAdminTestJSON-2104761758 tempest-DeleteServersAdminTestJSON-2104761758-project] Lock "8f826b74-a0cc-44d9-9079-287a60367ea7" "released" by "nova.context.set_target_cell..get_or_set_cached_cell_and_set_connections" :: held 0.001s {{(pid=118381) inner /usr/local/lib/python3.8/dist-packages/oslo_concurrency/lockutils.py:400}}
Jan 18 04:04:42.948954 n-d-824931-1 devstack@n-api.service[118381]: DEBUG oslo_concurrency.lockutils [None req-2c1cc731-5baa-4435-979c-de4aba07b73b tempest-DeleteServersAdminTestJSON-2104761758 tempest-DeleteServersAdminTestJSON-2104761758-project] Lock "8f826b74-a0cc-44d9-9079-287a60367ea7" acquired by "nova.context.set_target_cell..get_or_set_cached_cell_and_set_connections" :: waited 0.000s {{(pid=118381) inner /usr/local/lib/python3.8/dist-packages/oslo_concurrency/lockutils.py:386}}
Jan 18 04:04:42.949535 n-d-824931-1 devstack@n-api.service[118381]: DEBUG oslo_concurrency.lockutils [None req-2c1cc731-5baa-4435-979c-de4aba07b73b tempest-DeleteServersAdminTestJSON-2104761758 tempest-DeleteServersAdminTestJSON-2104761758-project] Lock "8f826b74-a0cc-44d9-9079-287a60367ea7" "released" by "nova.context.set_target_cell..get_or_set_cached_cell_and_set_connections" :: held 0.003s {{(pid=118381) inner /usr/local/lib/python3.8/dist-packages/oslo_concurrency/lockutils.py:400}}
Jan 18 04:04:43.081319 n-d-824931-1 devstack@n-api.service[118380]: INFO nova.api.openstack.requestlog [None req-1a0e61cc-b630-44cf-8cb5-f1b682898ff2 tempest-LiveMigrationNegativeTest-238988405 tempest-LiveMigrationNegativeTest-238988405-project-admin] 10.222.0.48 "GET /compute/v2.1/servers/ab69e41d-bd7b-4c78-a768-c3f20367f461" status: 200 len: 1610 microversion: 2.1 time: 0.624193
Jan 18 04:04:43.082849 n-d-824931-1 devstack@n-api.service[118380]: [pid: 118380|app: 0|req: 208/408] 10.222.0.48 () {58 vars in 1235 bytes} [Tue Jan 18 04:04:42 2022] GET /compute/v2.1/servers/ab69e41d-bd7b-4c78-a768-c3f20367f461 => generated 1610 bytes in 626 msecs (HTTP/1.1 200) 9 headers in 358 bytes (2 switches on core 0)
Jan 18 04:04:43.099145 n-d-824931-1 devstack@n-api.service[118380]: DEBUG nova.api.openstack.wsgi [None req-bba444df-64a0-46e1-a254-4ed5597a1a8c tempest-LiveMigrationNegativeTest-238988405 tempest-LiveMigrationNegativeTest-238988405-project-admin] Calling method '>' {{(pid=118380) _process_stack /opt/stack/nova/nova/api/openstack/wsgi.py:513}}
Jan 18 04:04:43.100895 n-d-824931-1 devstack@n-api.service[118380]: /usr/local/lib/python3.8/dist-packages/oslo_policy/policy.py:1119: UserWarning: Policy "os_compute_api:os-services:list": "rule:system_reader_api" failed scope check. The token used to make the request was project scoped but the policy requires ['system'] scope. This behavior may change in the future where using the intended scope is required
Jan 18 04:04:43.100895 n-d-824931-1 devstack@n-api.service[118380]: warnings.warn(msg)
Jan 18 04:04:43.102828 n-d-824931-1 devstack@n-api.service[118380]: DEBUG oslo_concurrency.lockutils [None req-bba444df-64a0-46e1-a254-4ed5597a1a8c tempest-LiveMigrationNegativeTest-238988405 tempest-LiveMigrationNegativeTest-238988405-project-admin] Lock "00000000-0000-0000-0000-000000000000" acquired by "nova.context.set_target_cell..get_or_set_cached_cell_and_set_connections" :: waited 0.000s {{(pid=118380) inner /usr/local/lib/python3.8/dist-packages/oslo_concurrency/lockutils.py:386}}
Jan 18 04:04:43.103402 n-d-824931-1 devstack@n-api.service[118380]: DEBUG oslo_concurrency.lockutils [None req-bba444df-64a0-46e1-a254-4ed5597a1a8c tempest-LiveMigrationNegativeTest-238988405 tempest-LiveMigrationNegativeTest-238988405-project-admin] Lock "00000000-0000-0000-0000-000000000000" "released" by "nova.context.set_target_cell..get_or_set_cached_cell_and_set_connections" :: held 0.001s {{(pid=118380) inner /usr/local/lib/python3.8/dist-packages/oslo_concurrency/lockutils.py:400}}
Jan 18 04:04:43.105320 n-d-824931-1 devstack@n-api.service[118380]: DEBUG oslo_concurrency.lockutils [None req-bba444df-64a0-46e1-a254-4ed5597a1a8c tempest-LiveMigrationNegativeTest-238988405 tempest-LiveMigrationNegativeTest-238988405-project-admin] Lock "8f826b74-a0cc-44d9-9079-287a60367ea7" acquired by "nova.context.set_target_cell..get_or_set_cached_cell_and_set_connections" :: waited 0.000s {{(pid=118380) inner /usr/local/lib/python3.8/dist-packages/oslo_concurrency/lockutils.py:386}}
Jan 18 04:04:43.106062 n-d-824931-1 devstack@n-api.service[118380]: DEBUG oslo_concurrency.lockutils [None req-bba444df-64a0-46e1-a254-4ed5597a1a8c tempest-LiveMigrationNegativeTest-238988405 tempest-LiveMigrationNegativeTest-238988405-project-admin] Lock "8f826b74-a0cc-44d9-9079-287a60367ea7" "released" by "nova.context.set_target_cell..get_or_set_cached_cell_and_set_connections" :: held 0.001s {{(pid=118380) inner /usr/local/lib/python3.8/dist-packages/oslo_concurrency/lockutils.py:400}}
Jan 18 04:04:43.132843 n-d-824931-1 devstack@n-api.service[118380]: INFO nova.api.openstack.requestlog [None req-bba444df-64a0-46e1-a254-4ed5597a1a8c tempest-LiveMigrationNegativeTest-238988405 tempest-LiveMigrationNegativeTest-238988405-project-admin] 10.222.0.48 "GET /compute/v2.1/os-services?binary=nova-compute" status: 200 len: 380 microversion: 2.1 time: 0.037162
Jan 18 04:04:43.142696 n-d-824931-1 devstack@n-api.service[118380]: [pid: 118380|app: 0|req: 209/409] 10.222.0.48 () {58 vars in 1175 bytes} [Tue Jan 18 04:04:43 2022] GET /compute/v2.1/os-services?binary=nova-compute => generated 380 bytes in 48 msecs (HTTP/1.1 200) 9 headers in 357 bytes (1 switches on core 0)
Jan 18 04:04:43.152913 n-d-824931-1 devstack@n-api.service[118380]: DEBUG nova.api.openstack.wsgi [None req-c147e9e6-7ca6-43ee-87b5-7a5a3fbe1703 tempest-LiveMigrationNegativeTest-238988405 tempest-LiveMigrationNegativeTest-238988405-project-admin] Action: 'action', calling method: >, body: {"os-migrateLive": {"host": "n-h1-824931-1", "block_migration": true, "disk_over_commit": false}} {{(pid=118380) _process_stack /opt/stack/nova/nova/api/openstack/wsgi.py:511}}
Jan 18 04:04:43.154270 n-d-824931-1 devstack@n-api.service[118380]: DEBUG nova.compute.api [None req-c147e9e6-7ca6-43ee-87b5-7a5a3fbe1703 tempest-LiveMigrationNegativeTest-238988405 tempest-LiveMigrationNegativeTest-238988405-project-admin] [instance: ab69e41d-bd7b-4c78-a768-c3f20367f461] Fetching instance by UUID {{(pid=118380) get /opt/stack/nova/nova/compute/api.py:2865}}
Jan 18 04:04:43.162328 n-d-824931-1 devstack@n-api.service[118380]: DEBUG oslo_concurrency.lockutils [None req-c147e9e6-7ca6-43ee-87b5-7a5a3fbe1703 tempest-LiveMigrationNegativeTest-238988405 tempest-LiveMigrationNegativeTest-238988405-project-admin] Lock "8f826b74-a0cc-44d9-9079-287a60367ea7" acquired by "nova.context.set_target_cell..get_or_set_cached_cell_and_set_connections" :: waited 0.000s {{(pid=118380) inner /usr/local/lib/python3.8/dist-packages/oslo_concurrency/lockutils.py:386}}
Jan 18 04:04:43.163002 n-d-824931-1 devstack@n-api.service[118380]: DEBUG oslo_concurrency.lockutils [None req-c147e9e6-7ca6-43ee-87b5-7a5a3fbe1703 tempest-LiveMigrationNegativeTest-238988405 tempest-LiveMigrationNegativeTest-238988405-project-admin] Lock "8f826b74-a0cc-44d9-9079-287a60367ea7" "released" by "nova.context.set_target_cell..get_or_set_cached_cell_and_set_connections" :: held 0.001s {{(pid=118380) inner /usr/local/lib/python3.8/dist-packages/oslo_concurrency/lockutils.py:400}}
Jan 18 04:04:43.164304 n-d-824931-1 devstack@n-api.service[118380]: DEBUG oslo_concurrency.lockutils [None req-c147e9e6-7ca6-43ee-87b5-7a5a3fbe1703 tempest-LiveMigrationNegativeTest-238988405 tempest-LiveMigrationNegativeTest-238988405-project-admin] Lock "8f826b74-a0cc-44d9-9079-287a60367ea7" acquired by "nova.context.set_target_cell..get_or_set_cached_cell_and_set_connections" :: waited 0.000s {{(pid=118380) inner /usr/local/lib/python3.8/dist-packages/oslo_concurrency/lockutils.py:386}}
Jan 18 04:04:43.165033 n-d-824931-1 devstack@n-api.service[118380]: DEBUG oslo_concurrency.lockutils [None req-c147e9e6-7ca6-43ee-87b5-7a5a3fbe1703 tempest-LiveMigrationNegativeTest-238988405 tempest-LiveMigrationNegativeTest-238988405-project-admin] Lock "8f826b74-a0cc-44d9-9079-287a60367ea7" "released" by "nova.context.set_target_cell..get_or_set_cached_cell_and_set_connections" :: held 0.001s {{(pid=118380) inner /usr/local/lib/python3.8/dist-packages/oslo_concurrency/lockutils.py:400}}
Jan 18 04:04:43.316144 n-d-824931-1 devstack@n-api.service[118380]: DEBUG nova.objects.instance [None req-c147e9e6-7ca6-43ee-87b5-7a5a3fbe1703 tempest-LiveMigrationNegativeTest-238988405 tempest-LiveMigrationNegativeTest-238988405-project-admin] Lazy-loading 'flavor' on Instance uuid ab69e41d-bd7b-4c78-a768-c3f20367f461 {{(pid=118380) obj_load_attr /opt/stack/nova/nova/objects/instance.py:1099}}
Jan 18 04:04:43.341397 n-d-824931-1 devstack@n-api.service[118381]: DEBUG nova.policy [None req-2c1cc731-5baa-4435-979c-de4aba07b73b tempest-DeleteServersAdminTestJSON-2104761758 tempest-DeleteServersAdminTestJSON-2104761758-project] Policy check for os_compute_api:os-extended-server-attributes failed with credentials {'is_admin': False, 'user_id': 'df12ed35af31451dbe297d6cd2e6b088', 'user_domain_id': 'default', 'system_scope': None, 'domain_id': None, 'project_id': 'bfd2a4afcd1448aaa3f0e5f4413fdbeb', 'project_domain_id': 'default', 'roles': ['reader', 'member'], 'is_admin_project': True, 'service_user_id': None, 'service_user_domain_id': None, 'service_project_id': None, 'service_project_domain_id': None, 'service_roles': []} {{(pid=118381) authorize /opt/stack/nova/nova/policy.py:199}}
