Jan 31 18:21:06.233404 n-d-824835-6 devstack@placement-api.service[104605]: INFO placement.requestlog [req-366ad8c3-8bf5-49d8-bb30-e0bf983dd70d req-0dab112e-13e2-40e6-bb30-d8c9b9ac667f service placement] 10.222.0.115 "PUT /placement/allocations/de8a8203-9adc-47d5-9543-cf6273d1111a" status: 204 len: 0 microversion: 1.36
Jan 31 18:21:06.235442 n-d-824835-6 devstack@placement-api.service[104605]: [pid: 104605|app: 0|req: 163/328] 10.222.0.115 () {64 vars in 1438 bytes} [Mon Jan 31 18:21:05 2022] PUT /placement/allocations/de8a8203-9adc-47d5-9543-cf6273d1111a => generated 0 bytes in 349 msecs (HTTP/1.1 204) 5 headers in 199 bytes (3 switches on core 0)
Jan 31 18:21:06.802852 n-d-824835-6 devstack@placement-api.service[104606]: DEBUG placement.requestlog [req-366ad8c3-8bf5-49d8-bb30-e0bf983dd70d req-4f6fcb1b-9686-4a47-b87b-5944c2faf2a1 None None] Starting request: 10.222.0.118 "GET /placement/allocations/de8a8203-9adc-47d5-9543-cf6273d1111a" {{(pid=104606) __call__ /opt/stack/placement/placement/requestlog.py:55}}
Jan 31 18:21:06.851156 n-d-824835-6 devstack@placement-api.service[104606]: INFO placement.requestlog [req-366ad8c3-8bf5-49d8-bb30-e0bf983dd70d req-4f6fcb1b-9686-4a47-b87b-5944c2faf2a1 service placement] 10.222.0.118 "GET /placement/allocations/de8a8203-9adc-47d5-9543-cf6273d1111a" status: 200 len: 258 microversion: 1.28
Jan 31 18:21:06.852884 n-d-824835-6 devstack@placement-api.service[104606]: [pid: 104606|app: 0|req: 166/329] 10.222.0.118 () {60 vars in 1382 bytes} [Mon Jan 31 18:21:06 2022] GET /placement/allocations/de8a8203-9adc-47d5-9543-cf6273d1111a => generated 258 bytes in 50 msecs (HTTP/1.1 200) 8 headers in 296 bytes (1 switches on core 0)
Jan 31 18:21:15.537819 n-d-824835-6 devstack@placement-api.service[104605]: DEBUG placement.requestlog [req-3afdbde0-d990-47f6-a37d-c1dfff30754c req-c72e4e9f-2eee-4104-b861-9d14d6ddb16f None None] Starting request: 10.222.0.23 "DELETE /placement/allocations/1a9c5f4b-6a1b-47e4-81a1-6b16b812fec0" {{(pid=104605) __call__ /opt/stack/placement/placement/requestlog.py:55}}
Jan 31 18:21:16.135558 n-d-824835-6 devstack@placement-api.service[104605]: DEBUG placement.handlers.allocation [req-3afdbde0-d990-47f6-a37d-c1dfff30754c req-c72e4e9f-2eee-4104-b861-9d14d6ddb16f service placement] Successfully deleted allocations [, , ] {{(pid=104605) delete_allocations /opt/stack/placement/placement/handlers/allocation.py:627}}
Jan 31 18:21:16.136430 n-d-824835-6 devstack@placement-api.service[104605]: INFO placement.requestlog [req-3afdbde0-d990-47f6-a37d-c1dfff30754c req-c72e4e9f-2eee-4104-b861-9d14d6ddb16f service placement] 10.222.0.23 "DELETE /placement/allocations/1a9c5f4b-6a1b-47e4-81a1-6b16b812fec0" status: 204 len: 0 microversion: 1.0
Jan 31 18:21:16.137289 n-d-824835-6 devstack@placement-api.service[104605]: [pid: 104605|app: 0|req: 164/330] 10.222.0.23 () {60 vars in 1359 bytes} [Mon Jan 31 18:21:15 2022] DELETE /placement/allocations/1a9c5f4b-6a1b-47e4-81a1-6b16b812fec0 => generated 0 bytes in 601 msecs (HTTP/1.1 204) 5 headers in 198 bytes (1 switches on core 0)
Jan 31 18:21:22.454721 n-d-824835-6 devstack@placement-api.service[104606]: DEBUG placement.requestlog [req-37524be2-fa41-41c4-8b33-a4998802c83c req-5e1a87ee-2e80-4f6f-a548-ebdb7c303c7e None None] Starting request: 10.222.0.118 "DELETE /placement/allocations/f80c3e5f-900f-48df-a3da-c2084d42f0f5" {{(pid=104606) __call__ /opt/stack/placement/placement/requestlog.py:55}}
Jan 31 18:21:22.742915 n-d-824835-6 devstack@placement-api.service[104606]: DEBUG placement.handlers.allocation [req-37524be2-fa41-41c4-8b33-a4998802c83c req-5e1a87ee-2e80-4f6f-a548-ebdb7c303c7e service placement] Successfully deleted allocations [, , ] {{(pid=104606) delete_allocations /opt/stack/placement/placement/handlers/allocation.py:627}}
Jan 31 18:21:22.743641 n-d-824835-6 devstack@placement-api.service[104606]: INFO placement.requestlog [req-37524be2-fa41-41c4-8b33-a4998802c83c req-5e1a87ee-2e80-4f6f-a548-ebdb7c303c7e service placement] 10.222.0.118 "DELETE /placement/allocations/f80c3e5f-900f-48df-a3da-c2084d42f0f5" status: 204 len: 0 microversion: 1.0
Jan 31 18:21:22.744155 n-d-824835-6 devstack@placement-api.service[104606]: [pid: 104606|app: 0|req: 167/331] 10.222.0.118 () {60 vars in 1360 bytes} [Mon Jan 31 18:21:22 2022] DELETE /placement/allocations/f80c3e5f-900f-48df-a3da-c2084d42f0f5 => generated 0 bytes in 300 msecs (HTTP/1.1 204) 5 headers in 198 bytes (1 switches on core 0)
Jan 31 18:21:24.775353 n-d-824835-6 devstack@placement-api.service[104605]: DEBUG placement.requestlog [req-7161ca93-2e63-4110-abdc-a16f0d7efc07 req-06ced62f-841b-4aa4-bf26-42740dad7e02 None None] Starting request: 10.222.0.115 "GET /placement/allocation_candidates?limit=1000&resources=DISK_GB%3A1%2CMEMORY_MB%3A1024%2CVCPU%3A1&root_required=%21COMPUTE_STATUS_DISABLED" {{(pid=104605) __call__ /opt/stack/placement/placement/requestlog.py:55}}
Jan 31 18:21:24.831918 n-d-824835-6 devstack@placement-api.service[104605]: DEBUG placement.objects.research_context [req-7161ca93-2e63-4110-abdc-a16f0d7efc07 req-06ced62f-841b-4aa4-bf26-42740dad7e02 service placement] getting providers with 1 DISK_GB {{(pid=104605) __init__ /opt/stack/placement/placement/objects/research_context.py:126}}
Jan 31 18:21:24.838019 n-d-824835-6 devstack@placement-api.service[104605]: DEBUG placement.objects.research_context [req-7161ca93-2e63-4110-abdc-a16f0d7efc07 req-06ced62f-841b-4aa4-bf26-42740dad7e02 service placement] getting providers with 1024 MEMORY_MB {{(pid=104605) __init__ /opt/stack/placement/placement/objects/research_context.py:126}}
Jan 31 18:21:24.845580 n-d-824835-6 devstack@placement-api.service[104605]: DEBUG placement.objects.research_context [req-7161ca93-2e63-4110-abdc-a16f0d7efc07 req-06ced62f-841b-4aa4-bf26-42740dad7e02 service placement] getting providers with 1 VCPU {{(pid=104605) __init__ /opt/stack/placement/placement/objects/research_context.py:126}}
Jan 31 18:21:24.852929 n-d-824835-6 devstack@placement-api.service[104605]: DEBUG placement.objects.research_context [req-7161ca93-2e63-4110-abdc-a16f0d7efc07 req-06ced62f-841b-4aa4-bf26-42740dad7e02 service placement] found 2 providers with available 1 DISK_GB {{(pid=104605) get_provider_ids_matching /opt/stack/placement/placement/objects/research_context.py:549}}
Jan 31 18:21:24.853452 n-d-824835-6 devstack@placement-api.service[104605]: DEBUG placement.objects.research_context [req-7161ca93-2e63-4110-abdc-a16f0d7efc07 req-06ced62f-841b-4aa4-bf26-42740dad7e02 service placement] found 2 providers with available 1024 MEMORY_MB {{(pid=104605) get_provider_ids_matching /opt/stack/placement/placement/objects/research_context.py:549}}
Jan 31 18:21:24.853901 n-d-824835-6 devstack@placement-api.service[104605]: DEBUG placement.objects.research_context [req-7161ca93-2e63-4110-abdc-a16f0d7efc07 req-06ced62f-841b-4aa4-bf26-42740dad7e02 service placement] found 2 providers after filtering by previous result {{(pid=104605) get_provider_ids_matching /opt/stack/placement/placement/objects/research_context.py:580}}
Jan 31 18:21:24.854322 n-d-824835-6 devstack@placement-api.service[104605]: DEBUG placement.objects.research_context [req-7161ca93-2e63-4110-abdc-a16f0d7efc07 req-06ced62f-841b-4aa4-bf26-42740dad7e02 service placement] found 2 providers with available 1 VCPU {{(pid=104605) get_provider_ids_matching /opt/stack/placement/placement/objects/research_context.py:549}}
Jan 31 18:21:24.854745 n-d-824835-6 devstack@placement-api.service[104605]: DEBUG placement.objects.research_context [req-7161ca93-2e63-4110-abdc-a16f0d7efc07 req-06ced62f-841b-4aa4-bf26-42740dad7e02 service placement] found 2 providers after filtering by previous result {{(pid=104605) get_provider_ids_matching /opt/stack/placement/placement/objects/research_context.py:580}}
Jan 31 18:21:24.868562 n-d-824835-6 devstack@placement-api.service[104605]: DEBUG placement.objects.allocation_candidate [req-7161ca93-2e63-4110-abdc-a16f0d7efc07 req-06ced62f-841b-4aa4-bf26-42740dad7e02 service placement] RequestGroup(use_same_provider=False, resources={DISK_GB:1, MEMORY_MB:1024, VCPU:1}, traits=[], aggregates=[]) (suffix '') returned 2 matches {{(pid=104605) _get_by_requests /opt/stack/placement/placement/objects/allocation_candidate.py:145}}
Jan 31 18:21:24.872057 n-d-824835-6 devstack@placement-api.service[104605]: DEBUG placement.objects.allocation_candidate [req-7161ca93-2e63-4110-abdc-a16f0d7efc07 req-06ced62f-841b-4aa4-bf26-42740dad7e02 service placement] Merging candidates yields 2 allocation requests and 2 provider summaries {{(pid=104605) _merge_candidates /opt/stack/placement/placement/objects/allocation_candidate.py:783}}
Jan 31 18:21:24.872057 n-d-824835-6 devstack@placement-api.service[104605]: INFO placement.requestlog [req-7161ca93-2e63-4110-abdc-a16f0d7efc07 req-06ced62f-841b-4aa4-bf26-42740dad7e02 service placement] 10.222.0.115 "GET /placement/allocation_candidates?limit=1000&resources=DISK_GB%3A1%2CMEMORY_MB%3A1024%2CVCPU%3A1&root_required=%21COMPUTE_STATUS_DISABLED" status: 200 len: 1309 microversion: 1.36
Jan 31 18:21:24.872057 n-d-824835-6 devstack@placement-api.service[104605]: [pid: 104605|app: 0|req: 165/332] 10.222.0.115 () {60 vars in 1511 bytes} [Mon Jan 31 18:21:24 2022] GET /placement/allocation_candidates?limit=1000&resources=DISK_GB%3A1%2CMEMORY_MB%3A1024%2CVCPU%3A1&root_required=%21COMPUTE_STATUS_DISABLED => generated 1309 bytes in 96 msecs (HTTP/1.1 200) 8 headers in 297 bytes (1 switches on core 0)
Jan 31 18:21:24.958548 n-d-824835-6 devstack@placement-api.service[104606]: DEBUG placement.requestlog [req-7161ca93-2e63-4110-abdc-a16f0d7efc07 req-77c4e2db-a4a7-4d26-aacc-f4568c123e8b None None] Starting request: 10.222.0.115 "GET /placement/allocations/cfd00a17-8239-4794-88a1-ad88b01092ac" {{(pid=104606) __call__ /opt/stack/placement/placement/requestlog.py:55}}
Jan 31 18:21:24.972335 n-d-824835-6 devstack@placement-api.service[104606]: INFO placement.requestlog [req-7161ca93-2e63-4110-abdc-a16f0d7efc07 req-77c4e2db-a4a7-4d26-aacc-f4568c123e8b service placement] 10.222.0.115 "GET /placement/allocations/cfd00a17-8239-4794-88a1-ad88b01092ac" status: 200 len: 19 microversion: 1.28
Jan 31 18:21:24.978548 n-d-824835-6 devstack@placement-api.service[104606]: [pid: 104606|app: 0|req: 168/333] 10.222.0.115 () {60 vars in 1385 bytes} [Mon Jan 31 18:21:24 2022] GET /placement/allocations/cfd00a17-8239-4794-88a1-ad88b01092ac => generated 19 bytes in 21 msecs (HTTP/1.1 200) 8 headers in 295 bytes (1 switches on core 0)
Jan 31 18:21:24.980878 n-d-824835-6 devstack@placement-api.service[104605]: DEBUG placement.requestlog [req-7161ca93-2e63-4110-abdc-a16f0d7efc07 req-84a08d92-b670-493a-bbb4-43a9395ed456 None None] Starting request: 10.222.0.115 "PUT /placement/allocations/cfd00a17-8239-4794-88a1-ad88b01092ac" {{(pid=104605) __call__ /opt/stack/placement/placement/requestlog.py:55}}
Jan 31 18:21:25.336353 n-d-824835-6 devstack@placement-api.service[104605]: DEBUG placement.handlers.allocation [req-7161ca93-2e63-4110-abdc-a16f0d7efc07 req-84a08d92-b670-493a-bbb4-43a9395ed456 service placement] Successfully wrote allocations [, , ] {{(pid=104605) _update_consumers_and_create_allocations /opt/stack/placement/placement/handlers/allocation.py:462}}
Jan 31 18:21:25.466671 n-d-824835-6 devstack@placement-api.service[104605]: INFO placement.requestlog [req-7161ca93-2e63-4110-abdc-a16f0d7efc07 req-84a08d92-b670-493a-bbb4-43a9395ed456 service placement] 10.222.0.115 "PUT /placement/allocations/cfd00a17-8239-4794-88a1-ad88b01092ac" status: 204 len: 0 microversion: 1.36
Jan 31 18:21:25.467834 n-d-824835-6 devstack@placement-api.service[104605]: [pid: 104605|app: 0|req: 166/334] 10.222.0.115 () {64 vars in 1438 bytes} [Mon Jan 31 18:21:24 2022] PUT /placement/allocations/cfd00a17-8239-4794-88a1-ad88b01092ac => generated 0 bytes in 487 msecs (HTTP/1.1 204) 5 headers in 199 bytes (1 switches on core 0)
Jan 31 18:21:26.995039 n-d-824835-6 devstack@placement-api.service[104606]: DEBUG placement.requestlog [req-7161ca93-2e63-4110-abdc-a16f0d7efc07 req-f79829c7-1ee3-431c-939c-d6686dffe468 None None] Starting request: 10.222.0.118 "GET /placement/allocations/cfd00a17-8239-4794-88a1-ad88b01092ac" {{(pid=104606) __call__ /opt/stack/placement/placement/requestlog.py:55}}
Jan 31 18:21:27.020143 n-d-824835-6 devstack@placement-api.service[104606]: INFO placement.requestlog [req-7161ca93-2e63-4110-abdc-a16f0d7efc07 req-f79829c7-1ee3-431c-939c-d6686dffe468 service placement] 10.222.0.118 "GET /placement/allocations/cfd00a17-8239-4794-88a1-ad88b01092ac" status: 200 len: 259 microversion: 1.28
Jan 31 18:21:27.022728 n-d-824835-6 devstack@placement-api.service[104606]: [pid: 104606|app: 0|req: 169/335] 10.222.0.118 () {60 vars in 1382 bytes} [Mon Jan 31 18:21:26 2022] GET /placement/allocations/cfd00a17-8239-4794-88a1-ad88b01092ac => generated 259 bytes in 28 msecs (HTTP/1.1 200) 8 headers in 296 bytes (1 switches on core 0)
Jan 31 18:21:31.717162 n-d-824835-6 devstack@placement-api.service[104605]: DEBUG placement.requestlog [req-6016ea70-c694-44d1-a437-6bd830ae8ce5 req-e038fe67-2af2-465d-a2d7-2d7a63afdc73 None None] Starting request: 10.222.0.115 "GET /placement/allocation_candidates?limit=1000&resources=MEMORY_MB%3A1024%2CVCPU%3A1&root_required=%21COMPUTE_STATUS_DISABLED" {{(pid=104605) __call__ /opt/stack/placement/placement/requestlog.py:55}}
Jan 31 18:21:31.799553 n-d-824835-6 devstack@placement-api.service[104605]: DEBUG placement.objects.research_context [req-6016ea70-c694-44d1-a437-6bd830ae8ce5 req-e038fe67-2af2-465d-a2d7-2d7a63afdc73 service placement] getting providers with 1024 MEMORY_MB {{(pid=104605) __init__ /opt/stack/placement/placement/objects/research_context.py:126}}
Jan 31 18:21:31.820071 n-d-824835-6 devstack@placement-api.service[104605]: DEBUG placement.objects.research_context [req-6016ea70-c694-44d1-a437-6bd830ae8ce5 req-e038fe67-2af2-465d-a2d7-2d7a63afdc73 service placement] getting providers with 1 VCPU {{(pid=104605) __init__ /opt/stack/placement/placement/objects/research_context.py:126}}
Jan 31 18:21:31.828760 n-d-824835-6 devstack@placement-api.service[104605]: DEBUG placement.objects.research_context [req-6016ea70-c694-44d1-a437-6bd830ae8ce5 req-e038fe67-2af2-465d-a2d7-2d7a63afdc73 service placement] found 2 providers with available 1024 MEMORY_MB {{(pid=104605) get_provider_ids_matching /opt/stack/placement/placement/objects/research_context.py:549}}
Jan 31 18:21:31.829348 n-d-824835-6 devstack@placement-api.service[104605]: DEBUG placement.objects.research_context [req-6016ea70-c694-44d1-a437-6bd830ae8ce5 req-e038fe67-2af2-465d-a2d7-2d7a63afdc73 service placement] found 2 providers with available 1 VCPU {{(pid=104605) get_provider_ids_matching /opt/stack/placement/placement/objects/research_context.py:549}}
Jan 31 18:21:31.829801 n-d-824835-6 devstack@placement-api.service[104605]: DEBUG placement.objects.research_context [req-6016ea70-c694-44d1-a437-6bd830ae8ce5 req-e038fe67-2af2-465d-a2d7-2d7a63afdc73 service placement] found 2 providers after filtering by previous result {{(pid=104605) get_provider_ids_matching /opt/stack/placement/placement/objects/research_context.py:580}}
Jan 31 18:21:31.865656 n-d-824835-6 devstack@placement-api.service[104605]: DEBUG placement.objects.allocation_candidate [req-6016ea70-c694-44d1-a437-6bd830ae8ce5 req-e038fe67-2af2-465d-a2d7-2d7a63afdc73 service placement] RequestGroup(use_same_provider=False, resources={MEMORY_MB:1024, VCPU:1}, traits=[], aggregates=[]) (suffix '') returned 2 matches {{(pid=104605) _get_by_requests /opt/stack/placement/placement/objects/allocation_candidate.py:145}}
Jan 31 18:21:31.866303 n-d-824835-6 devstack@placement-api.service[104605]: DEBUG placement.objects.allocation_candidate [req-6016ea70-c694-44d1-a437-6bd830ae8ce5 req-e038fe67-2af2-465d-a2d7-2d7a63afdc73 service placement] Merging candidates yields 2 allocation requests and 2 provider summaries {{(pid=104605) _merge_candidates /opt/stack/placement/placement/objects/allocation_candidate.py:783}}
Jan 31 18:21:31.868797 n-d-824835-6 devstack@placement-api.service[104605]: INFO placement.requestlog [req-6016ea70-c694-44d1-a437-6bd830ae8ce5 req-e038fe67-2af2-465d-a2d7-2d7a63afdc73 service placement] 10.222.0.115 "GET /placement/allocation_candidates?limit=1000&resources=MEMORY_MB%3A1024%2CVCPU%3A1&root_required=%21COMPUTE_STATUS_DISABLED" status: 200 len: 1281 microversion: 1.36
Jan 31 18:21:31.869813 n-d-824835-6 devstack@placement-api.service[104605]: [pid: 104605|app: 0|req: 167/336] 10.222.0.115 () {60 vars in 1483 bytes} [Mon Jan 31 18:21:31 2022] GET /placement/allocation_candidates?limit=1000&resources=MEMORY_MB%3A1024%2CVCPU%3A1&root_required=%21COMPUTE_STATUS_DISABLED => generated 1281 bytes in 155 msecs (HTTP/1.1 200) 8 headers in 297 bytes (1 switches on core 0)
Jan 31 18:21:31.956805 n-d-824835-6 devstack@placement-api.service[104606]: DEBUG placement.requestlog [req-6016ea70-c694-44d1-a437-6bd830ae8ce5 req-5316b983-a995-4744-b2ab-19f3708b768a None None] Starting request: 10.222.0.115 "GET /placement/allocations/d21e46a9-36af-4e3e-815f-fa710072f29e" {{(pid=104606) __call__ /opt/stack/placement/placement/requestlog.py:55}}
Jan 31 18:21:31.986989 n-d-824835-6 devstack@placement-api.service[104606]: INFO placement.requestlog [req-6016ea70-c694-44d1-a437-6bd830ae8ce5 req-5316b983-a995-4744-b2ab-19f3708b768a service placement] 10.222.0.115 "GET /placement/allocations/d21e46a9-36af-4e3e-815f-fa710072f29e" status: 200 len: 19 microversion: 1.28
Jan 31 18:21:31.988512 n-d-824835-6 devstack@placement-api.service[104606]: [pid: 104606|app: 0|req: 170/337] 10.222.0.115 () {60 vars in 1385 bytes} [Mon Jan 31 18:21:31 2022] GET /placement/allocations/d21e46a9-36af-4e3e-815f-fa710072f29e => generated 19 bytes in 32 msecs (HTTP/1.1 200) 8 headers in 295 bytes (1 switches on core 0)
Jan 31 18:21:31.996485 n-d-824835-6 devstack@placement-api.service[104605]: DEBUG placement.requestlog [req-6016ea70-c694-44d1-a437-6bd830ae8ce5 req-487467a6-1522-4cad-8965-6eec7f464cf1 None None] Starting request: 10.222.0.115 "PUT /placement/allocations/d21e46a9-36af-4e3e-815f-fa710072f29e" {{(pid=104605) __call__ /opt/stack/placement/placement/requestlog.py:55}}
Jan 31 18:21:32.128008 n-d-824835-6 devstack@placement-api.service[104605]: DEBUG placement.handlers.allocation [req-6016ea70-c694-44d1-a437-6bd830ae8ce5 req-487467a6-1522-4cad-8965-6eec7f464cf1 service placement] Successfully wrote allocations [, ] {{(pid=104605) _update_consumers_and_create_allocations /opt/stack/placement/placement/handlers/allocation.py:462}}
Jan 31 18:21:32.209501 n-d-824835-6 devstack@placement-api.service[104605]: INFO placement.requestlog [req-6016ea70-c694-44d1-a437-6bd830ae8ce5 req-487467a6-1522-4cad-8965-6eec7f464cf1 service placement] 10.222.0.115 "PUT /placement/allocations/d21e46a9-36af-4e3e-815f-fa710072f29e" status: 204 len: 0 microversion: 1.36
Jan 31 18:21:32.210338 n-d-824835-6 devstack@placement-api.service[104605]: [pid: 104605|app: 0|req: 168/338] 10.222.0.115 () {64 vars in 1438 bytes} [Mon Jan 31 18:21:31 2022] PUT /placement/allocations/d21e46a9-36af-4e3e-815f-fa710072f29e => generated 0 bytes in 215 msecs (HTTP/1.1 204) 5 headers in 199 bytes (2 switches on core 0)
Jan 31 18:21:33.315823 n-d-824835-6 devstack@placement-api.service[104606]: DEBUG placement.requestlog [req-314c11a8-9ac8-4a6b-8d9a-72ed420f45a4 req-c3167512-2664-4d69-bd74-c1fcbf1aec57 None None] Starting request: 10.222.0.115 "GET /placement/allocation_candidates?limit=1000&resources=DISK_GB%3A1%2CMEMORY_MB%3A1024%2CVCPU%3A1&root_required=%21COMPUTE_STATUS_DISABLED" {{(pid=104606) __call__ /opt/stack/placement/placement/requestlog.py:55}}
Jan 31 18:21:33.402286 n-d-824835-6 devstack@placement-api.service[104606]: DEBUG placement.objects.research_context [req-314c11a8-9ac8-4a6b-8d9a-72ed420f45a4 req-c3167512-2664-4d69-bd74-c1fcbf1aec57 service placement] getting providers with 1 DISK_GB {{(pid=104606) __init__ /opt/stack/placement/placement/objects/research_context.py:126}}
Jan 31 18:21:33.416988 n-d-824835-6 devstack@placement-api.service[104606]: DEBUG placement.objects.research_context [req-314c11a8-9ac8-4a6b-8d9a-72ed420f45a4 req-c3167512-2664-4d69-bd74-c1fcbf1aec57 service placement] getting providers with 1024 MEMORY_MB {{(pid=104606) __init__ /opt/stack/placement/placement/objects/research_context.py:126}}
Jan 31 18:21:33.437510 n-d-824835-6 devstack@placement-api.service[104606]: DEBUG placement.objects.research_context [req-314c11a8-9ac8-4a6b-8d9a-72ed420f45a4 req-c3167512-2664-4d69-bd74-c1fcbf1aec57 service placement] getting providers with 1 VCPU {{(pid=104606) __init__ /opt/stack/placement/placement/objects/research_context.py:126}}
Jan 31 18:21:33.445363 n-d-824835-6 devstack@placement-api.service[104606]: DEBUG placement.objects.research_context [req-314c11a8-9ac8-4a6b-8d9a-72ed420f45a4 req-c3167512-2664-4d69-bd74-c1fcbf1aec57 service placement] found 2 providers with available 1 DISK_GB {{(pid=104606) get_provider_ids_matching /opt/stack/placement/placement/objects/research_context.py:549}}
Jan 31 18:21:33.445835 n-d-824835-6 devstack@placement-api.service[104606]: DEBUG placement.objects.research_context [req-314c11a8-9ac8-4a6b-8d9a-72ed420f45a4 req-c3167512-2664-4d69-bd74-c1fcbf1aec57 service placement] found 2 providers with available 1024 MEMORY_MB {{(pid=104606) get_provider_ids_matching /opt/stack/placement/placement/objects/research_context.py:549}}
Jan 31 18:21:33.446217 n-d-824835-6 devstack@placement-api.service[104606]: DEBUG placement.objects.research_context [req-314c11a8-9ac8-4a6b-8d9a-72ed420f45a4 req-c3167512-2664-4d69-bd74-c1fcbf1aec57 service placement] found 2 providers after filtering by previous result {{(pid=104606) get_provider_ids_matching /opt/stack/placement/placement/objects/research_context.py:580}}
Jan 31 18:21:33.446728 n-d-824835-6 devstack@placement-api.service[104606]: DEBUG placement.objects.research_context [req-314c11a8-9ac8-4a6b-8d9a-72ed420f45a4 req-c3167512-2664-4d69-bd74-c1fcbf1aec57 service placement] found 2 providers with available 1 VCPU {{(pid=104606) get_provider_ids_matching /opt/stack/placement/placement/objects/research_context.py:549}}
Jan 31 18:21:33.447090 n-d-824835-6 devstack@placement-api.service[104606]: DEBUG placement.objects.research_context [req-314c11a8-9ac8-4a6b-8d9a-72ed420f45a4 req-c3167512-2664-4d69-bd74-c1fcbf1aec57 service placement] found 2 providers after filtering by previous result {{(pid=104606) get_provider_ids_matching /opt/stack/placement/placement/objects/research_context.py:580}}
Jan 31 18:21:33.468221 n-d-824835-6 devstack@placement-api.service[104606]: DEBUG placement.objects.allocation_candidate [req-314c11a8-9ac8-4a6b-8d9a-72ed420f45a4 req-c3167512-2664-4d69-bd74-c1fcbf1aec57 service placement] RequestGroup(use_same_provider=False, resources={DISK_GB:1, MEMORY_MB:1024, VCPU:1}, traits=[], aggregates=[]) (suffix '') returned 2 matches {{(pid=104606) _get_by_requests /opt/stack/placement/placement/objects/allocation_candidate.py:145}}
Jan 31 18:21:33.469324 n-d-824835-6 devstack@placement-api.service[104606]: DEBUG placement.objects.allocation_candidate [req-314c11a8-9ac8-4a6b-8d9a-72ed420f45a4 req-c3167512-2664-4d69-bd74-c1fcbf1aec57 service placement] Merging candidates yields 2 allocation requests and 2 provider summaries {{(pid=104606) _merge_candidates /opt/stack/placement/placement/objects/allocation_candidate.py:783}}
Jan 31 18:21:33.485581 n-d-824835-6 devstack@placement-api.service[104606]: INFO placement.requestlog [req-314c11a8-9ac8-4a6b-8d9a-72ed420f45a4 req-c3167512-2664-4d69-bd74-c1fcbf1aec57 service placement] 10.222.0.115 "GET /placement/allocation_candidates?limit=1000&resources=DISK_GB%3A1%2CMEMORY_MB%3A1024%2CVCPU%3A1&root_required=%21COMPUTE_STATUS_DISABLED" status: 200 len: 1309 microversion: 1.36
Jan 31 18:21:33.494884 n-d-824835-6 devstack@placement-api.service[104606]: [pid: 104606|app: 0|req: 171/339] 10.222.0.115 () {60 vars in 1511 bytes} [Mon Jan 31 18:21:33 2022] GET /placement/allocation_candidates?limit=1000&resources=DISK_GB%3A1%2CMEMORY_MB%3A1024%2CVCPU%3A1&root_required=%21COMPUTE_STATUS_DISABLED => generated 1309 bytes in 179 msecs (HTTP/1.1 200) 8 headers in 297 bytes (2 switches on core 0)
Jan 31 18:21:33.509572 n-d-824835-6 devstack@placement-api.service[104605]: DEBUG placement.requestlog [req-6016ea70-c694-44d1-a437-6bd830ae8ce5 req-78d6cc0e-2041-4578-8b10-40f8792a5bf2 None None] Starting request: 10.222.0.23 "GET /placement/allocations/d21e46a9-36af-4e3e-815f-fa710072f29e" {{(pid=104605) __call__ /opt/stack/placement/placement/requestlog.py:55}}
Jan 31 18:21:33.545117 n-d-824835-6 devstack@placement-api.service[104605]: INFO placement.requestlog [req-6016ea70-c694-44d1-a437-6bd830ae8ce5 req-78d6cc0e-2041-4578-8b10-40f8792a5bf2 service placement] 10.222.0.23 "GET /placement/allocations/d21e46a9-36af-4e3e-815f-fa710072f29e" status: 200 len: 245 microversion: 1.28
Jan 31 18:21:33.545675 n-d-824835-6 devstack@placement-api.service[104605]: [pid: 104605|app: 0|req: 169/340] 10.222.0.23 () {60 vars in 1381 bytes} [Mon Jan 31 18:21:33 2022] GET /placement/allocations/d21e46a9-36af-4e3e-815f-fa710072f29e => generated 245 bytes in 36 msecs (HTTP/1.1 200) 8 headers in 296 bytes (1 switches on core 0)
Jan 31 18:21:33.629668 n-d-824835-6 devstack@placement-api.service[104606]: DEBUG placement.requestlog [req-314c11a8-9ac8-4a6b-8d9a-72ed420f45a4 req-81876dde-7f8e-48be-a7d4-1156d21249a9 None None] Starting request: 10.222.0.115 "GET /placement/allocations/5f9682d9-7f6e-44f7-be9e-203588054ce5" {{(pid=104606) __call__ /opt/stack/placement/placement/requestlog.py:55}}
Jan 31 18:21:33.650137 n-d-824835-6 devstack@placement-api.service[104606]: INFO placement.requestlog [req-314c11a8-9ac8-4a6b-8d9a-72ed420f45a4 req-81876dde-7f8e-48be-a7d4-1156d21249a9 service placement] 10.222.0.115 "GET /placement/allocations/5f9682d9-7f6e-44f7-be9e-203588054ce5" status: 200 len: 19 microversion: 1.28
Jan 31 18:21:33.658009 n-d-824835-6 devstack@placement-api.service[104606]: [pid: 104606|app: 0|req: 172/341] 10.222.0.115 () {60 vars in 1385 bytes} [Mon Jan 31 18:21:33 2022] GET /placement/allocations/5f9682d9-7f6e-44f7-be9e-203588054ce5 => generated 19 bytes in 32 msecs (HTTP/1.1 200) 8 headers in 295 bytes (2 switches on core 0)
Jan 31 18:21:33.659837 n-d-824835-6 devstack@placement-api.service[104605]: DEBUG placement.requestlog [req-314c11a8-9ac8-4a6b-8d9a-72ed420f45a4 req-b8f4e7ca-3662-4f0a-bdc1-1ccd2635640b None None] Starting request: 10.222.0.115 "PUT /placement/allocations/5f9682d9-7f6e-44f7-be9e-203588054ce5" {{(pid=104605) __call__ /opt/stack/placement/placement/requestlog.py:55}}
Jan 31 18:21:34.048658 n-d-824835-6 devstack@placement-api.service[104605]: DEBUG placement.handlers.allocation [req-314c11a8-9ac8-4a6b-8d9a-72ed420f45a4 req-b8f4e7ca-3662-4f0a-bdc1-1ccd2635640b service placement] Successfully wrote allocations [, , ] {{(pid=104605) _update_consumers_and_create_allocations /opt/stack/placement/placement/handlers/allocation.py:462}}
Jan 31 18:21:34.142708 n-d-824835-6 devstack@placement-api.service[104605]: INFO placement.requestlog [req-314c11a8-9ac8-4a6b-8d9a-72ed420f45a4 req-b8f4e7ca-3662-4f0a-bdc1-1ccd2635640b service placement] 10.222.0.115 "PUT /placement/allocations/5f9682d9-7f6e-44f7-be9e-203588054ce5" status: 204 len: 0 microversion: 1.36
Jan 31 18:21:34.143432 n-d-824835-6 devstack@placement-api.service[104605]: [pid: 104605|app: 0|req: 170/342] 10.222.0.115 () {64 vars in 1438 bytes} [Mon Jan 31 18:21:33 2022] PUT /placement/allocations/5f9682d9-7f6e-44f7-be9e-203588054ce5 => generated 0 bytes in 484 msecs (HTTP/1.1 204) 5 headers in 199 bytes (1 switches on core 0)
Jan 31 18:21:35.726025 n-d-824835-6 devstack@placement-api.service[104606]: DEBUG placement.requestlog [req-314c11a8-9ac8-4a6b-8d9a-72ed420f45a4 req-8e9aa4fc-a8f9-4ec4-866a-c064b4c4b59c None None] Starting request: 10.222.0.23 "GET /placement/allocations/5f9682d9-7f6e-44f7-be9e-203588054ce5" {{(pid=104606) __call__ /opt/stack/placement/placement/requestlog.py:55}}
Jan 31 18:21:35.764041 n-d-824835-6 devstack@placement-api.service[104606]: INFO placement.requestlog [req-314c11a8-9ac8-4a6b-8d9a-72ed420f45a4 req-8e9aa4fc-a8f9-4ec4-866a-c064b4c4b59c service placement] 10.222.0.23 "GET /placement/allocations/5f9682d9-7f6e-44f7-be9e-203588054ce5" status: 200 len: 259 microversion: 1.28
Jan 31 18:21:35.769103 n-d-824835-6 devstack@placement-api.service[104606]: [pid: 104606|app: 0|req: 173/343] 10.222.0.23 () {60 vars in 1381 bytes} [Mon Jan 31 18:21:35 2022] GET /placement/allocations/5f9682d9-7f6e-44f7-be9e-203588054ce5 => generated 259 bytes in 43 msecs (HTTP/1.1 200) 8 headers in 296 bytes (1 switches on core 0)
Jan 31 18:21:42.321649 n-d-824835-6 devstack@placement-api.service[104605]: DEBUG placement.requestlog [req-21b0b6b1-b47d-4b4c-81bf-b98beebdb674 req-b958ec55-923e-42f7-a8d1-775e2fc4a64e None None] Starting request: 10.222.0.118 "GET /placement/resource_providers?in_tree=e78283c8-df67-4147-b0a5-090cc38cbe57" {{(pid=104605) __call__ /opt/stack/placement/placement/requestlog.py:55}}
Jan 31 18:21:42.725236 n-d-824835-6 devstack@placement-api.service[104606]: DEBUG placement.requestlog [req-371b8537-96a1-4b6b-b00b-ef5764591afa req-b3b705ce-3c37-410e-a6e6-9d6868154375 None None] Starting request: 10.222.0.23 "GET /placement/resource_providers/cb9575be-55e1-4ff5-8bdb-6d6f179b7390/allocations" {{(pid=104606) __call__ /opt/stack/placement/placement/requestlog.py:55}}
Jan 31 18:21:42.804486 n-d-824835-6 devstack@placement-api.service[104606]: INFO placement.requestlog [req-371b8537-96a1-4b6b-b00b-ef5764591afa req-b3b705ce-3c37-410e-a6e6-9d6868154375 service placement] 10.222.0.23 "GET /placement/resource_providers/cb9575be-55e1-4ff5-8bdb-6d6f179b7390/allocations" status: 200 len: 732 microversion: 1.0
Jan 31 18:21:42.804486 n-d-824835-6 devstack@placement-api.service[104606]: [pid: 104606|app: 0|req: 174/344] 10.222.0.23 () {58 vars in 1394 bytes} [Mon Jan 31 18:21:42 2022] GET /placement/resource_providers/cb9575be-55e1-4ff5-8bdb-6d6f179b7390/allocations => generated 732 bytes in 75 msecs (HTTP/1.1 200) 6 headers in 224 bytes (2 switches on core 0)
Jan 31 18:21:42.970638 n-d-824835-6 devstack@placement-api.service[104605]: INFO placement.requestlog [req-21b0b6b1-b47d-4b4c-81bf-b98beebdb674 req-b958ec55-923e-42f7-a8d1-775e2fc4a64e service placement] 10.222.0.118 "GET /placement/resource_providers?in_tree=e78283c8-df67-4147-b0a5-090cc38cbe57" status: 200 len: 863 microversion: 1.14
Jan 31 18:21:42.971140 n-d-824835-6 devstack@placement-api.service[104605]: [pid: 104605|app: 0|req: 171/345] 10.222.0.118 () {60 vars in 1381 bytes} [Mon Jan 31 18:21:42 2022] GET /placement/resource_providers?in_tree=e78283c8-df67-4147-b0a5-090cc38cbe57 => generated 863 bytes in 650 msecs (HTTP/1.1 200) 6 headers in 225 bytes (1 switches on core 0)
Jan 31 18:21:42.983237 n-d-824835-6 devstack@placement-api.service[104606]: DEBUG placement.requestlog [req-21b0b6b1-b47d-4b4c-81bf-b98beebdb674 req-f7725f84-b424-4e26-a355-f7d6338b49a1 None None] Starting request: 10.222.0.118 "GET /placement/resource_providers/e78283c8-df67-4147-b0a5-090cc38cbe57/inventories" {{(pid=104606) __call__ /opt/stack/placement/placement/requestlog.py:55}}
Jan 31 18:21:43.013516 n-d-824835-6 devstack@placement-api.service[104606]: INFO placement.requestlog [req-21b0b6b1-b47d-4b4c-81bf-b98beebdb674 req-f7725f84-b424-4e26-a355-f7d6338b49a1 service placement] 10.222.0.118 "GET /placement/resource_providers/e78283c8-df67-4147-b0a5-090cc38cbe57/inventories" status: 200 len: 398 microversion: 1.0
Jan 31 18:21:43.013903 n-d-824835-6 devstack@placement-api.service[104606]: [pid: 104606|app: 0|req: 175/346] 10.222.0.118 () {58 vars in 1395 bytes} [Mon Jan 31 18:21:42 2022] GET /placement/resource_providers/e78283c8-df67-4147-b0a5-090cc38cbe57/inventories => generated 398 bytes in 32 msecs (HTTP/1.1 200) 6 headers in 224 bytes (1 switches on core 0)
Jan 31 18:21:43.015320 n-d-824835-6 devstack@placement-api.service[104605]: DEBUG placement.requestlog [req-366ad8c3-8bf5-49d8-bb30-e0bf983dd70d req-cb688710-8c58-44d1-875d-19cb1659de01 None None] Starting request: 10.222.0.118 "GET /placement/allocations/de8a8203-9adc-47d5-9543-cf6273d1111a" {{(pid=104605) __call__ /opt/stack/placement/placement/requestlog.py:55}}
Jan 31 18:21:43.022838 n-d-824835-6 devstack@placement-api.service[104606]: DEBUG placement.requestlog [req-21b0b6b1-b47d-4b4c-81bf-b98beebdb674 req-216e0738-772d-4b74-b7f2-bf67a4aea17c None None] Starting request: 10.222.0.118 "GET /placement/resource_providers/e78283c8-df67-4147-b0a5-090cc38cbe57/aggregates" {{(pid=104606) __call__ /opt/stack/placement/placement/requestlog.py:55}}
Jan 31 18:21:43.047482 n-d-824835-6 devstack@placement-api.service[104605]: INFO placement.requestlog [req-366ad8c3-8bf5-49d8-bb30-e0bf983dd70d req-cb688710-8c58-44d1-875d-19cb1659de01 service placement] 10.222.0.118 "GET /placement/allocations/de8a8203-9adc-47d5-9543-cf6273d1111a" status: 200 len: 258 microversion: 1.28
Jan 31 18:21:43.048385 n-d-824835-6 devstack@placement-api.service[104605]: [pid: 104605|app: 0|req: 172/347] 10.222.0.118 () {60 vars in 1382 bytes} [Mon Jan 31 18:21:43 2022] GET /placement/allocations/de8a8203-9adc-47d5-9543-cf6273d1111a => generated 258 bytes in 35 msecs (HTTP/1.1 200) 8 headers in 296 bytes (1 switches on core 0)
Jan 31 18:21:43.058928 n-d-824835-6 devstack@placement-api.service[104606]: INFO placement.requestlog [req-21b0b6b1-b47d-4b4c-81bf-b98beebdb674 req-216e0738-772d-4b74-b7f2-bf67a4aea17c service placement] 10.222.0.118 "GET /placement/resource_providers/e78283c8-df67-4147-b0a5-090cc38cbe57/aggregates" status: 200 len: 54 microversion: 1.19
Jan 31 18:21:43.059766 n-d-824835-6 devstack@placement-api.service[104606]: [pid: 104606|app: 0|req: 176/348] 10.222.0.118 () {60 vars in 1436 bytes} [Mon Jan 31 18:21:43 2022] GET /placement/resource_providers/e78283c8-df67-4147-b0a5-090cc38cbe57/aggregates => generated 54 bytes in 37 msecs (HTTP/1.1 200) 8 headers in 295 bytes (1 switches on core 0)
Jan 31 18:21:43.068304 n-d-824835-6 devstack@placement-api.service[104605]: DEBUG placement.requestlog [req-21b0b6b1-b47d-4b4c-81bf-b98beebdb674 req-464f9e2b-5227-4387-938f-24e89fddb0c8 None None] Starting request: 10.222.0.118 "GET /placement/resource_providers/e78283c8-df67-4147-b0a5-090cc38cbe57/traits" {{(pid=104605) __call__ /opt/stack/placement/placement/requestlog.py:55}}
Jan 31 18:21:43.133861 n-d-824835-6 devstack@placement-api.service[104605]: INFO placement.requestlog [req-21b0b6b1-b47d-4b4c-81bf-b98beebdb674 req-464f9e2b-5227-4387-938f-24e89fddb0c8 service placement] 10.222.0.118 "GET /placement/resource_providers/e78283c8-df67-4147-b0a5-090cc38cbe57/traits" status: 200 len: 212 microversion: 1.6
Jan 31 18:21:43.134857 n-d-824835-6 devstack@placement-api.service[104605]: [pid: 104605|app: 0|req: 173/349] 10.222.0.118 () {60 vars in 1423 bytes} [Mon Jan 31 18:21:43 2022] GET /placement/resource_providers/e78283c8-df67-4147-b0a5-090cc38cbe57/traits => generated 212 bytes in 68 msecs (HTTP/1.1 200) 6 headers in 224 bytes (1 switches on core 0)
Jan 31 18:21:43.372208 n-d-824835-6 devstack@placement-api.service[104606]: DEBUG placement.requestlog [req-21b0b6b1-b47d-4b4c-81bf-b98beebdb674 req-af4a9f85-9559-4550-8549-732b7027475e None None] Starting request: 10.222.0.118 "DELETE /placement/allocations/84cd9aa4-2156-4002-9dd3-b21a8ed5ef64" {{(pid=104606) __call__ /opt/stack/placement/placement/requestlog.py:55}}
Jan 31 18:21:43.627691 n-d-824835-6 devstack@placement-api.service[104606]: DEBUG placement.handlers.allocation [req-21b0b6b1-b47d-4b4c-81bf-b98beebdb674 req-af4a9f85-9559-4550-8549-732b7027475e service placement] Successfully deleted allocations [, , ] {{(pid=104606) delete_allocations /opt/stack/placement/placement/handlers/allocation.py:627}}
Jan 31 18:21:43.628729 n-d-824835-6 devstack@placement-api.service[104606]: INFO placement.requestlog [req-21b0b6b1-b47d-4b4c-81bf-b98beebdb674 req-af4a9f85-9559-4550-8549-732b7027475e service placement] 10.222.0.118 "DELETE /placement/allocations/84cd9aa4-2156-4002-9dd3-b21a8ed5ef64" status: 204 len: 0 microversion: 1.0
Jan 31 18:21:43.630382 n-d-824835-6 devstack@placement-api.service[104606]: [pid: 104606|app: 0|req: 177/350] 10.222.0.118 () {60 vars in 1360 bytes} [Mon Jan 31 18:21:43 2022] DELETE /placement/allocations/84cd9aa4-2156-4002-9dd3-b21a8ed5ef64 => generated 0 bytes in 259 msecs (HTTP/1.1 204) 5 headers in 198 bytes (1 switches on core 0)
Jan 31 18:21:43.722090 n-d-824835-6 devstack@placement-api.service[104605]: DEBUG placement.requestlog [req-77f9a140-040e-43a8-8de6-4893d64b2636 req-beb5cbe8-f303-44e1-b9ea-4e07c3d323fb None None] Starting request: 10.222.0.118 "GET /placement/resource_providers/e78283c8-df67-4147-b0a5-090cc38cbe57/allocations" {{(pid=104605) __call__ /opt/stack/placement/placement/requestlog.py:55}}
Jan 31 18:21:43.765087 n-d-824835-6 devstack@placement-api.service[104605]: INFO placement.requestlog [req-77f9a140-040e-43a8-8de6-4893d64b2636 req-beb5cbe8-f303-44e1-b9ea-4e07c3d323fb service placement] 10.222.0.118 "GET /placement/resource_providers/e78283c8-df67-4147-b0a5-090cc38cbe57/allocations" status: 200 len: 442 microversion: 1.0
Jan 31 18:21:43.766807 n-d-824835-6 devstack@placement-api.service[104605]: [pid: 104605|app: 0|req: 174/351] 10.222.0.118 () {58 vars in 1395 bytes} [Mon Jan 31 18:21:43 2022] GET /placement/resource_providers/e78283c8-df67-4147-b0a5-090cc38cbe57/allocations => generated 442 bytes in 45 msecs (HTTP/1.1 200) 6 headers in 224 bytes (1 switches on core 0)
Jan 31 18:21:53.454027 n-d-824835-6 devstack@placement-api.service[104606]: DEBUG placement.requestlog [req-0d4b7170-8b9d-43a3-8bc7-10c262353735 req-22c4b325-7a5e-4682-b68d-294b33edd001 None None] Starting request: 10.222.0.23 "GET /placement/allocations/d0176689-8b43-4785-aa35-b25af4d209c5" {{(pid=104606) __call__ /opt/stack/placement/placement/requestlog.py:55}}
Jan 31 18:21:53.583829 n-d-824835-6 devstack@placement-api.service[104606]: INFO placement.requestlog [req-0d4b7170-8b9d-43a3-8bc7-10c262353735 req-22c4b325-7a5e-4682-b68d-294b33edd001 service placement] 10.222.0.23 "GET /placement/allocations/d0176689-8b43-4785-aa35-b25af4d209c5" status: 200 len: 259 microversion: 1.28
Jan 31 18:21:53.584648 n-d-824835-6 devstack@placement-api.service[104606]: [pid: 104606|app: 0|req: 178/352] 10.222.0.23 () {60 vars in 1381 bytes} [Mon Jan 31 18:21:53 2022] GET /placement/allocations/d0176689-8b43-4785-aa35-b25af4d209c5 => generated 259 bytes in 131 msecs (HTTP/1.1 200) 8 headers in 296 bytes (1 switches on core 0)
Jan 31 18:21:53.594192 n-d-824835-6 devstack@placement-api.service[104605]: DEBUG placement.requestlog [req-0d4b7170-8b9d-43a3-8bc7-10c262353735 req-10a5b0a8-74b3-4c46-91b9-a28e2f4a7dc4 None None] Starting request: 10.222.0.23 "PUT /placement/allocations/d0176689-8b43-4785-aa35-b25af4d209c5" {{(pid=104605) __call__ /opt/stack/placement/placement/requestlog.py:55}}
Jan 31 18:21:53.683120 n-d-824835-6 devstack@placement-api.service[104605]: DEBUG placement.handlers.allocation [req-0d4b7170-8b9d-43a3-8bc7-10c262353735 req-10a5b0a8-74b3-4c46-91b9-a28e2f4a7dc4 service placement] Successfully wrote allocations [, , ] {{(pid=104605) _update_consumers_and_create_allocations /opt/stack/placement/placement/handlers/allocation.py:462}}
Jan 31 18:21:53.861198 n-d-824835-6 devstack@placement-api.service[104605]: INFO placement.requestlog [req-0d4b7170-8b9d-43a3-8bc7-10c262353735 req-10a5b0a8-74b3-4c46-91b9-a28e2f4a7dc4 service placement] 10.222.0.23 "PUT /placement/allocations/d0176689-8b43-4785-aa35-b25af4d209c5" status: 204 len: 0 microversion: 1.28
Jan 31 18:21:53.861625 n-d-824835-6 devstack@placement-api.service[104605]: [pid: 104605|app: 0|req: 175/353] 10.222.0.23 () {64 vars in 1434 bytes} [Mon Jan 31 18:21:53 2022] PUT /placement/allocations/d0176689-8b43-4785-aa35-b25af4d209c5 => generated 0 bytes in 268 msecs (HTTP/1.1 204) 5 headers in 199 bytes (1 switches on core 0)
Jan 31 18:21:55.868818 n-d-824835-6 devstack@placement-api.service[104606]: DEBUG placement.requestlog [req-28dfa4c5-2e0b-4fe6-a12e-ff97f772b1a6 req-bec74353-00e4-4af7-abd1-f66931b6ebe1 None None] Starting request: 10.222.0.118 "DELETE /placement/allocations/cfd00a17-8239-4794-88a1-ad88b01092ac" {{(pid=104606) __call__ /opt/stack/placement/placement/requestlog.py:55}}
Jan 31 18:21:56.130831 n-d-824835-6 devstack@placement-api.service[104606]: DEBUG placement.handlers.allocation [req-28dfa4c5-2e0b-4fe6-a12e-ff97f772b1a6 req-bec74353-00e4-4af7-abd1-f66931b6ebe1 service placement] Successfully deleted allocations [, , ] {{(pid=104606) delete_allocations /opt/stack/placement/placement/handlers/allocation.py:627}}
Jan 31 18:21:56.131520 n-d-824835-6 devstack@placement-api.service[104606]: INFO placement.requestlog [req-28dfa4c5-2e0b-4fe6-a12e-ff97f772b1a6 req-bec74353-00e4-4af7-abd1-f66931b6ebe1 service placement] 10.222.0.118 "DELETE /placement/allocations/cfd00a17-8239-4794-88a1-ad88b01092ac" status: 204 len: 0 microversion: 1.0
Jan 31 18:21:56.132096 n-d-824835-6 devstack@placement-api.service[104606]: [pid: 104606|app: 0|req: 179/354] 10.222.0.118 () {60 vars in 1360 bytes} [Mon Jan 31 18:21:55 2022] DELETE /placement/allocations/cfd00a17-8239-4794-88a1-ad88b01092ac => generated 0 bytes in 264 msecs (HTTP/1.1 204) 5 headers in 198 bytes (1 switches on core 0)
Jan 31 18:21:58.436503 n-d-824835-6 devstack@placement-api.service[104605]: DEBUG placement.requestlog [req-c6c29c2a-27d6-4e0b-b148-a4e87af86316 req-5bfd2e29-b481-4467-a7bc-1bad480328a0 None None] Starting request: 10.222.0.115 "GET /placement/allocation_candidates?limit=1000&resources=DISK_GB%3A1%2CMEMORY_MB%3A1024%2CVCPU%3A1&root_required=%21COMPUTE_STATUS_DISABLED" {{(pid=104605) __call__ /opt/stack/placement/placement/requestlog.py:55}}
Jan 31 18:21:58.499704 n-d-824835-6 devstack@placement-api.service[104605]: DEBUG placement.objects.research_context [req-c6c29c2a-27d6-4e0b-b148-a4e87af86316 req-5bfd2e29-b481-4467-a7bc-1bad480328a0 service placement] getting providers with 1 DISK_GB {{(pid=104605) __init__ /opt/stack/placement/placement/objects/research_context.py:126}}
Jan 31 18:21:58.513191 n-d-824835-6 devstack@placement-api.service[104605]: DEBUG placement.objects.research_context [req-c6c29c2a-27d6-4e0b-b148-a4e87af86316 req-5bfd2e29-b481-4467-a7bc-1bad480328a0 service placement] getting providers with 1024 MEMORY_MB {{(pid=104605) __init__ /opt/stack/placement/placement/objects/research_context.py:126}}
Jan 31 18:21:58.521148 n-d-824835-6 devstack@placement-api.service[104605]: DEBUG placement.objects.research_context [req-c6c29c2a-27d6-4e0b-b148-a4e87af86316 req-5bfd2e29-b481-4467-a7bc-1bad480328a0 service placement] getting providers with 1 VCPU {{(pid=104605) __init__ /opt/stack/placement/placement/objects/research_context.py:126}}
Jan 31 18:21:58.529901 n-d-824835-6 devstack@placement-api.service[104605]: DEBUG placement.objects.research_context [req-c6c29c2a-27d6-4e0b-b148-a4e87af86316 req-5bfd2e29-b481-4467-a7bc-1bad480328a0 service placement] found 2 providers with available 1 DISK_GB {{(pid=104605) get_provider_ids_matching /opt/stack/placement/placement/objects/research_context.py:549}}
Jan 31 18:21:58.530454 n-d-824835-6 devstack@placement-api.service[104605]: DEBUG placement.objects.research_context [req-c6c29c2a-27d6-4e0b-b148-a4e87af86316 req-5bfd2e29-b481-4467-a7bc-1bad480328a0 service placement] found 2 providers with available 1024 MEMORY_MB {{(pid=104605) get_provider_ids_matching /opt/stack/placement/placement/objects/research_context.py:549}}
Jan 31 18:21:58.530915 n-d-824835-6 devstack@placement-api.service[104605]: DEBUG placement.objects.research_context [req-c6c29c2a-27d6-4e0b-b148-a4e87af86316 req-5bfd2e29-b481-4467-a7bc-1bad480328a0 service placement] found 2 providers after filtering by previous result {{(pid=104605) get_provider_ids_matching /opt/stack/placement/placement/objects/research_context.py:580}}
Jan 31 18:21:58.531520 n-d-824835-6 devstack@placement-api.service[104605]: DEBUG placement.objects.research_context [req-c6c29c2a-27d6-4e0b-b148-a4e87af86316 req-5bfd2e29-b481-4467-a7bc-1bad480328a0 service placement] found 2 providers with available 1 VCPU {{(pid=104605) get_provider_ids_matching /opt/stack/placement/placement/objects/research_context.py:549}}
Jan 31 18:21:58.532001 n-d-824835-6 devstack@placement-api.service[104605]: DEBUG placement.objects.research_context [req-c6c29c2a-27d6-4e0b-b148-a4e87af86316 req-5bfd2e29-b481-4467-a7bc-1bad480328a0 service placement] found 2 providers after filtering by previous result {{(pid=104605) get_provider_ids_matching /opt/stack/placement/placement/objects/research_context.py:580}}
Jan 31 18:21:58.550039 n-d-824835-6 devstack@placement-api.service[104605]: DEBUG placement.objects.allocation_candidate [req-c6c29c2a-27d6-4e0b-b148-a4e87af86316 req-5bfd2e29-b481-4467-a7bc-1bad480328a0 service placement] RequestGroup(use_same_provider=False, resources={DISK_GB:1, MEMORY_MB:1024, VCPU:1}, traits=[], aggregates=[]) (suffix '') returned 2 matches {{(pid=104605) _get_by_requests /opt/stack/placement/placement/objects/allocation_candidate.py:145}}
Jan 31 18:21:58.552640 n-d-824835-6 devstack@placement-api.service[104605]: DEBUG placement.objects.allocation_candidate [req-c6c29c2a-27d6-4e0b-b148-a4e87af86316 req-5bfd2e29-b481-4467-a7bc-1bad480328a0 service placement] Merging candidates yields 2 allocation requests and 2 provider summaries {{(pid=104605) _merge_candidates /opt/stack/placement/placement/objects/allocation_candidate.py:783}}
Jan 31 18:21:58.554533 n-d-824835-6 devstack@placement-api.service[104605]: INFO placement.requestlog [req-c6c29c2a-27d6-4e0b-b148-a4e87af86316 req-5bfd2e29-b481-4467-a7bc-1bad480328a0 service placement] 10.222.0.115 "GET /placement/allocation_candidates?limit=1000&resources=DISK_GB%3A1%2CMEMORY_MB%3A1024%2CVCPU%3A1&root_required=%21COMPUTE_STATUS_DISABLED" status: 200 len: 1309 microversion: 1.36
Jan 31 18:21:58.555452 n-d-824835-6 devstack@placement-api.service[104605]: [pid: 104605|app: 0|req: 176/355] 10.222.0.115 () {60 vars in 1511 bytes} [Mon Jan 31 18:21:58 2022] GET /placement/allocation_candidates?limit=1000&resources=DISK_GB%3A1%2CMEMORY_MB%3A1024%2CVCPU%3A1&root_required=%21COMPUTE_STATUS_DISABLED => generated 1309 bytes in 119 msecs (HTTP/1.1 200) 8 headers in 297 bytes (1 switches on core 0)
Jan 31 18:21:58.668065 n-d-824835-6 devstack@placement-api.service[104606]: DEBUG placement.requestlog [req-c6c29c2a-27d6-4e0b-b148-a4e87af86316 req-15d4acec-e46e-4ab7-9ee1-e42de159e97b None None] Starting request: 10.222.0.115 "GET /placement/allocations/ebf6a0f5-278b-42f2-9062-70f10b3d1207" {{(pid=104606) __call__ /opt/stack/placement/placement/requestlog.py:55}}
Jan 31 18:21:58.688694 n-d-824835-6 devstack@placement-api.service[104606]: INFO placement.requestlog [req-c6c29c2a-27d6-4e0b-b148-a4e87af86316 req-15d4acec-e46e-4ab7-9ee1-e42de159e97b service placement] 10.222.0.115 "GET /placement/allocations/ebf6a0f5-278b-42f2-9062-70f10b3d1207" status: 200 len: 19 microversion: 1.28
Jan 31 18:21:58.689878 n-d-824835-6 devstack@placement-api.service[104606]: [pid: 104606|app: 0|req: 180/356] 10.222.0.115 () {60 vars in 1385 bytes} [Mon Jan 31 18:21:58 2022] GET /placement/allocations/ebf6a0f5-278b-42f2-9062-70f10b3d1207 => generated 19 bytes in 22 msecs (HTTP/1.1 200) 8 headers in 295 bytes (1 switches on core 0)
Jan 31 18:21:58.699395 n-d-824835-6 devstack@placement-api.service[104605]: DEBUG placement.requestlog [req-c6c29c2a-27d6-4e0b-b148-a4e87af86316 req-f4f1141e-bac9-43b5-b0a8-9666ff8f4288 None None] Starting request: 10.222.0.115 "PUT /placement/allocations/ebf6a0f5-278b-42f2-9062-70f10b3d1207" {{(pid=104605) __call__ /opt/stack/placement/placement/requestlog.py:55}}
Jan 31 18:21:58.994935 n-d-824835-6 devstack@placement-api.service[104605]: DEBUG placement.handlers.allocation [req-c6c29c2a-27d6-4e0b-b148-a4e87af86316 req-f4f1141e-bac9-43b5-b0a8-9666ff8f4288 service placement] Successfully wrote allocations [, , ] {{(pid=104605) _update_consumers_and_create_allocations /opt/stack/placement/placement/handlers/allocation.py:462}}
Jan 31 18:21:59.102475 n-d-824835-6 devstack@placement-api.service[104605]: INFO placement.requestlog [req-c6c29c2a-27d6-4e0b-b148-a4e87af86316 req-f4f1141e-bac9-43b5-b0a8-9666ff8f4288 service placement] 10.222.0.115 "PUT /placement/allocations/ebf6a0f5-278b-42f2-9062-70f10b3d1207" status: 204 len: 0 microversion: 1.36
Jan 31 18:21:59.104079 n-d-824835-6 devstack@placement-api.service[104605]: [pid: 104605|app: 0|req: 177/357] 10.222.0.115 () {64 vars in 1438 bytes} [Mon Jan 31 18:21:58 2022] PUT /placement/allocations/ebf6a0f5-278b-42f2-9062-70f10b3d1207 => generated 0 bytes in 406 msecs (HTTP/1.1 204) 5 headers in 199 bytes (1 switches on core 0)
Jan 31 18:22:00.831878 n-d-824835-6 devstack@placement-api.service[104606]: DEBUG placement.requestlog [req-c6c29c2a-27d6-4e0b-b148-a4e87af86316 req-94798179-7feb-46a3-8e01-12f2a4c73063 None None] Starting request: 10.222.0.118 "GET /placement/allocations/ebf6a0f5-278b-42f2-9062-70f10b3d1207" {{(pid=104606) __call__ /opt/stack/placement/placement/requestlog.py:55}}
Jan 31 18:22:00.872781 n-d-824835-6 devstack@placement-api.service[104606]: INFO placement.requestlog [req-c6c29c2a-27d6-4e0b-b148-a4e87af86316 req-94798179-7feb-46a3-8e01-12f2a4c73063 service placement] 10.222.0.118 "GET /placement/allocations/ebf6a0f5-278b-42f2-9062-70f10b3d1207" status: 200 len: 259 microversion: 1.28
Jan 31 18:22:00.876234 n-d-824835-6 devstack@placement-api.service[104606]: [pid: 104606|app: 0|req: 181/358] 10.222.0.118 () {60 vars in 1382 bytes} [Mon Jan 31 18:22:00 2022] GET /placement/allocations/ebf6a0f5-278b-42f2-9062-70f10b3d1207 => generated 259 bytes in 43 msecs (HTTP/1.1 200) 8 headers in 296 bytes (1 switches on core 0)
