Jan 28 12:35:55.610156 n-d-824835-4 devstack@placement-api.service[103611]: [pid: 103611|app: 0|req: 344/690] 10.222.0.35 () {60 vars in 1355 bytes} [Fri Jan 28 12:35:55 2022] DELETE /placement/allocations/301d589a-6c9a-46ed-9460-0c7d1bbe7c24 => generated 0 bytes in 51 msecs (HTTP/1.1 204) 5 headers in 198 bytes (1 switches on core 0)
Jan 28 12:35:55.822314 n-d-824835-4 devstack@placement-api.service[103610]: DEBUG placement.requestlog [req-9d65fc04-a2da-44c3-85ab-c4827c31a73c req-51bfb858-063e-4021-bb02-09b40cde9254 None None] Starting request: 10.222.0.49 "GET /placement/allocations/6473445a-21d4-4fc4-9ebe-5bdcaa6a725b" {{(pid=103610) __call__ /opt/stack/placement/placement/requestlog.py:55}}
Jan 28 12:35:55.859687 n-d-824835-4 devstack@placement-api.service[103610]: INFO placement.requestlog [req-9d65fc04-a2da-44c3-85ab-c4827c31a73c req-51bfb858-063e-4021-bb02-09b40cde9254 service placement] 10.222.0.49 "GET /placement/allocations/6473445a-21d4-4fc4-9ebe-5bdcaa6a725b" status: 200 len: 259 microversion: 1.28
Jan 28 12:35:55.860611 n-d-824835-4 devstack@placement-api.service[103610]: [pid: 103610|app: 0|req: 347/691] 10.222.0.49 () {60 vars in 1377 bytes} [Fri Jan 28 12:35:55 2022] GET /placement/allocations/6473445a-21d4-4fc4-9ebe-5bdcaa6a725b => generated 259 bytes in 39 msecs (HTTP/1.1 200) 8 headers in 296 bytes (1 switches on core 0)
Jan 28 12:35:59.387209 n-d-824835-4 devstack@placement-api.service[103611]: DEBUG placement.requestlog [req-f96e247e-9ecf-4b70-9041-0e94e669bd51 req-a6286af0-c4eb-4a3b-9468-56c5abb34c81 None None] Starting request: 10.222.0.35 "GET /placement/resource_providers/15aa3ded-854a-450d-8d69-8daeaf09b21f/allocations" {{(pid=103611) __call__ /opt/stack/placement/placement/requestlog.py:55}}
Jan 28 12:35:59.404449 n-d-824835-4 devstack@placement-api.service[103611]: INFO placement.requestlog [req-f96e247e-9ecf-4b70-9041-0e94e669bd51 req-a6286af0-c4eb-4a3b-9468-56c5abb34c81 service placement] 10.222.0.35 "GET /placement/resource_providers/15aa3ded-854a-450d-8d69-8daeaf09b21f/allocations" status: 200 len: 55 microversion: 1.0
Jan 28 12:35:59.405204 n-d-824835-4 devstack@placement-api.service[103611]: [pid: 103611|app: 0|req: 345/692] 10.222.0.35 () {58 vars in 1390 bytes} [Fri Jan 28 12:35:59 2022] GET /placement/resource_providers/15aa3ded-854a-450d-8d69-8daeaf09b21f/allocations => generated 55 bytes in 18 msecs (HTTP/1.1 200) 6 headers in 223 bytes (1 switches on core 0)
Jan 28 12:35:59.461008 n-d-824835-4 devstack@placement-api.service[103610]: DEBUG placement.requestlog [req-67321e65-61ab-48c5-97f2-ce9c2f49e17a req-00fbd371-7382-4fee-8ba2-a2afc85fbaa1 None None] Starting request: 10.222.0.49 "DELETE /placement/allocations/8df6b840-22e4-40f8-a4dc-edc158555af1" {{(pid=103610) __call__ /opt/stack/placement/placement/requestlog.py:55}}
Jan 28 12:35:59.499957 n-d-824835-4 devstack@placement-api.service[103610]: DEBUG placement.handlers.allocation [req-67321e65-61ab-48c5-97f2-ce9c2f49e17a req-00fbd371-7382-4fee-8ba2-a2afc85fbaa1 service placement] Successfully deleted allocations [, , ] {{(pid=103610) delete_allocations /opt/stack/placement/placement/handlers/allocation.py:627}}
Jan 28 12:35:59.500950 n-d-824835-4 devstack@placement-api.service[103610]: INFO placement.requestlog [req-67321e65-61ab-48c5-97f2-ce9c2f49e17a req-00fbd371-7382-4fee-8ba2-a2afc85fbaa1 service placement] 10.222.0.49 "DELETE /placement/allocations/8df6b840-22e4-40f8-a4dc-edc158555af1" status: 204 len: 0 microversion: 1.0
Jan 28 12:35:59.501837 n-d-824835-4 devstack@placement-api.service[103610]: [pid: 103610|app: 0|req: 348/693] 10.222.0.49 () {60 vars in 1355 bytes} [Fri Jan 28 12:35:59 2022] DELETE /placement/allocations/8df6b840-22e4-40f8-a4dc-edc158555af1 => generated 0 bytes in 41 msecs (HTTP/1.1 204) 5 headers in 198 bytes (1 switches on core 0)
Jan 28 12:36:00.572179 n-d-824835-4 devstack@placement-api.service[103611]: DEBUG placement.requestlog [req-87a2cd26-c4be-47a3-916e-3b6dc049bdc7 req-6e83ad8d-6c3e-421c-9705-8a0b168ee076 None None] Starting request: 10.222.0.49 "GET /placement/allocations/6473445a-21d4-4fc4-9ebe-5bdcaa6a725b" {{(pid=103611) __call__ /opt/stack/placement/placement/requestlog.py:55}}
Jan 28 12:36:00.599691 n-d-824835-4 devstack@placement-api.service[103611]: INFO placement.requestlog [req-87a2cd26-c4be-47a3-916e-3b6dc049bdc7 req-6e83ad8d-6c3e-421c-9705-8a0b168ee076 service placement] 10.222.0.49 "GET /placement/allocations/6473445a-21d4-4fc4-9ebe-5bdcaa6a725b" status: 200 len: 259 microversion: 1.28
Jan 28 12:36:00.600262 n-d-824835-4 devstack@placement-api.service[103611]: [pid: 103611|app: 0|req: 346/694] 10.222.0.49 () {60 vars in 1377 bytes} [Fri Jan 28 12:36:00 2022] GET /placement/allocations/6473445a-21d4-4fc4-9ebe-5bdcaa6a725b => generated 259 bytes in 29 msecs (HTTP/1.1 200) 8 headers in 296 bytes (1 switches on core 0)
Jan 28 12:36:10.024389 n-d-824835-4 devstack@placement-api.service[103610]: DEBUG placement.requestlog [req-9a69081a-c102-4f5c-98e8-e5e40cb601f3 req-70d1f42a-301e-4ec0-af35-0450f375ece0 None None] Starting request: 10.222.0.49 "GET /placement/resource_providers/f2efdc8e-1126-46da-9787-ce8a0515e70d/allocations" {{(pid=103610) __call__ /opt/stack/placement/placement/requestlog.py:55}}
Jan 28 12:36:10.077357 n-d-824835-4 devstack@placement-api.service[103610]: INFO placement.requestlog [req-9a69081a-c102-4f5c-98e8-e5e40cb601f3 req-70d1f42a-301e-4ec0-af35-0450f375ece0 service placement] 10.222.0.49 "GET /placement/resource_providers/f2efdc8e-1126-46da-9787-ce8a0515e70d/allocations" status: 200 len: 631 microversion: 1.0
Jan 28 12:36:10.079334 n-d-824835-4 devstack@placement-api.service[103610]: [pid: 103610|app: 0|req: 349/695] 10.222.0.49 () {58 vars in 1390 bytes} [Fri Jan 28 12:36:10 2022] GET /placement/resource_providers/f2efdc8e-1126-46da-9787-ce8a0515e70d/allocations => generated 631 bytes in 56 msecs (HTTP/1.1 200) 6 headers in 224 bytes (2 switches on core 0)
Jan 28 12:36:15.340538 n-d-824835-4 devstack@placement-api.service[103611]: DEBUG placement.requestlog [req-68b75569-5e0e-4b0a-9d7f-516d05f604de req-59ba316a-7c7f-4677-8f5a-29635e9a7773 None None] Starting request: 10.222.0.53 "GET /placement/allocation_candidates?limit=1000&resources=DISK_GB%3A1%2CMEMORY_MB%3A1024%2CVCPU%3A1&root_required=%21COMPUTE_STATUS_DISABLED" {{(pid=103611) __call__ /opt/stack/placement/placement/requestlog.py:55}}
Jan 28 12:36:15.402886 n-d-824835-4 devstack@placement-api.service[103611]: DEBUG placement.objects.research_context [req-68b75569-5e0e-4b0a-9d7f-516d05f604de req-59ba316a-7c7f-4677-8f5a-29635e9a7773 service placement] getting providers with 1 DISK_GB {{(pid=103611) __init__ /opt/stack/placement/placement/objects/research_context.py:126}}
Jan 28 12:36:15.433985 n-d-824835-4 devstack@placement-api.service[103611]: DEBUG placement.objects.research_context [req-68b75569-5e0e-4b0a-9d7f-516d05f604de req-59ba316a-7c7f-4677-8f5a-29635e9a7773 service placement] getting providers with 1024 MEMORY_MB {{(pid=103611) __init__ /opt/stack/placement/placement/objects/research_context.py:126}}
Jan 28 12:36:15.441791 n-d-824835-4 devstack@placement-api.service[103611]: DEBUG placement.objects.research_context [req-68b75569-5e0e-4b0a-9d7f-516d05f604de req-59ba316a-7c7f-4677-8f5a-29635e9a7773 service placement] getting providers with 1 VCPU {{(pid=103611) __init__ /opt/stack/placement/placement/objects/research_context.py:126}}
Jan 28 12:36:15.448115 n-d-824835-4 devstack@placement-api.service[103611]: DEBUG placement.objects.research_context [req-68b75569-5e0e-4b0a-9d7f-516d05f604de req-59ba316a-7c7f-4677-8f5a-29635e9a7773 service placement] found 2 providers with available 1 DISK_GB {{(pid=103611) get_provider_ids_matching /opt/stack/placement/placement/objects/research_context.py:549}}
Jan 28 12:36:15.448386 n-d-824835-4 devstack@placement-api.service[103611]: DEBUG placement.objects.research_context [req-68b75569-5e0e-4b0a-9d7f-516d05f604de req-59ba316a-7c7f-4677-8f5a-29635e9a7773 service placement] found 2 providers with available 1024 MEMORY_MB {{(pid=103611) get_provider_ids_matching /opt/stack/placement/placement/objects/research_context.py:549}}
Jan 28 12:36:15.448874 n-d-824835-4 devstack@placement-api.service[103611]: DEBUG placement.objects.research_context [req-68b75569-5e0e-4b0a-9d7f-516d05f604de req-59ba316a-7c7f-4677-8f5a-29635e9a7773 service placement] found 2 providers after filtering by previous result {{(pid=103611) get_provider_ids_matching /opt/stack/placement/placement/objects/research_context.py:580}}
Jan 28 12:36:15.449130 n-d-824835-4 devstack@placement-api.service[103611]: DEBUG placement.objects.research_context [req-68b75569-5e0e-4b0a-9d7f-516d05f604de req-59ba316a-7c7f-4677-8f5a-29635e9a7773 service placement] found 2 providers with available 1 VCPU {{(pid=103611) get_provider_ids_matching /opt/stack/placement/placement/objects/research_context.py:549}}
Jan 28 12:36:15.449389 n-d-824835-4 devstack@placement-api.service[103611]: DEBUG placement.objects.research_context [req-68b75569-5e0e-4b0a-9d7f-516d05f604de req-59ba316a-7c7f-4677-8f5a-29635e9a7773 service placement] found 2 providers after filtering by previous result {{(pid=103611) get_provider_ids_matching /opt/stack/placement/placement/objects/research_context.py:580}}
Jan 28 12:36:15.461772 n-d-824835-4 devstack@placement-api.service[103611]: DEBUG placement.objects.allocation_candidate [req-68b75569-5e0e-4b0a-9d7f-516d05f604de req-59ba316a-7c7f-4677-8f5a-29635e9a7773 service placement] RequestGroup(use_same_provider=False, resources={DISK_GB:1, MEMORY_MB:1024, VCPU:1}, traits=[], aggregates=[]) (suffix '') returned 2 matches {{(pid=103611) _get_by_requests /opt/stack/placement/placement/objects/allocation_candidate.py:145}}
Jan 28 12:36:15.462384 n-d-824835-4 devstack@placement-api.service[103611]: DEBUG placement.objects.allocation_candidate [req-68b75569-5e0e-4b0a-9d7f-516d05f604de req-59ba316a-7c7f-4677-8f5a-29635e9a7773 service placement] Merging candidates yields 2 allocation requests and 2 provider summaries {{(pid=103611) _merge_candidates /opt/stack/placement/placement/objects/allocation_candidate.py:783}}
Jan 28 12:36:15.464496 n-d-824835-4 devstack@placement-api.service[103611]: INFO placement.requestlog [req-68b75569-5e0e-4b0a-9d7f-516d05f604de req-59ba316a-7c7f-4677-8f5a-29635e9a7773 service placement] 10.222.0.53 "GET /placement/allocation_candidates?limit=1000&resources=DISK_GB%3A1%2CMEMORY_MB%3A1024%2CVCPU%3A1&root_required=%21COMPUTE_STATUS_DISABLED" status: 200 len: 1306 microversion: 1.36
Jan 28 12:36:15.465400 n-d-824835-4 devstack@placement-api.service[103611]: [pid: 103611|app: 0|req: 347/696] 10.222.0.53 () {60 vars in 1506 bytes} [Fri Jan 28 12:36:15 2022] GET /placement/allocation_candidates?limit=1000&resources=DISK_GB%3A1%2CMEMORY_MB%3A1024%2CVCPU%3A1&root_required=%21COMPUTE_STATUS_DISABLED => generated 1306 bytes in 126 msecs (HTTP/1.1 200) 8 headers in 297 bytes (1 switches on core 0)
Jan 28 12:36:15.523694 n-d-824835-4 devstack@placement-api.service[103610]: DEBUG placement.requestlog [req-68b75569-5e0e-4b0a-9d7f-516d05f604de req-f7819e20-726a-44f5-9635-609f9de9f770 None None] Starting request: 10.222.0.53 "GET /placement/allocations/b9b7ee69-14fc-4dc4-97e6-cdcc60732740" {{(pid=103610) __call__ /opt/stack/placement/placement/requestlog.py:55}}
Jan 28 12:36:15.538863 n-d-824835-4 devstack@placement-api.service[103610]: INFO placement.requestlog [req-68b75569-5e0e-4b0a-9d7f-516d05f604de req-f7819e20-726a-44f5-9635-609f9de9f770 service placement] 10.222.0.53 "GET /placement/allocations/b9b7ee69-14fc-4dc4-97e6-cdcc60732740" status: 200 len: 19 microversion: 1.28
Jan 28 12:36:15.539770 n-d-824835-4 devstack@placement-api.service[103610]: [pid: 103610|app: 0|req: 350/697] 10.222.0.53 () {60 vars in 1380 bytes} [Fri Jan 28 12:36:15 2022] GET /placement/allocations/b9b7ee69-14fc-4dc4-97e6-cdcc60732740 => generated 19 bytes in 16 msecs (HTTP/1.1 200) 8 headers in 295 bytes (1 switches on core 0)
Jan 28 12:36:15.549845 n-d-824835-4 devstack@placement-api.service[103611]: DEBUG placement.requestlog [req-68b75569-5e0e-4b0a-9d7f-516d05f604de req-066ee192-a737-4375-800b-f220c5ef2263 None None] Starting request: 10.222.0.53 "PUT /placement/allocations/b9b7ee69-14fc-4dc4-97e6-cdcc60732740" {{(pid=103611) __call__ /opt/stack/placement/placement/requestlog.py:55}}
Jan 28 12:36:15.671751 n-d-824835-4 devstack@placement-api.service[103611]: DEBUG placement.handlers.allocation [req-68b75569-5e0e-4b0a-9d7f-516d05f604de req-066ee192-a737-4375-800b-f220c5ef2263 service placement] Successfully wrote allocations [, , ] {{(pid=103611) _update_consumers_and_create_allocations /opt/stack/placement/placement/handlers/allocation.py:462}}
Jan 28 12:36:15.677921 n-d-824835-4 devstack@placement-api.service[103611]: INFO placement.requestlog [req-68b75569-5e0e-4b0a-9d7f-516d05f604de req-066ee192-a737-4375-800b-f220c5ef2263 service placement] 10.222.0.53 "PUT /placement/allocations/b9b7ee69-14fc-4dc4-97e6-cdcc60732740" status: 204 len: 0 microversion: 1.36
Jan 28 12:36:15.678471 n-d-824835-4 devstack@placement-api.service[103611]: [pid: 103611|app: 0|req: 348/698] 10.222.0.53 () {64 vars in 1433 bytes} [Fri Jan 28 12:36:15 2022] PUT /placement/allocations/b9b7ee69-14fc-4dc4-97e6-cdcc60732740 => generated 0 bytes in 129 msecs (HTTP/1.1 204) 5 headers in 199 bytes (1 switches on core 0)
Jan 28 12:36:16.116453 n-d-824835-4 devstack@placement-api.service[103610]: DEBUG placement.requestlog [req-68b75569-5e0e-4b0a-9d7f-516d05f604de req-3f0aed9b-4a6f-4893-bcb1-b73c1a072f87 None None] Starting request: 10.222.0.49 "GET /placement/allocations/b9b7ee69-14fc-4dc4-97e6-cdcc60732740" {{(pid=103610) __call__ /opt/stack/placement/placement/requestlog.py:55}}
Jan 28 12:36:16.140793 n-d-824835-4 devstack@placement-api.service[103610]: INFO placement.requestlog [req-68b75569-5e0e-4b0a-9d7f-516d05f604de req-3f0aed9b-4a6f-4893-bcb1-b73c1a072f87 service placement] 10.222.0.49 "GET /placement/allocations/b9b7ee69-14fc-4dc4-97e6-cdcc60732740" status: 200 len: 259 microversion: 1.28
Jan 28 12:36:16.141349 n-d-824835-4 devstack@placement-api.service[103610]: [pid: 103610|app: 0|req: 351/699] 10.222.0.49 () {60 vars in 1377 bytes} [Fri Jan 28 12:36:16 2022] GET /placement/allocations/b9b7ee69-14fc-4dc4-97e6-cdcc60732740 => generated 259 bytes in 26 msecs (HTTP/1.1 200) 8 headers in 296 bytes (1 switches on core 0)
Jan 28 12:36:28.267042 n-d-824835-4 devstack@placement-api.service[103611]: DEBUG placement.requestlog [req-cb3e9313-fcf2-497c-93e2-efea66a27ab7 req-f66bab91-2647-449d-b0e9-010c2f67eb9c None None] Starting request: 10.222.0.53 "GET /placement/allocation_candidates?limit=1000&resources=DISK_GB%3A1%2CMEMORY_MB%3A1024%2CVCPU%3A1&root_required=%21COMPUTE_STATUS_DISABLED" {{(pid=103611) __call__ /opt/stack/placement/placement/requestlog.py:55}}
Jan 28 12:36:28.314783 n-d-824835-4 devstack@placement-api.service[103611]: DEBUG placement.objects.research_context [req-cb3e9313-fcf2-497c-93e2-efea66a27ab7 req-f66bab91-2647-449d-b0e9-010c2f67eb9c service placement] getting providers with 1 DISK_GB {{(pid=103611) __init__ /opt/stack/placement/placement/objects/research_context.py:126}}
Jan 28 12:36:28.323891 n-d-824835-4 devstack@placement-api.service[103611]: DEBUG placement.objects.research_context [req-cb3e9313-fcf2-497c-93e2-efea66a27ab7 req-f66bab91-2647-449d-b0e9-010c2f67eb9c service placement] getting providers with 1024 MEMORY_MB {{(pid=103611) __init__ /opt/stack/placement/placement/objects/research_context.py:126}}
Jan 28 12:36:28.333728 n-d-824835-4 devstack@placement-api.service[103611]: DEBUG placement.objects.research_context [req-cb3e9313-fcf2-497c-93e2-efea66a27ab7 req-f66bab91-2647-449d-b0e9-010c2f67eb9c service placement] getting providers with 1 VCPU {{(pid=103611) __init__ /opt/stack/placement/placement/objects/research_context.py:126}}
Jan 28 12:36:28.347557 n-d-824835-4 devstack@placement-api.service[103611]: DEBUG placement.objects.research_context [req-cb3e9313-fcf2-497c-93e2-efea66a27ab7 req-f66bab91-2647-449d-b0e9-010c2f67eb9c service placement] found 2 providers with available 1 DISK_GB {{(pid=103611) get_provider_ids_matching /opt/stack/placement/placement/objects/research_context.py:549}}
Jan 28 12:36:28.348385 n-d-824835-4 devstack@placement-api.service[103611]: DEBUG placement.objects.research_context [req-cb3e9313-fcf2-497c-93e2-efea66a27ab7 req-f66bab91-2647-449d-b0e9-010c2f67eb9c service placement] found 2 providers with available 1024 MEMORY_MB {{(pid=103611) get_provider_ids_matching /opt/stack/placement/placement/objects/research_context.py:549}}
Jan 28 12:36:28.348832 n-d-824835-4 devstack@placement-api.service[103611]: DEBUG placement.objects.research_context [req-cb3e9313-fcf2-497c-93e2-efea66a27ab7 req-f66bab91-2647-449d-b0e9-010c2f67eb9c service placement] found 2 providers after filtering by previous result {{(pid=103611) get_provider_ids_matching /opt/stack/placement/placement/objects/research_context.py:580}}
Jan 28 12:36:28.349459 n-d-824835-4 devstack@placement-api.service[103611]: DEBUG placement.objects.research_context [req-cb3e9313-fcf2-497c-93e2-efea66a27ab7 req-f66bab91-2647-449d-b0e9-010c2f67eb9c service placement] found 2 providers with available 1 VCPU {{(pid=103611) get_provider_ids_matching /opt/stack/placement/placement/objects/research_context.py:549}}
Jan 28 12:36:28.349877 n-d-824835-4 devstack@placement-api.service[103611]: DEBUG placement.objects.research_context [req-cb3e9313-fcf2-497c-93e2-efea66a27ab7 req-f66bab91-2647-449d-b0e9-010c2f67eb9c service placement] found 2 providers after filtering by previous result {{(pid=103611) get_provider_ids_matching /opt/stack/placement/placement/objects/research_context.py:580}}
Jan 28 12:36:28.366344 n-d-824835-4 devstack@placement-api.service[103611]: DEBUG placement.objects.allocation_candidate [req-cb3e9313-fcf2-497c-93e2-efea66a27ab7 req-f66bab91-2647-449d-b0e9-010c2f67eb9c service placement] RequestGroup(use_same_provider=False, resources={DISK_GB:1, MEMORY_MB:1024, VCPU:1}, traits=[], aggregates=[]) (suffix '') returned 2 matches {{(pid=103611) _get_by_requests /opt/stack/placement/placement/objects/allocation_candidate.py:145}}
Jan 28 12:36:28.367033 n-d-824835-4 devstack@placement-api.service[103611]: DEBUG placement.objects.allocation_candidate [req-cb3e9313-fcf2-497c-93e2-efea66a27ab7 req-f66bab91-2647-449d-b0e9-010c2f67eb9c service placement] Merging candidates yields 2 allocation requests and 2 provider summaries {{(pid=103611) _merge_candidates /opt/stack/placement/placement/objects/allocation_candidate.py:783}}
Jan 28 12:36:28.368944 n-d-824835-4 devstack@placement-api.service[103611]: INFO placement.requestlog [req-cb3e9313-fcf2-497c-93e2-efea66a27ab7 req-f66bab91-2647-449d-b0e9-010c2f67eb9c service placement] 10.222.0.53 "GET /placement/allocation_candidates?limit=1000&resources=DISK_GB%3A1%2CMEMORY_MB%3A1024%2CVCPU%3A1&root_required=%21COMPUTE_STATUS_DISABLED" status: 200 len: 1306 microversion: 1.36
Jan 28 12:36:28.369888 n-d-824835-4 devstack@placement-api.service[103611]: [pid: 103611|app: 0|req: 349/700] 10.222.0.53 () {60 vars in 1506 bytes} [Fri Jan 28 12:36:28 2022] GET /placement/allocation_candidates?limit=1000&resources=DISK_GB%3A1%2CMEMORY_MB%3A1024%2CVCPU%3A1&root_required=%21COMPUTE_STATUS_DISABLED => generated 1306 bytes in 104 msecs (HTTP/1.1 200) 8 headers in 297 bytes (1 switches on core 0)
Jan 28 12:36:28.441873 n-d-824835-4 devstack@placement-api.service[103610]: DEBUG placement.requestlog [req-cb3e9313-fcf2-497c-93e2-efea66a27ab7 req-239282e5-f06f-472e-ac1b-9f2f0b722f49 None None] Starting request: 10.222.0.53 "GET /placement/allocations/6f57fb46-1c7a-4a75-9930-d90ce10fc365" {{(pid=103610) __call__ /opt/stack/placement/placement/requestlog.py:55}}
Jan 28 12:36:28.458768 n-d-824835-4 devstack@placement-api.service[103610]: INFO placement.requestlog [req-cb3e9313-fcf2-497c-93e2-efea66a27ab7 req-239282e5-f06f-472e-ac1b-9f2f0b722f49 service placement] 10.222.0.53 "GET /placement/allocations/6f57fb46-1c7a-4a75-9930-d90ce10fc365" status: 200 len: 19 microversion: 1.28
Jan 28 12:36:28.465002 n-d-824835-4 devstack@placement-api.service[103610]: [pid: 103610|app: 0|req: 352/701] 10.222.0.53 () {60 vars in 1380 bytes} [Fri Jan 28 12:36:28 2022] GET /placement/allocations/6f57fb46-1c7a-4a75-9930-d90ce10fc365 => generated 19 bytes in 23 msecs (HTTP/1.1 200) 8 headers in 295 bytes (1 switches on core 0)
Jan 28 12:36:28.467829 n-d-824835-4 devstack@placement-api.service[103611]: DEBUG placement.requestlog [req-cb3e9313-fcf2-497c-93e2-efea66a27ab7 req-e4ca171f-8a09-4ca8-805b-4ca49a0fd272 None None] Starting request: 10.222.0.53 "PUT /placement/allocations/6f57fb46-1c7a-4a75-9930-d90ce10fc365" {{(pid=103611) __call__ /opt/stack/placement/placement/requestlog.py:55}}
Jan 28 12:36:28.559700 n-d-824835-4 devstack@placement-api.service[103611]: DEBUG placement.handlers.allocation [req-cb3e9313-fcf2-497c-93e2-efea66a27ab7 req-e4ca171f-8a09-4ca8-805b-4ca49a0fd272 service placement] Successfully wrote allocations [, , ] {{(pid=103611) _update_consumers_and_create_allocations /opt/stack/placement/placement/handlers/allocation.py:462}}
Jan 28 12:36:28.564785 n-d-824835-4 devstack@placement-api.service[103611]: INFO placement.requestlog [req-cb3e9313-fcf2-497c-93e2-efea66a27ab7 req-e4ca171f-8a09-4ca8-805b-4ca49a0fd272 service placement] 10.222.0.53 "PUT /placement/allocations/6f57fb46-1c7a-4a75-9930-d90ce10fc365" status: 204 len: 0 microversion: 1.36
Jan 28 12:36:28.566063 n-d-824835-4 devstack@placement-api.service[103611]: [pid: 103611|app: 0|req: 350/702] 10.222.0.53 () {64 vars in 1433 bytes} [Fri Jan 28 12:36:28 2022] PUT /placement/allocations/6f57fb46-1c7a-4a75-9930-d90ce10fc365 => generated 0 bytes in 99 msecs (HTTP/1.1 204) 5 headers in 199 bytes (1 switches on core 0)
Jan 28 12:36:28.915881 n-d-824835-4 devstack@placement-api.service[103610]: DEBUG placement.requestlog [req-cb3e9313-fcf2-497c-93e2-efea66a27ab7 req-b73100a0-8a4f-4d29-9dc6-027b954b4c9c None None] Starting request: 10.222.0.49 "GET /placement/allocations/6f57fb46-1c7a-4a75-9930-d90ce10fc365" {{(pid=103610) __call__ /opt/stack/placement/placement/requestlog.py:55}}
Jan 28 12:36:28.944265 n-d-824835-4 devstack@placement-api.service[103610]: INFO placement.requestlog [req-cb3e9313-fcf2-497c-93e2-efea66a27ab7 req-b73100a0-8a4f-4d29-9dc6-027b954b4c9c service placement] 10.222.0.49 "GET /placement/allocations/6f57fb46-1c7a-4a75-9930-d90ce10fc365" status: 200 len: 259 microversion: 1.28
Jan 28 12:36:28.945028 n-d-824835-4 devstack@placement-api.service[103610]: [pid: 103610|app: 0|req: 353/703] 10.222.0.49 () {60 vars in 1377 bytes} [Fri Jan 28 12:36:28 2022] GET /placement/allocations/6f57fb46-1c7a-4a75-9930-d90ce10fc365 => generated 259 bytes in 30 msecs (HTTP/1.1 200) 8 headers in 296 bytes (1 switches on core 0)
Jan 28 12:36:37.954994 n-d-824835-4 devstack@placement-api.service[103611]: DEBUG placement.requestlog [req-001dfa8e-1a90-4570-b667-c88a112aa390 req-00484743-52ca-46b5-aac0-c643baa55288 None None] Starting request: 10.222.0.53 "GET /placement/allocation_candidates?limit=1000&resources=DISK_GB%3A1%2CMEMORY_MB%3A1024%2CVCPU%3A1&root_required=%21COMPUTE_STATUS_DISABLED" {{(pid=103611) __call__ /opt/stack/placement/placement/requestlog.py:55}}
Jan 28 12:36:38.004919 n-d-824835-4 devstack@placement-api.service[103611]: DEBUG placement.objects.research_context [req-001dfa8e-1a90-4570-b667-c88a112aa390 req-00484743-52ca-46b5-aac0-c643baa55288 service placement] getting providers with 1 DISK_GB {{(pid=103611) __init__ /opt/stack/placement/placement/objects/research_context.py:126}}
Jan 28 12:36:38.012938 n-d-824835-4 devstack@placement-api.service[103611]: DEBUG placement.objects.research_context [req-001dfa8e-1a90-4570-b667-c88a112aa390 req-00484743-52ca-46b5-aac0-c643baa55288 service placement] getting providers with 1024 MEMORY_MB {{(pid=103611) __init__ /opt/stack/placement/placement/objects/research_context.py:126}}
Jan 28 12:36:38.026032 n-d-824835-4 devstack@placement-api.service[103611]: DEBUG placement.objects.research_context [req-001dfa8e-1a90-4570-b667-c88a112aa390 req-00484743-52ca-46b5-aac0-c643baa55288 service placement] getting providers with 1 VCPU {{(pid=103611) __init__ /opt/stack/placement/placement/objects/research_context.py:126}}
Jan 28 12:36:38.032368 n-d-824835-4 devstack@placement-api.service[103611]: DEBUG placement.objects.research_context [req-001dfa8e-1a90-4570-b667-c88a112aa390 req-00484743-52ca-46b5-aac0-c643baa55288 service placement] found 2 providers with available 1 DISK_GB {{(pid=103611) get_provider_ids_matching /opt/stack/placement/placement/objects/research_context.py:549}}
Jan 28 12:36:38.032634 n-d-824835-4 devstack@placement-api.service[103611]: DEBUG placement.objects.research_context [req-001dfa8e-1a90-4570-b667-c88a112aa390 req-00484743-52ca-46b5-aac0-c643baa55288 service placement] found 2 providers with available 1024 MEMORY_MB {{(pid=103611) get_provider_ids_matching /opt/stack/placement/placement/objects/research_context.py:549}}
Jan 28 12:36:38.033072 n-d-824835-4 devstack@placement-api.service[103611]: DEBUG placement.objects.research_context [req-001dfa8e-1a90-4570-b667-c88a112aa390 req-00484743-52ca-46b5-aac0-c643baa55288 service placement] found 2 providers after filtering by previous result {{(pid=103611) get_provider_ids_matching /opt/stack/placement/placement/objects/research_context.py:580}}
Jan 28 12:36:38.033505 n-d-824835-4 devstack@placement-api.service[103611]: DEBUG placement.objects.research_context [req-001dfa8e-1a90-4570-b667-c88a112aa390 req-00484743-52ca-46b5-aac0-c643baa55288 service placement] found 2 providers with available 1 VCPU {{(pid=103611) get_provider_ids_matching /opt/stack/placement/placement/objects/research_context.py:549}}
Jan 28 12:36:38.033929 n-d-824835-4 devstack@placement-api.service[103611]: DEBUG placement.objects.research_context [req-001dfa8e-1a90-4570-b667-c88a112aa390 req-00484743-52ca-46b5-aac0-c643baa55288 service placement] found 2 providers after filtering by previous result {{(pid=103611) get_provider_ids_matching /opt/stack/placement/placement/objects/research_context.py:580}}
Jan 28 12:36:38.047257 n-d-824835-4 devstack@placement-api.service[103611]: DEBUG placement.objects.allocation_candidate [req-001dfa8e-1a90-4570-b667-c88a112aa390 req-00484743-52ca-46b5-aac0-c643baa55288 service placement] RequestGroup(use_same_provider=False, resources={DISK_GB:1, MEMORY_MB:1024, VCPU:1}, traits=[], aggregates=[]) (suffix '') returned 2 matches {{(pid=103611) _get_by_requests /opt/stack/placement/placement/objects/allocation_candidate.py:145}}
Jan 28 12:36:38.047966 n-d-824835-4 devstack@placement-api.service[103611]: DEBUG placement.objects.allocation_candidate [req-001dfa8e-1a90-4570-b667-c88a112aa390 req-00484743-52ca-46b5-aac0-c643baa55288 service placement] Merging candidates yields 2 allocation requests and 2 provider summaries {{(pid=103611) _merge_candidates /opt/stack/placement/placement/objects/allocation_candidate.py:783}}
Jan 28 12:36:38.064385 n-d-824835-4 devstack@placement-api.service[103611]: INFO placement.requestlog [req-001dfa8e-1a90-4570-b667-c88a112aa390 req-00484743-52ca-46b5-aac0-c643baa55288 service placement] 10.222.0.53 "GET /placement/allocation_candidates?limit=1000&resources=DISK_GB%3A1%2CMEMORY_MB%3A1024%2CVCPU%3A1&root_required=%21COMPUTE_STATUS_DISABLED" status: 200 len: 1306 microversion: 1.36
Jan 28 12:36:38.064800 n-d-824835-4 devstack@placement-api.service[103611]: [pid: 103611|app: 0|req: 351/704] 10.222.0.53 () {60 vars in 1506 bytes} [Fri Jan 28 12:36:37 2022] GET /placement/allocation_candidates?limit=1000&resources=DISK_GB%3A1%2CMEMORY_MB%3A1024%2CVCPU%3A1&root_required=%21COMPUTE_STATUS_DISABLED => generated 1306 bytes in 111 msecs (HTTP/1.1 200) 8 headers in 297 bytes (1 switches on core 0)
Jan 28 12:36:38.139672 n-d-824835-4 devstack@placement-api.service[103610]: DEBUG placement.requestlog [req-001dfa8e-1a90-4570-b667-c88a112aa390 req-95b637f4-1577-4cba-bda3-b58770b1c54f None None] Starting request: 10.222.0.53 "GET /placement/allocations/e377b8cf-a92f-4809-aac4-5defec6c3f0b" {{(pid=103610) __call__ /opt/stack/placement/placement/requestlog.py:55}}
Jan 28 12:36:38.150709 n-d-824835-4 devstack@placement-api.service[103610]: INFO placement.requestlog [req-001dfa8e-1a90-4570-b667-c88a112aa390 req-95b637f4-1577-4cba-bda3-b58770b1c54f service placement] 10.222.0.53 "GET /placement/allocations/e377b8cf-a92f-4809-aac4-5defec6c3f0b" status: 200 len: 19 microversion: 1.28
Jan 28 12:36:38.151124 n-d-824835-4 devstack@placement-api.service[103610]: [pid: 103610|app: 0|req: 354/705] 10.222.0.53 () {60 vars in 1380 bytes} [Fri Jan 28 12:36:38 2022] GET /placement/allocations/e377b8cf-a92f-4809-aac4-5defec6c3f0b => generated 19 bytes in 12 msecs (HTTP/1.1 200) 8 headers in 295 bytes (2 switches on core 0)
Jan 28 12:36:38.158391 n-d-824835-4 devstack@placement-api.service[103611]: DEBUG placement.requestlog [req-001dfa8e-1a90-4570-b667-c88a112aa390 req-354e60ca-95b4-4e66-abfd-00319ee157bb None None] Starting request: 10.222.0.53 "PUT /placement/allocations/e377b8cf-a92f-4809-aac4-5defec6c3f0b" {{(pid=103611) __call__ /opt/stack/placement/placement/requestlog.py:55}}
Jan 28 12:36:38.232719 n-d-824835-4 devstack@placement-api.service[103611]: DEBUG placement.handlers.allocation [req-001dfa8e-1a90-4570-b667-c88a112aa390 req-354e60ca-95b4-4e66-abfd-00319ee157bb service placement] Successfully wrote allocations [, , ] {{(pid=103611) _update_consumers_and_create_allocations /opt/stack/placement/placement/handlers/allocation.py:462}}
Jan 28 12:36:38.244285 n-d-824835-4 devstack@placement-api.service[103611]: INFO placement.requestlog [req-001dfa8e-1a90-4570-b667-c88a112aa390 req-354e60ca-95b4-4e66-abfd-00319ee157bb service placement] 10.222.0.53 "PUT /placement/allocations/e377b8cf-a92f-4809-aac4-5defec6c3f0b" status: 204 len: 0 microversion: 1.36
Jan 28 12:36:38.245245 n-d-824835-4 devstack@placement-api.service[103611]: [pid: 103611|app: 0|req: 352/706] 10.222.0.53 () {64 vars in 1433 bytes} [Fri Jan 28 12:36:38 2022] PUT /placement/allocations/e377b8cf-a92f-4809-aac4-5defec6c3f0b => generated 0 bytes in 87 msecs (HTTP/1.1 204) 5 headers in 199 bytes (2 switches on core 0)
Jan 28 12:36:38.637566 n-d-824835-4 devstack@placement-api.service[103610]: DEBUG placement.requestlog [req-2aaec9b2-fd42-4ce3-a4de-aee8101b7826 req-7cdeee5d-747d-4587-b0a1-d1d9fb2dd8d4 None None] Starting request: 10.222.0.49 "DELETE /placement/allocations/6473445a-21d4-4fc4-9ebe-5bdcaa6a725b" {{(pid=103610) __call__ /opt/stack/placement/placement/requestlog.py:55}}
Jan 28 12:36:38.703990 n-d-824835-4 devstack@placement-api.service[103610]: DEBUG placement.handlers.allocation [req-2aaec9b2-fd42-4ce3-a4de-aee8101b7826 req-7cdeee5d-747d-4587-b0a1-d1d9fb2dd8d4 service placement] Successfully deleted allocations [, , ] {{(pid=103610) delete_allocations /opt/stack/placement/placement/handlers/allocation.py:627}}
Jan 28 12:36:38.704491 n-d-824835-4 devstack@placement-api.service[103610]: INFO placement.requestlog [req-2aaec9b2-fd42-4ce3-a4de-aee8101b7826 req-7cdeee5d-747d-4587-b0a1-d1d9fb2dd8d4 service placement] 10.222.0.49 "DELETE /placement/allocations/6473445a-21d4-4fc4-9ebe-5bdcaa6a725b" status: 204 len: 0 microversion: 1.0
Jan 28 12:36:38.704854 n-d-824835-4 devstack@placement-api.service[103610]: [pid: 103610|app: 0|req: 355/707] 10.222.0.49 () {60 vars in 1355 bytes} [Fri Jan 28 12:36:38 2022] DELETE /placement/allocations/6473445a-21d4-4fc4-9ebe-5bdcaa6a725b => generated 0 bytes in 68 msecs (HTTP/1.1 204) 5 headers in 198 bytes (1 switches on core 0)
Jan 28 12:36:38.769458 n-d-824835-4 devstack@placement-api.service[103611]: DEBUG placement.requestlog [req-001dfa8e-1a90-4570-b667-c88a112aa390 req-c19d8b3b-2c2b-45e2-aefd-2a3b87bc24d7 None None] Starting request: 10.222.0.49 "GET /placement/allocations/e377b8cf-a92f-4809-aac4-5defec6c3f0b" {{(pid=103611) __call__ /opt/stack/placement/placement/requestlog.py:55}}
Jan 28 12:36:38.787258 n-d-824835-4 devstack@placement-api.service[103611]: INFO placement.requestlog [req-001dfa8e-1a90-4570-b667-c88a112aa390 req-c19d8b3b-2c2b-45e2-aefd-2a3b87bc24d7 service placement] 10.222.0.49 "GET /placement/allocations/e377b8cf-a92f-4809-aac4-5defec6c3f0b" status: 200 len: 259 microversion: 1.28
Jan 28 12:36:38.788652 n-d-824835-4 devstack@placement-api.service[103611]: [pid: 103611|app: 0|req: 353/708] 10.222.0.49 () {60 vars in 1377 bytes} [Fri Jan 28 12:36:38 2022] GET /placement/allocations/e377b8cf-a92f-4809-aac4-5defec6c3f0b => generated 259 bytes in 19 msecs (HTTP/1.1 200) 8 headers in 296 bytes (1 switches on core 0)
Jan 28 12:36:55.764468 n-d-824835-4 devstack@placement-api.service[103610]: DEBUG placement.requestlog [req-ceea80b6-1f93-433c-ad4c-99b4df877de2 req-8780c0c2-0d66-44c9-b9a2-d70123e7a23b None None] Starting request: 10.222.0.49 "DELETE /placement/allocations/6f57fb46-1c7a-4a75-9930-d90ce10fc365" {{(pid=103610) __call__ /opt/stack/placement/placement/requestlog.py:55}}
Jan 28 12:36:55.819426 n-d-824835-4 devstack@placement-api.service[103610]: DEBUG placement.handlers.allocation [req-ceea80b6-1f93-433c-ad4c-99b4df877de2 req-8780c0c2-0d66-44c9-b9a2-d70123e7a23b service placement] Successfully deleted allocations [, , ] {{(pid=103610) delete_allocations /opt/stack/placement/placement/handlers/allocation.py:627}}
Jan 28 12:36:55.820029 n-d-824835-4 devstack@placement-api.service[103610]: INFO placement.requestlog [req-ceea80b6-1f93-433c-ad4c-99b4df877de2 req-8780c0c2-0d66-44c9-b9a2-d70123e7a23b service placement] 10.222.0.49 "DELETE /placement/allocations/6f57fb46-1c7a-4a75-9930-d90ce10fc365" status: 204 len: 0 microversion: 1.0
Jan 28 12:36:55.821238 n-d-824835-4 devstack@placement-api.service[103610]: [pid: 103610|app: 0|req: 356/709] 10.222.0.49 () {60 vars in 1355 bytes} [Fri Jan 28 12:36:55 2022] DELETE /placement/allocations/6f57fb46-1c7a-4a75-9930-d90ce10fc365 => generated 0 bytes in 57 msecs (HTTP/1.1 204) 5 headers in 198 bytes (1 switches on core 0)
Jan 28 12:37:01.343028 n-d-824835-4 devstack@placement-api.service[103611]: DEBUG placement.requestlog [req-62525639-ccb1-4610-bf2e-6136a5595339 req-4e740053-4ebf-44e7-8b06-fecae1b739d9 None None] Starting request: 10.222.0.35 "GET /placement/resource_providers/15aa3ded-854a-450d-8d69-8daeaf09b21f/allocations" {{(pid=103611) __call__ /opt/stack/placement/placement/requestlog.py:55}}
Jan 28 12:37:01.370802 n-d-824835-4 devstack@placement-api.service[103611]: INFO placement.requestlog [req-62525639-ccb1-4610-bf2e-6136a5595339 req-4e740053-4ebf-44e7-8b06-fecae1b739d9 service placement] 10.222.0.35 "GET /placement/resource_providers/15aa3ded-854a-450d-8d69-8daeaf09b21f/allocations" status: 200 len: 55 microversion: 1.0
Jan 28 12:37:01.381776 n-d-824835-4 devstack@placement-api.service[103611]: [pid: 103611|app: 0|req: 354/710] 10.222.0.35 () {58 vars in 1390 bytes} [Fri Jan 28 12:37:01 2022] GET /placement/resource_providers/15aa3ded-854a-450d-8d69-8daeaf09b21f/allocations => generated 55 bytes in 39 msecs (HTTP/1.1 200) 6 headers in 223 bytes (1 switches on core 0)
Jan 28 12:37:02.548088 n-d-824835-4 devstack@placement-api.service[103610]: DEBUG placement.requestlog [req-50a7ba8a-f1a5-4a37-871e-0001343c0a51 req-ec51daa0-2d18-49d1-9503-2235c62e1154 None None] Starting request: 10.222.0.53 "GET /placement/allocation_candidates?limit=1000&resources=DISK_GB%3A1%2CMEMORY_MB%3A1024%2CVCPU%3A1&root_required=%21COMPUTE_STATUS_DISABLED" {{(pid=103610) __call__ /opt/stack/placement/placement/requestlog.py:55}}
Jan 28 12:37:02.614919 n-d-824835-4 devstack@placement-api.service[103610]: DEBUG placement.objects.research_context [req-50a7ba8a-f1a5-4a37-871e-0001343c0a51 req-ec51daa0-2d18-49d1-9503-2235c62e1154 service placement] getting providers with 1 DISK_GB {{(pid=103610) __init__ /opt/stack/placement/placement/objects/research_context.py:126}}
Jan 28 12:37:02.624377 n-d-824835-4 devstack@placement-api.service[103610]: DEBUG placement.objects.research_context [req-50a7ba8a-f1a5-4a37-871e-0001343c0a51 req-ec51daa0-2d18-49d1-9503-2235c62e1154 service placement] getting providers with 1024 MEMORY_MB {{(pid=103610) __init__ /opt/stack/placement/placement/objects/research_context.py:126}}
Jan 28 12:37:02.643738 n-d-824835-4 devstack@placement-api.service[103610]: DEBUG placement.objects.research_context [req-50a7ba8a-f1a5-4a37-871e-0001343c0a51 req-ec51daa0-2d18-49d1-9503-2235c62e1154 service placement] getting providers with 1 VCPU {{(pid=103610) __init__ /opt/stack/placement/placement/objects/research_context.py:126}}
Jan 28 12:37:02.655603 n-d-824835-4 devstack@placement-api.service[103610]: DEBUG placement.objects.research_context [req-50a7ba8a-f1a5-4a37-871e-0001343c0a51 req-ec51daa0-2d18-49d1-9503-2235c62e1154 service placement] found 2 providers with available 1 DISK_GB {{(pid=103610) get_provider_ids_matching /opt/stack/placement/placement/objects/research_context.py:549}}
Jan 28 12:37:02.655872 n-d-824835-4 devstack@placement-api.service[103610]: DEBUG placement.objects.research_context [req-50a7ba8a-f1a5-4a37-871e-0001343c0a51 req-ec51daa0-2d18-49d1-9503-2235c62e1154 service placement] found 2 providers with available 1024 MEMORY_MB {{(pid=103610) get_provider_ids_matching /opt/stack/placement/placement/objects/research_context.py:549}}
Jan 28 12:37:02.661488 n-d-824835-4 devstack@placement-api.service[103610]: DEBUG placement.objects.research_context [req-50a7ba8a-f1a5-4a37-871e-0001343c0a51 req-ec51daa0-2d18-49d1-9503-2235c62e1154 service placement] found 2 providers after filtering by previous result {{(pid=103610) get_provider_ids_matching /opt/stack/placement/placement/objects/research_context.py:580}}
Jan 28 12:37:02.662078 n-d-824835-4 devstack@placement-api.service[103610]: DEBUG placement.objects.research_context [req-50a7ba8a-f1a5-4a37-871e-0001343c0a51 req-ec51daa0-2d18-49d1-9503-2235c62e1154 service placement] found 2 providers with available 1 VCPU {{(pid=103610) get_provider_ids_matching /opt/stack/placement/placement/objects/research_context.py:549}}
Jan 28 12:37:02.662529 n-d-824835-4 devstack@placement-api.service[103610]: DEBUG placement.objects.research_context [req-50a7ba8a-f1a5-4a37-871e-0001343c0a51 req-ec51daa0-2d18-49d1-9503-2235c62e1154 service placement] found 2 providers after filtering by previous result {{(pid=103610) get_provider_ids_matching /opt/stack/placement/placement/objects/research_context.py:580}}
Jan 28 12:37:02.683690 n-d-824835-4 devstack@placement-api.service[103610]: DEBUG placement.objects.allocation_candidate [req-50a7ba8a-f1a5-4a37-871e-0001343c0a51 req-ec51daa0-2d18-49d1-9503-2235c62e1154 service placement] RequestGroup(use_same_provider=False, resources={DISK_GB:1, MEMORY_MB:1024, VCPU:1}, traits=[], aggregates=[]) (suffix '') returned 2 matches {{(pid=103610) _get_by_requests /opt/stack/placement/placement/objects/allocation_candidate.py:145}}
Jan 28 12:37:02.685036 n-d-824835-4 devstack@placement-api.service[103610]: DEBUG placement.objects.allocation_candidate [req-50a7ba8a-f1a5-4a37-871e-0001343c0a51 req-ec51daa0-2d18-49d1-9503-2235c62e1154 service placement] Merging candidates yields 2 allocation requests and 2 provider summaries {{(pid=103610) _merge_candidates /opt/stack/placement/placement/objects/allocation_candidate.py:783}}
Jan 28 12:37:02.690009 n-d-824835-4 devstack@placement-api.service[103610]: INFO placement.requestlog [req-50a7ba8a-f1a5-4a37-871e-0001343c0a51 req-ec51daa0-2d18-49d1-9503-2235c62e1154 service placement] 10.222.0.53 "GET /placement/allocation_candidates?limit=1000&resources=DISK_GB%3A1%2CMEMORY_MB%3A1024%2CVCPU%3A1&root_required=%21COMPUTE_STATUS_DISABLED" status: 200 len: 1306 microversion: 1.36
Jan 28 12:37:02.690877 n-d-824835-4 devstack@placement-api.service[103610]: [pid: 103610|app: 0|req: 357/711] 10.222.0.53 () {60 vars in 1506 bytes} [Fri Jan 28 12:37:02 2022] GET /placement/allocation_candidates?limit=1000&resources=DISK_GB%3A1%2CMEMORY_MB%3A1024%2CVCPU%3A1&root_required=%21COMPUTE_STATUS_DISABLED => generated 1306 bytes in 143 msecs (HTTP/1.1 200) 8 headers in 297 bytes (1 switches on core 0)
Jan 28 12:37:02.855424 n-d-824835-4 devstack@placement-api.service[103611]: DEBUG placement.requestlog [req-50a7ba8a-f1a5-4a37-871e-0001343c0a51 req-001f2a07-ef1d-4e23-8a9e-6eb978a21498 None None] Starting request: 10.222.0.53 "GET /placement/allocations/29459033-9743-4980-abf1-ff1a842b72a6" {{(pid=103611) __call__ /opt/stack/placement/placement/requestlog.py:55}}
Jan 28 12:37:02.874100 n-d-824835-4 devstack@placement-api.service[103611]: INFO placement.requestlog [req-50a7ba8a-f1a5-4a37-871e-0001343c0a51 req-001f2a07-ef1d-4e23-8a9e-6eb978a21498 service placement] 10.222.0.53 "GET /placement/allocations/29459033-9743-4980-abf1-ff1a842b72a6" status: 200 len: 19 microversion: 1.28
Jan 28 12:37:02.878965 n-d-824835-4 devstack@placement-api.service[103611]: [pid: 103611|app: 0|req: 355/712] 10.222.0.53 () {60 vars in 1380 bytes} [Fri Jan 28 12:37:02 2022] GET /placement/allocations/29459033-9743-4980-abf1-ff1a842b72a6 => generated 19 bytes in 24 msecs (HTTP/1.1 200) 8 headers in 295 bytes (1 switches on core 0)
Jan 28 12:37:02.893083 n-d-824835-4 devstack@placement-api.service[103610]: DEBUG placement.requestlog [req-50a7ba8a-f1a5-4a37-871e-0001343c0a51 req-22358ba8-f3c1-41c5-bd05-c0e69e43bedc None None] Starting request: 10.222.0.53 "PUT /placement/allocations/29459033-9743-4980-abf1-ff1a842b72a6" {{(pid=103610) __call__ /opt/stack/placement/placement/requestlog.py:55}}
Jan 28 12:37:02.969569 n-d-824835-4 devstack@placement-api.service[103610]: DEBUG placement.handlers.allocation [req-50a7ba8a-f1a5-4a37-871e-0001343c0a51 req-22358ba8-f3c1-41c5-bd05-c0e69e43bedc service placement] Successfully wrote allocations [, , ] {{(pid=103610) _update_consumers_and_create_allocations /opt/stack/placement/placement/handlers/allocation.py:462}}
Jan 28 12:37:02.974768 n-d-824835-4 devstack@placement-api.service[103610]: INFO placement.requestlog [req-50a7ba8a-f1a5-4a37-871e-0001343c0a51 req-22358ba8-f3c1-41c5-bd05-c0e69e43bedc service placement] 10.222.0.53 "PUT /placement/allocations/29459033-9743-4980-abf1-ff1a842b72a6" status: 204 len: 0 microversion: 1.36
Jan 28 12:37:02.975400 n-d-824835-4 devstack@placement-api.service[103610]: [pid: 103610|app: 0|req: 358/713] 10.222.0.53 () {64 vars in 1433 bytes} [Fri Jan 28 12:37:02 2022] PUT /placement/allocations/29459033-9743-4980-abf1-ff1a842b72a6 => generated 0 bytes in 83 msecs (HTTP/1.1 204) 5 headers in 199 bytes (1 switches on core 0)
Jan 28 12:37:03.566276 n-d-824835-4 devstack@placement-api.service[103611]: DEBUG placement.requestlog [req-50a7ba8a-f1a5-4a37-871e-0001343c0a51 req-27ed3bdb-30c8-485d-93b7-52d9be7d5b78 None None] Starting request: 10.222.0.49 "GET /placement/allocations/29459033-9743-4980-abf1-ff1a842b72a6" {{(pid=103611) __call__ /opt/stack/placement/placement/requestlog.py:55}}
Jan 28 12:37:03.633651 n-d-824835-4 devstack@placement-api.service[103611]: INFO placement.requestlog [req-50a7ba8a-f1a5-4a37-871e-0001343c0a51 req-27ed3bdb-30c8-485d-93b7-52d9be7d5b78 service placement] 10.222.0.49 "GET /placement/allocations/29459033-9743-4980-abf1-ff1a842b72a6" status: 200 len: 259 microversion: 1.28
Jan 28 12:37:03.634366 n-d-824835-4 devstack@placement-api.service[103611]: [pid: 103611|app: 0|req: 356/714] 10.222.0.49 () {60 vars in 1377 bytes} [Fri Jan 28 12:37:03 2022] GET /placement/allocations/29459033-9743-4980-abf1-ff1a842b72a6 => generated 259 bytes in 68 msecs (HTTP/1.1 200) 8 headers in 296 bytes (1 switches on core 0)
Jan 28 12:37:10.346072 n-d-824835-4 devstack@placement-api.service[103610]: DEBUG placement.requestlog [req-8b3de318-3c07-4631-98e4-52aa049d20bc req-1f12988e-75ce-4150-9d2a-06680ab096bc None None] Starting request: 10.222.0.49 "GET /placement/resource_providers/f2efdc8e-1126-46da-9787-ce8a0515e70d/allocations" {{(pid=103610) __call__ /opt/stack/placement/placement/requestlog.py:55}}
Jan 28 12:37:10.412288 n-d-824835-4 devstack@placement-api.service[103610]: INFO placement.requestlog [req-8b3de318-3c07-4631-98e4-52aa049d20bc req-1f12988e-75ce-4150-9d2a-06680ab096bc service placement] 10.222.0.49 "GET /placement/resource_providers/f2efdc8e-1126-46da-9787-ce8a0515e70d/allocations" status: 200 len: 833 microversion: 1.0
Jan 28 12:37:10.420775 n-d-824835-4 devstack@placement-api.service[103610]: [pid: 103610|app: 0|req: 359/715] 10.222.0.49 () {58 vars in 1390 bytes} [Fri Jan 28 12:37:10 2022] GET /placement/resource_providers/f2efdc8e-1126-46da-9787-ce8a0515e70d/allocations => generated 833 bytes in 75 msecs (HTTP/1.1 200) 6 headers in 224 bytes (1 switches on core 0)
Jan 28 12:38:03.503024 n-d-824835-4 devstack@placement-api.service[103611]: DEBUG placement.requestlog [req-74582efa-a35a-4a46-ace5-856e694997a8 req-86335406-b68d-47d0-b872-27fb02e3c451 None None] Starting request: 10.222.0.35 "GET /placement/resource_providers/15aa3ded-854a-450d-8d69-8daeaf09b21f/allocations" {{(pid=103611) __call__ /opt/stack/placement/placement/requestlog.py:55}}
Jan 28 12:38:04.506974 n-d-824835-4 devstack@placement-api.service[103611]: INFO placement.requestlog [req-74582efa-a35a-4a46-ace5-856e694997a8 req-86335406-b68d-47d0-b872-27fb02e3c451 service placement] 10.222.0.35 "GET /placement/resource_providers/15aa3ded-854a-450d-8d69-8daeaf09b21f/allocations" status: 200 len: 55 microversion: 1.0
Jan 28 12:38:04.508078 n-d-824835-4 devstack@placement-api.service[103611]: [pid: 103611|app: 0|req: 357/716] 10.222.0.35 () {58 vars in 1390 bytes} [Fri Jan 28 12:38:03 2022] GET /placement/resource_providers/15aa3ded-854a-450d-8d69-8daeaf09b21f/allocations => generated 55 bytes in 1005 msecs (HTTP/1.1 200) 6 headers in 223 bytes (1 switches on core 0)
Jan 28 12:38:08.641073 n-d-824835-4 devstack@placement-api.service[103610]: DEBUG placement.requestlog [req-599fbafa-cc9f-4355-86bf-da12684fabd0 req-610259f9-28d6-42c7-94d2-86a990a0bf2d None None] Starting request: 10.222.0.49 "GET /placement/resource_providers?in_tree=f2efdc8e-1126-46da-9787-ce8a0515e70d" {{(pid=103610) __call__ /opt/stack/placement/placement/requestlog.py:55}}
Jan 28 12:38:09.232086 n-d-824835-4 devstack@placement-api.service[103610]: INFO placement.requestlog [req-599fbafa-cc9f-4355-86bf-da12684fabd0 req-610259f9-28d6-42c7-94d2-86a990a0bf2d service placement] 10.222.0.49 "GET /placement/resource_providers?in_tree=f2efdc8e-1126-46da-9787-ce8a0515e70d" status: 200 len: 863 microversion: 1.14
Jan 28 12:38:09.236415 n-d-824835-4 devstack@placement-api.service[103610]: [pid: 103610|app: 0|req: 360/717] 10.222.0.49 () {60 vars in 1376 bytes} [Fri Jan 28 12:38:08 2022] GET /placement/resource_providers?in_tree=f2efdc8e-1126-46da-9787-ce8a0515e70d => generated 863 bytes in 597 msecs (HTTP/1.1 200) 6 headers in 225 bytes (1 switches on core 0)
Jan 28 12:38:09.244834 n-d-824835-4 devstack@placement-api.service[103611]: DEBUG placement.requestlog [req-599fbafa-cc9f-4355-86bf-da12684fabd0 req-7493be6f-6142-4c82-b260-3339d65c586d None None] Starting request: 10.222.0.49 "GET /placement/resource_providers/f2efdc8e-1126-46da-9787-ce8a0515e70d/inventories" {{(pid=103611) __call__ /opt/stack/placement/placement/requestlog.py:55}}
Jan 28 12:38:09.304781 n-d-824835-4 devstack@placement-api.service[103611]: INFO placement.requestlog [req-599fbafa-cc9f-4355-86bf-da12684fabd0 req-7493be6f-6142-4c82-b260-3339d65c586d service placement] 10.222.0.49 "GET /placement/resource_providers/f2efdc8e-1126-46da-9787-ce8a0515e70d/inventories" status: 200 len: 398 microversion: 1.0
Jan 28 12:38:09.308650 n-d-824835-4 devstack@placement-api.service[103611]: [pid: 103611|app: 0|req: 358/718] 10.222.0.49 () {58 vars in 1390 bytes} [Fri Jan 28 12:38:09 2022] GET /placement/resource_providers/f2efdc8e-1126-46da-9787-ce8a0515e70d/inventories => generated 398 bytes in 64 msecs (HTTP/1.1 200) 6 headers in 224 bytes (1 switches on core 0)
Jan 28 12:38:09.317581 n-d-824835-4 devstack@placement-api.service[103610]: DEBUG placement.requestlog [req-599fbafa-cc9f-4355-86bf-da12684fabd0 req-fffb80bb-19e3-4a12-86f3-7ca608c32201 None None] Starting request: 10.222.0.49 "GET /placement/resource_providers/f2efdc8e-1126-46da-9787-ce8a0515e70d/aggregates" {{(pid=103610) __call__ /opt/stack/placement/placement/requestlog.py:55}}
Jan 28 12:38:09.372047 n-d-824835-4 devstack@placement-api.service[103610]: INFO placement.requestlog [req-599fbafa-cc9f-4355-86bf-da12684fabd0 req-fffb80bb-19e3-4a12-86f3-7ca608c32201 service placement] 10.222.0.49 "GET /placement/resource_providers/f2efdc8e-1126-46da-9787-ce8a0515e70d/aggregates" status: 200 len: 54 microversion: 1.19
Jan 28 12:38:09.373063 n-d-824835-4 devstack@placement-api.service[103610]: [pid: 103610|app: 0|req: 361/719] 10.222.0.49 () {60 vars in 1431 bytes} [Fri Jan 28 12:38:09 2022] GET /placement/resource_providers/f2efdc8e-1126-46da-9787-ce8a0515e70d/aggregates => generated 54 bytes in 56 msecs (HTTP/1.1 200) 8 headers in 295 bytes (1 switches on core 0)
Jan 28 12:38:09.382132 n-d-824835-4 devstack@placement-api.service[103611]: DEBUG placement.requestlog [req-599fbafa-cc9f-4355-86bf-da12684fabd0 req-3db3a075-c1e7-4435-bfc6-b0664a450df3 None None] Starting request: 10.222.0.49 "GET /placement/resource_providers/f2efdc8e-1126-46da-9787-ce8a0515e70d/traits" {{(pid=103611) __call__ /opt/stack/placement/placement/requestlog.py:55}}
Jan 28 12:38:09.474876 n-d-824835-4 devstack@placement-api.service[103611]: INFO placement.requestlog [req-599fbafa-cc9f-4355-86bf-da12684fabd0 req-3db3a075-c1e7-4435-bfc6-b0664a450df3 service placement] 10.222.0.49 "GET /placement/resource_providers/f2efdc8e-1126-46da-9787-ce8a0515e70d/traits" status: 200 len: 212 microversion: 1.6
