Jan 28 12:47:05.805235 n-d-824835-4 devstack@placement-api.service[103610]: INFO placement.requestlog [req-f31ddcf2-c1d4-418c-aea0-bff4ce9b59aa req-0e9094ec-e107-4cd3-9a41-542a75cd4bea service placement] 10.222.0.53 "GET /placement/allocations/18fb8ade-6917-40e6-b7bd-f3b04c7c9848" status: 200 len: 19 microversion: 1.28
Jan 28 12:47:05.806694 n-d-824835-4 devstack@placement-api.service[103610]: [pid: 103610|app: 0|req: 407/812] 10.222.0.53 () {60 vars in 1380 bytes} [Fri Jan 28 12:47:05 2022] GET /placement/allocations/18fb8ade-6917-40e6-b7bd-f3b04c7c9848 => generated 19 bytes in 33 msecs (HTTP/1.1 200) 8 headers in 295 bytes (1 switches on core 0)
Jan 28 12:47:05.815193 n-d-824835-4 devstack@placement-api.service[103611]: DEBUG placement.requestlog [req-f31ddcf2-c1d4-418c-aea0-bff4ce9b59aa req-d4003c16-f74f-4c14-83cc-8743e7c153b4 None None] Starting request: 10.222.0.53 "PUT /placement/allocations/18fb8ade-6917-40e6-b7bd-f3b04c7c9848" {{(pid=103611) __call__ /opt/stack/placement/placement/requestlog.py:55}}
Jan 28 12:47:06.039321 n-d-824835-4 devstack@placement-api.service[103611]: DEBUG placement.handlers.allocation [req-f31ddcf2-c1d4-418c-aea0-bff4ce9b59aa req-d4003c16-f74f-4c14-83cc-8743e7c153b4 service placement] Successfully wrote allocations [, , ] {{(pid=103611) _update_consumers_and_create_allocations /opt/stack/placement/placement/handlers/allocation.py:462}}
Jan 28 12:47:06.044418 n-d-824835-4 devstack@placement-api.service[103611]: INFO placement.requestlog [req-f31ddcf2-c1d4-418c-aea0-bff4ce9b59aa req-d4003c16-f74f-4c14-83cc-8743e7c153b4 service placement] 10.222.0.53 "PUT /placement/allocations/18fb8ade-6917-40e6-b7bd-f3b04c7c9848" status: 204 len: 0 microversion: 1.36
Jan 28 12:47:06.044868 n-d-824835-4 devstack@placement-api.service[103611]: [pid: 103611|app: 0|req: 406/813] 10.222.0.53 () {64 vars in 1433 bytes} [Fri Jan 28 12:47:05 2022] PUT /placement/allocations/18fb8ade-6917-40e6-b7bd-f3b04c7c9848 => generated 0 bytes in 230 msecs (HTTP/1.1 204) 5 headers in 199 bytes (1 switches on core 0)
Jan 28 12:47:06.776965 n-d-824835-4 devstack@placement-api.service[103610]: DEBUG placement.requestlog [req-f31ddcf2-c1d4-418c-aea0-bff4ce9b59aa req-deaffbff-a69e-424d-b427-8572e754e9e5 None None] Starting request: 10.222.0.49 "GET /placement/allocations/18fb8ade-6917-40e6-b7bd-f3b04c7c9848" {{(pid=103610) __call__ /opt/stack/placement/placement/requestlog.py:55}}
Jan 28 12:47:06.810393 n-d-824835-4 devstack@placement-api.service[103610]: INFO placement.requestlog [req-f31ddcf2-c1d4-418c-aea0-bff4ce9b59aa req-deaffbff-a69e-424d-b427-8572e754e9e5 service placement] 10.222.0.49 "GET /placement/allocations/18fb8ade-6917-40e6-b7bd-f3b04c7c9848" status: 200 len: 259 microversion: 1.28
Jan 28 12:47:06.811836 n-d-824835-4 devstack@placement-api.service[103610]: [pid: 103610|app: 0|req: 408/814] 10.222.0.49 () {60 vars in 1377 bytes} [Fri Jan 28 12:47:06 2022] GET /placement/allocations/18fb8ade-6917-40e6-b7bd-f3b04c7c9848 => generated 259 bytes in 35 msecs (HTTP/1.1 200) 8 headers in 296 bytes (1 switches on core 0)
Jan 28 12:47:09.334189 n-d-824835-4 devstack@placement-api.service[103611]: DEBUG placement.requestlog [req-dc048f79-5cdb-4bea-b4f9-11bfd8987ec6 req-85b88410-6f55-410e-80e7-5a945451b91d None None] Starting request: 10.222.0.35 "GET /placement/resource_providers/15aa3ded-854a-450d-8d69-8daeaf09b21f/allocations" {{(pid=103611) __call__ /opt/stack/placement/placement/requestlog.py:55}}
Jan 28 12:47:09.404817 n-d-824835-4 devstack@placement-api.service[103611]: INFO placement.requestlog [req-dc048f79-5cdb-4bea-b4f9-11bfd8987ec6 req-85b88410-6f55-410e-80e7-5a945451b91d service placement] 10.222.0.35 "GET /placement/resource_providers/15aa3ded-854a-450d-8d69-8daeaf09b21f/allocations" status: 200 len: 55 microversion: 1.0
Jan 28 12:47:09.405701 n-d-824835-4 devstack@placement-api.service[103611]: [pid: 103611|app: 0|req: 407/815] 10.222.0.35 () {58 vars in 1390 bytes} [Fri Jan 28 12:47:09 2022] GET /placement/resource_providers/15aa3ded-854a-450d-8d69-8daeaf09b21f/allocations => generated 55 bytes in 73 msecs (HTTP/1.1 200) 6 headers in 223 bytes (1 switches on core 0)
Jan 28 12:47:19.321290 n-d-824835-4 devstack@placement-api.service[103610]: DEBUG placement.requestlog [req-50b33095-362b-439a-a0f5-c894796ce6d6 req-13d2ced3-d0fe-4245-afa7-0749ec0cde8b None None] Starting request: 10.222.0.49 "GET /placement/resource_providers/f2efdc8e-1126-46da-9787-ce8a0515e70d/allocations" {{(pid=103610) __call__ /opt/stack/placement/placement/requestlog.py:55}}
Jan 28 12:47:19.416475 n-d-824835-4 devstack@placement-api.service[103610]: INFO placement.requestlog [req-50b33095-362b-439a-a0f5-c894796ce6d6 req-13d2ced3-d0fe-4245-afa7-0749ec0cde8b service placement] 10.222.0.49 "GET /placement/resource_providers/f2efdc8e-1126-46da-9787-ce8a0515e70d/allocations" status: 200 len: 356 microversion: 1.0
Jan 28 12:47:19.421606 n-d-824835-4 devstack@placement-api.service[103610]: [pid: 103610|app: 0|req: 409/816] 10.222.0.49 () {58 vars in 1390 bytes} [Fri Jan 28 12:47:19 2022] GET /placement/resource_providers/f2efdc8e-1126-46da-9787-ce8a0515e70d/allocations => generated 356 bytes in 101 msecs (HTTP/1.1 200) 6 headers in 224 bytes (1 switches on core 0)
Jan 28 12:47:20.963383 n-d-824835-4 devstack@placement-api.service[103611]: DEBUG placement.requestlog [req-20248a9c-3bc5-40e3-8b88-0ebe9e1d7c5c req-07e42525-c32a-4cdf-afb6-46bfcb26a032 None None] Starting request: 10.222.0.53 "GET /placement/allocation_candidates?limit=1000&resources=DISK_GB%3A1%2CMEMORY_MB%3A1024%2CVCPU%3A1&root_required=%21COMPUTE_STATUS_DISABLED" {{(pid=103611) __call__ /opt/stack/placement/placement/requestlog.py:55}}
Jan 28 12:47:21.111629 n-d-824835-4 devstack@placement-api.service[103611]: DEBUG placement.objects.research_context [req-20248a9c-3bc5-40e3-8b88-0ebe9e1d7c5c req-07e42525-c32a-4cdf-afb6-46bfcb26a032 service placement] getting providers with 1 DISK_GB {{(pid=103611) __init__ /opt/stack/placement/placement/objects/research_context.py:126}}
Jan 28 12:47:21.141698 n-d-824835-4 devstack@placement-api.service[103611]: DEBUG placement.objects.research_context [req-20248a9c-3bc5-40e3-8b88-0ebe9e1d7c5c req-07e42525-c32a-4cdf-afb6-46bfcb26a032 service placement] getting providers with 1024 MEMORY_MB {{(pid=103611) __init__ /opt/stack/placement/placement/objects/research_context.py:126}}
Jan 28 12:47:21.169737 n-d-824835-4 devstack@placement-api.service[103611]: DEBUG placement.objects.research_context [req-20248a9c-3bc5-40e3-8b88-0ebe9e1d7c5c req-07e42525-c32a-4cdf-afb6-46bfcb26a032 service placement] getting providers with 1 VCPU {{(pid=103611) __init__ /opt/stack/placement/placement/objects/research_context.py:126}}
Jan 28 12:47:21.195064 n-d-824835-4 devstack@placement-api.service[103611]: DEBUG placement.objects.research_context [req-20248a9c-3bc5-40e3-8b88-0ebe9e1d7c5c req-07e42525-c32a-4cdf-afb6-46bfcb26a032 service placement] found 2 providers with available 1 DISK_GB {{(pid=103611) get_provider_ids_matching /opt/stack/placement/placement/objects/research_context.py:549}}
Jan 28 12:47:21.195355 n-d-824835-4 devstack@placement-api.service[103611]: DEBUG placement.objects.research_context [req-20248a9c-3bc5-40e3-8b88-0ebe9e1d7c5c req-07e42525-c32a-4cdf-afb6-46bfcb26a032 service placement] found 2 providers with available 1024 MEMORY_MB {{(pid=103611) get_provider_ids_matching /opt/stack/placement/placement/objects/research_context.py:549}}
Jan 28 12:47:21.201311 n-d-824835-4 devstack@placement-api.service[103611]: DEBUG placement.objects.research_context [req-20248a9c-3bc5-40e3-8b88-0ebe9e1d7c5c req-07e42525-c32a-4cdf-afb6-46bfcb26a032 service placement] found 2 providers after filtering by previous result {{(pid=103611) get_provider_ids_matching /opt/stack/placement/placement/objects/research_context.py:580}}
Jan 28 12:47:21.205212 n-d-824835-4 devstack@placement-api.service[103611]: DEBUG placement.objects.research_context [req-20248a9c-3bc5-40e3-8b88-0ebe9e1d7c5c req-07e42525-c32a-4cdf-afb6-46bfcb26a032 service placement] found 2 providers with available 1 VCPU {{(pid=103611) get_provider_ids_matching /opt/stack/placement/placement/objects/research_context.py:549}}
Jan 28 12:47:21.205939 n-d-824835-4 devstack@placement-api.service[103611]: DEBUG placement.objects.research_context [req-20248a9c-3bc5-40e3-8b88-0ebe9e1d7c5c req-07e42525-c32a-4cdf-afb6-46bfcb26a032 service placement] found 2 providers after filtering by previous result {{(pid=103611) get_provider_ids_matching /opt/stack/placement/placement/objects/research_context.py:580}}
Jan 28 12:47:21.301592 n-d-824835-4 devstack@placement-api.service[103611]: DEBUG placement.objects.allocation_candidate [req-20248a9c-3bc5-40e3-8b88-0ebe9e1d7c5c req-07e42525-c32a-4cdf-afb6-46bfcb26a032 service placement] RequestGroup(use_same_provider=False, resources={DISK_GB:1, MEMORY_MB:1024, VCPU:1}, traits=[], aggregates=[]) (suffix '') returned 2 matches {{(pid=103611) _get_by_requests /opt/stack/placement/placement/objects/allocation_candidate.py:145}}
Jan 28 12:47:21.304849 n-d-824835-4 devstack@placement-api.service[103611]: DEBUG placement.objects.allocation_candidate [req-20248a9c-3bc5-40e3-8b88-0ebe9e1d7c5c req-07e42525-c32a-4cdf-afb6-46bfcb26a032 service placement] Merging candidates yields 2 allocation requests and 2 provider summaries {{(pid=103611) _merge_candidates /opt/stack/placement/placement/objects/allocation_candidate.py:783}}
Jan 28 12:47:21.316210 n-d-824835-4 devstack@placement-api.service[103611]: INFO placement.requestlog [req-20248a9c-3bc5-40e3-8b88-0ebe9e1d7c5c req-07e42525-c32a-4cdf-afb6-46bfcb26a032 service placement] 10.222.0.53 "GET /placement/allocation_candidates?limit=1000&resources=DISK_GB%3A1%2CMEMORY_MB%3A1024%2CVCPU%3A1&root_required=%21COMPUTE_STATUS_DISABLED" status: 200 len: 1306 microversion: 1.36
Jan 28 12:47:21.320123 n-d-824835-4 devstack@placement-api.service[103611]: [pid: 103611|app: 0|req: 408/817] 10.222.0.53 () {60 vars in 1506 bytes} [Fri Jan 28 12:47:20 2022] GET /placement/allocation_candidates?limit=1000&resources=DISK_GB%3A1%2CMEMORY_MB%3A1024%2CVCPU%3A1&root_required=%21COMPUTE_STATUS_DISABLED => generated 1306 bytes in 357 msecs (HTTP/1.1 200) 8 headers in 297 bytes (1 switches on core 0)
Jan 28 12:47:21.512375 n-d-824835-4 devstack@placement-api.service[103610]: DEBUG placement.requestlog [req-20248a9c-3bc5-40e3-8b88-0ebe9e1d7c5c req-583467bc-0a8f-49f4-a05d-afb34ae2edc2 None None] Starting request: 10.222.0.53 "GET /placement/allocations/ae059724-aac0-48de-8a49-c800b45618e9" {{(pid=103610) __call__ /opt/stack/placement/placement/requestlog.py:55}}
Jan 28 12:47:21.548085 n-d-824835-4 devstack@placement-api.service[103610]: INFO placement.requestlog [req-20248a9c-3bc5-40e3-8b88-0ebe9e1d7c5c req-583467bc-0a8f-49f4-a05d-afb34ae2edc2 service placement] 10.222.0.53 "GET /placement/allocations/ae059724-aac0-48de-8a49-c800b45618e9" status: 200 len: 19 microversion: 1.28
Jan 28 12:47:21.548470 n-d-824835-4 devstack@placement-api.service[103610]: [pid: 103610|app: 0|req: 410/818] 10.222.0.53 () {60 vars in 1380 bytes} [Fri Jan 28 12:47:21 2022] GET /placement/allocations/ae059724-aac0-48de-8a49-c800b45618e9 => generated 19 bytes in 36 msecs (HTTP/1.1 200) 8 headers in 295 bytes (1 switches on core 0)
Jan 28 12:47:21.558564 n-d-824835-4 devstack@placement-api.service[103611]: DEBUG placement.requestlog [req-20248a9c-3bc5-40e3-8b88-0ebe9e1d7c5c req-688064cf-3458-49ca-a530-263de0766b7a None None] Starting request: 10.222.0.53 "PUT /placement/allocations/ae059724-aac0-48de-8a49-c800b45618e9" {{(pid=103611) __call__ /opt/stack/placement/placement/requestlog.py:55}}
Jan 28 12:47:21.686606 n-d-824835-4 devstack@placement-api.service[103611]: DEBUG placement.handlers.allocation [req-20248a9c-3bc5-40e3-8b88-0ebe9e1d7c5c req-688064cf-3458-49ca-a530-263de0766b7a service placement] Successfully wrote allocations [, , ] {{(pid=103611) _update_consumers_and_create_allocations /opt/stack/placement/placement/handlers/allocation.py:462}}
Jan 28 12:47:21.694469 n-d-824835-4 devstack@placement-api.service[103611]: INFO placement.requestlog [req-20248a9c-3bc5-40e3-8b88-0ebe9e1d7c5c req-688064cf-3458-49ca-a530-263de0766b7a service placement] 10.222.0.53 "PUT /placement/allocations/ae059724-aac0-48de-8a49-c800b45618e9" status: 204 len: 0 microversion: 1.36
Jan 28 12:47:21.700419 n-d-824835-4 devstack@placement-api.service[103611]: [pid: 103611|app: 0|req: 409/819] 10.222.0.53 () {64 vars in 1433 bytes} [Fri Jan 28 12:47:21 2022] PUT /placement/allocations/ae059724-aac0-48de-8a49-c800b45618e9 => generated 0 bytes in 138 msecs (HTTP/1.1 204) 5 headers in 199 bytes (2 switches on core 0)
Jan 28 12:47:21.717184 n-d-824835-4 devstack@placement-api.service[103610]: DEBUG placement.requestlog [req-20248a9c-3bc5-40e3-8b88-0ebe9e1d7c5c req-03fb9db5-683f-4f00-a3ad-b7960ceee194 None None] Starting request: 10.222.0.53 "GET /placement/allocations/8012d2b2-a139-497e-b2e8-b29164243914" {{(pid=103610) __call__ /opt/stack/placement/placement/requestlog.py:55}}
Jan 28 12:47:21.746393 n-d-824835-4 devstack@placement-api.service[103610]: INFO placement.requestlog [req-20248a9c-3bc5-40e3-8b88-0ebe9e1d7c5c req-03fb9db5-683f-4f00-a3ad-b7960ceee194 service placement] 10.222.0.53 "GET /placement/allocations/8012d2b2-a139-497e-b2e8-b29164243914" status: 200 len: 19 microversion: 1.28
Jan 28 12:47:21.752854 n-d-824835-4 devstack@placement-api.service[103611]: DEBUG placement.requestlog [req-20248a9c-3bc5-40e3-8b88-0ebe9e1d7c5c req-bec9b136-595b-493c-969d-c8dc0d03cbc1 None None] Starting request: 10.222.0.53 "PUT /placement/allocations/8012d2b2-a139-497e-b2e8-b29164243914" {{(pid=103611) __call__ /opt/stack/placement/placement/requestlog.py:55}}
Jan 28 12:47:21.758808 n-d-824835-4 devstack@placement-api.service[103610]: [pid: 103610|app: 0|req: 411/820] 10.222.0.53 () {60 vars in 1380 bytes} [Fri Jan 28 12:47:21 2022] GET /placement/allocations/8012d2b2-a139-497e-b2e8-b29164243914 => generated 19 bytes in 42 msecs (HTTP/1.1 200) 8 headers in 295 bytes (1 switches on core 0)
Jan 28 12:47:21.916217 n-d-824835-4 devstack@placement-api.service[103611]: DEBUG placement.handlers.allocation [req-20248a9c-3bc5-40e3-8b88-0ebe9e1d7c5c req-bec9b136-595b-493c-969d-c8dc0d03cbc1 service placement] Successfully wrote allocations [, , ] {{(pid=103611) _update_consumers_and_create_allocations /opt/stack/placement/placement/handlers/allocation.py:462}}
Jan 28 12:47:21.921872 n-d-824835-4 devstack@placement-api.service[103611]: INFO placement.requestlog [req-20248a9c-3bc5-40e3-8b88-0ebe9e1d7c5c req-bec9b136-595b-493c-969d-c8dc0d03cbc1 service placement] 10.222.0.53 "PUT /placement/allocations/8012d2b2-a139-497e-b2e8-b29164243914" status: 204 len: 0 microversion: 1.36
Jan 28 12:47:21.933691 n-d-824835-4 devstack@placement-api.service[103611]: [pid: 103611|app: 0|req: 410/821] 10.222.0.53 () {64 vars in 1433 bytes} [Fri Jan 28 12:47:21 2022] PUT /placement/allocations/8012d2b2-a139-497e-b2e8-b29164243914 => generated 0 bytes in 171 msecs (HTTP/1.1 204) 5 headers in 199 bytes (3 switches on core 0)
Jan 28 12:47:23.296127 n-d-824835-4 devstack@placement-api.service[103610]: DEBUG placement.requestlog [req-62cb4c75-471a-47fc-8a3a-ab405009443e req-b172ebae-75fd-4494-9720-5fb4dc35512c None None] Starting request: 10.222.0.49 "DELETE /placement/allocations/9bebd3f0-a045-4ea1-b06f-fef734d4b33f" {{(pid=103610) __call__ /opt/stack/placement/placement/requestlog.py:55}}
Jan 28 12:47:23.297597 n-d-824835-4 devstack@placement-api.service[103611]: DEBUG placement.requestlog [req-20248a9c-3bc5-40e3-8b88-0ebe9e1d7c5c req-4807b896-2207-44d7-8ce0-d6bea53ccb75 None None] Starting request: 10.222.0.49 "GET /placement/allocations/ae059724-aac0-48de-8a49-c800b45618e9" {{(pid=103611) __call__ /opt/stack/placement/placement/requestlog.py:55}}
Jan 28 12:47:23.344221 n-d-824835-4 devstack@placement-api.service[103611]: INFO placement.requestlog [req-20248a9c-3bc5-40e3-8b88-0ebe9e1d7c5c req-4807b896-2207-44d7-8ce0-d6bea53ccb75 service placement] 10.222.0.49 "GET /placement/allocations/ae059724-aac0-48de-8a49-c800b45618e9" status: 200 len: 260 microversion: 1.28
Jan 28 12:47:23.345342 n-d-824835-4 devstack@placement-api.service[103611]: [pid: 103611|app: 0|req: 411/822] 10.222.0.49 () {60 vars in 1377 bytes} [Fri Jan 28 12:47:23 2022] GET /placement/allocations/ae059724-aac0-48de-8a49-c800b45618e9 => generated 260 bytes in 48 msecs (HTTP/1.1 200) 8 headers in 296 bytes (1 switches on core 0)
Jan 28 12:47:23.397596 n-d-824835-4 devstack@placement-api.service[103610]: DEBUG placement.handlers.allocation [req-62cb4c75-471a-47fc-8a3a-ab405009443e req-b172ebae-75fd-4494-9720-5fb4dc35512c service placement] Successfully deleted allocations [, , ] {{(pid=103610) delete_allocations /opt/stack/placement/placement/handlers/allocation.py:627}}
Jan 28 12:47:23.398427 n-d-824835-4 devstack@placement-api.service[103610]: INFO placement.requestlog [req-62cb4c75-471a-47fc-8a3a-ab405009443e req-b172ebae-75fd-4494-9720-5fb4dc35512c service placement] 10.222.0.49 "DELETE /placement/allocations/9bebd3f0-a045-4ea1-b06f-fef734d4b33f" status: 204 len: 0 microversion: 1.0
Jan 28 12:47:23.399080 n-d-824835-4 devstack@placement-api.service[103610]: [pid: 103610|app: 0|req: 412/823] 10.222.0.49 () {60 vars in 1355 bytes} [Fri Jan 28 12:47:23 2022] DELETE /placement/allocations/9bebd3f0-a045-4ea1-b06f-fef734d4b33f => generated 0 bytes in 103 msecs (HTTP/1.1 204) 5 headers in 198 bytes (1 switches on core 0)
Jan 28 12:47:23.609446 n-d-824835-4 devstack@placement-api.service[103611]: DEBUG placement.requestlog [req-20248a9c-3bc5-40e3-8b88-0ebe9e1d7c5c req-fe13c778-378b-4f3f-b135-e0ac2ad3c4be None None] Starting request: 10.222.0.49 "GET /placement/allocations/8012d2b2-a139-497e-b2e8-b29164243914" {{(pid=103611) __call__ /opt/stack/placement/placement/requestlog.py:55}}
Jan 28 12:47:23.659603 n-d-824835-4 devstack@placement-api.service[103611]: INFO placement.requestlog [req-20248a9c-3bc5-40e3-8b88-0ebe9e1d7c5c req-fe13c778-378b-4f3f-b135-e0ac2ad3c4be service placement] 10.222.0.49 "GET /placement/allocations/8012d2b2-a139-497e-b2e8-b29164243914" status: 200 len: 260 microversion: 1.28
Jan 28 12:47:23.664525 n-d-824835-4 devstack@placement-api.service[103611]: [pid: 103611|app: 0|req: 412/824] 10.222.0.49 () {60 vars in 1377 bytes} [Fri Jan 28 12:47:23 2022] GET /placement/allocations/8012d2b2-a139-497e-b2e8-b29164243914 => generated 260 bytes in 56 msecs (HTTP/1.1 200) 8 headers in 296 bytes (1 switches on core 0)
Jan 28 12:47:25.173200 n-d-824835-4 devstack@placement-api.service[103610]: DEBUG placement.requestlog [req-f3a203a7-8ab7-49b1-a197-5e5ad1639f6b req-fdd9ad06-6c83-4705-93fd-70979c359bdc None None] Starting request: 10.222.0.49 "DELETE /placement/allocations/45f28103-5f9e-44a4-87ee-1653f4078b76" {{(pid=103610) __call__ /opt/stack/placement/placement/requestlog.py:55}}
Jan 28 12:47:25.273239 n-d-824835-4 devstack@placement-api.service[103610]: DEBUG placement.handlers.allocation [req-f3a203a7-8ab7-49b1-a197-5e5ad1639f6b req-fdd9ad06-6c83-4705-93fd-70979c359bdc service placement] Successfully deleted allocations [, , ] {{(pid=103610) delete_allocations /opt/stack/placement/placement/handlers/allocation.py:627}}
Jan 28 12:47:25.274129 n-d-824835-4 devstack@placement-api.service[103610]: INFO placement.requestlog [req-f3a203a7-8ab7-49b1-a197-5e5ad1639f6b req-fdd9ad06-6c83-4705-93fd-70979c359bdc service placement] 10.222.0.49 "DELETE /placement/allocations/45f28103-5f9e-44a4-87ee-1653f4078b76" status: 204 len: 0 microversion: 1.0
Jan 28 12:47:25.291828 n-d-824835-4 devstack@placement-api.service[103610]: [pid: 103610|app: 0|req: 413/825] 10.222.0.49 () {60 vars in 1355 bytes} [Fri Jan 28 12:47:25 2022] DELETE /placement/allocations/45f28103-5f9e-44a4-87ee-1653f4078b76 => generated 0 bytes in 118 msecs (HTTP/1.1 204) 5 headers in 198 bytes (2 switches on core 0)
Jan 28 12:47:55.538693 n-d-824835-4 devstack@placement-api.service[103611]: DEBUG placement.requestlog [req-70f426ea-ed15-451e-9bab-bc3cb67d8e1c req-1566a3bb-85f3-403f-9313-68ea360ba701 None None] Starting request: 10.222.0.49 "DELETE /placement/allocations/8012d2b2-a139-497e-b2e8-b29164243914" {{(pid=103611) __call__ /opt/stack/placement/placement/requestlog.py:55}}
Jan 28 12:47:55.601455 n-d-824835-4 devstack@placement-api.service[103611]: DEBUG placement.handlers.allocation [req-70f426ea-ed15-451e-9bab-bc3cb67d8e1c req-1566a3bb-85f3-403f-9313-68ea360ba701 service placement] Successfully deleted allocations [, , ] {{(pid=103611) delete_allocations /opt/stack/placement/placement/handlers/allocation.py:627}}
Jan 28 12:47:55.602372 n-d-824835-4 devstack@placement-api.service[103611]: INFO placement.requestlog [req-70f426ea-ed15-451e-9bab-bc3cb67d8e1c req-1566a3bb-85f3-403f-9313-68ea360ba701 service placement] 10.222.0.49 "DELETE /placement/allocations/8012d2b2-a139-497e-b2e8-b29164243914" status: 204 len: 0 microversion: 1.0
Jan 28 12:47:55.603604 n-d-824835-4 devstack@placement-api.service[103611]: [pid: 103611|app: 0|req: 413/826] 10.222.0.49 () {60 vars in 1355 bytes} [Fri Jan 28 12:47:55 2022] DELETE /placement/allocations/8012d2b2-a139-497e-b2e8-b29164243914 => generated 0 bytes in 65 msecs (HTTP/1.1 204) 5 headers in 198 bytes (1 switches on core 0)
Jan 28 12:47:56.607307 n-d-824835-4 devstack@placement-api.service[103610]: DEBUG placement.requestlog [req-a16f4816-ebfc-4b22-a715-8931150b3fe4 req-5d4a1e13-02a9-41f4-aa27-e5e5393f446f None None] Starting request: 10.222.0.49 "DELETE /placement/allocations/ae059724-aac0-48de-8a49-c800b45618e9" {{(pid=103610) __call__ /opt/stack/placement/placement/requestlog.py:55}}
Jan 28 12:47:56.671288 n-d-824835-4 devstack@placement-api.service[103610]: DEBUG placement.handlers.allocation [req-a16f4816-ebfc-4b22-a715-8931150b3fe4 req-5d4a1e13-02a9-41f4-aa27-e5e5393f446f service placement] Successfully deleted allocations [, , ] {{(pid=103610) delete_allocations /opt/stack/placement/placement/handlers/allocation.py:627}}
Jan 28 12:47:56.672271 n-d-824835-4 devstack@placement-api.service[103610]: INFO placement.requestlog [req-a16f4816-ebfc-4b22-a715-8931150b3fe4 req-5d4a1e13-02a9-41f4-aa27-e5e5393f446f service placement] 10.222.0.49 "DELETE /placement/allocations/ae059724-aac0-48de-8a49-c800b45618e9" status: 204 len: 0 microversion: 1.0
Jan 28 12:47:56.674419 n-d-824835-4 devstack@placement-api.service[103610]: [pid: 103610|app: 0|req: 414/827] 10.222.0.49 () {60 vars in 1355 bytes} [Fri Jan 28 12:47:56 2022] DELETE /placement/allocations/ae059724-aac0-48de-8a49-c800b45618e9 => generated 0 bytes in 68 msecs (HTTP/1.1 204) 5 headers in 198 bytes (1 switches on core 0)
Jan 28 12:48:11.425791 n-d-824835-4 devstack@placement-api.service[103611]: DEBUG placement.requestlog [req-3e64369c-7732-480e-9a79-0489daf045b6 req-ffdfc3fc-4a37-49df-a7e9-d4d37e2cf19a None None] Starting request: 10.222.0.35 "GET /placement/resource_providers/15aa3ded-854a-450d-8d69-8daeaf09b21f/allocations" {{(pid=103611) __call__ /opt/stack/placement/placement/requestlog.py:55}}
Jan 28 12:48:11.968244 n-d-824835-4 devstack@placement-api.service[103611]: INFO placement.requestlog [req-3e64369c-7732-480e-9a79-0489daf045b6 req-ffdfc3fc-4a37-49df-a7e9-d4d37e2cf19a service placement] 10.222.0.35 "GET /placement/resource_providers/15aa3ded-854a-450d-8d69-8daeaf09b21f/allocations" status: 200 len: 55 microversion: 1.0
Jan 28 12:48:11.975994 n-d-824835-4 devstack@placement-api.service[103611]: [pid: 103611|app: 0|req: 414/828] 10.222.0.35 () {58 vars in 1390 bytes} [Fri Jan 28 12:48:11 2022] GET /placement/resource_providers/15aa3ded-854a-450d-8d69-8daeaf09b21f/allocations => generated 55 bytes in 551 msecs (HTTP/1.1 200) 6 headers in 223 bytes (2 switches on core 0)
Jan 28 12:48:19.204472 n-d-824835-4 devstack@placement-api.service[103610]: DEBUG placement.requestlog [req-e164ec50-b52d-4978-9eea-d672531b02bb req-7fc9cbc3-0c7b-4fe1-ac62-e3793cedc292 None None] Starting request: 10.222.0.49 "GET /placement/resource_providers/f2efdc8e-1126-46da-9787-ce8a0515e70d/allocations" {{(pid=103610) __call__ /opt/stack/placement/placement/requestlog.py:55}}
Jan 28 12:48:20.067583 n-d-824835-4 devstack@placement-api.service[103610]: INFO placement.requestlog [req-e164ec50-b52d-4978-9eea-d672531b02bb req-7fc9cbc3-0c7b-4fe1-ac62-e3793cedc292 service placement] 10.222.0.49 "GET /placement/resource_providers/f2efdc8e-1126-46da-9787-ce8a0515e70d/allocations" status: 200 len: 155 microversion: 1.0
Jan 28 12:48:20.068744 n-d-824835-4 devstack@placement-api.service[103610]: [pid: 103610|app: 0|req: 415/829] 10.222.0.49 () {58 vars in 1390 bytes} [Fri Jan 28 12:48:19 2022] GET /placement/resource_providers/f2efdc8e-1126-46da-9787-ce8a0515e70d/allocations => generated 155 bytes in 866 msecs (HTTP/1.1 200) 6 headers in 224 bytes (1 switches on core 0)
Jan 28 12:48:20.173070 n-d-824835-4 devstack@placement-api.service[103611]: DEBUG placement.requestlog [req-e164ec50-b52d-4978-9eea-d672531b02bb req-e947ddea-4a5f-4174-a9b4-c5efbb92ba61 None None] Starting request: 10.222.0.49 "GET /placement/resource_providers?in_tree=f2efdc8e-1126-46da-9787-ce8a0515e70d" {{(pid=103611) __call__ /opt/stack/placement/placement/requestlog.py:55}}
Jan 28 12:48:20.220893 n-d-824835-4 devstack@placement-api.service[103611]: INFO placement.requestlog [req-e164ec50-b52d-4978-9eea-d672531b02bb req-e947ddea-4a5f-4174-a9b4-c5efbb92ba61 service placement] 10.222.0.49 "GET /placement/resource_providers?in_tree=f2efdc8e-1126-46da-9787-ce8a0515e70d" status: 200 len: 864 microversion: 1.14
Jan 28 12:48:20.223260 n-d-824835-4 devstack@placement-api.service[103611]: [pid: 103611|app: 0|req: 415/830] 10.222.0.49 () {60 vars in 1376 bytes} [Fri Jan 28 12:48:20 2022] GET /placement/resource_providers?in_tree=f2efdc8e-1126-46da-9787-ce8a0515e70d => generated 864 bytes in 50 msecs (HTTP/1.1 200) 6 headers in 225 bytes (2 switches on core 0)
Jan 28 12:48:20.230653 n-d-824835-4 devstack@placement-api.service[103610]: DEBUG placement.requestlog [req-e164ec50-b52d-4978-9eea-d672531b02bb req-ec2c5288-93e3-446e-9884-31f8e2968525 None None] Starting request: 10.222.0.49 "GET /placement/resource_providers/f2efdc8e-1126-46da-9787-ce8a0515e70d/inventories" {{(pid=103610) __call__ /opt/stack/placement/placement/requestlog.py:55}}
Jan 28 12:48:20.312169 n-d-824835-4 devstack@placement-api.service[103610]: INFO placement.requestlog [req-e164ec50-b52d-4978-9eea-d672531b02bb req-ec2c5288-93e3-446e-9884-31f8e2968525 service placement] 10.222.0.49 "GET /placement/resource_providers/f2efdc8e-1126-46da-9787-ce8a0515e70d/inventories" status: 200 len: 399 microversion: 1.0
Jan 28 12:48:20.312434 n-d-824835-4 devstack@placement-api.service[103610]: [pid: 103610|app: 0|req: 416/831] 10.222.0.49 () {58 vars in 1390 bytes} [Fri Jan 28 12:48:20 2022] GET /placement/resource_providers/f2efdc8e-1126-46da-9787-ce8a0515e70d/inventories => generated 399 bytes in 82 msecs (HTTP/1.1 200) 6 headers in 224 bytes (1 switches on core 0)
Jan 28 12:48:20.324196 n-d-824835-4 devstack@placement-api.service[103611]: DEBUG placement.requestlog [req-e164ec50-b52d-4978-9eea-d672531b02bb req-c0a74ca0-7138-4fe2-b718-bdb8c3bcf717 None None] Starting request: 10.222.0.49 "GET /placement/resource_providers/f2efdc8e-1126-46da-9787-ce8a0515e70d/aggregates" {{(pid=103611) __call__ /opt/stack/placement/placement/requestlog.py:55}}
Jan 28 12:48:20.337729 n-d-824835-4 devstack@placement-api.service[103610]: DEBUG placement.requestlog [req-7538f498-8f89-4313-85e2-307ea8f15b28 req-3928033b-0a80-45bd-918b-cbc0593bf9ac None None] Starting request: 10.222.0.53 "GET /placement/allocation_candidates?limit=1000&resources=DISK_GB%3A1%2CMEMORY_MB%3A1024%2CVCPU%3A1&root_required=%21COMPUTE_STATUS_DISABLED" {{(pid=103610) __call__ /opt/stack/placement/placement/requestlog.py:55}}
Jan 28 12:48:20.360652 n-d-824835-4 devstack@placement-api.service[103611]: INFO placement.requestlog [req-e164ec50-b52d-4978-9eea-d672531b02bb req-c0a74ca0-7138-4fe2-b718-bdb8c3bcf717 service placement] 10.222.0.49 "GET /placement/resource_providers/f2efdc8e-1126-46da-9787-ce8a0515e70d/aggregates" status: 200 len: 55 microversion: 1.19
Jan 28 12:48:20.361374 n-d-824835-4 devstack@placement-api.service[103611]: [pid: 103611|app: 0|req: 416/832] 10.222.0.49 () {60 vars in 1431 bytes} [Fri Jan 28 12:48:20 2022] GET /placement/resource_providers/f2efdc8e-1126-46da-9787-ce8a0515e70d/aggregates => generated 55 bytes in 38 msecs (HTTP/1.1 200) 8 headers in 295 bytes (1 switches on core 0)
Jan 28 12:48:20.373591 n-d-824835-4 devstack@placement-api.service[103611]: DEBUG placement.requestlog [req-e164ec50-b52d-4978-9eea-d672531b02bb req-76d6458d-d6e7-4796-8399-cd4761efed02 None None] Starting request: 10.222.0.49 "GET /placement/resource_providers/f2efdc8e-1126-46da-9787-ce8a0515e70d/traits" {{(pid=103611) __call__ /opt/stack/placement/placement/requestlog.py:55}}
Jan 28 12:48:20.463594 n-d-824835-4 devstack@placement-api.service[103611]: INFO placement.requestlog [req-e164ec50-b52d-4978-9eea-d672531b02bb req-76d6458d-d6e7-4796-8399-cd4761efed02 service placement] 10.222.0.49 "GET /placement/resource_providers/f2efdc8e-1126-46da-9787-ce8a0515e70d/traits" status: 200 len: 213 microversion: 1.6
Jan 28 12:48:20.464047 n-d-824835-4 devstack@placement-api.service[103611]: [pid: 103611|app: 0|req: 417/833] 10.222.0.49 () {60 vars in 1418 bytes} [Fri Jan 28 12:48:20 2022] GET /placement/resource_providers/f2efdc8e-1126-46da-9787-ce8a0515e70d/traits => generated 213 bytes in 91 msecs (HTTP/1.1 200) 6 headers in 224 bytes (1 switches on core 0)
Jan 28 12:48:20.504563 n-d-824835-4 devstack@placement-api.service[103610]: DEBUG placement.objects.research_context [req-7538f498-8f89-4313-85e2-307ea8f15b28 req-3928033b-0a80-45bd-918b-cbc0593bf9ac service placement] getting providers with 1 DISK_GB {{(pid=103610) __init__ /opt/stack/placement/placement/objects/research_context.py:126}}
Jan 28 12:48:20.528372 n-d-824835-4 devstack@placement-api.service[103610]: DEBUG placement.objects.research_context [req-7538f498-8f89-4313-85e2-307ea8f15b28 req-3928033b-0a80-45bd-918b-cbc0593bf9ac service placement] getting providers with 1024 MEMORY_MB {{(pid=103610) __init__ /opt/stack/placement/placement/objects/research_context.py:126}}
Jan 28 12:48:20.577407 n-d-824835-4 devstack@placement-api.service[103610]: DEBUG placement.objects.research_context [req-7538f498-8f89-4313-85e2-307ea8f15b28 req-3928033b-0a80-45bd-918b-cbc0593bf9ac service placement] getting providers with 1 VCPU {{(pid=103610) __init__ /opt/stack/placement/placement/objects/research_context.py:126}}
Jan 28 12:48:20.603447 n-d-824835-4 devstack@placement-api.service[103610]: DEBUG placement.objects.research_context [req-7538f498-8f89-4313-85e2-307ea8f15b28 req-3928033b-0a80-45bd-918b-cbc0593bf9ac service placement] found 2 providers with available 1 DISK_GB {{(pid=103610) get_provider_ids_matching /opt/stack/placement/placement/objects/research_context.py:549}}
Jan 28 12:48:20.604211 n-d-824835-4 devstack@placement-api.service[103610]: DEBUG placement.objects.research_context [req-7538f498-8f89-4313-85e2-307ea8f15b28 req-3928033b-0a80-45bd-918b-cbc0593bf9ac service placement] found 2 providers with available 1024 MEMORY_MB {{(pid=103610) get_provider_ids_matching /opt/stack/placement/placement/objects/research_context.py:549}}
Jan 28 12:48:20.605314 n-d-824835-4 devstack@placement-api.service[103610]: DEBUG placement.objects.research_context [req-7538f498-8f89-4313-85e2-307ea8f15b28 req-3928033b-0a80-45bd-918b-cbc0593bf9ac service placement] found 2 providers after filtering by previous result {{(pid=103610) get_provider_ids_matching /opt/stack/placement/placement/objects/research_context.py:580}}
Jan 28 12:48:20.605945 n-d-824835-4 devstack@placement-api.service[103610]: DEBUG placement.objects.research_context [req-7538f498-8f89-4313-85e2-307ea8f15b28 req-3928033b-0a80-45bd-918b-cbc0593bf9ac service placement] found 2 providers with available 1 VCPU {{(pid=103610) get_provider_ids_matching /opt/stack/placement/placement/objects/research_context.py:549}}
Jan 28 12:48:20.607877 n-d-824835-4 devstack@placement-api.service[103610]: DEBUG placement.objects.research_context [req-7538f498-8f89-4313-85e2-307ea8f15b28 req-3928033b-0a80-45bd-918b-cbc0593bf9ac service placement] found 2 providers after filtering by previous result {{(pid=103610) get_provider_ids_matching /opt/stack/placement/placement/objects/research_context.py:580}}
Jan 28 12:48:20.687494 n-d-824835-4 devstack@placement-api.service[103610]: DEBUG placement.objects.allocation_candidate [req-7538f498-8f89-4313-85e2-307ea8f15b28 req-3928033b-0a80-45bd-918b-cbc0593bf9ac service placement] RequestGroup(use_same_provider=False, resources={DISK_GB:1, MEMORY_MB:1024, VCPU:1}, traits=[], aggregates=[]) (suffix '') returned 2 matches {{(pid=103610) _get_by_requests /opt/stack/placement/placement/objects/allocation_candidate.py:145}}
Jan 28 12:48:20.688128 n-d-824835-4 devstack@placement-api.service[103610]: DEBUG placement.objects.allocation_candidate [req-7538f498-8f89-4313-85e2-307ea8f15b28 req-3928033b-0a80-45bd-918b-cbc0593bf9ac service placement] Merging candidates yields 2 allocation requests and 2 provider summaries {{(pid=103610) _merge_candidates /opt/stack/placement/placement/objects/allocation_candidate.py:783}}
Jan 28 12:48:20.694447 n-d-824835-4 devstack@placement-api.service[103610]: INFO placement.requestlog [req-7538f498-8f89-4313-85e2-307ea8f15b28 req-3928033b-0a80-45bd-918b-cbc0593bf9ac service placement] 10.222.0.53 "GET /placement/allocation_candidates?limit=1000&resources=DISK_GB%3A1%2CMEMORY_MB%3A1024%2CVCPU%3A1&root_required=%21COMPUTE_STATUS_DISABLED" status: 200 len: 1306 microversion: 1.36
Jan 28 12:48:20.696849 n-d-824835-4 devstack@placement-api.service[103610]: [pid: 103610|app: 0|req: 417/834] 10.222.0.53 () {60 vars in 1506 bytes} [Fri Jan 28 12:48:20 2022] GET /placement/allocation_candidates?limit=1000&resources=DISK_GB%3A1%2CMEMORY_MB%3A1024%2CVCPU%3A1&root_required=%21COMPUTE_STATUS_DISABLED => generated 1306 bytes in 360 msecs (HTTP/1.1 200) 8 headers in 297 bytes (1 switches on core 0)
Jan 28 12:48:20.887117 n-d-824835-4 devstack@placement-api.service[103611]: DEBUG placement.requestlog [req-7538f498-8f89-4313-85e2-307ea8f15b28 req-85e2baad-59a5-4f59-a7ee-b486a6ebc66b None None] Starting request: 10.222.0.53 "GET /placement/allocations/f746b517-b20b-42c1-83ef-39ba3d55df98" {{(pid=103611) __call__ /opt/stack/placement/placement/requestlog.py:55}}
Jan 28 12:48:20.934034 n-d-824835-4 devstack@placement-api.service[103611]: INFO placement.requestlog [req-7538f498-8f89-4313-85e2-307ea8f15b28 req-85e2baad-59a5-4f59-a7ee-b486a6ebc66b service placement] 10.222.0.53 "GET /placement/allocations/f746b517-b20b-42c1-83ef-39ba3d55df98" status: 200 len: 19 microversion: 1.28
Jan 28 12:48:20.935437 n-d-824835-4 devstack@placement-api.service[103611]: [pid: 103611|app: 0|req: 418/835] 10.222.0.53 () {60 vars in 1380 bytes} [Fri Jan 28 12:48:20 2022] GET /placement/allocations/f746b517-b20b-42c1-83ef-39ba3d55df98 => generated 19 bytes in 48 msecs (HTTP/1.1 200) 8 headers in 295 bytes (1 switches on core 0)
Jan 28 12:48:20.970760 n-d-824835-4 devstack@placement-api.service[103610]: DEBUG placement.requestlog [req-7538f498-8f89-4313-85e2-307ea8f15b28 req-08f40152-3e2c-4381-892d-66201b20e07c None None] Starting request: 10.222.0.53 "PUT /placement/allocations/f746b517-b20b-42c1-83ef-39ba3d55df98" {{(pid=103610) __call__ /opt/stack/placement/placement/requestlog.py:55}}
Jan 28 12:48:21.129197 n-d-824835-4 devstack@placement-api.service[103610]: DEBUG placement.handlers.allocation [req-7538f498-8f89-4313-85e2-307ea8f15b28 req-08f40152-3e2c-4381-892d-66201b20e07c service placement] Successfully wrote allocations [, , ] {{(pid=103610) _update_consumers_and_create_allocations /opt/stack/placement/placement/handlers/allocation.py:462}}
Jan 28 12:48:21.135291 n-d-824835-4 devstack@placement-api.service[103610]: INFO placement.requestlog [req-7538f498-8f89-4313-85e2-307ea8f15b28 req-08f40152-3e2c-4381-892d-66201b20e07c service placement] 10.222.0.53 "PUT /placement/allocations/f746b517-b20b-42c1-83ef-39ba3d55df98" status: 204 len: 0 microversion: 1.36
Jan 28 12:48:21.137067 n-d-824835-4 devstack@placement-api.service[103610]: [pid: 103610|app: 0|req: 418/836] 10.222.0.53 () {64 vars in 1433 bytes} [Fri Jan 28 12:48:20 2022] PUT /placement/allocations/f746b517-b20b-42c1-83ef-39ba3d55df98 => generated 0 bytes in 166 msecs (HTTP/1.1 204) 5 headers in 199 bytes (1 switches on core 0)
Jan 28 12:48:22.191454 n-d-824835-4 devstack@placement-api.service[103611]: DEBUG placement.requestlog [req-7538f498-8f89-4313-85e2-307ea8f15b28 req-78dfad9b-46ac-4302-ad24-5edaf4832bb6 None None] Starting request: 10.222.0.49 "GET /placement/allocations/f746b517-b20b-42c1-83ef-39ba3d55df98" {{(pid=103611) __call__ /opt/stack/placement/placement/requestlog.py:55}}
Jan 28 12:48:22.297445 n-d-824835-4 devstack@placement-api.service[103611]: INFO placement.requestlog [req-7538f498-8f89-4313-85e2-307ea8f15b28 req-78dfad9b-46ac-4302-ad24-5edaf4832bb6 service placement] 10.222.0.49 "GET /placement/allocations/f746b517-b20b-42c1-83ef-39ba3d55df98" status: 200 len: 260 microversion: 1.28
Jan 28 12:48:22.301900 n-d-824835-4 devstack@placement-api.service[103611]: [pid: 103611|app: 0|req: 419/837] 10.222.0.49 () {60 vars in 1377 bytes} [Fri Jan 28 12:48:22 2022] GET /placement/allocations/f746b517-b20b-42c1-83ef-39ba3d55df98 => generated 260 bytes in 111 msecs (HTTP/1.1 200) 8 headers in 296 bytes (1 switches on core 0)
Jan 28 12:48:49.654618 n-d-824835-4 devstack@placement-api.service[103610]: DEBUG placement.requestlog [req-c6c6f39d-214a-44f9-86b0-28f0289999a8 req-0054bc53-eb56-4547-8e9e-f6355e422f6a None None] Starting request: 10.222.0.49 "DELETE /placement/allocations/f746b517-b20b-42c1-83ef-39ba3d55df98" {{(pid=103610) __call__ /opt/stack/placement/placement/requestlog.py:55}}
Jan 28 12:48:49.717574 n-d-824835-4 devstack@placement-api.service[103610]: DEBUG placement.handlers.allocation [req-c6c6f39d-214a-44f9-86b0-28f0289999a8 req-0054bc53-eb56-4547-8e9e-f6355e422f6a service placement] Successfully deleted allocations [, , ] {{(pid=103610) delete_allocations /opt/stack/placement/placement/handlers/allocation.py:627}}
Jan 28 12:48:49.718082 n-d-824835-4 devstack@placement-api.service[103610]: INFO placement.requestlog [req-c6c6f39d-214a-44f9-86b0-28f0289999a8 req-0054bc53-eb56-4547-8e9e-f6355e422f6a service placement] 10.222.0.49 "DELETE /placement/allocations/f746b517-b20b-42c1-83ef-39ba3d55df98" status: 204 len: 0 microversion: 1.0
Jan 28 12:48:49.721311 n-d-824835-4 devstack@placement-api.service[103610]: [pid: 103610|app: 0|req: 419/838] 10.222.0.49 () {60 vars in 1355 bytes} [Fri Jan 28 12:48:49 2022] DELETE /placement/allocations/f746b517-b20b-42c1-83ef-39ba3d55df98 => generated 0 bytes in 67 msecs (HTTP/1.1 204) 5 headers in 198 bytes (1 switches on core 0)
Jan 28 12:49:03.135799 n-d-824835-4 devstack@placement-api.service[103611]: DEBUG placement.requestlog [req-38147323-cfbf-434d-874e-e191f7291ca5 req-e0c29e51-a7fb-4ace-815b-cfd053ea4dc1 None None] Starting request: 10.222.0.53 "GET /placement/allocation_candidates?resources=DISK_GB%3A1%2CMEMORY_MB%3A1024%2CVCPU%3A1&root_required=%21COMPUTE_STATUS_DISABLED" {{(pid=103611) __call__ /opt/stack/placement/placement/requestlog.py:55}}
Jan 28 12:49:03.338736 n-d-824835-4 devstack@placement-api.service[103611]: DEBUG placement.objects.research_context [req-38147323-cfbf-434d-874e-e191f7291ca5 req-e0c29e51-a7fb-4ace-815b-cfd053ea4dc1 service placement] getting providers with 1 DISK_GB {{(pid=103611) __init__ /opt/stack/placement/placement/objects/research_context.py:126}}
Jan 28 12:49:03.383804 n-d-824835-4 devstack@placement-api.service[103611]: DEBUG placement.objects.research_context [req-38147323-cfbf-434d-874e-e191f7291ca5 req-e0c29e51-a7fb-4ace-815b-cfd053ea4dc1 service placement] getting providers with 1024 MEMORY_MB {{(pid=103611) __init__ /opt/stack/placement/placement/objects/research_context.py:126}}
Jan 28 12:49:03.399472 n-d-824835-4 devstack@placement-api.service[103611]: DEBUG placement.objects.research_context [req-38147323-cfbf-434d-874e-e191f7291ca5 req-e0c29e51-a7fb-4ace-815b-cfd053ea4dc1 service placement] getting providers with 1 VCPU {{(pid=103611) __init__ /opt/stack/placement/placement/objects/research_context.py:126}}
Jan 28 12:49:03.442795 n-d-824835-4 devstack@placement-api.service[103611]: DEBUG placement.objects.research_context [req-38147323-cfbf-434d-874e-e191f7291ca5 req-e0c29e51-a7fb-4ace-815b-cfd053ea4dc1 service placement] found 2 providers with available 1 DISK_GB {{(pid=103611) get_provider_ids_matching /opt/stack/placement/placement/objects/research_context.py:549}}
Jan 28 12:49:03.445170 n-d-824835-4 devstack@placement-api.service[103611]: DEBUG placement.objects.research_context [req-38147323-cfbf-434d-874e-e191f7291ca5 req-e0c29e51-a7fb-4ace-815b-cfd053ea4dc1 service placement] found 2 providers with available 1024 MEMORY_MB {{(pid=103611) get_provider_ids_matching /opt/stack/placement/placement/objects/research_context.py:549}}
Jan 28 12:49:03.445865 n-d-824835-4 devstack@placement-api.service[103611]: DEBUG placement.objects.research_context [req-38147323-cfbf-434d-874e-e191f7291ca5 req-e0c29e51-a7fb-4ace-815b-cfd053ea4dc1 service placement] found 2 providers after filtering by previous result {{(pid=103611) get_provider_ids_matching /opt/stack/placement/placement/objects/research_context.py:580}}
Jan 28 12:49:03.446524 n-d-824835-4 devstack@placement-api.service[103611]: DEBUG placement.objects.research_context [req-38147323-cfbf-434d-874e-e191f7291ca5 req-e0c29e51-a7fb-4ace-815b-cfd053ea4dc1 service placement] found 2 providers with available 1 VCPU {{(pid=103611) get_provider_ids_matching /opt/stack/placement/placement/objects/research_context.py:549}}
Jan 28 12:49:03.447197 n-d-824835-4 devstack@placement-api.service[103611]: DEBUG placement.objects.research_context [req-38147323-cfbf-434d-874e-e191f7291ca5 req-e0c29e51-a7fb-4ace-815b-cfd053ea4dc1 service placement] found 2 providers after filtering by previous result {{(pid=103611) get_provider_ids_matching /opt/stack/placement/placement/objects/research_context.py:580}}
Jan 28 12:49:03.482246 n-d-824835-4 devstack@placement-api.service[103611]: DEBUG placement.objects.allocation_candidate [req-38147323-cfbf-434d-874e-e191f7291ca5 req-e0c29e51-a7fb-4ace-815b-cfd053ea4dc1 service placement] RequestGroup(use_same_provider=False, resources={DISK_GB:1, MEMORY_MB:1024, VCPU:1}, traits=[], aggregates=[]) (suffix '') returned 2 matches {{(pid=103611) _get_by_requests /opt/stack/placement/placement/objects/allocation_candidate.py:145}}
Jan 28 12:49:03.482898 n-d-824835-4 devstack@placement-api.service[103611]: DEBUG placement.objects.allocation_candidate [req-38147323-cfbf-434d-874e-e191f7291ca5 req-e0c29e51-a7fb-4ace-815b-cfd053ea4dc1 service placement] Merging candidates yields 2 allocation requests and 2 provider summaries {{(pid=103611) _merge_candidates /opt/stack/placement/placement/objects/allocation_candidate.py:783}}
Jan 28 12:49:03.504858 n-d-824835-4 devstack@placement-api.service[103611]: INFO placement.requestlog [req-38147323-cfbf-434d-874e-e191f7291ca5 req-e0c29e51-a7fb-4ace-815b-cfd053ea4dc1 service placement] 10.222.0.53 "GET /placement/allocation_candidates?resources=DISK_GB%3A1%2CMEMORY_MB%3A1024%2CVCPU%3A1&root_required=%21COMPUTE_STATUS_DISABLED" status: 200 len: 1306 microversion: 1.36
Jan 28 12:49:03.505357 n-d-824835-4 devstack@placement-api.service[103611]: [pid: 103611|app: 0|req: 420/839] 10.222.0.53 () {60 vars in 1484 bytes} [Fri Jan 28 12:49:03 2022] GET /placement/allocation_candidates?resources=DISK_GB%3A1%2CMEMORY_MB%3A1024%2CVCPU%3A1&root_required=%21COMPUTE_STATUS_DISABLED => generated 1306 bytes in 371 msecs (HTTP/1.1 200) 8 headers in 297 bytes (1 switches on core 0)
Jan 28 12:49:03.566990 n-d-824835-4 devstack@placement-api.service[103610]: DEBUG placement.requestlog [req-38147323-cfbf-434d-874e-e191f7291ca5 req-d8d9377b-df9f-440a-902e-d99073ee9047 None None] Starting request: 10.222.0.53 "GET /placement/allocations/2854180a-f56f-414a-9964-27c8b4f3d862" {{(pid=103610) __call__ /opt/stack/placement/placement/requestlog.py:55}}
Jan 28 12:49:03.614122 n-d-824835-4 devstack@placement-api.service[103610]: INFO placement.requestlog [req-38147323-cfbf-434d-874e-e191f7291ca5 req-d8d9377b-df9f-440a-902e-d99073ee9047 service placement] 10.222.0.53 "GET /placement/allocations/2854180a-f56f-414a-9964-27c8b4f3d862" status: 200 len: 19 microversion: 1.28
Jan 28 12:49:03.614683 n-d-824835-4 devstack@placement-api.service[103610]: [pid: 103610|app: 0|req: 420/840] 10.222.0.53 () {60 vars in 1380 bytes} [Fri Jan 28 12:49:03 2022] GET /placement/allocations/2854180a-f56f-414a-9964-27c8b4f3d862 => generated 19 bytes in 48 msecs (HTTP/1.1 200) 8 headers in 295 bytes (1 switches on core 0)
Jan 28 12:49:03.622027 n-d-824835-4 devstack@placement-api.service[103611]: DEBUG placement.requestlog [req-38147323-cfbf-434d-874e-e191f7291ca5 req-1d5322d0-c7c8-4218-be97-2f76c1e72547 None None] Starting request: 10.222.0.53 "PUT /placement/allocations/2854180a-f56f-414a-9964-27c8b4f3d862" {{(pid=103611) __call__ /opt/stack/placement/placement/requestlog.py:55}}
Jan 28 12:49:03.783141 n-d-824835-4 devstack@placement-api.service[103611]: DEBUG placement.handlers.allocation [req-38147323-cfbf-434d-874e-e191f7291ca5 req-1d5322d0-c7c8-4218-be97-2f76c1e72547 service placement] Successfully wrote allocations [, , ] {{(pid=103611) _update_consumers_and_create_allocations /opt/stack/placement/placement/handlers/allocation.py:462}}
Jan 28 12:49:03.787850 n-d-824835-4 devstack@placement-api.service[103611]: INFO placement.requestlog [req-38147323-cfbf-434d-874e-e191f7291ca5 req-1d5322d0-c7c8-4218-be97-2f76c1e72547 service placement] 10.222.0.53 "PUT /placement/allocations/2854180a-f56f-414a-9964-27c8b4f3d862" status: 204 len: 0 microversion: 1.36
Jan 28 12:49:03.789011 n-d-824835-4 devstack@placement-api.service[103611]: [pid: 103611|app: 0|req: 421/841] 10.222.0.53 () {64 vars in 1433 bytes} [Fri Jan 28 12:49:03 2022] PUT /placement/allocations/2854180a-f56f-414a-9964-27c8b4f3d862 => generated 0 bytes in 167 msecs (HTTP/1.1 204) 5 headers in 199 bytes (1 switches on core 0)
Jan 28 12:49:04.458682 n-d-824835-4 devstack@placement-api.service[103610]: DEBUG placement.requestlog [req-38147323-cfbf-434d-874e-e191f7291ca5 req-b9552c0c-bd87-4e68-982e-4890c2571a0c None None] Starting request: 10.222.0.49 "GET /placement/allocations/2854180a-f56f-414a-9964-27c8b4f3d862" {{(pid=103610) __call__ /opt/stack/placement/placement/requestlog.py:55}}
Jan 28 12:49:04.488484 n-d-824835-4 devstack@placement-api.service[103610]: INFO placement.requestlog [req-38147323-cfbf-434d-874e-e191f7291ca5 req-b9552c0c-bd87-4e68-982e-4890c2571a0c service placement] 10.222.0.49 "GET /placement/allocations/2854180a-f56f-414a-9964-27c8b4f3d862" status: 200 len: 260 microversion: 1.28
Jan 28 12:49:04.489269 n-d-824835-4 devstack@placement-api.service[103610]: [pid: 103610|app: 0|req: 421/842] 10.222.0.49 () {60 vars in 1377 bytes} [Fri Jan 28 12:49:04 2022] GET /placement/allocations/2854180a-f56f-414a-9964-27c8b4f3d862 => generated 260 bytes in 31 msecs (HTTP/1.1 200) 8 headers in 296 bytes (1 switches on core 0)
Jan 28 12:49:11.361868 n-d-824835-4 devstack@placement-api.service[103611]: DEBUG placement.requestlog [req-dd6d9f32-4c9c-4577-b23b-81c26fd5e2e9 req-b22a67a5-80f2-4100-a7ab-9b1c7f0c4934 None None] Starting request: 10.222.0.35 "GET /placement/resource_providers/15aa3ded-854a-450d-8d69-8daeaf09b21f/allocations" {{(pid=103611) __call__ /opt/stack/placement/placement/requestlog.py:55}}
Jan 28 12:49:11.390979 n-d-824835-4 devstack@placement-api.service[103611]: INFO placement.requestlog [req-dd6d9f32-4c9c-4577-b23b-81c26fd5e2e9 req-b22a67a5-80f2-4100-a7ab-9b1c7f0c4934 service placement] 10.222.0.35 "GET /placement/resource_providers/15aa3ded-854a-450d-8d69-8daeaf09b21f/allocations" status: 200 len: 55 microversion: 1.0
Jan 28 12:49:11.394385 n-d-824835-4 devstack@placement-api.service[103611]: [pid: 103611|app: 0|req: 422/843] 10.222.0.35 () {58 vars in 1390 bytes} [Fri Jan 28 12:49:11 2022] GET /placement/resource_providers/15aa3ded-854a-450d-8d69-8daeaf09b21f/allocations => generated 55 bytes in 33 msecs (HTTP/1.1 200) 6 headers in 223 bytes (1 switches on core 0)
Jan 28 12:49:11.404074 n-d-824835-4 devstack@placement-api.service[103610]: DEBUG placement.requestlog [req-dd6d9f32-4c9c-4577-b23b-81c26fd5e2e9 req-70da54c3-5fb7-47a6-8126-edee8c2a9eeb None None] Starting request: 10.222.0.35 "GET /placement/resource_providers?in_tree=15aa3ded-854a-450d-8d69-8daeaf09b21f" {{(pid=103610) __call__ /opt/stack/placement/placement/requestlog.py:55}}
Jan 28 12:49:11.443639 n-d-824835-4 devstack@placement-api.service[103610]: INFO placement.requestlog [req-dd6d9f32-4c9c-4577-b23b-81c26fd5e2e9 req-70da54c3-5fb7-47a6-8126-edee8c2a9eeb service placement] 10.222.0.35 "GET /placement/resource_providers?in_tree=15aa3ded-854a-450d-8d69-8daeaf09b21f" status: 200 len: 863 microversion: 1.14
Jan 28 12:49:11.444280 n-d-824835-4 devstack@placement-api.service[103610]: [pid: 103610|app: 0|req: 422/844] 10.222.0.35 () {60 vars in 1376 bytes} [Fri Jan 28 12:49:11 2022] GET /placement/resource_providers?in_tree=15aa3ded-854a-450d-8d69-8daeaf09b21f => generated 863 bytes in 40 msecs (HTTP/1.1 200) 6 headers in 225 bytes (1 switches on core 0)
Jan 28 12:49:11.451084 n-d-824835-4 devstack@placement-api.service[103611]: DEBUG placement.requestlog [req-dd6d9f32-4c9c-4577-b23b-81c26fd5e2e9 req-01e6a0c2-63bf-4d1c-b508-5afcd7326c82 None None] Starting request: 10.222.0.35 "GET /placement/resource_providers/15aa3ded-854a-450d-8d69-8daeaf09b21f/inventories" {{(pid=103611) __call__ /opt/stack/placement/placement/requestlog.py:55}}
