Jan 28 04:36:46.230207 n-d-824835-3 devstack@placement-api.service[103621]: DEBUG placement.objects.research_context [req-2179ebd5-2fef-45b8-bfbf-544fc9cbf6ca req-ec62713b-a590-48dc-bb83-36ceed3bca48 service placement] getting providers with 1024 MEMORY_MB {{(pid=103621) __init__ /opt/stack/placement/placement/objects/research_context.py:126}}
Jan 28 04:36:46.236477 n-d-824835-3 devstack@placement-api.service[103621]: DEBUG placement.objects.research_context [req-2179ebd5-2fef-45b8-bfbf-544fc9cbf6ca req-ec62713b-a590-48dc-bb83-36ceed3bca48 service placement] getting providers with 1 VCPU {{(pid=103621) __init__ /opt/stack/placement/placement/objects/research_context.py:126}}
Jan 28 04:36:46.243094 n-d-824835-3 devstack@placement-api.service[103621]: DEBUG placement.objects.research_context [req-2179ebd5-2fef-45b8-bfbf-544fc9cbf6ca req-ec62713b-a590-48dc-bb83-36ceed3bca48 service placement] found 2 providers with available 1 DISK_GB {{(pid=103621) get_provider_ids_matching /opt/stack/placement/placement/objects/research_context.py:549}}
Jan 28 04:36:46.243260 n-d-824835-3 devstack@placement-api.service[103621]: DEBUG placement.objects.research_context [req-2179ebd5-2fef-45b8-bfbf-544fc9cbf6ca req-ec62713b-a590-48dc-bb83-36ceed3bca48 service placement] found 2 providers with available 1024 MEMORY_MB {{(pid=103621) get_provider_ids_matching /opt/stack/placement/placement/objects/research_context.py:549}}
Jan 28 04:36:46.246361 n-d-824835-3 devstack@placement-api.service[103621]: DEBUG placement.objects.research_context [req-2179ebd5-2fef-45b8-bfbf-544fc9cbf6ca req-ec62713b-a590-48dc-bb83-36ceed3bca48 service placement] found 2 providers after filtering by previous result {{(pid=103621) get_provider_ids_matching /opt/stack/placement/placement/objects/research_context.py:580}}
Jan 28 04:36:46.246871 n-d-824835-3 devstack@placement-api.service[103621]: DEBUG placement.objects.research_context [req-2179ebd5-2fef-45b8-bfbf-544fc9cbf6ca req-ec62713b-a590-48dc-bb83-36ceed3bca48 service placement] found 2 providers with available 1 VCPU {{(pid=103621) get_provider_ids_matching /opt/stack/placement/placement/objects/research_context.py:549}}
Jan 28 04:36:46.247328 n-d-824835-3 devstack@placement-api.service[103621]: DEBUG placement.objects.research_context [req-2179ebd5-2fef-45b8-bfbf-544fc9cbf6ca req-ec62713b-a590-48dc-bb83-36ceed3bca48 service placement] found 2 providers after filtering by previous result {{(pid=103621) get_provider_ids_matching /opt/stack/placement/placement/objects/research_context.py:580}}
Jan 28 04:36:46.278120 n-d-824835-3 devstack@placement-api.service[103621]: DEBUG placement.objects.allocation_candidate [req-2179ebd5-2fef-45b8-bfbf-544fc9cbf6ca req-ec62713b-a590-48dc-bb83-36ceed3bca48 service placement] RequestGroup(use_same_provider=False, resources={DISK_GB:1, MEMORY_MB:1024, VCPU:1}, traits=[], aggregates=[]) (suffix '') returned 2 matches {{(pid=103621) _get_by_requests /opt/stack/placement/placement/objects/allocation_candidate.py:145}}
Jan 28 04:36:46.278696 n-d-824835-3 devstack@placement-api.service[103621]: DEBUG placement.objects.allocation_candidate [req-2179ebd5-2fef-45b8-bfbf-544fc9cbf6ca req-ec62713b-a590-48dc-bb83-36ceed3bca48 service placement] Merging candidates yields 2 allocation requests and 2 provider summaries {{(pid=103621) _merge_candidates /opt/stack/placement/placement/objects/allocation_candidate.py:783}}
Jan 28 04:36:46.280556 n-d-824835-3 devstack@placement-api.service[103621]: INFO placement.requestlog [req-2179ebd5-2fef-45b8-bfbf-544fc9cbf6ca req-ec62713b-a590-48dc-bb83-36ceed3bca48 service placement] 10.222.0.21 "GET /placement/allocation_candidates?limit=1000&resources=DISK_GB%3A1%2CMEMORY_MB%3A1024%2CVCPU%3A1&root_required=%21COMPUTE_STATUS_DISABLED" status: 200 len: 1309 microversion: 1.36
Jan 28 04:36:46.281497 n-d-824835-3 devstack@placement-api.service[103621]: [pid: 103621|app: 0|req: 280/553] 10.222.0.21 () {60 vars in 1506 bytes} [Fri Jan 28 04:36:46 2022] GET /placement/allocation_candidates?limit=1000&resources=DISK_GB%3A1%2CMEMORY_MB%3A1024%2CVCPU%3A1&root_required=%21COMPUTE_STATUS_DISABLED => generated 1309 bytes in 124 msecs (HTTP/1.1 200) 8 headers in 297 bytes (1 switches on core 0)
Jan 28 04:36:46.393438 n-d-824835-3 devstack@placement-api.service[103622]: DEBUG placement.requestlog [req-2179ebd5-2fef-45b8-bfbf-544fc9cbf6ca req-fd9f2d96-71d3-4a45-baa6-4492ac96856f None None] Starting request: 10.222.0.21 "GET /placement/allocations/644bb55e-4c5f-4570-813d-528cbb1d1e6d" {{(pid=103622) __call__ /opt/stack/placement/placement/requestlog.py:55}}
Jan 28 04:36:46.411148 n-d-824835-3 devstack@placement-api.service[103622]: INFO placement.requestlog [req-2179ebd5-2fef-45b8-bfbf-544fc9cbf6ca req-fd9f2d96-71d3-4a45-baa6-4492ac96856f service placement] 10.222.0.21 "GET /placement/allocations/644bb55e-4c5f-4570-813d-528cbb1d1e6d" status: 200 len: 19 microversion: 1.28
Jan 28 04:36:46.412089 n-d-824835-3 devstack@placement-api.service[103622]: [pid: 103622|app: 0|req: 274/554] 10.222.0.21 () {60 vars in 1380 bytes} [Fri Jan 28 04:36:46 2022] GET /placement/allocations/644bb55e-4c5f-4570-813d-528cbb1d1e6d => generated 19 bytes in 19 msecs (HTTP/1.1 200) 8 headers in 295 bytes (1 switches on core 0)
Jan 28 04:36:46.417997 n-d-824835-3 devstack@placement-api.service[103621]: DEBUG placement.requestlog [req-2179ebd5-2fef-45b8-bfbf-544fc9cbf6ca req-cbc369eb-535c-4306-9d03-7793e26fe995 None None] Starting request: 10.222.0.21 "PUT /placement/allocations/644bb55e-4c5f-4570-813d-528cbb1d1e6d" {{(pid=103621) __call__ /opt/stack/placement/placement/requestlog.py:55}}
Jan 28 04:36:46.557115 n-d-824835-3 devstack@placement-api.service[103621]: DEBUG placement.handlers.allocation [req-2179ebd5-2fef-45b8-bfbf-544fc9cbf6ca req-cbc369eb-535c-4306-9d03-7793e26fe995 service placement] Successfully wrote allocations [, , ] {{(pid=103621) _update_consumers_and_create_allocations /opt/stack/placement/placement/handlers/allocation.py:462}}
Jan 28 04:36:46.567526 n-d-824835-3 devstack@placement-api.service[103621]: INFO placement.requestlog [req-2179ebd5-2fef-45b8-bfbf-544fc9cbf6ca req-cbc369eb-535c-4306-9d03-7793e26fe995 service placement] 10.222.0.21 "PUT /placement/allocations/644bb55e-4c5f-4570-813d-528cbb1d1e6d" status: 204 len: 0 microversion: 1.36
Jan 28 04:36:46.568486 n-d-824835-3 devstack@placement-api.service[103621]: [pid: 103621|app: 0|req: 281/555] 10.222.0.21 () {64 vars in 1433 bytes} [Fri Jan 28 04:36:46 2022] PUT /placement/allocations/644bb55e-4c5f-4570-813d-528cbb1d1e6d => generated 0 bytes in 151 msecs (HTTP/1.1 204) 5 headers in 199 bytes (1 switches on core 0)
Jan 28 04:36:47.286503 n-d-824835-3 devstack@placement-api.service[103622]: DEBUG placement.requestlog [req-2179ebd5-2fef-45b8-bfbf-544fc9cbf6ca req-67eb66b6-4d66-48ee-bd3a-a8857f9bd986 None None] Starting request: 10.222.0.52 "GET /placement/allocations/644bb55e-4c5f-4570-813d-528cbb1d1e6d" {{(pid=103622) __call__ /opt/stack/placement/placement/requestlog.py:55}}
Jan 28 04:36:47.314943 n-d-824835-3 devstack@placement-api.service[103622]: INFO placement.requestlog [req-2179ebd5-2fef-45b8-bfbf-544fc9cbf6ca req-67eb66b6-4d66-48ee-bd3a-a8857f9bd986 service placement] 10.222.0.52 "GET /placement/allocations/644bb55e-4c5f-4570-813d-528cbb1d1e6d" status: 200 len: 259 microversion: 1.28
Jan 28 04:36:47.318405 n-d-824835-3 devstack@placement-api.service[103622]: [pid: 103622|app: 0|req: 275/556] 10.222.0.52 () {60 vars in 1377 bytes} [Fri Jan 28 04:36:47 2022] GET /placement/allocations/644bb55e-4c5f-4570-813d-528cbb1d1e6d => generated 259 bytes in 32 msecs (HTTP/1.1 200) 8 headers in 296 bytes (1 switches on core 0)
Jan 28 04:36:49.218532 n-d-824835-3 devstack@placement-api.service[103621]: DEBUG placement.requestlog [req-1aabd3d0-c41e-4d47-812d-a5a839aea3f4 req-c149125c-ebfa-46db-8b51-e8386bfadb0f None None] Starting request: 10.222.0.52 "DELETE /placement/allocations/63953f25-51fa-4629-af7a-b39de159b43a" {{(pid=103621) __call__ /opt/stack/placement/placement/requestlog.py:55}}
Jan 28 04:36:49.281102 n-d-824835-3 devstack@placement-api.service[103621]: DEBUG placement.handlers.allocation [req-1aabd3d0-c41e-4d47-812d-a5a839aea3f4 req-c149125c-ebfa-46db-8b51-e8386bfadb0f service placement] Successfully deleted allocations [, , ] {{(pid=103621) delete_allocations /opt/stack/placement/placement/handlers/allocation.py:627}}
Jan 28 04:36:49.291716 n-d-824835-3 devstack@placement-api.service[103621]: INFO placement.requestlog [req-1aabd3d0-c41e-4d47-812d-a5a839aea3f4 req-c149125c-ebfa-46db-8b51-e8386bfadb0f service placement] 10.222.0.52 "DELETE /placement/allocations/63953f25-51fa-4629-af7a-b39de159b43a" status: 204 len: 0 microversion: 1.0
Jan 28 04:36:49.292133 n-d-824835-3 devstack@placement-api.service[103621]: [pid: 103621|app: 0|req: 282/557] 10.222.0.52 () {60 vars in 1355 bytes} [Fri Jan 28 04:36:49 2022] DELETE /placement/allocations/63953f25-51fa-4629-af7a-b39de159b43a => generated 0 bytes in 74 msecs (HTTP/1.1 204) 5 headers in 198 bytes (2 switches on core 0)
Jan 28 04:37:01.511099 n-d-824835-3 devstack@placement-api.service[103622]: DEBUG placement.requestlog [req-deeeb09c-9e10-4bf6-aabd-b6daaa781695 req-d8113dbb-3c70-4a55-bbc2-2f15d1571b73 None None] Starting request: 10.222.0.52 "DELETE /placement/allocations/1f72b595-76d4-45e8-827a-3e1fdfca1dfa" {{(pid=103622) __call__ /opt/stack/placement/placement/requestlog.py:55}}
Jan 28 04:37:01.557681 n-d-824835-3 devstack@placement-api.service[103622]: DEBUG placement.handlers.allocation [req-deeeb09c-9e10-4bf6-aabd-b6daaa781695 req-d8113dbb-3c70-4a55-bbc2-2f15d1571b73 service placement] Successfully deleted allocations [, , ] {{(pid=103622) delete_allocations /opt/stack/placement/placement/handlers/allocation.py:627}}
Jan 28 04:37:01.558575 n-d-824835-3 devstack@placement-api.service[103622]: INFO placement.requestlog [req-deeeb09c-9e10-4bf6-aabd-b6daaa781695 req-d8113dbb-3c70-4a55-bbc2-2f15d1571b73 service placement] 10.222.0.52 "DELETE /placement/allocations/1f72b595-76d4-45e8-827a-3e1fdfca1dfa" status: 204 len: 0 microversion: 1.0
Jan 28 04:37:01.559858 n-d-824835-3 devstack@placement-api.service[103622]: [pid: 103622|app: 0|req: 276/558] 10.222.0.52 () {60 vars in 1355 bytes} [Fri Jan 28 04:37:01 2022] DELETE /placement/allocations/1f72b595-76d4-45e8-827a-3e1fdfca1dfa => generated 0 bytes in 49 msecs (HTTP/1.1 204) 5 headers in 198 bytes (2 switches on core 0)
Jan 28 04:37:09.799874 n-d-824835-3 devstack@placement-api.service[103621]: DEBUG placement.requestlog [req-cd4fd721-3b97-475d-bd93-91e4dad11d72 req-4053071f-f6bd-460f-b627-4cf89d853ef6 None None] Starting request: 10.222.0.21 "GET /placement/allocation_candidates?resources=DISK_GB%3A1%2CMEMORY_MB%3A1024%2CVCPU%3A1&root_required=%21COMPUTE_STATUS_DISABLED" {{(pid=103621) __call__ /opt/stack/placement/placement/requestlog.py:55}}
Jan 28 04:37:09.870098 n-d-824835-3 devstack@placement-api.service[103621]: DEBUG placement.objects.research_context [req-cd4fd721-3b97-475d-bd93-91e4dad11d72 req-4053071f-f6bd-460f-b627-4cf89d853ef6 service placement] getting providers with 1 DISK_GB {{(pid=103621) __init__ /opt/stack/placement/placement/objects/research_context.py:126}}
Jan 28 04:37:09.881623 n-d-824835-3 devstack@placement-api.service[103621]: DEBUG placement.objects.research_context [req-cd4fd721-3b97-475d-bd93-91e4dad11d72 req-4053071f-f6bd-460f-b627-4cf89d853ef6 service placement] getting providers with 1024 MEMORY_MB {{(pid=103621) __init__ /opt/stack/placement/placement/objects/research_context.py:126}}
Jan 28 04:37:09.888721 n-d-824835-3 devstack@placement-api.service[103621]: DEBUG placement.objects.research_context [req-cd4fd721-3b97-475d-bd93-91e4dad11d72 req-4053071f-f6bd-460f-b627-4cf89d853ef6 service placement] getting providers with 1 VCPU {{(pid=103621) __init__ /opt/stack/placement/placement/objects/research_context.py:126}}
Jan 28 04:37:09.895006 n-d-824835-3 devstack@placement-api.service[103621]: DEBUG placement.objects.research_context [req-cd4fd721-3b97-475d-bd93-91e4dad11d72 req-4053071f-f6bd-460f-b627-4cf89d853ef6 service placement] found 2 providers with available 1 DISK_GB {{(pid=103621) get_provider_ids_matching /opt/stack/placement/placement/objects/research_context.py:549}}
Jan 28 04:37:09.895553 n-d-824835-3 devstack@placement-api.service[103621]: DEBUG placement.objects.research_context [req-cd4fd721-3b97-475d-bd93-91e4dad11d72 req-4053071f-f6bd-460f-b627-4cf89d853ef6 service placement] found 2 providers with available 1024 MEMORY_MB {{(pid=103621) get_provider_ids_matching /opt/stack/placement/placement/objects/research_context.py:549}}
Jan 28 04:37:09.896010 n-d-824835-3 devstack@placement-api.service[103621]: DEBUG placement.objects.research_context [req-cd4fd721-3b97-475d-bd93-91e4dad11d72 req-4053071f-f6bd-460f-b627-4cf89d853ef6 service placement] found 2 providers after filtering by previous result {{(pid=103621) get_provider_ids_matching /opt/stack/placement/placement/objects/research_context.py:580}}
Jan 28 04:37:09.896577 n-d-824835-3 devstack@placement-api.service[103621]: DEBUG placement.objects.research_context [req-cd4fd721-3b97-475d-bd93-91e4dad11d72 req-4053071f-f6bd-460f-b627-4cf89d853ef6 service placement] found 2 providers with available 1 VCPU {{(pid=103621) get_provider_ids_matching /opt/stack/placement/placement/objects/research_context.py:549}}
Jan 28 04:37:09.897788 n-d-824835-3 devstack@placement-api.service[103621]: DEBUG placement.objects.research_context [req-cd4fd721-3b97-475d-bd93-91e4dad11d72 req-4053071f-f6bd-460f-b627-4cf89d853ef6 service placement] found 2 providers after filtering by previous result {{(pid=103621) get_provider_ids_matching /opt/stack/placement/placement/objects/research_context.py:580}}
Jan 28 04:37:09.911196 n-d-824835-3 devstack@placement-api.service[103621]: DEBUG placement.objects.allocation_candidate [req-cd4fd721-3b97-475d-bd93-91e4dad11d72 req-4053071f-f6bd-460f-b627-4cf89d853ef6 service placement] RequestGroup(use_same_provider=False, resources={DISK_GB:1, MEMORY_MB:1024, VCPU:1}, traits=[], aggregates=[]) (suffix '') returned 2 matches {{(pid=103621) _get_by_requests /opt/stack/placement/placement/objects/allocation_candidate.py:145}}
Jan 28 04:37:09.911861 n-d-824835-3 devstack@placement-api.service[103621]: DEBUG placement.objects.allocation_candidate [req-cd4fd721-3b97-475d-bd93-91e4dad11d72 req-4053071f-f6bd-460f-b627-4cf89d853ef6 service placement] Merging candidates yields 2 allocation requests and 2 provider summaries {{(pid=103621) _merge_candidates /opt/stack/placement/placement/objects/allocation_candidate.py:783}}
Jan 28 04:37:09.913701 n-d-824835-3 devstack@placement-api.service[103621]: INFO placement.requestlog [req-cd4fd721-3b97-475d-bd93-91e4dad11d72 req-4053071f-f6bd-460f-b627-4cf89d853ef6 service placement] 10.222.0.21 "GET /placement/allocation_candidates?resources=DISK_GB%3A1%2CMEMORY_MB%3A1024%2CVCPU%3A1&root_required=%21COMPUTE_STATUS_DISABLED" status: 200 len: 1309 microversion: 1.36
Jan 28 04:37:09.917531 n-d-824835-3 devstack@placement-api.service[103621]: [pid: 103621|app: 0|req: 283/559] 10.222.0.21 () {60 vars in 1484 bytes} [Fri Jan 28 04:37:09 2022] GET /placement/allocation_candidates?resources=DISK_GB%3A1%2CMEMORY_MB%3A1024%2CVCPU%3A1&root_required=%21COMPUTE_STATUS_DISABLED => generated 1309 bytes in 118 msecs (HTTP/1.1 200) 8 headers in 297 bytes (1 switches on core 0)
Jan 28 04:37:09.983476 n-d-824835-3 devstack@placement-api.service[103622]: DEBUG placement.requestlog [req-cd4fd721-3b97-475d-bd93-91e4dad11d72 req-e79c2a9d-19a7-42c3-9d37-42817c3fd448 None None] Starting request: 10.222.0.21 "GET /placement/allocations/5fb90289-cb77-4776-8771-d9aaab55d509" {{(pid=103622) __call__ /opt/stack/placement/placement/requestlog.py:55}}
Jan 28 04:37:09.998608 n-d-824835-3 devstack@placement-api.service[103622]: INFO placement.requestlog [req-cd4fd721-3b97-475d-bd93-91e4dad11d72 req-e79c2a9d-19a7-42c3-9d37-42817c3fd448 service placement] 10.222.0.21 "GET /placement/allocations/5fb90289-cb77-4776-8771-d9aaab55d509" status: 200 len: 19 microversion: 1.28
Jan 28 04:37:10.008075 n-d-824835-3 devstack@placement-api.service[103621]: DEBUG placement.requestlog [req-cd4fd721-3b97-475d-bd93-91e4dad11d72 req-335480f4-3674-4f5b-81a4-3ffd0faf4f09 None None] Starting request: 10.222.0.21 "PUT /placement/allocations/5fb90289-cb77-4776-8771-d9aaab55d509" {{(pid=103621) __call__ /opt/stack/placement/placement/requestlog.py:55}}
Jan 28 04:37:10.013874 n-d-824835-3 devstack@placement-api.service[103622]: [pid: 103622|app: 0|req: 277/560] 10.222.0.21 () {60 vars in 1380 bytes} [Fri Jan 28 04:37:09 2022] GET /placement/allocations/5fb90289-cb77-4776-8771-d9aaab55d509 => generated 19 bytes in 31 msecs (HTTP/1.1 200) 8 headers in 295 bytes (1 switches on core 0)
Jan 28 04:37:10.104436 n-d-824835-3 devstack@placement-api.service[103621]: DEBUG placement.handlers.allocation [req-cd4fd721-3b97-475d-bd93-91e4dad11d72 req-335480f4-3674-4f5b-81a4-3ffd0faf4f09 service placement] Successfully wrote allocations [, , ] {{(pid=103621) _update_consumers_and_create_allocations /opt/stack/placement/placement/handlers/allocation.py:462}}
Jan 28 04:37:10.111797 n-d-824835-3 devstack@placement-api.service[103621]: INFO placement.requestlog [req-cd4fd721-3b97-475d-bd93-91e4dad11d72 req-335480f4-3674-4f5b-81a4-3ffd0faf4f09 service placement] 10.222.0.21 "PUT /placement/allocations/5fb90289-cb77-4776-8771-d9aaab55d509" status: 204 len: 0 microversion: 1.36
Jan 28 04:37:10.112842 n-d-824835-3 devstack@placement-api.service[103621]: [pid: 103621|app: 0|req: 284/561] 10.222.0.21 () {64 vars in 1433 bytes} [Fri Jan 28 04:37:10 2022] PUT /placement/allocations/5fb90289-cb77-4776-8771-d9aaab55d509 => generated 0 bytes in 107 msecs (HTTP/1.1 204) 5 headers in 199 bytes (2 switches on core 0)
Jan 28 04:37:10.125936 n-d-824835-3 devstack@placement-api.service[103622]: DEBUG placement.requestlog [req-cd4fd721-3b97-475d-bd93-91e4dad11d72 req-40f15daf-21e5-42bd-81f8-46d94310fc42 None None] Starting request: 10.222.0.21 "GET /placement/allocations/18bca404-f363-40d5-a1ce-30827aa9df5c" {{(pid=103622) __call__ /opt/stack/placement/placement/requestlog.py:55}}
Jan 28 04:37:10.143583 n-d-824835-3 devstack@placement-api.service[103622]: INFO placement.requestlog [req-cd4fd721-3b97-475d-bd93-91e4dad11d72 req-40f15daf-21e5-42bd-81f8-46d94310fc42 service placement] 10.222.0.21 "GET /placement/allocations/18bca404-f363-40d5-a1ce-30827aa9df5c" status: 200 len: 19 microversion: 1.28
Jan 28 04:37:10.151908 n-d-824835-3 devstack@placement-api.service[103622]: [pid: 103622|app: 0|req: 278/562] 10.222.0.21 () {60 vars in 1380 bytes} [Fri Jan 28 04:37:10 2022] GET /placement/allocations/18bca404-f363-40d5-a1ce-30827aa9df5c => generated 19 bytes in 26 msecs (HTTP/1.1 200) 8 headers in 295 bytes (1 switches on core 0)
Jan 28 04:37:10.152428 n-d-824835-3 devstack@placement-api.service[103621]: DEBUG placement.requestlog [req-cd4fd721-3b97-475d-bd93-91e4dad11d72 req-7329c156-60eb-4341-adea-d8fd7e38733c None None] Starting request: 10.222.0.21 "PUT /placement/allocations/18bca404-f363-40d5-a1ce-30827aa9df5c" {{(pid=103621) __call__ /opt/stack/placement/placement/requestlog.py:55}}
Jan 28 04:37:10.254819 n-d-824835-3 devstack@placement-api.service[103621]: DEBUG placement.handlers.allocation [req-cd4fd721-3b97-475d-bd93-91e4dad11d72 req-7329c156-60eb-4341-adea-d8fd7e38733c service placement] Successfully wrote allocations [, , ] {{(pid=103621) _update_consumers_and_create_allocations /opt/stack/placement/placement/handlers/allocation.py:462}}
Jan 28 04:37:10.269816 n-d-824835-3 devstack@placement-api.service[103621]: INFO placement.requestlog [req-cd4fd721-3b97-475d-bd93-91e4dad11d72 req-7329c156-60eb-4341-adea-d8fd7e38733c service placement] 10.222.0.21 "PUT /placement/allocations/18bca404-f363-40d5-a1ce-30827aa9df5c" status: 204 len: 0 microversion: 1.36
Jan 28 04:37:10.270957 n-d-824835-3 devstack@placement-api.service[103621]: [pid: 103621|app: 0|req: 285/563] 10.222.0.21 () {64 vars in 1433 bytes} [Fri Jan 28 04:37:10 2022] PUT /placement/allocations/18bca404-f363-40d5-a1ce-30827aa9df5c => generated 0 bytes in 119 msecs (HTTP/1.1 204) 5 headers in 199 bytes (2 switches on core 0)
Jan 28 04:37:10.885575 n-d-824835-3 devstack@placement-api.service[103622]: DEBUG placement.requestlog [req-cd4fd721-3b97-475d-bd93-91e4dad11d72 req-5cd7f4bb-66b0-45e1-8f70-d006d85846be None None] Starting request: 10.222.0.52 "GET /placement/allocations/5fb90289-cb77-4776-8771-d9aaab55d509" {{(pid=103622) __call__ /opt/stack/placement/placement/requestlog.py:55}}
Jan 28 04:37:10.947340 n-d-824835-3 devstack@placement-api.service[103622]: INFO placement.requestlog [req-cd4fd721-3b97-475d-bd93-91e4dad11d72 req-5cd7f4bb-66b0-45e1-8f70-d006d85846be service placement] 10.222.0.52 "GET /placement/allocations/5fb90289-cb77-4776-8771-d9aaab55d509" status: 200 len: 259 microversion: 1.28
Jan 28 04:37:10.947759 n-d-824835-3 devstack@placement-api.service[103622]: [pid: 103622|app: 0|req: 279/564] 10.222.0.52 () {60 vars in 1377 bytes} [Fri Jan 28 04:37:10 2022] GET /placement/allocations/5fb90289-cb77-4776-8771-d9aaab55d509 => generated 259 bytes in 63 msecs (HTTP/1.1 200) 8 headers in 296 bytes (1 switches on core 0)
Jan 28 04:37:11.123105 n-d-824835-3 devstack@placement-api.service[103621]: DEBUG placement.requestlog [req-cd4fd721-3b97-475d-bd93-91e4dad11d72 req-a7dbcacc-9447-4a4c-956f-362cd9e455df None None] Starting request: 10.222.0.47 "GET /placement/allocations/18bca404-f363-40d5-a1ce-30827aa9df5c" {{(pid=103621) __call__ /opt/stack/placement/placement/requestlog.py:55}}
Jan 28 04:37:11.145043 n-d-824835-3 devstack@placement-api.service[103621]: INFO placement.requestlog [req-cd4fd721-3b97-475d-bd93-91e4dad11d72 req-a7dbcacc-9447-4a4c-956f-362cd9e455df service placement] 10.222.0.47 "GET /placement/allocations/18bca404-f363-40d5-a1ce-30827aa9df5c" status: 200 len: 259 microversion: 1.28
Jan 28 04:37:11.145986 n-d-824835-3 devstack@placement-api.service[103621]: [pid: 103621|app: 0|req: 286/565] 10.222.0.47 () {60 vars in 1377 bytes} [Fri Jan 28 04:37:11 2022] GET /placement/allocations/18bca404-f363-40d5-a1ce-30827aa9df5c => generated 259 bytes in 23 msecs (HTTP/1.1 200) 8 headers in 296 bytes (1 switches on core 0)
Jan 28 04:37:16.360642 n-d-824835-3 devstack@placement-api.service[103622]: DEBUG placement.requestlog [req-546f885f-f44a-4136-a71c-0dbbe9ebf74c req-31cacb89-0c9e-47ff-bd7e-0aacba609e20 None None] Starting request: 10.222.0.52 "GET /placement/resource_providers/f12adf41-6ca7-42df-b7a4-67caf6ec3f2a/allocations" {{(pid=103622) __call__ /opt/stack/placement/placement/requestlog.py:55}}
Jan 28 04:37:16.395674 n-d-824835-3 devstack@placement-api.service[103622]: INFO placement.requestlog [req-546f885f-f44a-4136-a71c-0dbbe9ebf74c req-31cacb89-0c9e-47ff-bd7e-0aacba609e20 service placement] 10.222.0.52 "GET /placement/resource_providers/f12adf41-6ca7-42df-b7a4-67caf6ec3f2a/allocations" status: 200 len: 255 microversion: 1.0
Jan 28 04:37:16.398030 n-d-824835-3 devstack@placement-api.service[103622]: [pid: 103622|app: 0|req: 280/566] 10.222.0.52 () {58 vars in 1390 bytes} [Fri Jan 28 04:37:16 2022] GET /placement/resource_providers/f12adf41-6ca7-42df-b7a4-67caf6ec3f2a/allocations => generated 255 bytes in 37 msecs (HTTP/1.1 200) 6 headers in 224 bytes (1 switches on core 0)
Jan 28 04:37:16.448024 n-d-824835-3 devstack@placement-api.service[103621]: DEBUG placement.requestlog [req-1d1c5855-1b83-4259-80b1-8faa255c3204 req-1f7bab55-cff7-4a67-8467-3e7f9cd379ea None None] Starting request: 10.222.0.47 "GET /placement/resource_providers/b8ed136b-9d8e-46fe-9821-4eb2b17b36a8/allocations" {{(pid=103621) __call__ /opt/stack/placement/placement/requestlog.py:55}}
Jan 28 04:37:16.486617 n-d-824835-3 devstack@placement-api.service[103621]: INFO placement.requestlog [req-1d1c5855-1b83-4259-80b1-8faa255c3204 req-1f7bab55-cff7-4a67-8467-3e7f9cd379ea service placement] 10.222.0.47 "GET /placement/resource_providers/b8ed136b-9d8e-46fe-9821-4eb2b17b36a8/allocations" status: 200 len: 544 microversion: 1.0
Jan 28 04:37:16.489864 n-d-824835-3 devstack@placement-api.service[103621]: [pid: 103621|app: 0|req: 287/567] 10.222.0.47 () {58 vars in 1390 bytes} [Fri Jan 28 04:37:16 2022] GET /placement/resource_providers/b8ed136b-9d8e-46fe-9821-4eb2b17b36a8/allocations => generated 544 bytes in 42 msecs (HTTP/1.1 200) 6 headers in 224 bytes (1 switches on core 0)
Jan 28 04:37:18.198386 n-d-824835-3 devstack@placement-api.service[103622]: DEBUG placement.requestlog [req-c9ceab43-4e70-497e-bf82-74fa4f92e1b5 req-74003a18-a445-4866-bb10-94dc190c350b None None] Starting request: 10.222.0.52 "DELETE /placement/allocations/644bb55e-4c5f-4570-813d-528cbb1d1e6d" {{(pid=103622) __call__ /opt/stack/placement/placement/requestlog.py:55}}
Jan 28 04:37:18.273411 n-d-824835-3 devstack@placement-api.service[103622]: DEBUG placement.handlers.allocation [req-c9ceab43-4e70-497e-bf82-74fa4f92e1b5 req-74003a18-a445-4866-bb10-94dc190c350b service placement] Successfully deleted allocations [, , ] {{(pid=103622) delete_allocations /opt/stack/placement/placement/handlers/allocation.py:627}}
Jan 28 04:37:18.274016 n-d-824835-3 devstack@placement-api.service[103622]: INFO placement.requestlog [req-c9ceab43-4e70-497e-bf82-74fa4f92e1b5 req-74003a18-a445-4866-bb10-94dc190c350b service placement] 10.222.0.52 "DELETE /placement/allocations/644bb55e-4c5f-4570-813d-528cbb1d1e6d" status: 204 len: 0 microversion: 1.0
Jan 28 04:37:18.275053 n-d-824835-3 devstack@placement-api.service[103622]: [pid: 103622|app: 0|req: 281/568] 10.222.0.52 () {60 vars in 1355 bytes} [Fri Jan 28 04:37:18 2022] DELETE /placement/allocations/644bb55e-4c5f-4570-813d-528cbb1d1e6d => generated 0 bytes in 77 msecs (HTTP/1.1 204) 5 headers in 198 bytes (1 switches on core 0)
Jan 28 04:37:36.444127 n-d-824835-3 devstack@placement-api.service[103621]: DEBUG placement.requestlog [req-2d4bafdd-4b6c-4e57-ab41-a3ad28537b44 req-e6a6a170-d221-4258-b61f-6b9e084ef6c0 None None] Starting request: 10.222.0.21 "GET /placement/allocation_candidates?limit=1000&resources=DISK_GB%3A1%2CMEMORY_MB%3A1024%2CVCPU%3A1&root_required=%21COMPUTE_STATUS_DISABLED" {{(pid=103621) __call__ /opt/stack/placement/placement/requestlog.py:55}}
Jan 28 04:37:36.509409 n-d-824835-3 devstack@placement-api.service[103621]: DEBUG placement.objects.research_context [req-2d4bafdd-4b6c-4e57-ab41-a3ad28537b44 req-e6a6a170-d221-4258-b61f-6b9e084ef6c0 service placement] getting providers with 1 DISK_GB {{(pid=103621) __init__ /opt/stack/placement/placement/objects/research_context.py:126}}
Jan 28 04:37:36.523793 n-d-824835-3 devstack@placement-api.service[103621]: DEBUG placement.objects.research_context [req-2d4bafdd-4b6c-4e57-ab41-a3ad28537b44 req-e6a6a170-d221-4258-b61f-6b9e084ef6c0 service placement] getting providers with 1024 MEMORY_MB {{(pid=103621) __init__ /opt/stack/placement/placement/objects/research_context.py:126}}
Jan 28 04:37:36.532254 n-d-824835-3 devstack@placement-api.service[103621]: DEBUG placement.objects.research_context [req-2d4bafdd-4b6c-4e57-ab41-a3ad28537b44 req-e6a6a170-d221-4258-b61f-6b9e084ef6c0 service placement] getting providers with 1 VCPU {{(pid=103621) __init__ /opt/stack/placement/placement/objects/research_context.py:126}}
Jan 28 04:37:36.548870 n-d-824835-3 devstack@placement-api.service[103621]: DEBUG placement.objects.research_context [req-2d4bafdd-4b6c-4e57-ab41-a3ad28537b44 req-e6a6a170-d221-4258-b61f-6b9e084ef6c0 service placement] found 2 providers with available 1 DISK_GB {{(pid=103621) get_provider_ids_matching /opt/stack/placement/placement/objects/research_context.py:549}}
Jan 28 04:37:36.552205 n-d-824835-3 devstack@placement-api.service[103621]: DEBUG placement.objects.research_context [req-2d4bafdd-4b6c-4e57-ab41-a3ad28537b44 req-e6a6a170-d221-4258-b61f-6b9e084ef6c0 service placement] found 2 providers with available 1024 MEMORY_MB {{(pid=103621) get_provider_ids_matching /opt/stack/placement/placement/objects/research_context.py:549}}
Jan 28 04:37:36.552663 n-d-824835-3 devstack@placement-api.service[103621]: DEBUG placement.objects.research_context [req-2d4bafdd-4b6c-4e57-ab41-a3ad28537b44 req-e6a6a170-d221-4258-b61f-6b9e084ef6c0 service placement] found 2 providers after filtering by previous result {{(pid=103621) get_provider_ids_matching /opt/stack/placement/placement/objects/research_context.py:580}}
Jan 28 04:37:36.553060 n-d-824835-3 devstack@placement-api.service[103621]: DEBUG placement.objects.research_context [req-2d4bafdd-4b6c-4e57-ab41-a3ad28537b44 req-e6a6a170-d221-4258-b61f-6b9e084ef6c0 service placement] found 2 providers with available 1 VCPU {{(pid=103621) get_provider_ids_matching /opt/stack/placement/placement/objects/research_context.py:549}}
Jan 28 04:37:36.557401 n-d-824835-3 devstack@placement-api.service[103621]: DEBUG placement.objects.research_context [req-2d4bafdd-4b6c-4e57-ab41-a3ad28537b44 req-e6a6a170-d221-4258-b61f-6b9e084ef6c0 service placement] found 2 providers after filtering by previous result {{(pid=103621) get_provider_ids_matching /opt/stack/placement/placement/objects/research_context.py:580}}
Jan 28 04:37:36.588499 n-d-824835-3 devstack@placement-api.service[103621]: DEBUG placement.objects.allocation_candidate [req-2d4bafdd-4b6c-4e57-ab41-a3ad28537b44 req-e6a6a170-d221-4258-b61f-6b9e084ef6c0 service placement] RequestGroup(use_same_provider=False, resources={DISK_GB:1, MEMORY_MB:1024, VCPU:1}, traits=[], aggregates=[]) (suffix '') returned 2 matches {{(pid=103621) _get_by_requests /opt/stack/placement/placement/objects/allocation_candidate.py:145}}
Jan 28 04:37:36.589014 n-d-824835-3 devstack@placement-api.service[103621]: DEBUG placement.objects.allocation_candidate [req-2d4bafdd-4b6c-4e57-ab41-a3ad28537b44 req-e6a6a170-d221-4258-b61f-6b9e084ef6c0 service placement] Merging candidates yields 2 allocation requests and 2 provider summaries {{(pid=103621) _merge_candidates /opt/stack/placement/placement/objects/allocation_candidate.py:783}}
Jan 28 04:37:36.590773 n-d-824835-3 devstack@placement-api.service[103621]: INFO placement.requestlog [req-2d4bafdd-4b6c-4e57-ab41-a3ad28537b44 req-e6a6a170-d221-4258-b61f-6b9e084ef6c0 service placement] 10.222.0.21 "GET /placement/allocation_candidates?limit=1000&resources=DISK_GB%3A1%2CMEMORY_MB%3A1024%2CVCPU%3A1&root_required=%21COMPUTE_STATUS_DISABLED" status: 200 len: 1309 microversion: 1.36
Jan 28 04:37:36.591301 n-d-824835-3 devstack@placement-api.service[103621]: [pid: 103621|app: 0|req: 288/569] 10.222.0.21 () {60 vars in 1506 bytes} [Fri Jan 28 04:37:36 2022] GET /placement/allocation_candidates?limit=1000&resources=DISK_GB%3A1%2CMEMORY_MB%3A1024%2CVCPU%3A1&root_required=%21COMPUTE_STATUS_DISABLED => generated 1309 bytes in 148 msecs (HTTP/1.1 200) 8 headers in 297 bytes (2 switches on core 0)
Jan 28 04:37:36.660782 n-d-824835-3 devstack@placement-api.service[103622]: DEBUG placement.requestlog [req-2d4bafdd-4b6c-4e57-ab41-a3ad28537b44 req-96dc5488-fe25-4301-8944-23b87f366cd8 None None] Starting request: 10.222.0.21 "GET /placement/allocations/e76389fc-f442-4bc5-82ba-544731ad2175" {{(pid=103622) __call__ /opt/stack/placement/placement/requestlog.py:55}}
Jan 28 04:37:36.693952 n-d-824835-3 devstack@placement-api.service[103622]: INFO placement.requestlog [req-2d4bafdd-4b6c-4e57-ab41-a3ad28537b44 req-96dc5488-fe25-4301-8944-23b87f366cd8 service placement] 10.222.0.21 "GET /placement/allocations/e76389fc-f442-4bc5-82ba-544731ad2175" status: 200 len: 19 microversion: 1.28
Jan 28 04:37:36.721430 n-d-824835-3 devstack@placement-api.service[103621]: DEBUG placement.requestlog [req-2d4bafdd-4b6c-4e57-ab41-a3ad28537b44 req-dab97dbc-2b09-4a77-a8c5-9f25b8799ac2 None None] Starting request: 10.222.0.21 "PUT /placement/allocations/e76389fc-f442-4bc5-82ba-544731ad2175" {{(pid=103621) __call__ /opt/stack/placement/placement/requestlog.py:55}}
Jan 28 04:37:36.721992 n-d-824835-3 devstack@placement-api.service[103622]: [pid: 103622|app: 0|req: 282/570] 10.222.0.21 () {60 vars in 1380 bytes} [Fri Jan 28 04:37:36 2022] GET /placement/allocations/e76389fc-f442-4bc5-82ba-544731ad2175 => generated 19 bytes in 59 msecs (HTTP/1.1 200) 8 headers in 295 bytes (1 switches on core 0)
Jan 28 04:37:36.838130 n-d-824835-3 devstack@placement-api.service[103621]: DEBUG placement.handlers.allocation [req-2d4bafdd-4b6c-4e57-ab41-a3ad28537b44 req-dab97dbc-2b09-4a77-a8c5-9f25b8799ac2 service placement] Successfully wrote allocations [, , ] {{(pid=103621) _update_consumers_and_create_allocations /opt/stack/placement/placement/handlers/allocation.py:462}}
Jan 28 04:37:36.847211 n-d-824835-3 devstack@placement-api.service[103621]: INFO placement.requestlog [req-2d4bafdd-4b6c-4e57-ab41-a3ad28537b44 req-dab97dbc-2b09-4a77-a8c5-9f25b8799ac2 service placement] 10.222.0.21 "PUT /placement/allocations/e76389fc-f442-4bc5-82ba-544731ad2175" status: 204 len: 0 microversion: 1.36
Jan 28 04:37:36.862592 n-d-824835-3 devstack@placement-api.service[103621]: [pid: 103621|app: 0|req: 289/571] 10.222.0.21 () {64 vars in 1433 bytes} [Fri Jan 28 04:37:36 2022] PUT /placement/allocations/e76389fc-f442-4bc5-82ba-544731ad2175 => generated 0 bytes in 128 msecs (HTTP/1.1 204) 5 headers in 199 bytes (2 switches on core 0)
Jan 28 04:37:37.408101 n-d-824835-3 devstack@placement-api.service[103622]: DEBUG placement.requestlog [req-2d4bafdd-4b6c-4e57-ab41-a3ad28537b44 req-a97b6989-cd94-4efc-8afe-a3386207ba0a None None] Starting request: 10.222.0.52 "GET /placement/allocations/e76389fc-f442-4bc5-82ba-544731ad2175" {{(pid=103622) __call__ /opt/stack/placement/placement/requestlog.py:55}}
Jan 28 04:37:37.435466 n-d-824835-3 devstack@placement-api.service[103622]: INFO placement.requestlog [req-2d4bafdd-4b6c-4e57-ab41-a3ad28537b44 req-a97b6989-cd94-4efc-8afe-a3386207ba0a service placement] 10.222.0.52 "GET /placement/allocations/e76389fc-f442-4bc5-82ba-544731ad2175" status: 200 len: 259 microversion: 1.28
Jan 28 04:37:37.435943 n-d-824835-3 devstack@placement-api.service[103622]: [pid: 103622|app: 0|req: 283/572] 10.222.0.52 () {60 vars in 1377 bytes} [Fri Jan 28 04:37:37 2022] GET /placement/allocations/e76389fc-f442-4bc5-82ba-544731ad2175 => generated 259 bytes in 32 msecs (HTTP/1.1 200) 8 headers in 296 bytes (1 switches on core 0)
Jan 28 04:37:39.483562 n-d-824835-3 devstack@placement-api.service[103621]: DEBUG placement.requestlog [req-4ba55424-d5b2-4514-92a8-933f7b8a6faa req-2c658bd0-23f4-4cb2-8a8c-67edbf221af7 None None] Starting request: 10.222.0.21 "GET /placement/allocation_candidates?limit=1000&resources=DISK_GB%3A1%2CMEMORY_MB%3A1024%2CVCPU%3A1&root_required=%21COMPUTE_STATUS_DISABLED" {{(pid=103621) __call__ /opt/stack/placement/placement/requestlog.py:55}}
Jan 28 04:37:39.559141 n-d-824835-3 devstack@placement-api.service[103621]: DEBUG placement.objects.research_context [req-4ba55424-d5b2-4514-92a8-933f7b8a6faa req-2c658bd0-23f4-4cb2-8a8c-67edbf221af7 service placement] getting providers with 1 DISK_GB {{(pid=103621) __init__ /opt/stack/placement/placement/objects/research_context.py:126}}
Jan 28 04:37:39.581610 n-d-824835-3 devstack@placement-api.service[103621]: DEBUG placement.objects.research_context [req-4ba55424-d5b2-4514-92a8-933f7b8a6faa req-2c658bd0-23f4-4cb2-8a8c-67edbf221af7 service placement] getting providers with 1024 MEMORY_MB {{(pid=103621) __init__ /opt/stack/placement/placement/objects/research_context.py:126}}
Jan 28 04:37:39.602475 n-d-824835-3 devstack@placement-api.service[103621]: DEBUG placement.objects.research_context [req-4ba55424-d5b2-4514-92a8-933f7b8a6faa req-2c658bd0-23f4-4cb2-8a8c-67edbf221af7 service placement] getting providers with 1 VCPU {{(pid=103621) __init__ /opt/stack/placement/placement/objects/research_context.py:126}}
Jan 28 04:37:39.616554 n-d-824835-3 devstack@placement-api.service[103621]: DEBUG placement.objects.research_context [req-4ba55424-d5b2-4514-92a8-933f7b8a6faa req-2c658bd0-23f4-4cb2-8a8c-67edbf221af7 service placement] found 2 providers with available 1 DISK_GB {{(pid=103621) get_provider_ids_matching /opt/stack/placement/placement/objects/research_context.py:549}}
Jan 28 04:37:39.617068 n-d-824835-3 devstack@placement-api.service[103621]: DEBUG placement.objects.research_context [req-4ba55424-d5b2-4514-92a8-933f7b8a6faa req-2c658bd0-23f4-4cb2-8a8c-67edbf221af7 service placement] found 2 providers with available 1024 MEMORY_MB {{(pid=103621) get_provider_ids_matching /opt/stack/placement/placement/objects/research_context.py:549}}
Jan 28 04:37:39.618641 n-d-824835-3 devstack@placement-api.service[103621]: DEBUG placement.objects.research_context [req-4ba55424-d5b2-4514-92a8-933f7b8a6faa req-2c658bd0-23f4-4cb2-8a8c-67edbf221af7 service placement] found 2 providers after filtering by previous result {{(pid=103621) get_provider_ids_matching /opt/stack/placement/placement/objects/research_context.py:580}}
Jan 28 04:37:39.619048 n-d-824835-3 devstack@placement-api.service[103621]: DEBUG placement.objects.research_context [req-4ba55424-d5b2-4514-92a8-933f7b8a6faa req-2c658bd0-23f4-4cb2-8a8c-67edbf221af7 service placement] found 2 providers with available 1 VCPU {{(pid=103621) get_provider_ids_matching /opt/stack/placement/placement/objects/research_context.py:549}}
Jan 28 04:37:39.619451 n-d-824835-3 devstack@placement-api.service[103621]: DEBUG placement.objects.research_context [req-4ba55424-d5b2-4514-92a8-933f7b8a6faa req-2c658bd0-23f4-4cb2-8a8c-67edbf221af7 service placement] found 2 providers after filtering by previous result {{(pid=103621) get_provider_ids_matching /opt/stack/placement/placement/objects/research_context.py:580}}
Jan 28 04:37:39.648042 n-d-824835-3 devstack@placement-api.service[103621]: DEBUG placement.objects.allocation_candidate [req-4ba55424-d5b2-4514-92a8-933f7b8a6faa req-2c658bd0-23f4-4cb2-8a8c-67edbf221af7 service placement] RequestGroup(use_same_provider=False, resources={DISK_GB:1, MEMORY_MB:1024, VCPU:1}, traits=[], aggregates=[]) (suffix '') returned 2 matches {{(pid=103621) _get_by_requests /opt/stack/placement/placement/objects/allocation_candidate.py:145}}
Jan 28 04:37:39.648413 n-d-824835-3 devstack@placement-api.service[103621]: DEBUG placement.objects.allocation_candidate [req-4ba55424-d5b2-4514-92a8-933f7b8a6faa req-2c658bd0-23f4-4cb2-8a8c-67edbf221af7 service placement] Merging candidates yields 2 allocation requests and 2 provider summaries {{(pid=103621) _merge_candidates /opt/stack/placement/placement/objects/allocation_candidate.py:783}}
Jan 28 04:37:39.654399 n-d-824835-3 devstack@placement-api.service[103621]: INFO placement.requestlog [req-4ba55424-d5b2-4514-92a8-933f7b8a6faa req-2c658bd0-23f4-4cb2-8a8c-67edbf221af7 service placement] 10.222.0.21 "GET /placement/allocation_candidates?limit=1000&resources=DISK_GB%3A1%2CMEMORY_MB%3A1024%2CVCPU%3A1&root_required=%21COMPUTE_STATUS_DISABLED" status: 200 len: 1309 microversion: 1.36
Jan 28 04:37:39.654789 n-d-824835-3 devstack@placement-api.service[103621]: [pid: 103621|app: 0|req: 290/573] 10.222.0.21 () {60 vars in 1506 bytes} [Fri Jan 28 04:37:39 2022] GET /placement/allocation_candidates?limit=1000&resources=DISK_GB%3A1%2CMEMORY_MB%3A1024%2CVCPU%3A1&root_required=%21COMPUTE_STATUS_DISABLED => generated 1309 bytes in 172 msecs (HTTP/1.1 200) 8 headers in 297 bytes (1 switches on core 0)
Jan 28 04:37:39.827380 n-d-824835-3 devstack@placement-api.service[103622]: DEBUG placement.requestlog [req-4ba55424-d5b2-4514-92a8-933f7b8a6faa req-538ada50-4bb5-4302-b519-cc5dde572f70 None None] Starting request: 10.222.0.21 "GET /placement/allocations/14fd3d80-4418-4c02-92df-e0aa5953b217" {{(pid=103622) __call__ /opt/stack/placement/placement/requestlog.py:55}}
Jan 28 04:37:39.850628 n-d-824835-3 devstack@placement-api.service[103622]: INFO placement.requestlog [req-4ba55424-d5b2-4514-92a8-933f7b8a6faa req-538ada50-4bb5-4302-b519-cc5dde572f70 service placement] 10.222.0.21 "GET /placement/allocations/14fd3d80-4418-4c02-92df-e0aa5953b217" status: 200 len: 19 microversion: 1.28
Jan 28 04:37:39.854235 n-d-824835-3 devstack@placement-api.service[103622]: [pid: 103622|app: 0|req: 284/574] 10.222.0.21 () {60 vars in 1380 bytes} [Fri Jan 28 04:37:39 2022] GET /placement/allocations/14fd3d80-4418-4c02-92df-e0aa5953b217 => generated 19 bytes in 27 msecs (HTTP/1.1 200) 8 headers in 295 bytes (1 switches on core 0)
Jan 28 04:37:39.859622 n-d-824835-3 devstack@placement-api.service[103621]: DEBUG placement.requestlog [req-4ba55424-d5b2-4514-92a8-933f7b8a6faa req-7a9f1ed7-3e9c-432e-8ff7-fa75cce572e3 None None] Starting request: 10.222.0.21 "PUT /placement/allocations/14fd3d80-4418-4c02-92df-e0aa5953b217" {{(pid=103621) __call__ /opt/stack/placement/placement/requestlog.py:55}}
Jan 28 04:37:39.963630 n-d-824835-3 devstack@placement-api.service[103621]: DEBUG placement.handlers.allocation [req-4ba55424-d5b2-4514-92a8-933f7b8a6faa req-7a9f1ed7-3e9c-432e-8ff7-fa75cce572e3 service placement] Successfully wrote allocations [, , ] {{(pid=103621) _update_consumers_and_create_allocations /opt/stack/placement/placement/handlers/allocation.py:462}}
Jan 28 04:37:39.974229 n-d-824835-3 devstack@placement-api.service[103621]: INFO placement.requestlog [req-4ba55424-d5b2-4514-92a8-933f7b8a6faa req-7a9f1ed7-3e9c-432e-8ff7-fa75cce572e3 service placement] 10.222.0.21 "PUT /placement/allocations/14fd3d80-4418-4c02-92df-e0aa5953b217" status: 204 len: 0 microversion: 1.36
Jan 28 04:37:39.974229 n-d-824835-3 devstack@placement-api.service[103621]: [pid: 103621|app: 0|req: 291/575] 10.222.0.21 () {64 vars in 1433 bytes} [Fri Jan 28 04:37:39 2022] PUT /placement/allocations/14fd3d80-4418-4c02-92df-e0aa5953b217 => generated 0 bytes in 110 msecs (HTTP/1.1 204) 5 headers in 199 bytes (2 switches on core 0)
Jan 28 04:37:40.610839 n-d-824835-3 devstack@placement-api.service[103622]: DEBUG placement.requestlog [req-4ba55424-d5b2-4514-92a8-933f7b8a6faa req-e5cf9670-7a4d-4733-b8e3-8dfafda2ef9d None None] Starting request: 10.222.0.47 "GET /placement/allocations/14fd3d80-4418-4c02-92df-e0aa5953b217" {{(pid=103622) __call__ /opt/stack/placement/placement/requestlog.py:55}}
Jan 28 04:37:40.653930 n-d-824835-3 devstack@placement-api.service[103622]: INFO placement.requestlog [req-4ba55424-d5b2-4514-92a8-933f7b8a6faa req-e5cf9670-7a4d-4733-b8e3-8dfafda2ef9d service placement] 10.222.0.47 "GET /placement/allocations/14fd3d80-4418-4c02-92df-e0aa5953b217" status: 200 len: 259 microversion: 1.28
Jan 28 04:37:40.654321 n-d-824835-3 devstack@placement-api.service[103622]: [pid: 103622|app: 0|req: 285/576] 10.222.0.47 () {60 vars in 1377 bytes} [Fri Jan 28 04:37:40 2022] GET /placement/allocations/14fd3d80-4418-4c02-92df-e0aa5953b217 => generated 259 bytes in 44 msecs (HTTP/1.1 200) 8 headers in 296 bytes (1 switches on core 0)
Jan 28 04:37:47.162243 n-d-824835-3 devstack@placement-api.service[103621]: DEBUG placement.requestlog [req-ff3918d7-23ed-4151-8a92-e8e615af40f0 req-c76281ba-c37f-4c2d-9be8-d2c7aa080dc3 None None] Starting request: 10.222.0.21 "GET /placement/allocation_candidates?resources=DISK_GB%3A1%2CMEMORY_MB%3A1024%2CVCPU%3A1&root_required=%21COMPUTE_STATUS_DISABLED" {{(pid=103621) __call__ /opt/stack/placement/placement/requestlog.py:55}}
Jan 28 04:37:47.231206 n-d-824835-3 devstack@placement-api.service[103621]: DEBUG placement.objects.research_context [req-ff3918d7-23ed-4151-8a92-e8e615af40f0 req-c76281ba-c37f-4c2d-9be8-d2c7aa080dc3 service placement] getting providers with 1 DISK_GB {{(pid=103621) __init__ /opt/stack/placement/placement/objects/research_context.py:126}}
Jan 28 04:37:47.238071 n-d-824835-3 devstack@placement-api.service[103621]: DEBUG placement.objects.research_context [req-ff3918d7-23ed-4151-8a92-e8e615af40f0 req-c76281ba-c37f-4c2d-9be8-d2c7aa080dc3 service placement] getting providers with 1024 MEMORY_MB {{(pid=103621) __init__ /opt/stack/placement/placement/objects/research_context.py:126}}
Jan 28 04:37:47.247153 n-d-824835-3 devstack@placement-api.service[103621]: DEBUG placement.objects.research_context [req-ff3918d7-23ed-4151-8a92-e8e615af40f0 req-c76281ba-c37f-4c2d-9be8-d2c7aa080dc3 service placement] getting providers with 1 VCPU {{(pid=103621) __init__ /opt/stack/placement/placement/objects/research_context.py:126}}
Jan 28 04:37:47.253298 n-d-824835-3 devstack@placement-api.service[103621]: DEBUG placement.objects.research_context [req-ff3918d7-23ed-4151-8a92-e8e615af40f0 req-c76281ba-c37f-4c2d-9be8-d2c7aa080dc3 service placement] found 2 providers with available 1 DISK_GB {{(pid=103621) get_provider_ids_matching /opt/stack/placement/placement/objects/research_context.py:549}}
Jan 28 04:37:47.254255 n-d-824835-3 devstack@placement-api.service[103621]: DEBUG placement.objects.research_context [req-ff3918d7-23ed-4151-8a92-e8e615af40f0 req-c76281ba-c37f-4c2d-9be8-d2c7aa080dc3 service placement] found 2 providers with available 1024 MEMORY_MB {{(pid=103621) get_provider_ids_matching /opt/stack/placement/placement/objects/research_context.py:549}}
Jan 28 04:37:47.255239 n-d-824835-3 devstack@placement-api.service[103621]: DEBUG placement.objects.research_context [req-ff3918d7-23ed-4151-8a92-e8e615af40f0 req-c76281ba-c37f-4c2d-9be8-d2c7aa080dc3 service placement] found 2 providers after filtering by previous result {{(pid=103621) get_provider_ids_matching /opt/stack/placement/placement/objects/research_context.py:580}}
Jan 28 04:37:47.255833 n-d-824835-3 devstack@placement-api.service[103621]: DEBUG placement.objects.research_context [req-ff3918d7-23ed-4151-8a92-e8e615af40f0 req-c76281ba-c37f-4c2d-9be8-d2c7aa080dc3 service placement] found 2 providers with available 1 VCPU {{(pid=103621) get_provider_ids_matching /opt/stack/placement/placement/objects/research_context.py:549}}
Jan 28 04:37:47.256373 n-d-824835-3 devstack@placement-api.service[103621]: DEBUG placement.objects.research_context [req-ff3918d7-23ed-4151-8a92-e8e615af40f0 req-c76281ba-c37f-4c2d-9be8-d2c7aa080dc3 service placement] found 2 providers after filtering by previous result {{(pid=103621) get_provider_ids_matching /opt/stack/placement/placement/objects/research_context.py:580}}
Jan 28 04:37:47.279601 n-d-824835-3 devstack@placement-api.service[103621]: DEBUG placement.objects.allocation_candidate [req-ff3918d7-23ed-4151-8a92-e8e615af40f0 req-c76281ba-c37f-4c2d-9be8-d2c7aa080dc3 service placement] RequestGroup(use_same_provider=False, resources={DISK_GB:1, MEMORY_MB:1024, VCPU:1}, traits=[], aggregates=[]) (suffix '') returned 2 matches {{(pid=103621) _get_by_requests /opt/stack/placement/placement/objects/allocation_candidate.py:145}}
Jan 28 04:37:47.280285 n-d-824835-3 devstack@placement-api.service[103621]: DEBUG placement.objects.allocation_candidate [req-ff3918d7-23ed-4151-8a92-e8e615af40f0 req-c76281ba-c37f-4c2d-9be8-d2c7aa080dc3 service placement] Merging candidates yields 2 allocation requests and 2 provider summaries {{(pid=103621) _merge_candidates /opt/stack/placement/placement/objects/allocation_candidate.py:783}}
Jan 28 04:37:47.285383 n-d-824835-3 devstack@placement-api.service[103621]: INFO placement.requestlog [req-ff3918d7-23ed-4151-8a92-e8e615af40f0 req-c76281ba-c37f-4c2d-9be8-d2c7aa080dc3 service placement] 10.222.0.21 "GET /placement/allocation_candidates?resources=DISK_GB%3A1%2CMEMORY_MB%3A1024%2CVCPU%3A1&root_required=%21COMPUTE_STATUS_DISABLED" status: 200 len: 1309 microversion: 1.36
Jan 28 04:37:47.288345 n-d-824835-3 devstack@placement-api.service[103621]: [pid: 103621|app: 0|req: 292/577] 10.222.0.21 () {60 vars in 1484 bytes} [Fri Jan 28 04:37:47 2022] GET /placement/allocation_candidates?resources=DISK_GB%3A1%2CMEMORY_MB%3A1024%2CVCPU%3A1&root_required=%21COMPUTE_STATUS_DISABLED => generated 1309 bytes in 126 msecs (HTTP/1.1 200) 8 headers in 297 bytes (1 switches on core 0)
Jan 28 04:37:47.377882 n-d-824835-3 devstack@placement-api.service[103622]: DEBUG placement.requestlog [req-ff3918d7-23ed-4151-8a92-e8e615af40f0 req-cc0ccb5b-df38-4310-b66a-2f0713f1a652 None None] Starting request: 10.222.0.21 "GET /placement/allocations/c3681d90-7f96-44cc-8c72-c4bee4ab0f43" {{(pid=103622) __call__ /opt/stack/placement/placement/requestlog.py:55}}
Jan 28 04:37:47.392218 n-d-824835-3 devstack@placement-api.service[103622]: INFO placement.requestlog [req-ff3918d7-23ed-4151-8a92-e8e615af40f0 req-cc0ccb5b-df38-4310-b66a-2f0713f1a652 service placement] 10.222.0.21 "GET /placement/allocations/c3681d90-7f96-44cc-8c72-c4bee4ab0f43" status: 200 len: 19 microversion: 1.28
Jan 28 04:37:47.397293 n-d-824835-3 devstack@placement-api.service[103622]: [pid: 103622|app: 0|req: 286/578] 10.222.0.21 () {60 vars in 1380 bytes} [Fri Jan 28 04:37:47 2022] GET /placement/allocations/c3681d90-7f96-44cc-8c72-c4bee4ab0f43 => generated 19 bytes in 19 msecs (HTTP/1.1 200) 8 headers in 295 bytes (1 switches on core 0)
Jan 28 04:37:47.403806 n-d-824835-3 devstack@placement-api.service[103621]: DEBUG placement.requestlog [req-ff3918d7-23ed-4151-8a92-e8e615af40f0 req-b1ccbb9a-5d11-4304-8e2e-a5c04333f3ec None None] Starting request: 10.222.0.21 "PUT /placement/allocations/c3681d90-7f96-44cc-8c72-c4bee4ab0f43" {{(pid=103621) __call__ /opt/stack/placement/placement/requestlog.py:55}}
Jan 28 04:37:47.555761 n-d-824835-3 devstack@placement-api.service[103621]: DEBUG placement.handlers.allocation [req-ff3918d7-23ed-4151-8a92-e8e615af40f0 req-b1ccbb9a-5d11-4304-8e2e-a5c04333f3ec service placement] Successfully wrote allocations [, , ] {{(pid=103621) _update_consumers_and_create_allocations /opt/stack/placement/placement/handlers/allocation.py:462}}
Jan 28 04:37:47.561050 n-d-824835-3 devstack@placement-api.service[103621]: INFO placement.requestlog [req-ff3918d7-23ed-4151-8a92-e8e615af40f0 req-b1ccbb9a-5d11-4304-8e2e-a5c04333f3ec service placement] 10.222.0.21 "PUT /placement/allocations/c3681d90-7f96-44cc-8c72-c4bee4ab0f43" status: 204 len: 0 microversion: 1.36
