Jan 28 04:37:47.563068 n-d-824835-3 devstack@placement-api.service[103621]: [pid: 103621|app: 0|req: 293/579] 10.222.0.21 () {64 vars in 1433 bytes} [Fri Jan 28 04:37:47 2022] PUT /placement/allocations/c3681d90-7f96-44cc-8c72-c4bee4ab0f43 => generated 0 bytes in 159 msecs (HTTP/1.1 204) 5 headers in 199 bytes (2 switches on core 0)
Jan 28 04:37:48.126464 n-d-824835-3 devstack@placement-api.service[103622]: DEBUG placement.requestlog [req-ff3918d7-23ed-4151-8a92-e8e615af40f0 req-0889d6dd-0434-4891-b357-d0d92bb19ce6 None None] Starting request: 10.222.0.52 "GET /placement/allocations/c3681d90-7f96-44cc-8c72-c4bee4ab0f43" {{(pid=103622) __call__ /opt/stack/placement/placement/requestlog.py:55}}
Jan 28 04:37:48.162497 n-d-824835-3 devstack@placement-api.service[103622]: INFO placement.requestlog [req-ff3918d7-23ed-4151-8a92-e8e615af40f0 req-0889d6dd-0434-4891-b357-d0d92bb19ce6 service placement] 10.222.0.52 "GET /placement/allocations/c3681d90-7f96-44cc-8c72-c4bee4ab0f43" status: 200 len: 259 microversion: 1.28
Jan 28 04:37:48.163050 n-d-824835-3 devstack@placement-api.service[103622]: [pid: 103622|app: 0|req: 287/580] 10.222.0.52 () {60 vars in 1377 bytes} [Fri Jan 28 04:37:48 2022] GET /placement/allocations/c3681d90-7f96-44cc-8c72-c4bee4ab0f43 => generated 259 bytes in 37 msecs (HTTP/1.1 200) 8 headers in 296 bytes (1 switches on core 0)
Jan 28 04:37:54.023363 n-d-824835-3 devstack@placement-api.service[103621]: DEBUG placement.requestlog [req-bcfca5e1-18c7-4701-95f4-c824c78cef43 req-c84c53fc-5a83-44b7-9845-fb15353ea6a0 None None] Starting request: 10.222.0.21 "GET /placement/allocation_candidates?limit=1000&resources=DISK_GB%3A1%2CMEMORY_MB%3A1024%2CVCPU%3A1&root_required=%21COMPUTE_STATUS_DISABLED" {{(pid=103621) __call__ /opt/stack/placement/placement/requestlog.py:55}}
Jan 28 04:37:54.092417 n-d-824835-3 devstack@placement-api.service[103621]: DEBUG placement.objects.research_context [req-bcfca5e1-18c7-4701-95f4-c824c78cef43 req-c84c53fc-5a83-44b7-9845-fb15353ea6a0 service placement] getting providers with 1 DISK_GB {{(pid=103621) __init__ /opt/stack/placement/placement/objects/research_context.py:126}}
Jan 28 04:37:54.107913 n-d-824835-3 devstack@placement-api.service[103621]: DEBUG placement.objects.research_context [req-bcfca5e1-18c7-4701-95f4-c824c78cef43 req-c84c53fc-5a83-44b7-9845-fb15353ea6a0 service placement] getting providers with 1024 MEMORY_MB {{(pid=103621) __init__ /opt/stack/placement/placement/objects/research_context.py:126}}
Jan 28 04:37:54.114384 n-d-824835-3 devstack@placement-api.service[103621]: DEBUG placement.objects.research_context [req-bcfca5e1-18c7-4701-95f4-c824c78cef43 req-c84c53fc-5a83-44b7-9845-fb15353ea6a0 service placement] getting providers with 1 VCPU {{(pid=103621) __init__ /opt/stack/placement/placement/objects/research_context.py:126}}
Jan 28 04:37:54.121001 n-d-824835-3 devstack@placement-api.service[103621]: DEBUG placement.objects.research_context [req-bcfca5e1-18c7-4701-95f4-c824c78cef43 req-c84c53fc-5a83-44b7-9845-fb15353ea6a0 service placement] found 2 providers with available 1 DISK_GB {{(pid=103621) get_provider_ids_matching /opt/stack/placement/placement/objects/research_context.py:549}}
Jan 28 04:37:54.121485 n-d-824835-3 devstack@placement-api.service[103621]: DEBUG placement.objects.research_context [req-bcfca5e1-18c7-4701-95f4-c824c78cef43 req-c84c53fc-5a83-44b7-9845-fb15353ea6a0 service placement] found 2 providers with available 1024 MEMORY_MB {{(pid=103621) get_provider_ids_matching /opt/stack/placement/placement/objects/research_context.py:549}}
Jan 28 04:37:54.121932 n-d-824835-3 devstack@placement-api.service[103621]: DEBUG placement.objects.research_context [req-bcfca5e1-18c7-4701-95f4-c824c78cef43 req-c84c53fc-5a83-44b7-9845-fb15353ea6a0 service placement] found 2 providers after filtering by previous result {{(pid=103621) get_provider_ids_matching /opt/stack/placement/placement/objects/research_context.py:580}}
Jan 28 04:37:54.122342 n-d-824835-3 devstack@placement-api.service[103621]: DEBUG placement.objects.research_context [req-bcfca5e1-18c7-4701-95f4-c824c78cef43 req-c84c53fc-5a83-44b7-9845-fb15353ea6a0 service placement] found 2 providers with available 1 VCPU {{(pid=103621) get_provider_ids_matching /opt/stack/placement/placement/objects/research_context.py:549}}
Jan 28 04:37:54.122925 n-d-824835-3 devstack@placement-api.service[103621]: DEBUG placement.objects.research_context [req-bcfca5e1-18c7-4701-95f4-c824c78cef43 req-c84c53fc-5a83-44b7-9845-fb15353ea6a0 service placement] found 2 providers after filtering by previous result {{(pid=103621) get_provider_ids_matching /opt/stack/placement/placement/objects/research_context.py:580}}
Jan 28 04:37:54.139007 n-d-824835-3 devstack@placement-api.service[103621]: DEBUG placement.objects.allocation_candidate [req-bcfca5e1-18c7-4701-95f4-c824c78cef43 req-c84c53fc-5a83-44b7-9845-fb15353ea6a0 service placement] RequestGroup(use_same_provider=False, resources={DISK_GB:1, MEMORY_MB:1024, VCPU:1}, traits=[], aggregates=[]) (suffix '') returned 2 matches {{(pid=103621) _get_by_requests /opt/stack/placement/placement/objects/allocation_candidate.py:145}}
Jan 28 04:37:54.139676 n-d-824835-3 devstack@placement-api.service[103621]: DEBUG placement.objects.allocation_candidate [req-bcfca5e1-18c7-4701-95f4-c824c78cef43 req-c84c53fc-5a83-44b7-9845-fb15353ea6a0 service placement] Merging candidates yields 2 allocation requests and 2 provider summaries {{(pid=103621) _merge_candidates /opt/stack/placement/placement/objects/allocation_candidate.py:783}}
Jan 28 04:37:54.143574 n-d-824835-3 devstack@placement-api.service[103621]: INFO placement.requestlog [req-bcfca5e1-18c7-4701-95f4-c824c78cef43 req-c84c53fc-5a83-44b7-9845-fb15353ea6a0 service placement] 10.222.0.21 "GET /placement/allocation_candidates?limit=1000&resources=DISK_GB%3A1%2CMEMORY_MB%3A1024%2CVCPU%3A1&root_required=%21COMPUTE_STATUS_DISABLED" status: 200 len: 1309 microversion: 1.36
Jan 28 04:37:54.144535 n-d-824835-3 devstack@placement-api.service[103621]: [pid: 103621|app: 0|req: 294/581] 10.222.0.21 () {60 vars in 1506 bytes} [Fri Jan 28 04:37:54 2022] GET /placement/allocation_candidates?limit=1000&resources=DISK_GB%3A1%2CMEMORY_MB%3A1024%2CVCPU%3A1&root_required=%21COMPUTE_STATUS_DISABLED => generated 1309 bytes in 122 msecs (HTTP/1.1 200) 8 headers in 297 bytes (1 switches on core 0)
Jan 28 04:37:54.217827 n-d-824835-3 devstack@placement-api.service[103622]: DEBUG placement.requestlog [req-bcfca5e1-18c7-4701-95f4-c824c78cef43 req-dd47d047-3c1c-490c-aabb-a6b948d3b9f9 None None] Starting request: 10.222.0.21 "GET /placement/allocations/e8f01bf2-3a62-4aa1-9fe7-82b2c5e66ec3" {{(pid=103622) __call__ /opt/stack/placement/placement/requestlog.py:55}}
Jan 28 04:37:54.230395 n-d-824835-3 devstack@placement-api.service[103622]: INFO placement.requestlog [req-bcfca5e1-18c7-4701-95f4-c824c78cef43 req-dd47d047-3c1c-490c-aabb-a6b948d3b9f9 service placement] 10.222.0.21 "GET /placement/allocations/e8f01bf2-3a62-4aa1-9fe7-82b2c5e66ec3" status: 200 len: 19 microversion: 1.28
Jan 28 04:37:54.234943 n-d-824835-3 devstack@placement-api.service[103622]: [pid: 103622|app: 0|req: 288/582] 10.222.0.21 () {60 vars in 1380 bytes} [Fri Jan 28 04:37:54 2022] GET /placement/allocations/e8f01bf2-3a62-4aa1-9fe7-82b2c5e66ec3 => generated 19 bytes in 17 msecs (HTTP/1.1 200) 8 headers in 295 bytes (1 switches on core 0)
Jan 28 04:37:54.238094 n-d-824835-3 devstack@placement-api.service[103621]: DEBUG placement.requestlog [req-bcfca5e1-18c7-4701-95f4-c824c78cef43 req-9af68cee-a3b8-456b-a21d-24b285a9119e None None] Starting request: 10.222.0.21 "PUT /placement/allocations/e8f01bf2-3a62-4aa1-9fe7-82b2c5e66ec3" {{(pid=103621) __call__ /opt/stack/placement/placement/requestlog.py:55}}
Jan 28 04:37:54.386462 n-d-824835-3 devstack@placement-api.service[103621]: DEBUG placement.handlers.allocation [req-bcfca5e1-18c7-4701-95f4-c824c78cef43 req-9af68cee-a3b8-456b-a21d-24b285a9119e service placement] Successfully wrote allocations [, , ] {{(pid=103621) _update_consumers_and_create_allocations /opt/stack/placement/placement/handlers/allocation.py:462}}
Jan 28 04:37:54.397789 n-d-824835-3 devstack@placement-api.service[103621]: INFO placement.requestlog [req-bcfca5e1-18c7-4701-95f4-c824c78cef43 req-9af68cee-a3b8-456b-a21d-24b285a9119e service placement] 10.222.0.21 "PUT /placement/allocations/e8f01bf2-3a62-4aa1-9fe7-82b2c5e66ec3" status: 204 len: 0 microversion: 1.36
Jan 28 04:37:54.399620 n-d-824835-3 devstack@placement-api.service[103621]: [pid: 103621|app: 0|req: 295/583] 10.222.0.21 () {64 vars in 1433 bytes} [Fri Jan 28 04:37:54 2022] PUT /placement/allocations/e8f01bf2-3a62-4aa1-9fe7-82b2c5e66ec3 => generated 0 bytes in 162 msecs (HTTP/1.1 204) 5 headers in 199 bytes (1 switches on core 0)
Jan 28 04:37:54.954327 n-d-824835-3 devstack@placement-api.service[103622]: DEBUG placement.requestlog [req-bcfca5e1-18c7-4701-95f4-c824c78cef43 req-45aa7dfd-aee8-49d7-875d-490f3ef4cc52 None None] Starting request: 10.222.0.52 "GET /placement/allocations/e8f01bf2-3a62-4aa1-9fe7-82b2c5e66ec3" {{(pid=103622) __call__ /opt/stack/placement/placement/requestlog.py:55}}
Jan 28 04:37:54.983642 n-d-824835-3 devstack@placement-api.service[103622]: INFO placement.requestlog [req-bcfca5e1-18c7-4701-95f4-c824c78cef43 req-45aa7dfd-aee8-49d7-875d-490f3ef4cc52 service placement] 10.222.0.52 "GET /placement/allocations/e8f01bf2-3a62-4aa1-9fe7-82b2c5e66ec3" status: 200 len: 259 microversion: 1.28
Jan 28 04:37:54.984587 n-d-824835-3 devstack@placement-api.service[103622]: [pid: 103622|app: 0|req: 289/584] 10.222.0.52 () {60 vars in 1377 bytes} [Fri Jan 28 04:37:54 2022] GET /placement/allocations/e8f01bf2-3a62-4aa1-9fe7-82b2c5e66ec3 => generated 259 bytes in 30 msecs (HTTP/1.1 200) 8 headers in 296 bytes (1 switches on core 0)
Jan 28 04:38:08.579033 n-d-824835-3 devstack@placement-api.service[103621]: DEBUG placement.requestlog [req-5fc6577c-2550-401c-bdba-24e75a331f2c req-5e552d27-fdac-4329-bb92-8c57f0b55fbb None None] Starting request: 10.222.0.21 "GET /placement/allocation_candidates?limit=1000&resources=DISK_GB%3A1%2CMEMORY_MB%3A1024%2CVCPU%3A1&root_required=%21COMPUTE_STATUS_DISABLED" {{(pid=103621) __call__ /opt/stack/placement/placement/requestlog.py:55}}
Jan 28 04:38:08.717294 n-d-824835-3 devstack@placement-api.service[103621]: DEBUG placement.objects.research_context [req-5fc6577c-2550-401c-bdba-24e75a331f2c req-5e552d27-fdac-4329-bb92-8c57f0b55fbb service placement] getting providers with 1 DISK_GB {{(pid=103621) __init__ /opt/stack/placement/placement/objects/research_context.py:126}}
Jan 28 04:38:08.748184 n-d-824835-3 devstack@placement-api.service[103621]: DEBUG placement.objects.research_context [req-5fc6577c-2550-401c-bdba-24e75a331f2c req-5e552d27-fdac-4329-bb92-8c57f0b55fbb service placement] getting providers with 1024 MEMORY_MB {{(pid=103621) __init__ /opt/stack/placement/placement/objects/research_context.py:126}}
Jan 28 04:38:08.802030 n-d-824835-3 devstack@placement-api.service[103621]: DEBUG placement.objects.research_context [req-5fc6577c-2550-401c-bdba-24e75a331f2c req-5e552d27-fdac-4329-bb92-8c57f0b55fbb service placement] getting providers with 1 VCPU {{(pid=103621) __init__ /opt/stack/placement/placement/objects/research_context.py:126}}
Jan 28 04:38:08.818918 n-d-824835-3 devstack@placement-api.service[103621]: DEBUG placement.objects.research_context [req-5fc6577c-2550-401c-bdba-24e75a331f2c req-5e552d27-fdac-4329-bb92-8c57f0b55fbb service placement] found 2 providers with available 1 DISK_GB {{(pid=103621) get_provider_ids_matching /opt/stack/placement/placement/objects/research_context.py:549}}
Jan 28 04:38:08.820223 n-d-824835-3 devstack@placement-api.service[103621]: DEBUG placement.objects.research_context [req-5fc6577c-2550-401c-bdba-24e75a331f2c req-5e552d27-fdac-4329-bb92-8c57f0b55fbb service placement] found 2 providers with available 1024 MEMORY_MB {{(pid=103621) get_provider_ids_matching /opt/stack/placement/placement/objects/research_context.py:549}}
Jan 28 04:38:08.828726 n-d-824835-3 devstack@placement-api.service[103621]: DEBUG placement.objects.research_context [req-5fc6577c-2550-401c-bdba-24e75a331f2c req-5e552d27-fdac-4329-bb92-8c57f0b55fbb service placement] found 2 providers after filtering by previous result {{(pid=103621) get_provider_ids_matching /opt/stack/placement/placement/objects/research_context.py:580}}
Jan 28 04:38:08.829374 n-d-824835-3 devstack@placement-api.service[103621]: DEBUG placement.objects.research_context [req-5fc6577c-2550-401c-bdba-24e75a331f2c req-5e552d27-fdac-4329-bb92-8c57f0b55fbb service placement] found 2 providers with available 1 VCPU {{(pid=103621) get_provider_ids_matching /opt/stack/placement/placement/objects/research_context.py:549}}
Jan 28 04:38:08.829853 n-d-824835-3 devstack@placement-api.service[103621]: DEBUG placement.objects.research_context [req-5fc6577c-2550-401c-bdba-24e75a331f2c req-5e552d27-fdac-4329-bb92-8c57f0b55fbb service placement] found 2 providers after filtering by previous result {{(pid=103621) get_provider_ids_matching /opt/stack/placement/placement/objects/research_context.py:580}}
Jan 28 04:38:08.850778 n-d-824835-3 devstack@placement-api.service[103622]: DEBUG placement.requestlog [req-5dede110-2186-40ec-b7e1-747c5ba3f707 req-f2e245a8-3ec6-4e73-960d-553aecbef1ed None None] Starting request: 10.222.0.21 "GET /placement/allocation_candidates?resources=DISK_GB%3A1%2CMEMORY_MB%3A1024%2CVCPU%3A1&root_required=%21COMPUTE_STATUS_DISABLED" {{(pid=103622) __call__ /opt/stack/placement/placement/requestlog.py:55}}
Jan 28 04:38:08.890090 n-d-824835-3 devstack@placement-api.service[103621]: DEBUG placement.objects.allocation_candidate [req-5fc6577c-2550-401c-bdba-24e75a331f2c req-5e552d27-fdac-4329-bb92-8c57f0b55fbb service placement] RequestGroup(use_same_provider=False, resources={DISK_GB:1, MEMORY_MB:1024, VCPU:1}, traits=[], aggregates=[]) (suffix '') returned 2 matches {{(pid=103621) _get_by_requests /opt/stack/placement/placement/objects/allocation_candidate.py:145}}
Jan 28 04:38:08.890455 n-d-824835-3 devstack@placement-api.service[103621]: DEBUG placement.objects.allocation_candidate [req-5fc6577c-2550-401c-bdba-24e75a331f2c req-5e552d27-fdac-4329-bb92-8c57f0b55fbb service placement] Merging candidates yields 2 allocation requests and 2 provider summaries {{(pid=103621) _merge_candidates /opt/stack/placement/placement/objects/allocation_candidate.py:783}}
Jan 28 04:38:08.900700 n-d-824835-3 devstack@placement-api.service[103621]: INFO placement.requestlog [req-5fc6577c-2550-401c-bdba-24e75a331f2c req-5e552d27-fdac-4329-bb92-8c57f0b55fbb service placement] 10.222.0.21 "GET /placement/allocation_candidates?limit=1000&resources=DISK_GB%3A1%2CMEMORY_MB%3A1024%2CVCPU%3A1&root_required=%21COMPUTE_STATUS_DISABLED" status: 200 len: 1309 microversion: 1.36
Jan 28 04:38:08.917347 n-d-824835-3 devstack@placement-api.service[103621]: [pid: 103621|app: 0|req: 296/585] 10.222.0.21 () {60 vars in 1506 bytes} [Fri Jan 28 04:38:08 2022] GET /placement/allocation_candidates?limit=1000&resources=DISK_GB%3A1%2CMEMORY_MB%3A1024%2CVCPU%3A1&root_required=%21COMPUTE_STATUS_DISABLED => generated 1309 bytes in 338 msecs (HTTP/1.1 200) 8 headers in 297 bytes (1 switches on core 0)
Jan 28 04:38:08.965190 n-d-824835-3 devstack@placement-api.service[103622]: DEBUG placement.objects.research_context [req-5dede110-2186-40ec-b7e1-747c5ba3f707 req-f2e245a8-3ec6-4e73-960d-553aecbef1ed service placement] getting providers with 1 DISK_GB {{(pid=103622) __init__ /opt/stack/placement/placement/objects/research_context.py:126}}
Jan 28 04:38:08.986109 n-d-824835-3 devstack@placement-api.service[103622]: DEBUG placement.objects.research_context [req-5dede110-2186-40ec-b7e1-747c5ba3f707 req-f2e245a8-3ec6-4e73-960d-553aecbef1ed service placement] getting providers with 1024 MEMORY_MB {{(pid=103622) __init__ /opt/stack/placement/placement/objects/research_context.py:126}}
Jan 28 04:38:08.995753 n-d-824835-3 devstack@placement-api.service[103622]: DEBUG placement.objects.research_context [req-5dede110-2186-40ec-b7e1-747c5ba3f707 req-f2e245a8-3ec6-4e73-960d-553aecbef1ed service placement] getting providers with 1 VCPU {{(pid=103622) __init__ /opt/stack/placement/placement/objects/research_context.py:126}}
Jan 28 04:38:09.019994 n-d-824835-3 devstack@placement-api.service[103622]: DEBUG placement.objects.research_context [req-5dede110-2186-40ec-b7e1-747c5ba3f707 req-f2e245a8-3ec6-4e73-960d-553aecbef1ed service placement] found 2 providers with available 1 DISK_GB {{(pid=103622) get_provider_ids_matching /opt/stack/placement/placement/objects/research_context.py:549}}
Jan 28 04:38:09.020479 n-d-824835-3 devstack@placement-api.service[103622]: DEBUG placement.objects.research_context [req-5dede110-2186-40ec-b7e1-747c5ba3f707 req-f2e245a8-3ec6-4e73-960d-553aecbef1ed service placement] found 2 providers with available 1024 MEMORY_MB {{(pid=103622) get_provider_ids_matching /opt/stack/placement/placement/objects/research_context.py:549}}
Jan 28 04:38:09.020729 n-d-824835-3 devstack@placement-api.service[103622]: DEBUG placement.objects.research_context [req-5dede110-2186-40ec-b7e1-747c5ba3f707 req-f2e245a8-3ec6-4e73-960d-553aecbef1ed service placement] found 2 providers after filtering by previous result {{(pid=103622) get_provider_ids_matching /opt/stack/placement/placement/objects/research_context.py:580}}
Jan 28 04:38:09.020992 n-d-824835-3 devstack@placement-api.service[103622]: DEBUG placement.objects.research_context [req-5dede110-2186-40ec-b7e1-747c5ba3f707 req-f2e245a8-3ec6-4e73-960d-553aecbef1ed service placement] found 2 providers with available 1 VCPU {{(pid=103622) get_provider_ids_matching /opt/stack/placement/placement/objects/research_context.py:549}}
Jan 28 04:38:09.021285 n-d-824835-3 devstack@placement-api.service[103622]: DEBUG placement.objects.research_context [req-5dede110-2186-40ec-b7e1-747c5ba3f707 req-f2e245a8-3ec6-4e73-960d-553aecbef1ed service placement] found 2 providers after filtering by previous result {{(pid=103622) get_provider_ids_matching /opt/stack/placement/placement/objects/research_context.py:580}}
Jan 28 04:38:09.042382 n-d-824835-3 devstack@placement-api.service[103621]: DEBUG placement.requestlog [req-5fc6577c-2550-401c-bdba-24e75a331f2c req-00b03352-0acb-4584-9c4d-5e4c86b0f251 None None] Starting request: 10.222.0.21 "GET /placement/allocations/4a27000d-d8d0-4443-a1cb-37a7e64c2048" {{(pid=103621) __call__ /opt/stack/placement/placement/requestlog.py:55}}
Jan 28 04:38:09.052035 n-d-824835-3 devstack@placement-api.service[103622]: DEBUG placement.objects.allocation_candidate [req-5dede110-2186-40ec-b7e1-747c5ba3f707 req-f2e245a8-3ec6-4e73-960d-553aecbef1ed service placement] RequestGroup(use_same_provider=False, resources={DISK_GB:1, MEMORY_MB:1024, VCPU:1}, traits=[], aggregates=[]) (suffix '') returned 2 matches {{(pid=103622) _get_by_requests /opt/stack/placement/placement/objects/allocation_candidate.py:145}}
Jan 28 04:38:09.052559 n-d-824835-3 devstack@placement-api.service[103622]: DEBUG placement.objects.allocation_candidate [req-5dede110-2186-40ec-b7e1-747c5ba3f707 req-f2e245a8-3ec6-4e73-960d-553aecbef1ed service placement] Merging candidates yields 2 allocation requests and 2 provider summaries {{(pid=103622) _merge_candidates /opt/stack/placement/placement/objects/allocation_candidate.py:783}}
Jan 28 04:38:09.056398 n-d-824835-3 devstack@placement-api.service[103621]: INFO placement.requestlog [req-5fc6577c-2550-401c-bdba-24e75a331f2c req-00b03352-0acb-4584-9c4d-5e4c86b0f251 service placement] 10.222.0.21 "GET /placement/allocations/4a27000d-d8d0-4443-a1cb-37a7e64c2048" status: 200 len: 19 microversion: 1.28
Jan 28 04:38:09.061381 n-d-824835-3 devstack@placement-api.service[103622]: INFO placement.requestlog [req-5dede110-2186-40ec-b7e1-747c5ba3f707 req-f2e245a8-3ec6-4e73-960d-553aecbef1ed service placement] 10.222.0.21 "GET /placement/allocation_candidates?resources=DISK_GB%3A1%2CMEMORY_MB%3A1024%2CVCPU%3A1&root_required=%21COMPUTE_STATUS_DISABLED" status: 200 len: 1309 microversion: 1.36
Jan 28 04:38:09.061561 n-d-824835-3 devstack@placement-api.service[103621]: [pid: 103621|app: 0|req: 297/586] 10.222.0.21 () {60 vars in 1380 bytes} [Fri Jan 28 04:38:09 2022] GET /placement/allocations/4a27000d-d8d0-4443-a1cb-37a7e64c2048 => generated 19 bytes in 19 msecs (HTTP/1.1 200) 8 headers in 295 bytes (2 switches on core 0)
Jan 28 04:38:09.066295 n-d-824835-3 devstack@placement-api.service[103622]: [pid: 103622|app: 0|req: 290/587] 10.222.0.21 () {60 vars in 1484 bytes} [Fri Jan 28 04:38:08 2022] GET /placement/allocation_candidates?resources=DISK_GB%3A1%2CMEMORY_MB%3A1024%2CVCPU%3A1&root_required=%21COMPUTE_STATUS_DISABLED => generated 1309 bytes in 216 msecs (HTTP/1.1 200) 8 headers in 297 bytes (2 switches on core 0)
Jan 28 04:38:09.071603 n-d-824835-3 devstack@placement-api.service[103621]: DEBUG placement.requestlog [req-5fc6577c-2550-401c-bdba-24e75a331f2c req-9b7218cf-0af2-439f-8416-22835c54d738 None None] Starting request: 10.222.0.21 "PUT /placement/allocations/4a27000d-d8d0-4443-a1cb-37a7e64c2048" {{(pid=103621) __call__ /opt/stack/placement/placement/requestlog.py:55}}
Jan 28 04:38:09.185522 n-d-824835-3 devstack@placement-api.service[103621]: DEBUG placement.handlers.allocation [req-5fc6577c-2550-401c-bdba-24e75a331f2c req-9b7218cf-0af2-439f-8416-22835c54d738 service placement] Successfully wrote allocations [, , ] {{(pid=103621) _update_consumers_and_create_allocations /opt/stack/placement/placement/handlers/allocation.py:462}}
Jan 28 04:38:09.186069 n-d-824835-3 devstack@placement-api.service[103622]: DEBUG placement.requestlog [req-5dede110-2186-40ec-b7e1-747c5ba3f707 req-45d24b42-c7f1-4989-8aa8-354332e0ea26 None None] Starting request: 10.222.0.21 "GET /placement/allocations/9e31aee0-f48a-4c9b-abea-42f45c38c7b8" {{(pid=103622) __call__ /opt/stack/placement/placement/requestlog.py:55}}
Jan 28 04:38:09.192903 n-d-824835-3 devstack@placement-api.service[103621]: INFO placement.requestlog [req-5fc6577c-2550-401c-bdba-24e75a331f2c req-9b7218cf-0af2-439f-8416-22835c54d738 service placement] 10.222.0.21 "PUT /placement/allocations/4a27000d-d8d0-4443-a1cb-37a7e64c2048" status: 204 len: 0 microversion: 1.36
Jan 28 04:38:09.193928 n-d-824835-3 devstack@placement-api.service[103621]: [pid: 103621|app: 0|req: 298/588] 10.222.0.21 () {64 vars in 1433 bytes} [Fri Jan 28 04:38:09 2022] PUT /placement/allocations/4a27000d-d8d0-4443-a1cb-37a7e64c2048 => generated 0 bytes in 123 msecs (HTTP/1.1 204) 5 headers in 199 bytes (1 switches on core 0)
Jan 28 04:38:09.222675 n-d-824835-3 devstack@placement-api.service[103622]: INFO placement.requestlog [req-5dede110-2186-40ec-b7e1-747c5ba3f707 req-45d24b42-c7f1-4989-8aa8-354332e0ea26 service placement] 10.222.0.21 "GET /placement/allocations/9e31aee0-f48a-4c9b-abea-42f45c38c7b8" status: 200 len: 19 microversion: 1.28
Jan 28 04:38:09.229931 n-d-824835-3 devstack@placement-api.service[103622]: [pid: 103622|app: 0|req: 291/589] 10.222.0.21 () {60 vars in 1380 bytes} [Fri Jan 28 04:38:09 2022] GET /placement/allocations/9e31aee0-f48a-4c9b-abea-42f45c38c7b8 => generated 19 bytes in 44 msecs (HTTP/1.1 200) 8 headers in 295 bytes (1 switches on core 0)
Jan 28 04:38:09.244187 n-d-824835-3 devstack@placement-api.service[103621]: DEBUG placement.requestlog [req-5dede110-2186-40ec-b7e1-747c5ba3f707 req-6c8837c6-5648-4d02-8b74-26864fe2570d None None] Starting request: 10.222.0.21 "PUT /placement/allocations/9e31aee0-f48a-4c9b-abea-42f45c38c7b8" {{(pid=103621) __call__ /opt/stack/placement/placement/requestlog.py:55}}
Jan 28 04:38:09.324618 n-d-824835-3 devstack@placement-api.service[103621]: DEBUG placement.handlers.allocation [req-5dede110-2186-40ec-b7e1-747c5ba3f707 req-6c8837c6-5648-4d02-8b74-26864fe2570d service placement] Successfully wrote allocations [, , ] {{(pid=103621) _update_consumers_and_create_allocations /opt/stack/placement/placement/handlers/allocation.py:462}}
Jan 28 04:38:09.332055 n-d-824835-3 devstack@placement-api.service[103621]: INFO placement.requestlog [req-5dede110-2186-40ec-b7e1-747c5ba3f707 req-6c8837c6-5648-4d02-8b74-26864fe2570d service placement] 10.222.0.21 "PUT /placement/allocations/9e31aee0-f48a-4c9b-abea-42f45c38c7b8" status: 204 len: 0 microversion: 1.36
Jan 28 04:38:09.332573 n-d-824835-3 devstack@placement-api.service[103621]: [pid: 103621|app: 0|req: 299/590] 10.222.0.21 () {64 vars in 1433 bytes} [Fri Jan 28 04:38:09 2022] PUT /placement/allocations/9e31aee0-f48a-4c9b-abea-42f45c38c7b8 => generated 0 bytes in 89 msecs (HTTP/1.1 204) 5 headers in 199 bytes (2 switches on core 0)
Jan 28 04:38:09.938922 n-d-824835-3 devstack@placement-api.service[103622]: DEBUG placement.requestlog [req-5fc6577c-2550-401c-bdba-24e75a331f2c req-829b4711-2e93-4a6c-873a-78866230a911 None None] Starting request: 10.222.0.47 "GET /placement/allocations/4a27000d-d8d0-4443-a1cb-37a7e64c2048" {{(pid=103622) __call__ /opt/stack/placement/placement/requestlog.py:55}}
Jan 28 04:38:09.953850 n-d-824835-3 devstack@placement-api.service[103621]: DEBUG placement.requestlog [req-5dede110-2186-40ec-b7e1-747c5ba3f707 req-3a58833a-57c6-4a3e-971c-793ae0213bbe None None] Starting request: 10.222.0.52 "GET /placement/allocations/9e31aee0-f48a-4c9b-abea-42f45c38c7b8" {{(pid=103621) __call__ /opt/stack/placement/placement/requestlog.py:55}}
Jan 28 04:38:09.974996 n-d-824835-3 devstack@placement-api.service[103621]: INFO placement.requestlog [req-5dede110-2186-40ec-b7e1-747c5ba3f707 req-3a58833a-57c6-4a3e-971c-793ae0213bbe service placement] 10.222.0.52 "GET /placement/allocations/9e31aee0-f48a-4c9b-abea-42f45c38c7b8" status: 200 len: 259 microversion: 1.28
Jan 28 04:38:09.976096 n-d-824835-3 devstack@placement-api.service[103621]: [pid: 103621|app: 0|req: 300/591] 10.222.0.52 () {60 vars in 1377 bytes} [Fri Jan 28 04:38:09 2022] GET /placement/allocations/9e31aee0-f48a-4c9b-abea-42f45c38c7b8 => generated 259 bytes in 23 msecs (HTTP/1.1 200) 8 headers in 296 bytes (1 switches on core 0)
Jan 28 04:38:09.985264 n-d-824835-3 devstack@placement-api.service[103622]: INFO placement.requestlog [req-5fc6577c-2550-401c-bdba-24e75a331f2c req-829b4711-2e93-4a6c-873a-78866230a911 service placement] 10.222.0.47 "GET /placement/allocations/4a27000d-d8d0-4443-a1cb-37a7e64c2048" status: 200 len: 259 microversion: 1.28
Jan 28 04:38:09.986487 n-d-824835-3 devstack@placement-api.service[103622]: [pid: 103622|app: 0|req: 292/592] 10.222.0.47 () {60 vars in 1377 bytes} [Fri Jan 28 04:38:09 2022] GET /placement/allocations/4a27000d-d8d0-4443-a1cb-37a7e64c2048 => generated 259 bytes in 49 msecs (HTTP/1.1 200) 8 headers in 296 bytes (1 switches on core 0)
Jan 28 04:38:16.401118 n-d-824835-3 devstack@placement-api.service[103621]: DEBUG placement.requestlog [req-09f245f8-7ef0-4dd2-8e65-00fe198db0c0 req-744de143-22b2-456f-af4d-5229319c7bd2 None None] Starting request: 10.222.0.47 "GET /placement/resource_providers/b8ed136b-9d8e-46fe-9821-4eb2b17b36a8/allocations" {{(pid=103621) __call__ /opt/stack/placement/placement/requestlog.py:55}}
Jan 28 04:38:16.443860 n-d-824835-3 devstack@placement-api.service[103621]: INFO placement.requestlog [req-09f245f8-7ef0-4dd2-8e65-00fe198db0c0 req-744de143-22b2-456f-af4d-5229319c7bd2 service placement] 10.222.0.47 "GET /placement/resource_providers/b8ed136b-9d8e-46fe-9821-4eb2b17b36a8/allocations" status: 200 len: 746 microversion: 1.0
Jan 28 04:38:16.445404 n-d-824835-3 devstack@placement-api.service[103621]: [pid: 103621|app: 0|req: 301/593] 10.222.0.47 () {58 vars in 1390 bytes} [Fri Jan 28 04:38:16 2022] GET /placement/resource_providers/b8ed136b-9d8e-46fe-9821-4eb2b17b36a8/allocations => generated 746 bytes in 44 msecs (HTTP/1.1 200) 6 headers in 224 bytes (1 switches on core 0)
Jan 28 04:38:17.402279 n-d-824835-3 devstack@placement-api.service[103622]: DEBUG placement.requestlog [req-7ddb18d7-23f9-47e0-aae3-e962fbfc890e req-df92ca14-92b4-4ed4-8152-292fd5be0ae3 None None] Starting request: 10.222.0.52 "GET /placement/resource_providers/f12adf41-6ca7-42df-b7a4-67caf6ec3f2a/allocations" {{(pid=103622) __call__ /opt/stack/placement/placement/requestlog.py:55}}
Jan 28 04:38:17.488614 n-d-824835-3 devstack@placement-api.service[103622]: INFO placement.requestlog [req-7ddb18d7-23f9-47e0-aae3-e962fbfc890e req-df92ca14-92b4-4ed4-8152-292fd5be0ae3 service placement] 10.222.0.52 "GET /placement/resource_providers/f12adf41-6ca7-42df-b7a4-67caf6ec3f2a/allocations" status: 200 len: 558 microversion: 1.0
Jan 28 04:38:17.489003 n-d-824835-3 devstack@placement-api.service[103622]: [pid: 103622|app: 0|req: 293/594] 10.222.0.52 () {58 vars in 1390 bytes} [Fri Jan 28 04:38:17 2022] GET /placement/resource_providers/f12adf41-6ca7-42df-b7a4-67caf6ec3f2a/allocations => generated 558 bytes in 87 msecs (HTTP/1.1 200) 6 headers in 224 bytes (2 switches on core 0)
Jan 28 04:38:36.453842 n-d-824835-3 devstack@placement-api.service[103621]: DEBUG placement.requestlog [req-4aba34ab-c094-477d-b89e-1fa7da579aea req-fb46f936-4642-4634-848e-11a4c46363b6 None None] Starting request: 10.222.0.21 "GET /placement/allocation_candidates?resources=DISK_GB%3A1%2CMEMORY_MB%3A1024%2CVCPU%3A1&root_required=%21COMPUTE_STATUS_DISABLED" {{(pid=103621) __call__ /opt/stack/placement/placement/requestlog.py:55}}
Jan 28 04:38:36.499891 n-d-824835-3 devstack@placement-api.service[103621]: DEBUG placement.objects.research_context [req-4aba34ab-c094-477d-b89e-1fa7da579aea req-fb46f936-4642-4634-848e-11a4c46363b6 service placement] getting providers with 1 DISK_GB {{(pid=103621) __init__ /opt/stack/placement/placement/objects/research_context.py:126}}
Jan 28 04:38:36.507535 n-d-824835-3 devstack@placement-api.service[103621]: DEBUG placement.objects.research_context [req-4aba34ab-c094-477d-b89e-1fa7da579aea req-fb46f936-4642-4634-848e-11a4c46363b6 service placement] getting providers with 1024 MEMORY_MB {{(pid=103621) __init__ /opt/stack/placement/placement/objects/research_context.py:126}}
Jan 28 04:38:36.515420 n-d-824835-3 devstack@placement-api.service[103621]: DEBUG placement.objects.research_context [req-4aba34ab-c094-477d-b89e-1fa7da579aea req-fb46f936-4642-4634-848e-11a4c46363b6 service placement] getting providers with 1 VCPU {{(pid=103621) __init__ /opt/stack/placement/placement/objects/research_context.py:126}}
Jan 28 04:38:36.522013 n-d-824835-3 devstack@placement-api.service[103621]: DEBUG placement.objects.research_context [req-4aba34ab-c094-477d-b89e-1fa7da579aea req-fb46f936-4642-4634-848e-11a4c46363b6 service placement] found 2 providers with available 1 DISK_GB {{(pid=103621) get_provider_ids_matching /opt/stack/placement/placement/objects/research_context.py:549}}
Jan 28 04:38:36.523599 n-d-824835-3 devstack@placement-api.service[103621]: DEBUG placement.objects.research_context [req-4aba34ab-c094-477d-b89e-1fa7da579aea req-fb46f936-4642-4634-848e-11a4c46363b6 service placement] found 2 providers with available 1024 MEMORY_MB {{(pid=103621) get_provider_ids_matching /opt/stack/placement/placement/objects/research_context.py:549}}
Jan 28 04:38:36.524104 n-d-824835-3 devstack@placement-api.service[103621]: DEBUG placement.objects.research_context [req-4aba34ab-c094-477d-b89e-1fa7da579aea req-fb46f936-4642-4634-848e-11a4c46363b6 service placement] found 2 providers after filtering by previous result {{(pid=103621) get_provider_ids_matching /opt/stack/placement/placement/objects/research_context.py:580}}
Jan 28 04:38:36.524569 n-d-824835-3 devstack@placement-api.service[103621]: DEBUG placement.objects.research_context [req-4aba34ab-c094-477d-b89e-1fa7da579aea req-fb46f936-4642-4634-848e-11a4c46363b6 service placement] found 2 providers with available 1 VCPU {{(pid=103621) get_provider_ids_matching /opt/stack/placement/placement/objects/research_context.py:549}}
Jan 28 04:38:36.525040 n-d-824835-3 devstack@placement-api.service[103621]: DEBUG placement.objects.research_context [req-4aba34ab-c094-477d-b89e-1fa7da579aea req-fb46f936-4642-4634-848e-11a4c46363b6 service placement] found 2 providers after filtering by previous result {{(pid=103621) get_provider_ids_matching /opt/stack/placement/placement/objects/research_context.py:580}}
Jan 28 04:38:36.539465 n-d-824835-3 devstack@placement-api.service[103621]: DEBUG placement.objects.allocation_candidate [req-4aba34ab-c094-477d-b89e-1fa7da579aea req-fb46f936-4642-4634-848e-11a4c46363b6 service placement] RequestGroup(use_same_provider=False, resources={DISK_GB:1, MEMORY_MB:1024, VCPU:1}, traits=[], aggregates=[]) (suffix '') returned 2 matches {{(pid=103621) _get_by_requests /opt/stack/placement/placement/objects/allocation_candidate.py:145}}
Jan 28 04:38:36.540155 n-d-824835-3 devstack@placement-api.service[103621]: DEBUG placement.objects.allocation_candidate [req-4aba34ab-c094-477d-b89e-1fa7da579aea req-fb46f936-4642-4634-848e-11a4c46363b6 service placement] Merging candidates yields 2 allocation requests and 2 provider summaries {{(pid=103621) _merge_candidates /opt/stack/placement/placement/objects/allocation_candidate.py:783}}
Jan 28 04:38:36.554683 n-d-824835-3 devstack@placement-api.service[103621]: INFO placement.requestlog [req-4aba34ab-c094-477d-b89e-1fa7da579aea req-fb46f936-4642-4634-848e-11a4c46363b6 service placement] 10.222.0.21 "GET /placement/allocation_candidates?resources=DISK_GB%3A1%2CMEMORY_MB%3A1024%2CVCPU%3A1&root_required=%21COMPUTE_STATUS_DISABLED" status: 200 len: 1309 microversion: 1.36
Jan 28 04:38:36.556916 n-d-824835-3 devstack@placement-api.service[103621]: [pid: 103621|app: 0|req: 302/595] 10.222.0.21 () {60 vars in 1484 bytes} [Fri Jan 28 04:38:36 2022] GET /placement/allocation_candidates?resources=DISK_GB%3A1%2CMEMORY_MB%3A1024%2CVCPU%3A1&root_required=%21COMPUTE_STATUS_DISABLED => generated 1309 bytes in 103 msecs (HTTP/1.1 200) 8 headers in 297 bytes (1 switches on core 0)
Jan 28 04:38:36.630336 n-d-824835-3 devstack@placement-api.service[103622]: DEBUG placement.requestlog [req-4aba34ab-c094-477d-b89e-1fa7da579aea req-2a481470-dc2f-4af3-9851-72f4508f6577 None None] Starting request: 10.222.0.21 "GET /placement/allocations/5a42a15d-79b1-4290-a793-80c24f3480ca" {{(pid=103622) __call__ /opt/stack/placement/placement/requestlog.py:55}}
Jan 28 04:38:36.645755 n-d-824835-3 devstack@placement-api.service[103622]: INFO placement.requestlog [req-4aba34ab-c094-477d-b89e-1fa7da579aea req-2a481470-dc2f-4af3-9851-72f4508f6577 service placement] 10.222.0.21 "GET /placement/allocations/5a42a15d-79b1-4290-a793-80c24f3480ca" status: 200 len: 19 microversion: 1.28
Jan 28 04:38:36.646884 n-d-824835-3 devstack@placement-api.service[103622]: [pid: 103622|app: 0|req: 294/596] 10.222.0.21 () {60 vars in 1380 bytes} [Fri Jan 28 04:38:36 2022] GET /placement/allocations/5a42a15d-79b1-4290-a793-80c24f3480ca => generated 19 bytes in 17 msecs (HTTP/1.1 200) 8 headers in 295 bytes (1 switches on core 0)
Jan 28 04:38:36.652883 n-d-824835-3 devstack@placement-api.service[103621]: DEBUG placement.requestlog [req-4aba34ab-c094-477d-b89e-1fa7da579aea req-8966ce70-0b41-426b-9a0c-f268c22c7b8a None None] Starting request: 10.222.0.21 "PUT /placement/allocations/5a42a15d-79b1-4290-a793-80c24f3480ca" {{(pid=103621) __call__ /opt/stack/placement/placement/requestlog.py:55}}
Jan 28 04:38:36.738978 n-d-824835-3 devstack@placement-api.service[103621]: DEBUG placement.handlers.allocation [req-4aba34ab-c094-477d-b89e-1fa7da579aea req-8966ce70-0b41-426b-9a0c-f268c22c7b8a service placement] Successfully wrote allocations [, , ] {{(pid=103621) _update_consumers_and_create_allocations /opt/stack/placement/placement/handlers/allocation.py:462}}
Jan 28 04:38:36.744655 n-d-824835-3 devstack@placement-api.service[103621]: INFO placement.requestlog [req-4aba34ab-c094-477d-b89e-1fa7da579aea req-8966ce70-0b41-426b-9a0c-f268c22c7b8a service placement] 10.222.0.21 "PUT /placement/allocations/5a42a15d-79b1-4290-a793-80c24f3480ca" status: 204 len: 0 microversion: 1.36
Jan 28 04:38:36.745434 n-d-824835-3 devstack@placement-api.service[103621]: [pid: 103621|app: 0|req: 303/597] 10.222.0.21 () {64 vars in 1433 bytes} [Fri Jan 28 04:38:36 2022] PUT /placement/allocations/5a42a15d-79b1-4290-a793-80c24f3480ca => generated 0 bytes in 93 msecs (HTTP/1.1 204) 5 headers in 199 bytes (1 switches on core 0)
Jan 28 04:38:37.320311 n-d-824835-3 devstack@placement-api.service[103622]: DEBUG placement.requestlog [req-4aba34ab-c094-477d-b89e-1fa7da579aea req-97e341ee-6511-4dee-8c8b-b7d4a98c94ca None None] Starting request: 10.222.0.47 "GET /placement/allocations/5a42a15d-79b1-4290-a793-80c24f3480ca" {{(pid=103622) __call__ /opt/stack/placement/placement/requestlog.py:55}}
Jan 28 04:38:37.578699 n-d-824835-3 devstack@placement-api.service[103622]: INFO placement.requestlog [req-4aba34ab-c094-477d-b89e-1fa7da579aea req-97e341ee-6511-4dee-8c8b-b7d4a98c94ca service placement] 10.222.0.47 "GET /placement/allocations/5a42a15d-79b1-4290-a793-80c24f3480ca" status: 200 len: 259 microversion: 1.28
Jan 28 04:38:37.579317 n-d-824835-3 devstack@placement-api.service[103622]: [pid: 103622|app: 0|req: 295/598] 10.222.0.47 () {60 vars in 1377 bytes} [Fri Jan 28 04:38:37 2022] GET /placement/allocations/5a42a15d-79b1-4290-a793-80c24f3480ca => generated 259 bytes in 259 msecs (HTTP/1.1 200) 8 headers in 296 bytes (2 switches on core 0)
Jan 28 04:38:37.800625 n-d-824835-3 devstack@placement-api.service[103621]: DEBUG placement.requestlog [req-4aba34ab-c094-477d-b89e-1fa7da579aea req-21b139dd-f878-452f-aab7-488de9bc9c98 None None] Starting request: 10.222.0.47 "GET /placement/resource_providers?in_tree=b8ed136b-9d8e-46fe-9821-4eb2b17b36a8" {{(pid=103621) __call__ /opt/stack/placement/placement/requestlog.py:55}}
Jan 28 04:38:37.819868 n-d-824835-3 devstack@placement-api.service[103621]: INFO placement.requestlog [req-4aba34ab-c094-477d-b89e-1fa7da579aea req-21b139dd-f878-452f-aab7-488de9bc9c98 service placement] 10.222.0.47 "GET /placement/resource_providers?in_tree=b8ed136b-9d8e-46fe-9821-4eb2b17b36a8" status: 200 len: 863 microversion: 1.14
Jan 28 04:38:37.821436 n-d-824835-3 devstack@placement-api.service[103621]: [pid: 103621|app: 0|req: 304/599] 10.222.0.47 () {60 vars in 1376 bytes} [Fri Jan 28 04:38:37 2022] GET /placement/resource_providers?in_tree=b8ed136b-9d8e-46fe-9821-4eb2b17b36a8 => generated 863 bytes in 21 msecs (HTTP/1.1 200) 6 headers in 225 bytes (1 switches on core 0)
Jan 28 04:38:37.837559 n-d-824835-3 devstack@placement-api.service[103622]: DEBUG placement.requestlog [req-4aba34ab-c094-477d-b89e-1fa7da579aea req-2bb51234-e96f-422f-81b3-a5230f8afb3f None None] Starting request: 10.222.0.47 "GET /placement/resource_providers/b8ed136b-9d8e-46fe-9821-4eb2b17b36a8/inventories" {{(pid=103622) __call__ /opt/stack/placement/placement/requestlog.py:55}}
Jan 28 04:38:37.868081 n-d-824835-3 devstack@placement-api.service[103622]: INFO placement.requestlog [req-4aba34ab-c094-477d-b89e-1fa7da579aea req-2bb51234-e96f-422f-81b3-a5230f8afb3f service placement] 10.222.0.47 "GET /placement/resource_providers/b8ed136b-9d8e-46fe-9821-4eb2b17b36a8/inventories" status: 200 len: 398 microversion: 1.0
Jan 28 04:38:37.868794 n-d-824835-3 devstack@placement-api.service[103622]: [pid: 103622|app: 0|req: 296/600] 10.222.0.47 () {58 vars in 1390 bytes} [Fri Jan 28 04:38:37 2022] GET /placement/resource_providers/b8ed136b-9d8e-46fe-9821-4eb2b17b36a8/inventories => generated 398 bytes in 31 msecs (HTTP/1.1 200) 6 headers in 224 bytes (1 switches on core 0)
Jan 28 04:38:37.890480 n-d-824835-3 devstack@placement-api.service[103621]: DEBUG placement.requestlog [req-4aba34ab-c094-477d-b89e-1fa7da579aea req-7a42fb3e-dec6-45f9-abb5-744b5dba3d8d None None] Starting request: 10.222.0.47 "GET /placement/resource_providers/b8ed136b-9d8e-46fe-9821-4eb2b17b36a8/aggregates" {{(pid=103621) __call__ /opt/stack/placement/placement/requestlog.py:55}}
Jan 28 04:38:37.915168 n-d-824835-3 devstack@placement-api.service[103621]: INFO placement.requestlog [req-4aba34ab-c094-477d-b89e-1fa7da579aea req-7a42fb3e-dec6-45f9-abb5-744b5dba3d8d service placement] 10.222.0.47 "GET /placement/resource_providers/b8ed136b-9d8e-46fe-9821-4eb2b17b36a8/aggregates" status: 200 len: 54 microversion: 1.19
Jan 28 04:38:37.916364 n-d-824835-3 devstack@placement-api.service[103621]: [pid: 103621|app: 0|req: 305/601] 10.222.0.47 () {60 vars in 1431 bytes} [Fri Jan 28 04:38:37 2022] GET /placement/resource_providers/b8ed136b-9d8e-46fe-9821-4eb2b17b36a8/aggregates => generated 54 bytes in 26 msecs (HTTP/1.1 200) 8 headers in 295 bytes (1 switches on core 0)
Jan 28 04:38:37.934887 n-d-824835-3 devstack@placement-api.service[103622]: DEBUG placement.requestlog [req-4aba34ab-c094-477d-b89e-1fa7da579aea req-08bdbc48-966b-4363-bd06-b87b8c63f7eb None None] Starting request: 10.222.0.47 "GET /placement/resource_providers/b8ed136b-9d8e-46fe-9821-4eb2b17b36a8/traits" {{(pid=103622) __call__ /opt/stack/placement/placement/requestlog.py:55}}
Jan 28 04:38:37.992429 n-d-824835-3 devstack@placement-api.service[103622]: INFO placement.requestlog [req-4aba34ab-c094-477d-b89e-1fa7da579aea req-08bdbc48-966b-4363-bd06-b87b8c63f7eb service placement] 10.222.0.47 "GET /placement/resource_providers/b8ed136b-9d8e-46fe-9821-4eb2b17b36a8/traits" status: 200 len: 212 microversion: 1.6
Jan 28 04:38:37.993122 n-d-824835-3 devstack@placement-api.service[103622]: [pid: 103622|app: 0|req: 297/602] 10.222.0.47 () {60 vars in 1418 bytes} [Fri Jan 28 04:38:37 2022] GET /placement/resource_providers/b8ed136b-9d8e-46fe-9821-4eb2b17b36a8/traits => generated 212 bytes in 59 msecs (HTTP/1.1 200) 6 headers in 224 bytes (1 switches on core 0)
Jan 28 04:38:46.797928 n-d-824835-3 devstack@placement-api.service[103621]: DEBUG placement.requestlog [req-39634533-639b-4fd2-bbfa-2eb07c6238a0 req-51db9f87-c44e-4058-958b-3f7f010ce834 None None] Starting request: 10.222.0.21 "GET /placement/allocation_candidates?limit=1000&resources=MEMORY_MB%3A1024%2CVCPU%3A1&root_required=%21COMPUTE_STATUS_DISABLED" {{(pid=103621) __call__ /opt/stack/placement/placement/requestlog.py:55}}
Jan 28 04:38:46.857200 n-d-824835-3 devstack@placement-api.service[103621]: DEBUG placement.objects.research_context [req-39634533-639b-4fd2-bbfa-2eb07c6238a0 req-51db9f87-c44e-4058-958b-3f7f010ce834 service placement] getting providers with 1024 MEMORY_MB {{(pid=103621) __init__ /opt/stack/placement/placement/objects/research_context.py:126}}
Jan 28 04:38:46.868247 n-d-824835-3 devstack@placement-api.service[103621]: DEBUG placement.objects.research_context [req-39634533-639b-4fd2-bbfa-2eb07c6238a0 req-51db9f87-c44e-4058-958b-3f7f010ce834 service placement] getting providers with 1 VCPU {{(pid=103621) __init__ /opt/stack/placement/placement/objects/research_context.py:126}}
Jan 28 04:38:46.875908 n-d-824835-3 devstack@placement-api.service[103621]: DEBUG placement.objects.research_context [req-39634533-639b-4fd2-bbfa-2eb07c6238a0 req-51db9f87-c44e-4058-958b-3f7f010ce834 service placement] found 2 providers with available 1024 MEMORY_MB {{(pid=103621) get_provider_ids_matching /opt/stack/placement/placement/objects/research_context.py:549}}
Jan 28 04:38:46.876467 n-d-824835-3 devstack@placement-api.service[103621]: DEBUG placement.objects.research_context [req-39634533-639b-4fd2-bbfa-2eb07c6238a0 req-51db9f87-c44e-4058-958b-3f7f010ce834 service placement] found 2 providers with available 1 VCPU {{(pid=103621) get_provider_ids_matching /opt/stack/placement/placement/objects/research_context.py:549}}
Jan 28 04:38:46.876882 n-d-824835-3 devstack@placement-api.service[103621]: DEBUG placement.objects.research_context [req-39634533-639b-4fd2-bbfa-2eb07c6238a0 req-51db9f87-c44e-4058-958b-3f7f010ce834 service placement] found 2 providers after filtering by previous result {{(pid=103621) get_provider_ids_matching /opt/stack/placement/placement/objects/research_context.py:580}}
Jan 28 04:38:46.894037 n-d-824835-3 devstack@placement-api.service[103621]: DEBUG placement.objects.allocation_candidate [req-39634533-639b-4fd2-bbfa-2eb07c6238a0 req-51db9f87-c44e-4058-958b-3f7f010ce834 service placement] RequestGroup(use_same_provider=False, resources={MEMORY_MB:1024, VCPU:1}, traits=[], aggregates=[]) (suffix '') returned 2 matches {{(pid=103621) _get_by_requests /opt/stack/placement/placement/objects/allocation_candidate.py:145}}
Jan 28 04:38:46.894440 n-d-824835-3 devstack@placement-api.service[103621]: DEBUG placement.objects.allocation_candidate [req-39634533-639b-4fd2-bbfa-2eb07c6238a0 req-51db9f87-c44e-4058-958b-3f7f010ce834 service placement] Merging candidates yields 2 allocation requests and 2 provider summaries {{(pid=103621) _merge_candidates /opt/stack/placement/placement/objects/allocation_candidate.py:783}}
Jan 28 04:38:46.903307 n-d-824835-3 devstack@placement-api.service[103621]: INFO placement.requestlog [req-39634533-639b-4fd2-bbfa-2eb07c6238a0 req-51db9f87-c44e-4058-958b-3f7f010ce834 service placement] 10.222.0.21 "GET /placement/allocation_candidates?limit=1000&resources=MEMORY_MB%3A1024%2CVCPU%3A1&root_required=%21COMPUTE_STATUS_DISABLED" status: 200 len: 1281 microversion: 1.36
Jan 28 04:38:46.904072 n-d-824835-3 devstack@placement-api.service[103621]: [pid: 103621|app: 0|req: 306/603] 10.222.0.21 () {60 vars in 1478 bytes} [Fri Jan 28 04:38:46 2022] GET /placement/allocation_candidates?limit=1000&resources=MEMORY_MB%3A1024%2CVCPU%3A1&root_required=%21COMPUTE_STATUS_DISABLED => generated 1281 bytes in 106 msecs (HTTP/1.1 200) 8 headers in 297 bytes (1 switches on core 0)
Jan 28 04:38:46.982713 n-d-824835-3 devstack@placement-api.service[103622]: DEBUG placement.requestlog [req-39634533-639b-4fd2-bbfa-2eb07c6238a0 req-308eaefd-98f0-45bd-96ff-35af37956c8d None None] Starting request: 10.222.0.21 "GET /placement/allocations/aae4473e-52c5-4598-8b2a-b0114b0b1f55" {{(pid=103622) __call__ /opt/stack/placement/placement/requestlog.py:55}}
Jan 28 04:38:46.995870 n-d-824835-3 devstack@placement-api.service[103622]: INFO placement.requestlog [req-39634533-639b-4fd2-bbfa-2eb07c6238a0 req-308eaefd-98f0-45bd-96ff-35af37956c8d service placement] 10.222.0.21 "GET /placement/allocations/aae4473e-52c5-4598-8b2a-b0114b0b1f55" status: 200 len: 19 microversion: 1.28
Jan 28 04:38:46.996617 n-d-824835-3 devstack@placement-api.service[103622]: [pid: 103622|app: 0|req: 298/604] 10.222.0.21 () {60 vars in 1380 bytes} [Fri Jan 28 04:38:46 2022] GET /placement/allocations/aae4473e-52c5-4598-8b2a-b0114b0b1f55 => generated 19 bytes in 14 msecs (HTTP/1.1 200) 8 headers in 295 bytes (1 switches on core 0)
Jan 28 04:38:47.022642 n-d-824835-3 devstack@placement-api.service[103621]: DEBUG placement.requestlog [req-39634533-639b-4fd2-bbfa-2eb07c6238a0 req-8b6bdc43-5376-4ea6-92dd-380284575a94 None None] Starting request: 10.222.0.21 "PUT /placement/allocations/aae4473e-52c5-4598-8b2a-b0114b0b1f55" {{(pid=103621) __call__ /opt/stack/placement/placement/requestlog.py:55}}
Jan 28 04:38:47.146436 n-d-824835-3 devstack@placement-api.service[103621]: DEBUG placement.handlers.allocation [req-39634533-639b-4fd2-bbfa-2eb07c6238a0 req-8b6bdc43-5376-4ea6-92dd-380284575a94 service placement] Successfully wrote allocations [, ] {{(pid=103621) _update_consumers_and_create_allocations /opt/stack/placement/placement/handlers/allocation.py:462}}
Jan 28 04:38:47.165444 n-d-824835-3 devstack@placement-api.service[103621]: INFO placement.requestlog [req-39634533-639b-4fd2-bbfa-2eb07c6238a0 req-8b6bdc43-5376-4ea6-92dd-380284575a94 service placement] 10.222.0.21 "PUT /placement/allocations/aae4473e-52c5-4598-8b2a-b0114b0b1f55" status: 204 len: 0 microversion: 1.36
Jan 28 04:38:47.166807 n-d-824835-3 devstack@placement-api.service[103621]: [pid: 103621|app: 0|req: 307/605] 10.222.0.21 () {64 vars in 1433 bytes} [Fri Jan 28 04:38:47 2022] PUT /placement/allocations/aae4473e-52c5-4598-8b2a-b0114b0b1f55 => generated 0 bytes in 144 msecs (HTTP/1.1 204) 5 headers in 199 bytes (1 switches on core 0)
Jan 28 04:38:47.673888 n-d-824835-3 devstack@placement-api.service[103622]: DEBUG placement.requestlog [req-39634533-639b-4fd2-bbfa-2eb07c6238a0 req-9c39f68d-ad01-4e67-b56f-90c999f2e3fe None None] Starting request: 10.222.0.52 "GET /placement/allocations/aae4473e-52c5-4598-8b2a-b0114b0b1f55" {{(pid=103622) __call__ /opt/stack/placement/placement/requestlog.py:55}}
Jan 28 04:38:47.770544 n-d-824835-3 devstack@placement-api.service[103622]: INFO placement.requestlog [req-39634533-639b-4fd2-bbfa-2eb07c6238a0 req-9c39f68d-ad01-4e67-b56f-90c999f2e3fe service placement] 10.222.0.52 "GET /placement/allocations/aae4473e-52c5-4598-8b2a-b0114b0b1f55" status: 200 len: 245 microversion: 1.28
Jan 28 04:38:47.771453 n-d-824835-3 devstack@placement-api.service[103622]: [pid: 103622|app: 0|req: 299/606] 10.222.0.52 () {60 vars in 1377 bytes} [Fri Jan 28 04:38:47 2022] GET /placement/allocations/aae4473e-52c5-4598-8b2a-b0114b0b1f55 => generated 245 bytes in 99 msecs (HTTP/1.1 200) 8 headers in 296 bytes (1 switches on core 0)
Jan 28 04:38:47.931854 n-d-824835-3 devstack@placement-api.service[103621]: DEBUG placement.requestlog [req-39634533-639b-4fd2-bbfa-2eb07c6238a0 req-97951386-57fa-4460-991d-dc45a87600bb None None] Starting request: 10.222.0.52 "GET /placement/resource_providers?in_tree=f12adf41-6ca7-42df-b7a4-67caf6ec3f2a" {{(pid=103621) __call__ /opt/stack/placement/placement/requestlog.py:55}}
Jan 28 04:38:47.947763 n-d-824835-3 devstack@placement-api.service[103621]: INFO placement.requestlog [req-39634533-639b-4fd2-bbfa-2eb07c6238a0 req-97951386-57fa-4460-991d-dc45a87600bb service placement] 10.222.0.52 "GET /placement/resource_providers?in_tree=f12adf41-6ca7-42df-b7a4-67caf6ec3f2a" status: 200 len: 863 microversion: 1.14
Jan 28 04:38:47.948581 n-d-824835-3 devstack@placement-api.service[103621]: [pid: 103621|app: 0|req: 308/607] 10.222.0.52 () {60 vars in 1376 bytes} [Fri Jan 28 04:38:47 2022] GET /placement/resource_providers?in_tree=f12adf41-6ca7-42df-b7a4-67caf6ec3f2a => generated 863 bytes in 17 msecs (HTTP/1.1 200) 6 headers in 225 bytes (2 switches on core 0)
