Feb 03 22:14:49.386216 n-d-824835-11 devstack@placement-api.service[110392]: INFO placement.requestlog [req-0e7e84d8-94b5-4d50-8421-fe66afecffc5 req-14605729-2102-46cb-8111-77873b30989b service placement] 10.222.0.59 "GET /placement/resource_providers?name=n-h2-824835-11" status: 200 len: 442 microversion: 1.0
Feb 03 22:14:49.387240 n-d-824835-11 devstack@placement-api.service[110392]: [pid: 110392|app: 0|req: 475/945] 10.222.0.59 () {58 vars in 1276 bytes} [Thu Feb 3 22:14:48 2022] GET /placement/resource_providers?name=n-h2-824835-11 => generated 442 bytes in 434 msecs (HTTP/1.1 200) 6 headers in 224 bytes (1 switches on core 0)
Feb 03 22:14:49.400265 n-d-824835-11 devstack@placement-api.service[110393]: DEBUG placement.requestlog [req-0e7e84d8-94b5-4d50-8421-fe66afecffc5 req-ec38e282-a503-4d49-9ded-31cfd9fac8fa None None] Starting request: 10.222.0.59 "GET /placement/resource_providers/262a14cc-ba18-410d-a3f2-4086f0a6acf3/aggregates" {{(pid=110393) __call__ /opt/stack/placement/placement/requestlog.py:55}}
Feb 03 22:14:49.423140 n-d-824835-11 devstack@placement-api.service[110393]: INFO placement.requestlog [req-0e7e84d8-94b5-4d50-8421-fe66afecffc5 req-ec38e282-a503-4d49-9ded-31cfd9fac8fa service placement] 10.222.0.59 "GET /placement/resource_providers/262a14cc-ba18-410d-a3f2-4086f0a6acf3/aggregates" status: 200 len: 54 microversion: 1.19
Feb 03 22:14:49.423932 n-d-824835-11 devstack@placement-api.service[110393]: [pid: 110393|app: 0|req: 471/946] 10.222.0.59 () {60 vars in 1425 bytes} [Thu Feb 3 22:14:49 2022] GET /placement/resource_providers/262a14cc-ba18-410d-a3f2-4086f0a6acf3/aggregates => generated 54 bytes in 25 msecs (HTTP/1.1 200) 8 headers in 295 bytes (1 switches on core 0)
Feb 03 22:14:49.441648 n-d-824835-11 devstack@placement-api.service[110392]: DEBUG placement.requestlog [req-0e7e84d8-94b5-4d50-8421-fe66afecffc5 req-1b7b9431-4a58-4cd0-af72-54d73db99c9b None None] Starting request: 10.222.0.59 "PUT /placement/resource_providers/262a14cc-ba18-410d-a3f2-4086f0a6acf3/aggregates" {{(pid=110392) __call__ /opt/stack/placement/placement/requestlog.py:55}}
Feb 03 22:14:49.526416 n-d-824835-11 devstack@placement-api.service[110392]: DEBUG placement.objects.resource_provider [req-0e7e84d8-94b5-4d50-8421-fe66afecffc5 req-1b7b9431-4a58-4cd0-af72-54d73db99c9b service placement] _ensure_aggregate() did not find aggregate 685bf22d-7f13-4bf9-9a9c-a4eb47942907. Attempting to create it. {{(pid=110392) _ensure_aggregate /opt/stack/placement/placement/objects/resource_provider.py:320}}
Feb 03 22:14:49.529076 n-d-824835-11 devstack@placement-api.service[110392]: DEBUG placement.objects.resource_provider [req-0e7e84d8-94b5-4d50-8421-fe66afecffc5 req-1b7b9431-4a58-4cd0-af72-54d73db99c9b service placement] _ensure_aggregate() created new aggregate 685bf22d-7f13-4bf9-9a9c-a4eb47942907 (id=8). {{(pid=110392) _ensure_aggregate /opt/stack/placement/placement/objects/resource_provider.py:326}}
Feb 03 22:14:49.533385 n-d-824835-11 devstack@placement-api.service[110392]: DEBUG placement.objects.resource_provider [req-0e7e84d8-94b5-4d50-8421-fe66afecffc5 req-1b7b9431-4a58-4cd0-af72-54d73db99c9b service placement] Setting aggregates for provider 262a14cc-ba18-410d-a3f2-4086f0a6acf3. Successfully associated aggregate 685bf22d-7f13-4bf9-9a9c-a4eb47942907. {{(pid=110392) _set_aggregates /opt/stack/placement/placement/objects/resource_provider.py:388}}
Feb 03 22:14:49.549045 n-d-824835-11 devstack@placement-api.service[110392]: INFO placement.requestlog [req-0e7e84d8-94b5-4d50-8421-fe66afecffc5 req-1b7b9431-4a58-4cd0-af72-54d73db99c9b service placement] 10.222.0.59 "PUT /placement/resource_providers/262a14cc-ba18-410d-a3f2-4086f0a6acf3/aggregates" status: 200 len: 92 microversion: 1.19
Feb 03 22:14:49.551479 n-d-824835-11 devstack@placement-api.service[110392]: [pid: 110392|app: 0|req: 476/947] 10.222.0.59 () {64 vars in 1477 bytes} [Thu Feb 3 22:14:49 2022] PUT /placement/resource_providers/262a14cc-ba18-410d-a3f2-4086f0a6acf3/aggregates => generated 92 bytes in 110 msecs (HTTP/1.1 200) 8 headers in 295 bytes (1 switches on core 0)
Feb 03 22:14:49.989110 n-d-824835-11 devstack@placement-api.service[110393]: DEBUG placement.requestlog [req-7b209b9f-fbc9-4db3-abba-c2d119e07c0c req-4f6ad3d8-16b8-4dd4-84be-66bde1cdee74 None None] Starting request: 10.222.0.59 "GET /placement/resource_providers?name=n-h2-824835-11" {{(pid=110393) __call__ /opt/stack/placement/placement/requestlog.py:55}}
Feb 03 22:14:50.368013 n-d-824835-11 devstack@placement-api.service[110393]: INFO placement.requestlog [req-7b209b9f-fbc9-4db3-abba-c2d119e07c0c req-4f6ad3d8-16b8-4dd4-84be-66bde1cdee74 service placement] 10.222.0.59 "GET /placement/resource_providers?name=n-h2-824835-11" status: 200 len: 442 microversion: 1.0
Feb 03 22:14:50.375029 n-d-824835-11 devstack@placement-api.service[110393]: [pid: 110393|app: 0|req: 472/948] 10.222.0.59 () {58 vars in 1276 bytes} [Thu Feb 3 22:14:49 2022] GET /placement/resource_providers?name=n-h2-824835-11 => generated 442 bytes in 386 msecs (HTTP/1.1 200) 6 headers in 224 bytes (1 switches on core 0)
Feb 03 22:14:50.376666 n-d-824835-11 devstack@placement-api.service[110392]: DEBUG placement.requestlog [req-7b209b9f-fbc9-4db3-abba-c2d119e07c0c req-3e0dad4d-158a-4e77-8dcc-c484bb047833 None None] Starting request: 10.222.0.59 "GET /placement/resource_providers/262a14cc-ba18-410d-a3f2-4086f0a6acf3/aggregates" {{(pid=110392) __call__ /opt/stack/placement/placement/requestlog.py:55}}
Feb 03 22:14:50.397295 n-d-824835-11 devstack@placement-api.service[110392]: INFO placement.requestlog [req-7b209b9f-fbc9-4db3-abba-c2d119e07c0c req-3e0dad4d-158a-4e77-8dcc-c484bb047833 service placement] 10.222.0.59 "GET /placement/resource_providers/262a14cc-ba18-410d-a3f2-4086f0a6acf3/aggregates" status: 200 len: 92 microversion: 1.19
Feb 03 22:14:50.398937 n-d-824835-11 devstack@placement-api.service[110392]: [pid: 110392|app: 0|req: 477/949] 10.222.0.59 () {60 vars in 1425 bytes} [Thu Feb 3 22:14:50 2022] GET /placement/resource_providers/262a14cc-ba18-410d-a3f2-4086f0a6acf3/aggregates => generated 92 bytes in 22 msecs (HTTP/1.1 200) 8 headers in 295 bytes (2 switches on core 0)
Feb 03 22:14:50.407817 n-d-824835-11 devstack@placement-api.service[110393]: DEBUG placement.requestlog [req-7b209b9f-fbc9-4db3-abba-c2d119e07c0c req-4b2bd66f-f2a7-46d6-b21e-4221871b109c None None] Starting request: 10.222.0.59 "PUT /placement/resource_providers/262a14cc-ba18-410d-a3f2-4086f0a6acf3/aggregates" {{(pid=110393) __call__ /opt/stack/placement/placement/requestlog.py:55}}
Feb 03 22:14:50.437859 n-d-824835-11 devstack@placement-api.service[110393]: DEBUG placement.objects.resource_provider [req-7b209b9f-fbc9-4db3-abba-c2d119e07c0c req-4b2bd66f-f2a7-46d6-b21e-4221871b109c service placement] Setting aggregates for provider 262a14cc-ba18-410d-a3f2-4086f0a6acf3. Successfully disassociated aggregate 685bf22d-7f13-4bf9-9a9c-a4eb47942907. {{(pid=110393) _set_aggregates /opt/stack/placement/placement/objects/resource_provider.py:403}}
Feb 03 22:14:50.458621 n-d-824835-11 devstack@placement-api.service[110393]: INFO placement.requestlog [req-7b209b9f-fbc9-4db3-abba-c2d119e07c0c req-4b2bd66f-f2a7-46d6-b21e-4221871b109c service placement] 10.222.0.59 "PUT /placement/resource_providers/262a14cc-ba18-410d-a3f2-4086f0a6acf3/aggregates" status: 200 len: 55 microversion: 1.19
Feb 03 22:14:50.459639 n-d-824835-11 devstack@placement-api.service[110393]: [pid: 110393|app: 0|req: 473/950] 10.222.0.59 () {64 vars in 1477 bytes} [Thu Feb 3 22:14:50 2022] PUT /placement/resource_providers/262a14cc-ba18-410d-a3f2-4086f0a6acf3/aggregates => generated 55 bytes in 52 msecs (HTTP/1.1 200) 8 headers in 295 bytes (1 switches on core 0)
Feb 03 22:15:00.413748 n-d-824835-11 devstack@placement-api.service[110392]: DEBUG placement.requestlog [req-c58b3e5c-fa7c-4f18-87a8-04831785ad08 req-82417f06-4d80-40d9-a4fa-3f4f8740c670 None None] Starting request: 10.222.0.59 "GET /placement/allocation_candidates?limit=1000&resources=DISK_GB%3A1%2CMEMORY_MB%3A1024%2CVCPU%3A1&root_required=%21COMPUTE_STATUS_DISABLED" {{(pid=110392) __call__ /opt/stack/placement/placement/requestlog.py:55}}
Feb 03 22:15:00.851978 n-d-824835-11 devstack@placement-api.service[110392]: DEBUG placement.objects.research_context [req-c58b3e5c-fa7c-4f18-87a8-04831785ad08 req-82417f06-4d80-40d9-a4fa-3f4f8740c670 service placement] getting providers with 1 DISK_GB {{(pid=110392) __init__ /opt/stack/placement/placement/objects/research_context.py:126}}
Feb 03 22:15:00.860315 n-d-824835-11 devstack@placement-api.service[110392]: DEBUG placement.objects.research_context [req-c58b3e5c-fa7c-4f18-87a8-04831785ad08 req-82417f06-4d80-40d9-a4fa-3f4f8740c670 service placement] getting providers with 1024 MEMORY_MB {{(pid=110392) __init__ /opt/stack/placement/placement/objects/research_context.py:126}}
Feb 03 22:15:00.868984 n-d-824835-11 devstack@placement-api.service[110392]: DEBUG placement.objects.research_context [req-c58b3e5c-fa7c-4f18-87a8-04831785ad08 req-82417f06-4d80-40d9-a4fa-3f4f8740c670 service placement] getting providers with 1 VCPU {{(pid=110392) __init__ /opt/stack/placement/placement/objects/research_context.py:126}}
Feb 03 22:15:00.874971 n-d-824835-11 devstack@placement-api.service[110392]: DEBUG placement.objects.research_context [req-c58b3e5c-fa7c-4f18-87a8-04831785ad08 req-82417f06-4d80-40d9-a4fa-3f4f8740c670 service placement] found 2 providers with available 1 DISK_GB {{(pid=110392) get_provider_ids_matching /opt/stack/placement/placement/objects/research_context.py:549}}
Feb 03 22:15:00.876044 n-d-824835-11 devstack@placement-api.service[110392]: DEBUG placement.objects.research_context [req-c58b3e5c-fa7c-4f18-87a8-04831785ad08 req-82417f06-4d80-40d9-a4fa-3f4f8740c670 service placement] found 2 providers with available 1024 MEMORY_MB {{(pid=110392) get_provider_ids_matching /opt/stack/placement/placement/objects/research_context.py:549}}
Feb 03 22:15:00.876557 n-d-824835-11 devstack@placement-api.service[110392]: DEBUG placement.objects.research_context [req-c58b3e5c-fa7c-4f18-87a8-04831785ad08 req-82417f06-4d80-40d9-a4fa-3f4f8740c670 service placement] found 2 providers after filtering by previous result {{(pid=110392) get_provider_ids_matching /opt/stack/placement/placement/objects/research_context.py:580}}
Feb 03 22:15:00.877001 n-d-824835-11 devstack@placement-api.service[110392]: DEBUG placement.objects.research_context [req-c58b3e5c-fa7c-4f18-87a8-04831785ad08 req-82417f06-4d80-40d9-a4fa-3f4f8740c670 service placement] found 2 providers with available 1 VCPU {{(pid=110392) get_provider_ids_matching /opt/stack/placement/placement/objects/research_context.py:549}}
Feb 03 22:15:00.877579 n-d-824835-11 devstack@placement-api.service[110392]: DEBUG placement.objects.research_context [req-c58b3e5c-fa7c-4f18-87a8-04831785ad08 req-82417f06-4d80-40d9-a4fa-3f4f8740c670 service placement] found 2 providers after filtering by previous result {{(pid=110392) get_provider_ids_matching /opt/stack/placement/placement/objects/research_context.py:580}}
Feb 03 22:15:00.893255 n-d-824835-11 devstack@placement-api.service[110392]: DEBUG placement.objects.allocation_candidate [req-c58b3e5c-fa7c-4f18-87a8-04831785ad08 req-82417f06-4d80-40d9-a4fa-3f4f8740c670 service placement] RequestGroup(use_same_provider=False, resources={DISK_GB:1, MEMORY_MB:1024, VCPU:1}, traits=[], aggregates=[]) (suffix '') returned 2 matches {{(pid=110392) _get_by_requests /opt/stack/placement/placement/objects/allocation_candidate.py:145}}
Feb 03 22:15:00.894789 n-d-824835-11 devstack@placement-api.service[110392]: DEBUG placement.objects.allocation_candidate [req-c58b3e5c-fa7c-4f18-87a8-04831785ad08 req-82417f06-4d80-40d9-a4fa-3f4f8740c670 service placement] Merging candidates yields 2 allocation requests and 2 provider summaries {{(pid=110392) _merge_candidates /opt/stack/placement/placement/objects/allocation_candidate.py:783}}
Feb 03 22:15:00.897074 n-d-824835-11 devstack@placement-api.service[110392]: INFO placement.requestlog [req-c58b3e5c-fa7c-4f18-87a8-04831785ad08 req-82417f06-4d80-40d9-a4fa-3f4f8740c670 service placement] 10.222.0.59 "GET /placement/allocation_candidates?limit=1000&resources=DISK_GB%3A1%2CMEMORY_MB%3A1024%2CVCPU%3A1&root_required=%21COMPUTE_STATUS_DISABLED" status: 200 len: 1306 microversion: 1.36
Feb 03 22:15:00.912435 n-d-824835-11 devstack@placement-api.service[110392]: [pid: 110392|app: 0|req: 478/951] 10.222.0.59 () {60 vars in 1506 bytes} [Thu Feb 3 22:15:00 2022] GET /placement/allocation_candidates?limit=1000&resources=DISK_GB%3A1%2CMEMORY_MB%3A1024%2CVCPU%3A1&root_required=%21COMPUTE_STATUS_DISABLED => generated 1306 bytes in 499 msecs (HTTP/1.1 200) 8 headers in 297 bytes (1 switches on core 0)
Feb 03 22:15:01.003878 n-d-824835-11 devstack@placement-api.service[110393]: DEBUG placement.requestlog [req-c58b3e5c-fa7c-4f18-87a8-04831785ad08 req-c48da103-8364-4fa8-ad48-e946a989b0cb None None] Starting request: 10.222.0.59 "GET /placement/allocations/3bdaa65b-20c7-44fd-95be-499e0befdd17" {{(pid=110393) __call__ /opt/stack/placement/placement/requestlog.py:55}}
Feb 03 22:15:01.018319 n-d-824835-11 devstack@placement-api.service[110393]: INFO placement.requestlog [req-c58b3e5c-fa7c-4f18-87a8-04831785ad08 req-c48da103-8364-4fa8-ad48-e946a989b0cb service placement] 10.222.0.59 "GET /placement/allocations/3bdaa65b-20c7-44fd-95be-499e0befdd17" status: 200 len: 19 microversion: 1.28
Feb 03 22:15:01.025744 n-d-824835-11 devstack@placement-api.service[110393]: [pid: 110393|app: 0|req: 474/952] 10.222.0.59 () {60 vars in 1380 bytes} [Thu Feb 3 22:15:01 2022] GET /placement/allocations/3bdaa65b-20c7-44fd-95be-499e0befdd17 => generated 19 bytes in 22 msecs (HTTP/1.1 200) 8 headers in 295 bytes (1 switches on core 0)
Feb 03 22:15:01.027429 n-d-824835-11 devstack@placement-api.service[110392]: DEBUG placement.requestlog [req-c58b3e5c-fa7c-4f18-87a8-04831785ad08 req-da0d7666-ce8a-4eee-9cac-13eef98cff33 None None] Starting request: 10.222.0.59 "PUT /placement/allocations/3bdaa65b-20c7-44fd-95be-499e0befdd17" {{(pid=110392) __call__ /opt/stack/placement/placement/requestlog.py:55}}
Feb 03 22:15:01.163619 n-d-824835-11 devstack@placement-api.service[110392]: DEBUG placement.handlers.allocation [req-c58b3e5c-fa7c-4f18-87a8-04831785ad08 req-da0d7666-ce8a-4eee-9cac-13eef98cff33 service placement] Successfully wrote allocations [, , ] {{(pid=110392) _update_consumers_and_create_allocations /opt/stack/placement/placement/handlers/allocation.py:462}}
Feb 03 22:15:01.178951 n-d-824835-11 devstack@placement-api.service[110392]: INFO placement.requestlog [req-c58b3e5c-fa7c-4f18-87a8-04831785ad08 req-da0d7666-ce8a-4eee-9cac-13eef98cff33 service placement] 10.222.0.59 "PUT /placement/allocations/3bdaa65b-20c7-44fd-95be-499e0befdd17" status: 204 len: 0 microversion: 1.36
Feb 03 22:15:01.179568 n-d-824835-11 devstack@placement-api.service[110392]: [pid: 110392|app: 0|req: 479/953] 10.222.0.59 () {64 vars in 1433 bytes} [Thu Feb 3 22:15:01 2022] PUT /placement/allocations/3bdaa65b-20c7-44fd-95be-499e0befdd17 => generated 0 bytes in 153 msecs (HTTP/1.1 204) 5 headers in 199 bytes (2 switches on core 0)
Feb 03 22:15:01.215952 n-d-824835-11 devstack@placement-api.service[110393]: DEBUG placement.requestlog [req-c58b3e5c-fa7c-4f18-87a8-04831785ad08 req-7b42bad2-4e36-4610-8d82-80cb2f16f53d None None] Starting request: 10.222.0.59 "GET /placement/allocations/ee385030-f45c-49aa-adfa-cc3573b75339" {{(pid=110393) __call__ /opt/stack/placement/placement/requestlog.py:55}}
Feb 03 22:15:01.237989 n-d-824835-11 devstack@placement-api.service[110393]: INFO placement.requestlog [req-c58b3e5c-fa7c-4f18-87a8-04831785ad08 req-7b42bad2-4e36-4610-8d82-80cb2f16f53d service placement] 10.222.0.59 "GET /placement/allocations/ee385030-f45c-49aa-adfa-cc3573b75339" status: 200 len: 19 microversion: 1.28
Feb 03 22:15:01.238818 n-d-824835-11 devstack@placement-api.service[110393]: [pid: 110393|app: 0|req: 475/954] 10.222.0.59 () {60 vars in 1380 bytes} [Thu Feb 3 22:15:01 2022] GET /placement/allocations/ee385030-f45c-49aa-adfa-cc3573b75339 => generated 19 bytes in 23 msecs (HTTP/1.1 200) 8 headers in 295 bytes (1 switches on core 0)
Feb 03 22:15:01.261377 n-d-824835-11 devstack@placement-api.service[110392]: DEBUG placement.requestlog [req-c58b3e5c-fa7c-4f18-87a8-04831785ad08 req-154953d4-d3e8-46c2-8aa2-44c447fba606 None None] Starting request: 10.222.0.59 "PUT /placement/allocations/ee385030-f45c-49aa-adfa-cc3573b75339" {{(pid=110392) __call__ /opt/stack/placement/placement/requestlog.py:55}}
Feb 03 22:15:01.341320 n-d-824835-11 devstack@placement-api.service[110392]: DEBUG placement.handlers.allocation [req-c58b3e5c-fa7c-4f18-87a8-04831785ad08 req-154953d4-d3e8-46c2-8aa2-44c447fba606 service placement] Successfully wrote allocations [, , ] {{(pid=110392) _update_consumers_and_create_allocations /opt/stack/placement/placement/handlers/allocation.py:462}}
Feb 03 22:15:01.364572 n-d-824835-11 devstack@placement-api.service[110392]: INFO placement.requestlog [req-c58b3e5c-fa7c-4f18-87a8-04831785ad08 req-154953d4-d3e8-46c2-8aa2-44c447fba606 service placement] 10.222.0.59 "PUT /placement/allocations/ee385030-f45c-49aa-adfa-cc3573b75339" status: 204 len: 0 microversion: 1.36
Feb 03 22:15:01.365700 n-d-824835-11 devstack@placement-api.service[110392]: [pid: 110392|app: 0|req: 480/955] 10.222.0.59 () {64 vars in 1433 bytes} [Thu Feb 3 22:15:01 2022] PUT /placement/allocations/ee385030-f45c-49aa-adfa-cc3573b75339 => generated 0 bytes in 105 msecs (HTTP/1.1 204) 5 headers in 199 bytes (2 switches on core 0)
Feb 03 22:15:02.162913 n-d-824835-11 devstack@placement-api.service[110393]: DEBUG placement.requestlog [req-c58b3e5c-fa7c-4f18-87a8-04831785ad08 req-a1c9182f-ce9c-4000-b7b0-5d74ec80249e None None] Starting request: 10.222.0.57 "GET /placement/allocations/3bdaa65b-20c7-44fd-95be-499e0befdd17" {{(pid=110393) __call__ /opt/stack/placement/placement/requestlog.py:55}}
Feb 03 22:15:02.189819 n-d-824835-11 devstack@placement-api.service[110393]: INFO placement.requestlog [req-c58b3e5c-fa7c-4f18-87a8-04831785ad08 req-a1c9182f-ce9c-4000-b7b0-5d74ec80249e service placement] 10.222.0.57 "GET /placement/allocations/3bdaa65b-20c7-44fd-95be-499e0befdd17" status: 200 len: 260 microversion: 1.28
Feb 03 22:15:02.190202 n-d-824835-11 devstack@placement-api.service[110393]: [pid: 110393|app: 0|req: 476/956] 10.222.0.57 () {60 vars in 1377 bytes} [Thu Feb 3 22:15:02 2022] GET /placement/allocations/3bdaa65b-20c7-44fd-95be-499e0befdd17 => generated 260 bytes in 28 msecs (HTTP/1.1 200) 8 headers in 296 bytes (1 switches on core 0)
Feb 03 22:15:02.239662 n-d-824835-11 devstack@placement-api.service[110392]: DEBUG placement.requestlog [req-c58b3e5c-fa7c-4f18-87a8-04831785ad08 req-9e99aaa8-61af-496b-bfc1-d2c19b253550 None None] Starting request: 10.222.0.46 "GET /placement/allocations/ee385030-f45c-49aa-adfa-cc3573b75339" {{(pid=110392) __call__ /opt/stack/placement/placement/requestlog.py:55}}
Feb 03 22:15:02.294207 n-d-824835-11 devstack@placement-api.service[110392]: INFO placement.requestlog [req-c58b3e5c-fa7c-4f18-87a8-04831785ad08 req-9e99aaa8-61af-496b-bfc1-d2c19b253550 service placement] 10.222.0.46 "GET /placement/allocations/ee385030-f45c-49aa-adfa-cc3573b75339" status: 200 len: 259 microversion: 1.28
Feb 03 22:15:02.295334 n-d-824835-11 devstack@placement-api.service[110392]: [pid: 110392|app: 0|req: 481/957] 10.222.0.46 () {60 vars in 1377 bytes} [Thu Feb 3 22:15:02 2022] GET /placement/allocations/ee385030-f45c-49aa-adfa-cc3573b75339 => generated 259 bytes in 56 msecs (HTTP/1.1 200) 8 headers in 296 bytes (1 switches on core 0)
Feb 03 22:15:12.917547 n-d-824835-11 devstack@placement-api.service[110393]: DEBUG placement.requestlog [req-ccb28a6e-d7b3-4458-b5f7-b123a99bfc4c req-dd3585da-7397-4177-883b-026e8763d1e5 None None] Starting request: 10.222.0.57 "GET /placement/resource_providers/262a14cc-ba18-410d-a3f2-4086f0a6acf3/allocations" {{(pid=110393) __call__ /opt/stack/placement/placement/requestlog.py:55}}
Feb 03 22:15:12.992721 n-d-824835-11 devstack@placement-api.service[110393]: INFO placement.requestlog [req-ccb28a6e-d7b3-4458-b5f7-b123a99bfc4c req-dd3585da-7397-4177-883b-026e8763d1e5 service placement] 10.222.0.57 "GET /placement/resource_providers/262a14cc-ba18-410d-a3f2-4086f0a6acf3/allocations" status: 200 len: 155 microversion: 1.0
Feb 03 22:15:12.993716 n-d-824835-11 devstack@placement-api.service[110393]: [pid: 110393|app: 0|req: 477/958] 10.222.0.57 () {58 vars in 1390 bytes} [Thu Feb 3 22:15:12 2022] GET /placement/resource_providers/262a14cc-ba18-410d-a3f2-4086f0a6acf3/allocations => generated 155 bytes in 76 msecs (HTTP/1.1 200) 6 headers in 224 bytes (1 switches on core 0)
Feb 03 22:15:14.602621 n-d-824835-11 devstack@placement-api.service[110392]: DEBUG placement.requestlog [req-db819749-5f5c-47df-913b-4282b83fc083 req-42a14736-00c9-42a4-a600-7850032d82bc None None] Starting request: 10.222.0.46 "GET /placement/resource_providers/01af5d1b-3a70-442f-a2c1-18ff0db2ed33/allocations" {{(pid=110392) __call__ /opt/stack/placement/placement/requestlog.py:55}}
Feb 03 22:15:14.635556 n-d-824835-11 devstack@placement-api.service[110392]: INFO placement.requestlog [req-db819749-5f5c-47df-913b-4282b83fc083 req-42a14736-00c9-42a4-a600-7850032d82bc service placement] 10.222.0.46 "GET /placement/resource_providers/01af5d1b-3a70-442f-a2c1-18ff0db2ed33/allocations" status: 200 len: 255 microversion: 1.0
Feb 03 22:15:14.636547 n-d-824835-11 devstack@placement-api.service[110392]: [pid: 110392|app: 0|req: 482/959] 10.222.0.46 () {58 vars in 1390 bytes} [Thu Feb 3 22:15:14 2022] GET /placement/resource_providers/01af5d1b-3a70-442f-a2c1-18ff0db2ed33/allocations => generated 255 bytes in 34 msecs (HTTP/1.1 200) 6 headers in 224 bytes (1 switches on core 0)
Feb 03 22:15:19.045598 n-d-824835-11 devstack@placement-api.service[110393]: DEBUG placement.requestlog [req-d3cd196a-3a5b-4e93-bf89-7d04d7f89f94 req-58e626b8-2103-491f-afdf-9e9f3f85afa1 None None] Starting request: 10.222.0.59 "GET /placement/allocation_candidates?limit=1000&resources=DISK_GB%3A1%2CMEMORY_MB%3A1024%2CVCPU%3A1&root_required=%21COMPUTE_STATUS_DISABLED" {{(pid=110393) __call__ /opt/stack/placement/placement/requestlog.py:55}}
Feb 03 22:15:19.103743 n-d-824835-11 devstack@placement-api.service[110393]: DEBUG placement.objects.research_context [req-d3cd196a-3a5b-4e93-bf89-7d04d7f89f94 req-58e626b8-2103-491f-afdf-9e9f3f85afa1 service placement] getting providers with 1 DISK_GB {{(pid=110393) __init__ /opt/stack/placement/placement/objects/research_context.py:126}}
Feb 03 22:15:19.124479 n-d-824835-11 devstack@placement-api.service[110393]: DEBUG placement.objects.research_context [req-d3cd196a-3a5b-4e93-bf89-7d04d7f89f94 req-58e626b8-2103-491f-afdf-9e9f3f85afa1 service placement] getting providers with 1024 MEMORY_MB {{(pid=110393) __init__ /opt/stack/placement/placement/objects/research_context.py:126}}
Feb 03 22:15:19.131877 n-d-824835-11 devstack@placement-api.service[110393]: DEBUG placement.objects.research_context [req-d3cd196a-3a5b-4e93-bf89-7d04d7f89f94 req-58e626b8-2103-491f-afdf-9e9f3f85afa1 service placement] getting providers with 1 VCPU {{(pid=110393) __init__ /opt/stack/placement/placement/objects/research_context.py:126}}
Feb 03 22:15:19.152258 n-d-824835-11 devstack@placement-api.service[110393]: DEBUG placement.objects.research_context [req-d3cd196a-3a5b-4e93-bf89-7d04d7f89f94 req-58e626b8-2103-491f-afdf-9e9f3f85afa1 service placement] found 2 providers with available 1 DISK_GB {{(pid=110393) get_provider_ids_matching /opt/stack/placement/placement/objects/research_context.py:549}}
Feb 03 22:15:19.152930 n-d-824835-11 devstack@placement-api.service[110393]: DEBUG placement.objects.research_context [req-d3cd196a-3a5b-4e93-bf89-7d04d7f89f94 req-58e626b8-2103-491f-afdf-9e9f3f85afa1 service placement] found 2 providers with available 1024 MEMORY_MB {{(pid=110393) get_provider_ids_matching /opt/stack/placement/placement/objects/research_context.py:549}}
Feb 03 22:15:19.153535 n-d-824835-11 devstack@placement-api.service[110393]: DEBUG placement.objects.research_context [req-d3cd196a-3a5b-4e93-bf89-7d04d7f89f94 req-58e626b8-2103-491f-afdf-9e9f3f85afa1 service placement] found 2 providers after filtering by previous result {{(pid=110393) get_provider_ids_matching /opt/stack/placement/placement/objects/research_context.py:580}}
Feb 03 22:15:19.154022 n-d-824835-11 devstack@placement-api.service[110393]: DEBUG placement.objects.research_context [req-d3cd196a-3a5b-4e93-bf89-7d04d7f89f94 req-58e626b8-2103-491f-afdf-9e9f3f85afa1 service placement] found 2 providers with available 1 VCPU {{(pid=110393) get_provider_ids_matching /opt/stack/placement/placement/objects/research_context.py:549}}
Feb 03 22:15:19.154508 n-d-824835-11 devstack@placement-api.service[110393]: DEBUG placement.objects.research_context [req-d3cd196a-3a5b-4e93-bf89-7d04d7f89f94 req-58e626b8-2103-491f-afdf-9e9f3f85afa1 service placement] found 2 providers after filtering by previous result {{(pid=110393) get_provider_ids_matching /opt/stack/placement/placement/objects/research_context.py:580}}
Feb 03 22:15:19.172459 n-d-824835-11 devstack@placement-api.service[110393]: DEBUG placement.objects.allocation_candidate [req-d3cd196a-3a5b-4e93-bf89-7d04d7f89f94 req-58e626b8-2103-491f-afdf-9e9f3f85afa1 service placement] RequestGroup(use_same_provider=False, resources={DISK_GB:1, MEMORY_MB:1024, VCPU:1}, traits=[], aggregates=[]) (suffix '') returned 2 matches {{(pid=110393) _get_by_requests /opt/stack/placement/placement/objects/allocation_candidate.py:145}}
Feb 03 22:15:19.173469 n-d-824835-11 devstack@placement-api.service[110393]: DEBUG placement.objects.allocation_candidate [req-d3cd196a-3a5b-4e93-bf89-7d04d7f89f94 req-58e626b8-2103-491f-afdf-9e9f3f85afa1 service placement] Merging candidates yields 2 allocation requests and 2 provider summaries {{(pid=110393) _merge_candidates /opt/stack/placement/placement/objects/allocation_candidate.py:783}}
Feb 03 22:15:19.176174 n-d-824835-11 devstack@placement-api.service[110393]: INFO placement.requestlog [req-d3cd196a-3a5b-4e93-bf89-7d04d7f89f94 req-58e626b8-2103-491f-afdf-9e9f3f85afa1 service placement] 10.222.0.59 "GET /placement/allocation_candidates?limit=1000&resources=DISK_GB%3A1%2CMEMORY_MB%3A1024%2CVCPU%3A1&root_required=%21COMPUTE_STATUS_DISABLED" status: 200 len: 1309 microversion: 1.36
Feb 03 22:15:19.188049 n-d-824835-11 devstack@placement-api.service[110393]: [pid: 110393|app: 0|req: 478/960] 10.222.0.59 () {60 vars in 1506 bytes} [Thu Feb 3 22:15:19 2022] GET /placement/allocation_candidates?limit=1000&resources=DISK_GB%3A1%2CMEMORY_MB%3A1024%2CVCPU%3A1&root_required=%21COMPUTE_STATUS_DISABLED => generated 1309 bytes in 142 msecs (HTTP/1.1 200) 8 headers in 297 bytes (1 switches on core 0)
Feb 03 22:15:19.292891 n-d-824835-11 devstack@placement-api.service[110392]: DEBUG placement.requestlog [req-d3cd196a-3a5b-4e93-bf89-7d04d7f89f94 req-85a5fc44-e872-4463-9e5e-215bcfa9b4c5 None None] Starting request: 10.222.0.59 "GET /placement/allocations/5d3de290-399c-4f8e-b8b5-8f70a2acb63a" {{(pid=110392) __call__ /opt/stack/placement/placement/requestlog.py:55}}
Feb 03 22:15:19.316335 n-d-824835-11 devstack@placement-api.service[110392]: INFO placement.requestlog [req-d3cd196a-3a5b-4e93-bf89-7d04d7f89f94 req-85a5fc44-e872-4463-9e5e-215bcfa9b4c5 service placement] 10.222.0.59 "GET /placement/allocations/5d3de290-399c-4f8e-b8b5-8f70a2acb63a" status: 200 len: 19 microversion: 1.28
Feb 03 22:15:19.318329 n-d-824835-11 devstack@placement-api.service[110392]: [pid: 110392|app: 0|req: 483/961] 10.222.0.59 () {60 vars in 1380 bytes} [Thu Feb 3 22:15:19 2022] GET /placement/allocations/5d3de290-399c-4f8e-b8b5-8f70a2acb63a => generated 19 bytes in 26 msecs (HTTP/1.1 200) 8 headers in 295 bytes (1 switches on core 0)
Feb 03 22:15:19.324252 n-d-824835-11 devstack@placement-api.service[110393]: DEBUG placement.requestlog [req-d3cd196a-3a5b-4e93-bf89-7d04d7f89f94 req-c5e53388-7660-4586-a93d-c8e868570ba5 None None] Starting request: 10.222.0.59 "PUT /placement/allocations/5d3de290-399c-4f8e-b8b5-8f70a2acb63a" {{(pid=110393) __call__ /opt/stack/placement/placement/requestlog.py:55}}
Feb 03 22:15:19.428993 n-d-824835-11 devstack@placement-api.service[110393]: DEBUG placement.handlers.allocation [req-d3cd196a-3a5b-4e93-bf89-7d04d7f89f94 req-c5e53388-7660-4586-a93d-c8e868570ba5 service placement] Successfully wrote allocations [, , ] {{(pid=110393) _update_consumers_and_create_allocations /opt/stack/placement/placement/handlers/allocation.py:462}}
Feb 03 22:15:19.437895 n-d-824835-11 devstack@placement-api.service[110393]: INFO placement.requestlog [req-d3cd196a-3a5b-4e93-bf89-7d04d7f89f94 req-c5e53388-7660-4586-a93d-c8e868570ba5 service placement] 10.222.0.59 "PUT /placement/allocations/5d3de290-399c-4f8e-b8b5-8f70a2acb63a" status: 204 len: 0 microversion: 1.36
Feb 03 22:15:19.438587 n-d-824835-11 devstack@placement-api.service[110393]: [pid: 110393|app: 0|req: 479/962] 10.222.0.59 () {64 vars in 1433 bytes} [Thu Feb 3 22:15:19 2022] PUT /placement/allocations/5d3de290-399c-4f8e-b8b5-8f70a2acb63a => generated 0 bytes in 115 msecs (HTTP/1.1 204) 5 headers in 199 bytes (1 switches on core 0)
Feb 03 22:15:20.055632 n-d-824835-11 devstack@placement-api.service[110392]: DEBUG placement.requestlog [req-d3cd196a-3a5b-4e93-bf89-7d04d7f89f94 req-4c007a11-7846-4140-a52f-ee83885aa274 None None] Starting request: 10.222.0.57 "GET /placement/allocations/5d3de290-399c-4f8e-b8b5-8f70a2acb63a" {{(pid=110392) __call__ /opt/stack/placement/placement/requestlog.py:55}}
Feb 03 22:15:20.083771 n-d-824835-11 devstack@placement-api.service[110392]: INFO placement.requestlog [req-d3cd196a-3a5b-4e93-bf89-7d04d7f89f94 req-4c007a11-7846-4140-a52f-ee83885aa274 service placement] 10.222.0.57 "GET /placement/allocations/5d3de290-399c-4f8e-b8b5-8f70a2acb63a" status: 200 len: 260 microversion: 1.28
Feb 03 22:15:20.087673 n-d-824835-11 devstack@placement-api.service[110392]: [pid: 110392|app: 0|req: 484/963] 10.222.0.57 () {60 vars in 1377 bytes} [Thu Feb 3 22:15:20 2022] GET /placement/allocations/5d3de290-399c-4f8e-b8b5-8f70a2acb63a => generated 260 bytes in 32 msecs (HTTP/1.1 200) 8 headers in 296 bytes (1 switches on core 0)
Feb 03 22:15:25.935866 n-d-824835-11 devstack@placement-api.service[110393]: DEBUG placement.requestlog [req-8eaf9fbd-27dc-4796-816a-fc5fb343419d req-07178958-1c62-4bd0-9b01-6acc736085e4 None None] Starting request: 10.222.0.59 "GET /placement/allocation_candidates?limit=1000&resources=DISK_GB%3A1%2CMEMORY_MB%3A1024%2CVCPU%3A1&root_required=%21COMPUTE_STATUS_DISABLED" {{(pid=110393) __call__ /opt/stack/placement/placement/requestlog.py:55}}
Feb 03 22:15:26.005486 n-d-824835-11 devstack@placement-api.service[110393]: DEBUG placement.objects.research_context [req-8eaf9fbd-27dc-4796-816a-fc5fb343419d req-07178958-1c62-4bd0-9b01-6acc736085e4 service placement] getting providers with 1 DISK_GB {{(pid=110393) __init__ /opt/stack/placement/placement/objects/research_context.py:126}}
Feb 03 22:15:26.016700 n-d-824835-11 devstack@placement-api.service[110393]: DEBUG placement.objects.research_context [req-8eaf9fbd-27dc-4796-816a-fc5fb343419d req-07178958-1c62-4bd0-9b01-6acc736085e4 service placement] getting providers with 1024 MEMORY_MB {{(pid=110393) __init__ /opt/stack/placement/placement/objects/research_context.py:126}}
Feb 03 22:15:26.033768 n-d-824835-11 devstack@placement-api.service[110393]: DEBUG placement.objects.research_context [req-8eaf9fbd-27dc-4796-816a-fc5fb343419d req-07178958-1c62-4bd0-9b01-6acc736085e4 service placement] getting providers with 1 VCPU {{(pid=110393) __init__ /opt/stack/placement/placement/objects/research_context.py:126}}
Feb 03 22:15:26.047074 n-d-824835-11 devstack@placement-api.service[110393]: DEBUG placement.objects.research_context [req-8eaf9fbd-27dc-4796-816a-fc5fb343419d req-07178958-1c62-4bd0-9b01-6acc736085e4 service placement] found 2 providers with available 1 DISK_GB {{(pid=110393) get_provider_ids_matching /opt/stack/placement/placement/objects/research_context.py:549}}
Feb 03 22:15:26.048886 n-d-824835-11 devstack@placement-api.service[110393]: DEBUG placement.objects.research_context [req-8eaf9fbd-27dc-4796-816a-fc5fb343419d req-07178958-1c62-4bd0-9b01-6acc736085e4 service placement] found 2 providers with available 1024 MEMORY_MB {{(pid=110393) get_provider_ids_matching /opt/stack/placement/placement/objects/research_context.py:549}}
Feb 03 22:15:26.051256 n-d-824835-11 devstack@placement-api.service[110393]: DEBUG placement.objects.research_context [req-8eaf9fbd-27dc-4796-816a-fc5fb343419d req-07178958-1c62-4bd0-9b01-6acc736085e4 service placement] found 2 providers after filtering by previous result {{(pid=110393) get_provider_ids_matching /opt/stack/placement/placement/objects/research_context.py:580}}
Feb 03 22:15:26.051779 n-d-824835-11 devstack@placement-api.service[110393]: DEBUG placement.objects.research_context [req-8eaf9fbd-27dc-4796-816a-fc5fb343419d req-07178958-1c62-4bd0-9b01-6acc736085e4 service placement] found 2 providers with available 1 VCPU {{(pid=110393) get_provider_ids_matching /opt/stack/placement/placement/objects/research_context.py:549}}
Feb 03 22:15:26.052142 n-d-824835-11 devstack@placement-api.service[110393]: DEBUG placement.objects.research_context [req-8eaf9fbd-27dc-4796-816a-fc5fb343419d req-07178958-1c62-4bd0-9b01-6acc736085e4 service placement] found 2 providers after filtering by previous result {{(pid=110393) get_provider_ids_matching /opt/stack/placement/placement/objects/research_context.py:580}}
Feb 03 22:15:26.078835 n-d-824835-11 devstack@placement-api.service[110393]: DEBUG placement.objects.allocation_candidate [req-8eaf9fbd-27dc-4796-816a-fc5fb343419d req-07178958-1c62-4bd0-9b01-6acc736085e4 service placement] RequestGroup(use_same_provider=False, resources={DISK_GB:1, MEMORY_MB:1024, VCPU:1}, traits=[], aggregates=[]) (suffix '') returned 2 matches {{(pid=110393) _get_by_requests /opt/stack/placement/placement/objects/allocation_candidate.py:145}}
Feb 03 22:15:26.079458 n-d-824835-11 devstack@placement-api.service[110393]: DEBUG placement.objects.allocation_candidate [req-8eaf9fbd-27dc-4796-816a-fc5fb343419d req-07178958-1c62-4bd0-9b01-6acc736085e4 service placement] Merging candidates yields 2 allocation requests and 2 provider summaries {{(pid=110393) _merge_candidates /opt/stack/placement/placement/objects/allocation_candidate.py:783}}
Feb 03 22:15:26.092277 n-d-824835-11 devstack@placement-api.service[110393]: INFO placement.requestlog [req-8eaf9fbd-27dc-4796-816a-fc5fb343419d req-07178958-1c62-4bd0-9b01-6acc736085e4 service placement] 10.222.0.59 "GET /placement/allocation_candidates?limit=1000&resources=DISK_GB%3A1%2CMEMORY_MB%3A1024%2CVCPU%3A1&root_required=%21COMPUTE_STATUS_DISABLED" status: 200 len: 1309 microversion: 1.36
Feb 03 22:15:26.093075 n-d-824835-11 devstack@placement-api.service[110393]: [pid: 110393|app: 0|req: 480/964] 10.222.0.59 () {60 vars in 1506 bytes} [Thu Feb 3 22:15:25 2022] GET /placement/allocation_candidates?limit=1000&resources=DISK_GB%3A1%2CMEMORY_MB%3A1024%2CVCPU%3A1&root_required=%21COMPUTE_STATUS_DISABLED => generated 1309 bytes in 157 msecs (HTTP/1.1 200) 8 headers in 297 bytes (1 switches on core 0)
Feb 03 22:15:26.233345 n-d-824835-11 devstack@placement-api.service[110392]: DEBUG placement.requestlog [req-8eaf9fbd-27dc-4796-816a-fc5fb343419d req-c4c434c9-a087-4e99-99dd-2135e867eef2 None None] Starting request: 10.222.0.59 "GET /placement/allocations/8774b5b7-2e78-4f6e-9d8d-7b5bcd3b407a" {{(pid=110392) __call__ /opt/stack/placement/placement/requestlog.py:55}}
Feb 03 22:15:26.253019 n-d-824835-11 devstack@placement-api.service[110392]: INFO placement.requestlog [req-8eaf9fbd-27dc-4796-816a-fc5fb343419d req-c4c434c9-a087-4e99-99dd-2135e867eef2 service placement] 10.222.0.59 "GET /placement/allocations/8774b5b7-2e78-4f6e-9d8d-7b5bcd3b407a" status: 200 len: 19 microversion: 1.28
Feb 03 22:15:26.260545 n-d-824835-11 devstack@placement-api.service[110393]: DEBUG placement.requestlog [req-8eaf9fbd-27dc-4796-816a-fc5fb343419d req-273d38fd-ddf6-4101-b3c3-be9d4fcd085f None None] Starting request: 10.222.0.59 "PUT /placement/allocations/8774b5b7-2e78-4f6e-9d8d-7b5bcd3b407a" {{(pid=110393) __call__ /opt/stack/placement/placement/requestlog.py:55}}
Feb 03 22:15:26.267441 n-d-824835-11 devstack@placement-api.service[110392]: [pid: 110392|app: 0|req: 485/965] 10.222.0.59 () {60 vars in 1380 bytes} [Thu Feb 3 22:15:26 2022] GET /placement/allocations/8774b5b7-2e78-4f6e-9d8d-7b5bcd3b407a => generated 19 bytes in 36 msecs (HTTP/1.1 200) 8 headers in 295 bytes (1 switches on core 0)
Feb 03 22:15:26.364498 n-d-824835-11 devstack@placement-api.service[110393]: DEBUG placement.handlers.allocation [req-8eaf9fbd-27dc-4796-816a-fc5fb343419d req-273d38fd-ddf6-4101-b3c3-be9d4fcd085f service placement] Successfully wrote allocations [, , ] {{(pid=110393) _update_consumers_and_create_allocations /opt/stack/placement/placement/handlers/allocation.py:462}}
Feb 03 22:15:26.378290 n-d-824835-11 devstack@placement-api.service[110393]: INFO placement.requestlog [req-8eaf9fbd-27dc-4796-816a-fc5fb343419d req-273d38fd-ddf6-4101-b3c3-be9d4fcd085f service placement] 10.222.0.59 "PUT /placement/allocations/8774b5b7-2e78-4f6e-9d8d-7b5bcd3b407a" status: 204 len: 0 microversion: 1.36
Feb 03 22:15:26.379487 n-d-824835-11 devstack@placement-api.service[110393]: [pid: 110393|app: 0|req: 481/966] 10.222.0.59 () {64 vars in 1433 bytes} [Thu Feb 3 22:15:26 2022] PUT /placement/allocations/8774b5b7-2e78-4f6e-9d8d-7b5bcd3b407a => generated 0 bytes in 119 msecs (HTTP/1.1 204) 5 headers in 199 bytes (1 switches on core 0)
Feb 03 22:15:26.394405 n-d-824835-11 devstack@placement-api.service[110392]: DEBUG placement.requestlog [req-8eaf9fbd-27dc-4796-816a-fc5fb343419d req-59e3937a-9d8f-4d75-8ff2-bf83d5dd9c41 None None] Starting request: 10.222.0.59 "GET /placement/allocations/88f72396-bf0d-40f9-a8c2-0864079cb631" {{(pid=110392) __call__ /opt/stack/placement/placement/requestlog.py:55}}
Feb 03 22:15:26.459862 n-d-824835-11 devstack@placement-api.service[110392]: INFO placement.requestlog [req-8eaf9fbd-27dc-4796-816a-fc5fb343419d req-59e3937a-9d8f-4d75-8ff2-bf83d5dd9c41 service placement] 10.222.0.59 "GET /placement/allocations/88f72396-bf0d-40f9-a8c2-0864079cb631" status: 200 len: 19 microversion: 1.28
Feb 03 22:15:26.461945 n-d-824835-11 devstack@placement-api.service[110392]: [pid: 110392|app: 0|req: 486/967] 10.222.0.59 () {60 vars in 1380 bytes} [Thu Feb 3 22:15:26 2022] GET /placement/allocations/88f72396-bf0d-40f9-a8c2-0864079cb631 => generated 19 bytes in 67 msecs (HTTP/1.1 200) 8 headers in 295 bytes (1 switches on core 0)
Feb 03 22:15:26.467106 n-d-824835-11 devstack@placement-api.service[110393]: DEBUG placement.requestlog [req-8eaf9fbd-27dc-4796-816a-fc5fb343419d req-2c517d20-4326-49ce-8ba4-ace378d49561 None None] Starting request: 10.222.0.59 "PUT /placement/allocations/88f72396-bf0d-40f9-a8c2-0864079cb631" {{(pid=110393) __call__ /opt/stack/placement/placement/requestlog.py:55}}
Feb 03 22:15:26.550932 n-d-824835-11 devstack@placement-api.service[110393]: DEBUG placement.handlers.allocation [req-8eaf9fbd-27dc-4796-816a-fc5fb343419d req-2c517d20-4326-49ce-8ba4-ace378d49561 service placement] Successfully wrote allocations [, , ] {{(pid=110393) _update_consumers_and_create_allocations /opt/stack/placement/placement/handlers/allocation.py:462}}
Feb 03 22:15:26.557364 n-d-824835-11 devstack@placement-api.service[110393]: INFO placement.requestlog [req-8eaf9fbd-27dc-4796-816a-fc5fb343419d req-2c517d20-4326-49ce-8ba4-ace378d49561 service placement] 10.222.0.59 "PUT /placement/allocations/88f72396-bf0d-40f9-a8c2-0864079cb631" status: 204 len: 0 microversion: 1.36
Feb 03 22:15:26.558466 n-d-824835-11 devstack@placement-api.service[110393]: [pid: 110393|app: 0|req: 482/968] 10.222.0.59 () {64 vars in 1433 bytes} [Thu Feb 3 22:15:26 2022] PUT /placement/allocations/88f72396-bf0d-40f9-a8c2-0864079cb631 => generated 0 bytes in 91 msecs (HTTP/1.1 204) 5 headers in 199 bytes (2 switches on core 0)
Feb 03 22:15:27.504025 n-d-824835-11 devstack@placement-api.service[110392]: DEBUG placement.requestlog [req-8eaf9fbd-27dc-4796-816a-fc5fb343419d req-a9958021-b1f0-4976-8ace-ee65993340fb None None] Starting request: 10.222.0.46 "GET /placement/allocations/8774b5b7-2e78-4f6e-9d8d-7b5bcd3b407a" {{(pid=110392) __call__ /opt/stack/placement/placement/requestlog.py:55}}
Feb 03 22:15:27.535812 n-d-824835-11 devstack@placement-api.service[110392]: INFO placement.requestlog [req-8eaf9fbd-27dc-4796-816a-fc5fb343419d req-a9958021-b1f0-4976-8ace-ee65993340fb service placement] 10.222.0.46 "GET /placement/allocations/8774b5b7-2e78-4f6e-9d8d-7b5bcd3b407a" status: 200 len: 259 microversion: 1.28
Feb 03 22:15:27.536511 n-d-824835-11 devstack@placement-api.service[110392]: [pid: 110392|app: 0|req: 487/969] 10.222.0.46 () {60 vars in 1377 bytes} [Thu Feb 3 22:15:27 2022] GET /placement/allocations/8774b5b7-2e78-4f6e-9d8d-7b5bcd3b407a => generated 259 bytes in 33 msecs (HTTP/1.1 200) 8 headers in 296 bytes (1 switches on core 0)
Feb 03 22:15:27.631412 n-d-824835-11 devstack@placement-api.service[110393]: DEBUG placement.requestlog [req-8eaf9fbd-27dc-4796-816a-fc5fb343419d req-1093f08f-861e-42b0-9218-1f36aeb089b2 None None] Starting request: 10.222.0.57 "GET /placement/allocations/88f72396-bf0d-40f9-a8c2-0864079cb631" {{(pid=110393) __call__ /opt/stack/placement/placement/requestlog.py:55}}
Feb 03 22:15:27.670462 n-d-824835-11 devstack@placement-api.service[110393]: INFO placement.requestlog [req-8eaf9fbd-27dc-4796-816a-fc5fb343419d req-1093f08f-861e-42b0-9218-1f36aeb089b2 service placement] 10.222.0.57 "GET /placement/allocations/88f72396-bf0d-40f9-a8c2-0864079cb631" status: 200 len: 260 microversion: 1.28
Feb 03 22:15:27.672261 n-d-824835-11 devstack@placement-api.service[110393]: [pid: 110393|app: 0|req: 483/970] 10.222.0.57 () {60 vars in 1377 bytes} [Thu Feb 3 22:15:27 2022] GET /placement/allocations/88f72396-bf0d-40f9-a8c2-0864079cb631 => generated 260 bytes in 41 msecs (HTTP/1.1 200) 8 headers in 296 bytes (1 switches on core 0)
Feb 03 22:15:28.550828 n-d-824835-11 devstack@placement-api.service[110392]: DEBUG placement.requestlog [req-9f9344fc-79f0-4312-beeb-4588f3c2a4a9 req-959915d4-3a5e-4403-930b-6c671771f13d None None] Starting request: 10.222.0.57 "DELETE /placement/allocations/3bdaa65b-20c7-44fd-95be-499e0befdd17" {{(pid=110392) __call__ /opt/stack/placement/placement/requestlog.py:55}}
Feb 03 22:15:28.652657 n-d-824835-11 devstack@placement-api.service[110392]: DEBUG placement.handlers.allocation [req-9f9344fc-79f0-4312-beeb-4588f3c2a4a9 req-959915d4-3a5e-4403-930b-6c671771f13d service placement] Successfully deleted allocations [, , ] {{(pid=110392) delete_allocations /opt/stack/placement/placement/handlers/allocation.py:627}}
Feb 03 22:15:28.653149 n-d-824835-11 devstack@placement-api.service[110392]: INFO placement.requestlog [req-9f9344fc-79f0-4312-beeb-4588f3c2a4a9 req-959915d4-3a5e-4403-930b-6c671771f13d service placement] 10.222.0.57 "DELETE /placement/allocations/3bdaa65b-20c7-44fd-95be-499e0befdd17" status: 204 len: 0 microversion: 1.0
Feb 03 22:15:28.655071 n-d-824835-11 devstack@placement-api.service[110392]: [pid: 110392|app: 0|req: 488/971] 10.222.0.57 () {60 vars in 1355 bytes} [Thu Feb 3 22:15:28 2022] DELETE /placement/allocations/3bdaa65b-20c7-44fd-95be-499e0befdd17 => generated 0 bytes in 103 msecs (HTTP/1.1 204) 5 headers in 198 bytes (1 switches on core 0)
Feb 03 22:15:29.277119 n-d-824835-11 devstack@placement-api.service[110393]: DEBUG placement.requestlog [req-d8308ef4-fc0f-4eba-8b32-71923e072a94 req-e8e2933e-cd89-49fb-ae33-619e27ddfd54 None None] Starting request: 10.222.0.46 "DELETE /placement/allocations/ee385030-f45c-49aa-adfa-cc3573b75339" {{(pid=110393) __call__ /opt/stack/placement/placement/requestlog.py:55}}
Feb 03 22:15:29.332988 n-d-824835-11 devstack@placement-api.service[110393]: DEBUG placement.handlers.allocation [req-d8308ef4-fc0f-4eba-8b32-71923e072a94 req-e8e2933e-cd89-49fb-ae33-619e27ddfd54 service placement] Successfully deleted allocations [, , ] {{(pid=110393) delete_allocations /opt/stack/placement/placement/handlers/allocation.py:627}}
Feb 03 22:15:29.334230 n-d-824835-11 devstack@placement-api.service[110393]: INFO placement.requestlog [req-d8308ef4-fc0f-4eba-8b32-71923e072a94 req-e8e2933e-cd89-49fb-ae33-619e27ddfd54 service placement] 10.222.0.46 "DELETE /placement/allocations/ee385030-f45c-49aa-adfa-cc3573b75339" status: 204 len: 0 microversion: 1.0
Feb 03 22:15:29.334782 n-d-824835-11 devstack@placement-api.service[110393]: [pid: 110393|app: 0|req: 484/972] 10.222.0.46 () {60 vars in 1355 bytes} [Thu Feb 3 22:15:29 2022] DELETE /placement/allocations/ee385030-f45c-49aa-adfa-cc3573b75339 => generated 0 bytes in 58 msecs (HTTP/1.1 204) 5 headers in 198 bytes (1 switches on core 0)
Feb 03 22:15:47.745347 n-d-824835-11 devstack@placement-api.service[110392]: DEBUG placement.requestlog [req-ea0ba7cb-d34c-422d-9057-f9d0807a76de req-ba41646e-8c85-4394-b2b6-d83a0ce2fd14 None None] Starting request: 10.222.0.57 "DELETE /placement/allocations/5d3de290-399c-4f8e-b8b5-8f70a2acb63a" {{(pid=110392) __call__ /opt/stack/placement/placement/requestlog.py:55}}
Feb 03 22:15:47.795651 n-d-824835-11 devstack@placement-api.service[110392]: DEBUG placement.handlers.allocation [req-ea0ba7cb-d34c-422d-9057-f9d0807a76de req-ba41646e-8c85-4394-b2b6-d83a0ce2fd14 service placement] Successfully deleted allocations [, , ] {{(pid=110392) delete_allocations /opt/stack/placement/placement/handlers/allocation.py:627}}
Feb 03 22:15:47.796718 n-d-824835-11 devstack@placement-api.service[110392]: INFO placement.requestlog [req-ea0ba7cb-d34c-422d-9057-f9d0807a76de req-ba41646e-8c85-4394-b2b6-d83a0ce2fd14 service placement] 10.222.0.57 "DELETE /placement/allocations/5d3de290-399c-4f8e-b8b5-8f70a2acb63a" status: 204 len: 0 microversion: 1.0
Feb 03 22:15:47.797148 n-d-824835-11 devstack@placement-api.service[110392]: [pid: 110392|app: 0|req: 489/973] 10.222.0.57 () {60 vars in 1355 bytes} [Thu Feb 3 22:15:47 2022] DELETE /placement/allocations/5d3de290-399c-4f8e-b8b5-8f70a2acb63a => generated 0 bytes in 52 msecs (HTTP/1.1 204) 5 headers in 198 bytes (1 switches on core 0)
Feb 03 22:15:49.309291 n-d-824835-11 devstack@placement-api.service[110393]: DEBUG placement.requestlog [req-acd57426-4676-4929-9d03-55b7cef91a28 req-130e5e6f-a658-439e-8a8f-a19d17865e93 None None] Starting request: 10.222.0.46 "DELETE /placement/allocations/8774b5b7-2e78-4f6e-9d8d-7b5bcd3b407a" {{(pid=110393) __call__ /opt/stack/placement/placement/requestlog.py:55}}
Feb 03 22:15:49.331774 n-d-824835-11 devstack@placement-api.service[110392]: DEBUG placement.requestlog [req-40767221-1e8b-420d-bc1b-571fd90b24db req-2492d21b-7312-4594-ac7b-e27b09fa7e94 None None] Starting request: 10.222.0.57 "DELETE /placement/allocations/88f72396-bf0d-40f9-a8c2-0864079cb631" {{(pid=110392) __call__ /opt/stack/placement/placement/requestlog.py:55}}
Feb 03 22:15:49.358225 n-d-824835-11 devstack@placement-api.service[110393]: DEBUG placement.handlers.allocation [req-acd57426-4676-4929-9d03-55b7cef91a28 req-130e5e6f-a658-439e-8a8f-a19d17865e93 service placement] Successfully deleted allocations [, , ] {{(pid=110393) delete_allocations /opt/stack/placement/placement/handlers/allocation.py:627}}
Feb 03 22:15:49.358948 n-d-824835-11 devstack@placement-api.service[110393]: INFO placement.requestlog [req-acd57426-4676-4929-9d03-55b7cef91a28 req-130e5e6f-a658-439e-8a8f-a19d17865e93 service placement] 10.222.0.46 "DELETE /placement/allocations/8774b5b7-2e78-4f6e-9d8d-7b5bcd3b407a" status: 204 len: 0 microversion: 1.0
Feb 03 22:15:49.359854 n-d-824835-11 devstack@placement-api.service[110393]: [pid: 110393|app: 0|req: 485/974] 10.222.0.46 () {60 vars in 1355 bytes} [Thu Feb 3 22:15:49 2022] DELETE /placement/allocations/8774b5b7-2e78-4f6e-9d8d-7b5bcd3b407a => generated 0 bytes in 51 msecs (HTTP/1.1 204) 5 headers in 198 bytes (1 switches on core 0)
Feb 03 22:15:49.372690 n-d-824835-11 devstack@placement-api.service[110392]: DEBUG placement.handlers.allocation [req-40767221-1e8b-420d-bc1b-571fd90b24db req-2492d21b-7312-4594-ac7b-e27b09fa7e94 service placement] Successfully deleted allocations [, , ] {{(pid=110392) delete_allocations /opt/stack/placement/placement/handlers/allocation.py:627}}
Feb 03 22:15:49.373489 n-d-824835-11 devstack@placement-api.service[110392]: INFO placement.requestlog [req-40767221-1e8b-420d-bc1b-571fd90b24db req-2492d21b-7312-4594-ac7b-e27b09fa7e94 service placement] 10.222.0.57 "DELETE /placement/allocations/88f72396-bf0d-40f9-a8c2-0864079cb631" status: 204 len: 0 microversion: 1.0
Feb 03 22:15:49.374575 n-d-824835-11 devstack@placement-api.service[110392]: [pid: 110392|app: 0|req: 490/975] 10.222.0.57 () {60 vars in 1355 bytes} [Thu Feb 3 22:15:49 2022] DELETE /placement/allocations/88f72396-bf0d-40f9-a8c2-0864079cb631 => generated 0 bytes in 43 msecs (HTTP/1.1 204) 5 headers in 198 bytes (1 switches on core 0)
Feb 03 22:15:53.481491 n-d-824835-11 devstack@placement-api.service[110393]: DEBUG placement.requestlog [req-17ac6985-9a32-4abb-8b08-8cd721f9057a req-adea65a6-da93-4807-9de2-1968e4884ded None None] Starting request: 10.222.0.59 "GET /placement/allocation_candidates?limit=1000&resources=DISK_GB%3A1%2CMEMORY_MB%3A1024%2CVCPU%3A1&root_required=%21COMPUTE_STATUS_DISABLED" {{(pid=110393) __call__ /opt/stack/placement/placement/requestlog.py:55}}
Feb 03 22:15:53.544357 n-d-824835-11 devstack@placement-api.service[110393]: DEBUG placement.objects.research_context [req-17ac6985-9a32-4abb-8b08-8cd721f9057a req-adea65a6-da93-4807-9de2-1968e4884ded service placement] getting providers with 1 DISK_GB {{(pid=110393) __init__ /opt/stack/placement/placement/objects/research_context.py:126}}
