Feb 03 10:49:13.250240 n-d-824835-10 devstack@n-api.service[129504]: INFO nova.api.openstack.requestlog [None req-accc2879-7e2a-454f-a24c-e02ea7f03b08 tempest-MigrationsAdminTest-359682777 tempest-MigrationsAdminTest-359682777-project] 10.222.0.41 "GET /compute/v2.1/servers/1baaedcc-2cad-4a97-82b0-dc6323b46aad" status: 200 len: 1477 microversion: 2.1 time: 0.382857
Feb 03 10:49:13.251456 n-d-824835-10 devstack@n-api.service[129504]: [pid: 129504|app: 0|req: 196/361] 10.222.0.41 () {58 vars in 1235 bytes} [Thu Feb 3 10:49:12 2022] GET /compute/v2.1/servers/1baaedcc-2cad-4a97-82b0-dc6323b46aad => generated 1477 bytes in 385 msecs (HTTP/1.1 200) 9 headers in 358 bytes (1 switches on core 0)
Feb 03 10:49:13.256369 n-d-824835-10 devstack@n-api.service[129504]: DEBUG nova.api.openstack.wsgi [None req-27b47d75-edea-41df-bb96-805fe212ed70 tempest-FlavorsAdminTestJSON-1348008445 tempest-FlavorsAdminTestJSON-1348008445-project-admin] Calling method '>' {{(pid=129504) _process_stack /opt/stack/nova/nova/api/openstack/wsgi.py:513}}
Feb 03 10:49:13.284735 n-d-824835-10 devstack@n-api.service[129504]: INFO nova.api.openstack.requestlog [None req-27b47d75-edea-41df-bb96-805fe212ed70 tempest-FlavorsAdminTestJSON-1348008445 tempest-FlavorsAdminTestJSON-1348008445-project-admin] 10.222.0.41 "GET /compute/v2.1/flavors/detail" status: 200 len: 5820 microversion: 2.1 time: 0.031883
Feb 03 10:49:13.296217 n-d-824835-10 devstack@n-api.service[129504]: [pid: 129504|app: 0|req: 197/362] 10.222.0.41 () {58 vars in 1145 bytes} [Thu Feb 3 10:49:13 2022] GET /compute/v2.1/flavors/detail => generated 5820 bytes in 44 msecs (HTTP/1.1 200) 9 headers in 358 bytes (1 switches on core 0)
Feb 03 10:49:13.301757 n-d-824835-10 devstack@n-api.service[129504]: DEBUG nova.api.openstack.wsgi [None req-16a6decc-57ae-4201-9753-db45a343e5e0 tempest-FlavorsAccessNegativeTestJSON-474217162 tempest-FlavorsAccessNegativeTestJSON-474217162-project-admin] Action: 'create', calling method: >, body: {"flavor": {"ram": 512, "vcpus": 1, "disk": 10, "name": "tempest-FlavorsAccessNegativeTestJSON-flavor-1515593231", "id": 534729948, "os-flavor-access:is_public": "False"}} {{(pid=129504) _process_stack /opt/stack/nova/nova/api/openstack/wsgi.py:511}}
Feb 03 10:49:13.303678 n-d-824835-10 devstack@n-api.service[129504]: /usr/local/lib/python3.8/dist-packages/oslo_policy/policy.py:1119: UserWarning: Policy "os_compute_api:os-flavor-manage:create": "rule:system_admin_api" failed scope check. The token used to make the request was project scoped but the policy requires ['system'] scope. This behavior may change in the future where using the intended scope is required
Feb 03 10:49:13.303678 n-d-824835-10 devstack@n-api.service[129504]: warnings.warn(msg)
Feb 03 10:49:13.322092 n-d-824835-10 devstack@n-api.service[129504]: INFO nova.api.openstack.requestlog [None req-16a6decc-57ae-4201-9753-db45a343e5e0 tempest-FlavorsAccessNegativeTestJSON-474217162 tempest-FlavorsAccessNegativeTestJSON-474217162-project-admin] 10.222.0.41 "POST /compute/v2.1/flavors" status: 200 len: 436 microversion: 2.1 time: 0.023900
Feb 03 10:49:13.328903 n-d-824835-10 devstack@n-api.service[129504]: [pid: 129504|app: 0|req: 198/363] 10.222.0.41 () {60 vars in 1146 bytes} [Thu Feb 3 10:49:13 2022] POST /compute/v2.1/flavors => generated 436 bytes in 26 msecs (HTTP/1.1 200) 9 headers in 357 bytes (1 switches on core 0)
Feb 03 10:49:13.328903 n-d-824835-10 devstack@n-api.service[129504]: DEBUG nova.api.openstack.wsgi [None req-8fa61ec3-6a7a-40c4-a872-aefac6117016 tempest-FlavorsAdminTestJSON-1348008445 tempest-FlavorsAdminTestJSON-1348008445-project-admin] Action: 'create', calling method: >, body: {"flavor": {"ram": 512, "vcpus": 1, "disk": 10, "name": "tempest-FlavorsAdminTestJSON-flavor-5617777", "id": 1257972185, "os-flavor-access:is_public": "False"}} {{(pid=129504) _process_stack /opt/stack/nova/nova/api/openstack/wsgi.py:511}}
Feb 03 10:49:13.356988 n-d-824835-10 devstack@n-api.service[129504]: INFO nova.api.openstack.requestlog [None req-8fa61ec3-6a7a-40c4-a872-aefac6117016 tempest-FlavorsAdminTestJSON-1348008445 tempest-FlavorsAdminTestJSON-1348008445-project-admin] 10.222.0.41 "POST /compute/v2.1/flavors" status: 200 len: 427 microversion: 2.1 time: 0.032724
Feb 03 10:49:13.358281 n-d-824835-10 devstack@n-api.service[129504]: [pid: 129504|app: 0|req: 199/364] 10.222.0.41 () {60 vars in 1146 bytes} [Thu Feb 3 10:49:13 2022] POST /compute/v2.1/flavors => generated 427 bytes in 34 msecs (HTTP/1.1 200) 9 headers in 357 bytes (1 switches on core 0)
Feb 03 10:49:13.363542 n-d-824835-10 devstack@n-api.service[129504]: DEBUG nova.api.openstack.wsgi [None req-efe27515-e741-47c0-8f91-256369b729f6 tempest-FlavorsAccessNegativeTestJSON-474217162 tempest-FlavorsAccessNegativeTestJSON-474217162-project-admin] Action: 'action', calling method: >, body: {"removeTenantAccess": {"tenant": "c2dbc1ac81ed41bb90fe0c892930c373"}} {{(pid=129504) _process_stack /opt/stack/nova/nova/api/openstack/wsgi.py:511}}
Feb 03 10:49:13.365175 n-d-824835-10 devstack@n-api.service[129504]: /usr/local/lib/python3.8/dist-packages/oslo_policy/policy.py:1119: UserWarning: Policy "os_compute_api:os-flavor-access:remove_tenant_access": "rule:system_admin_api" failed scope check. The token used to make the request was project scoped but the policy requires ['system'] scope. This behavior may change in the future where using the intended scope is required
Feb 03 10:49:13.365175 n-d-824835-10 devstack@n-api.service[129504]: warnings.warn(msg)
Feb 03 10:49:13.501947 n-d-824835-10 devstack@n-api.service[129503]: DEBUG nova.policy [None req-8626e114-7e13-4808-b0d2-71e39541b558 tempest-ServersAdminTestJSON-814505976 tempest-ServersAdminTestJSON-814505976-project] Policy check for os_compute_api:os-extended-server-attributes failed with credentials {'is_admin': False, 'user_id': 'b6e42ef2a7034787a3bdf86d272dcd63', 'user_domain_id': 'default', 'system_scope': None, 'domain_id': None, 'project_id': 'aa3b788217e94c7395df9c5e46dc8c84', 'project_domain_id': 'default', 'roles': ['member', 'reader'], 'is_admin_project': True, 'service_user_id': None, 'service_user_domain_id': None, 'service_project_id': None, 'service_project_domain_id': None, 'service_roles': []} {{(pid=129503) authorize /opt/stack/nova/nova/policy.py:199}}
Feb 03 10:49:13.520074 n-d-824835-10 devstack@n-api.service[129503]: INFO nova.api.openstack.requestlog [None req-8626e114-7e13-4808-b0d2-71e39541b558 tempest-ServersAdminTestJSON-814505976 tempest-ServersAdminTestJSON-814505976-project] 10.222.0.41 "GET /compute/v2.1/servers/552d3da4-a755-47ac-ae56-f8f0420b6217" status: 200 len: 1314 microversion: 2.1 time: 0.348163
Feb 03 10:49:13.531136 n-d-824835-10 devstack@n-api.service[129503]: [pid: 129503|app: 0|req: 166/365] 10.222.0.41 () {58 vars in 1235 bytes} [Thu Feb 3 10:49:13 2022] GET /compute/v2.1/servers/552d3da4-a755-47ac-ae56-f8f0420b6217 => generated 1314 bytes in 360 msecs (HTTP/1.1 200) 9 headers in 358 bytes (1 switches on core 0)
Feb 03 10:49:13.536898 n-d-824835-10 devstack@n-api.service[129503]: DEBUG nova.api.openstack.wsgi [None req-847b5c9e-7f03-46cf-98d0-512abf8ac304 tempest-FlavorsAdminTestJSON-77089419 tempest-FlavorsAdminTestJSON-77089419-project] Action: 'create', calling method: >, body: {"server": {"name": "test", "imageRef": "595ebfab-d7ac-410e-a5ee-dd033454b88e", "flavorRef": "1257972185"}} {{(pid=129503) _process_stack /opt/stack/nova/nova/api/openstack/wsgi.py:511}}
Feb 03 10:49:13.576444 n-d-824835-10 devstack@n-api.service[129503]: INFO nova.api.openstack.wsgi [None req-847b5c9e-7f03-46cf-98d0-512abf8ac304 tempest-FlavorsAdminTestJSON-77089419 tempest-FlavorsAdminTestJSON-77089419-project] HTTP exception thrown: Flavor 1257972185 could not be found.
Feb 03 10:49:13.577573 n-d-824835-10 devstack@n-api.service[129503]: DEBUG nova.api.openstack.wsgi [None req-847b5c9e-7f03-46cf-98d0-512abf8ac304 tempest-FlavorsAdminTestJSON-77089419 tempest-FlavorsAdminTestJSON-77089419-project] Returning 400 to user: Flavor 1257972185 could not be found. {{(pid=129503) __call__ /opt/stack/nova/nova/api/openstack/wsgi.py:936}}
Feb 03 10:49:13.579118 n-d-824835-10 devstack@n-api.service[129503]: INFO nova.api.openstack.requestlog [None req-847b5c9e-7f03-46cf-98d0-512abf8ac304 tempest-FlavorsAdminTestJSON-77089419 tempest-FlavorsAdminTestJSON-77089419-project] 10.222.0.41 "POST /compute/v2.1/servers" status: 400 len: 81 microversion: 2.1 time: 0.046288
Feb 03 10:49:13.580503 n-d-824835-10 devstack@n-api.service[129503]: [pid: 129503|app: 0|req: 167/366] 10.222.0.41 () {60 vars in 1146 bytes} [Thu Feb 3 10:49:13 2022] POST /compute/v2.1/servers => generated 81 bytes in 49 msecs (HTTP/1.1 400) 9 headers in 380 bytes (1 switches on core 0)
Feb 03 10:49:13.590596 n-d-824835-10 devstack@n-api.service[129503]: DEBUG nova.api.openstack.wsgi [None req-7a85827b-25f2-4223-92ae-51cccd51900c tempest-FlavorsAdminTestJSON-1348008445 tempest-FlavorsAdminTestJSON-1348008445-project-admin] Calling method '>' {{(pid=129503) _process_stack /opt/stack/nova/nova/api/openstack/wsgi.py:513}}
Feb 03 10:49:13.591784 n-d-824835-10 devstack@n-api.service[129503]: /usr/local/lib/python3.8/dist-packages/oslo_policy/policy.py:1119: UserWarning: Policy "os_compute_api:os-flavor-manage:delete": "rule:system_admin_api" failed scope check. The token used to make the request was project scoped but the policy requires ['system'] scope. This behavior may change in the future where using the intended scope is required
Feb 03 10:49:13.591784 n-d-824835-10 devstack@n-api.service[129503]: warnings.warn(msg)
Feb 03 10:49:13.616531 n-d-824835-10 devstack@n-api.service[129503]: INFO nova.api.openstack.requestlog [None req-7a85827b-25f2-4223-92ae-51cccd51900c tempest-FlavorsAdminTestJSON-1348008445 tempest-FlavorsAdminTestJSON-1348008445-project-admin] 10.222.0.41 "DELETE /compute/v2.1/flavors/1257972185" status: 202 len: 0 microversion: 2.1 time: 0.031162
Feb 03 10:49:13.618261 n-d-824835-10 devstack@n-api.service[129503]: [pid: 129503|app: 0|req: 168/367] 10.222.0.41 () {58 vars in 1160 bytes} [Thu Feb 3 10:49:13 2022] DELETE /compute/v2.1/flavors/1257972185 => generated 0 bytes in 33 msecs (HTTP/1.1 202) 9 headers in 361 bytes (1 switches on core 0)
Feb 03 10:49:13.626837 n-d-824835-10 devstack@n-api.service[129503]: DEBUG nova.api.openstack.wsgi [None req-b600ca43-3480-4ccd-9fd8-e3e590e98581 tempest-FlavorsAdminTestJSON-1348008445 tempest-FlavorsAdminTestJSON-1348008445-project-admin] Calling method '>' {{(pid=129503) _process_stack /opt/stack/nova/nova/api/openstack/wsgi.py:513}}
Feb 03 10:49:13.655798 n-d-824835-10 devstack@n-api.service[129503]: INFO nova.api.openstack.requestlog [None req-b600ca43-3480-4ccd-9fd8-e3e590e98581 tempest-FlavorsAdminTestJSON-1348008445 tempest-FlavorsAdminTestJSON-1348008445-project-admin] 10.222.0.41 "GET /compute/v2.1/flavors/detail" status: 200 len: 5820 microversion: 2.1 time: 0.033177
Feb 03 10:49:13.656876 n-d-824835-10 devstack@n-api.service[129503]: [pid: 129503|app: 0|req: 169/368] 10.222.0.41 () {58 vars in 1145 bytes} [Thu Feb 3 10:49:13 2022] GET /compute/v2.1/flavors/detail => generated 5820 bytes in 35 msecs (HTTP/1.1 200) 9 headers in 358 bytes (1 switches on core 0)
Feb 03 10:49:13.675050 n-d-824835-10 devstack@n-api.service[129503]: DEBUG nova.api.openstack.wsgi [None req-afd9bb05-5b48-4dd0-a0ec-528b1b626498 tempest-FlavorsAdminTestJSON-1348008445 tempest-FlavorsAdminTestJSON-1348008445-project-admin] Action: 'create', calling method: >, body: {"flavor": {"ram": 512, "vcpus": 1, "disk": 10, "name": "tempest-test_flavor_-2044883256", "id": 74949009, "os-flavor-access:is_public": "False"}} {{(pid=129503) _process_stack /opt/stack/nova/nova/api/openstack/wsgi.py:511}}
Feb 03 10:49:13.676903 n-d-824835-10 devstack@n-api.service[129503]: /usr/local/lib/python3.8/dist-packages/oslo_policy/policy.py:1119: UserWarning: Policy "os_compute_api:os-flavor-manage:create": "rule:system_admin_api" failed scope check. The token used to make the request was project scoped but the policy requires ['system'] scope. This behavior may change in the future where using the intended scope is required
Feb 03 10:49:13.676903 n-d-824835-10 devstack@n-api.service[129503]: warnings.warn(msg)
Feb 03 10:49:13.695256 n-d-824835-10 devstack@n-api.service[129503]: INFO nova.api.openstack.requestlog [None req-afd9bb05-5b48-4dd0-a0ec-528b1b626498 tempest-FlavorsAdminTestJSON-1348008445 tempest-FlavorsAdminTestJSON-1348008445-project-admin] 10.222.0.41 "POST /compute/v2.1/flavors" status: 200 len: 409 microversion: 2.1 time: 0.023845
Feb 03 10:49:13.696145 n-d-824835-10 devstack@n-api.service[129503]: [pid: 129503|app: 0|req: 170/369] 10.222.0.41 () {60 vars in 1146 bytes} [Thu Feb 3 10:49:13 2022] POST /compute/v2.1/flavors => generated 409 bytes in 25 msecs (HTTP/1.1 200) 9 headers in 357 bytes (1 switches on core 0)
Feb 03 10:49:13.713841 n-d-824835-10 devstack@n-api.service[129503]: DEBUG nova.api.openstack.wsgi [None req-673c7a5b-70ff-48d9-b50f-d3a8970df763 tempest-FlavorsAdminTestJSON-1348008445 tempest-FlavorsAdminTestJSON-1348008445-project-admin] Action: 'create', calling method: >, body: {"flavor": {"ram": 512, "vcpus": 1, "disk": 10, "name": "tempest-test_flavor_-1779476158", "id": 561706887, "os-flavor-access:is_public": "True"}} {{(pid=129503) _process_stack /opt/stack/nova/nova/api/openstack/wsgi.py:511}}
Feb 03 10:49:13.736641 n-d-824835-10 devstack@n-api.service[129503]: INFO nova.api.openstack.requestlog [None req-673c7a5b-70ff-48d9-b50f-d3a8970df763 tempest-FlavorsAdminTestJSON-1348008445 tempest-FlavorsAdminTestJSON-1348008445-project-admin] 10.222.0.41 "POST /compute/v2.1/flavors" status: 200 len: 411 microversion: 2.1 time: 0.031639
Feb 03 10:49:13.739564 n-d-824835-10 devstack@n-api.service[129503]: [pid: 129503|app: 0|req: 171/370] 10.222.0.41 () {60 vars in 1146 bytes} [Thu Feb 3 10:49:13 2022] POST /compute/v2.1/flavors => generated 411 bytes in 34 msecs (HTTP/1.1 200) 9 headers in 357 bytes (2 switches on core 0)
Feb 03 10:49:13.748516 n-d-824835-10 devstack@n-api.service[129503]: DEBUG nova.api.openstack.wsgi [None req-e5b8442f-f0d9-4136-907f-ec0f860b1d18 tempest-FlavorsAdminTestJSON-1348008445 tempest-FlavorsAdminTestJSON-1348008445-project-admin] Calling method '>' {{(pid=129503) _process_stack /opt/stack/nova/nova/api/openstack/wsgi.py:513}}
Feb 03 10:49:13.768454 n-d-824835-10 devstack@n-api.service[129503]: INFO nova.api.openstack.requestlog [None req-e5b8442f-f0d9-4136-907f-ec0f860b1d18 tempest-FlavorsAdminTestJSON-1348008445 tempest-FlavorsAdminTestJSON-1348008445-project-admin] 10.222.0.41 "GET /compute/v2.1/flavors/detail?is_public=f" status: 200 len: 838 microversion: 2.1 time: 0.023191
Feb 03 10:49:13.769792 n-d-824835-10 devstack@n-api.service[129503]: [pid: 129503|app: 0|req: 172/371] 10.222.0.41 () {58 vars in 1168 bytes} [Thu Feb 3 10:49:13 2022] GET /compute/v2.1/flavors/detail?is_public=f => generated 838 bytes in 26 msecs (HTTP/1.1 200) 9 headers in 357 bytes (2 switches on core 0)
Feb 03 10:49:13.779711 n-d-824835-10 devstack@n-api.service[129504]: INFO nova.api.openstack.wsgi [None req-efe27515-e741-47c0-8f91-256369b729f6 tempest-FlavorsAccessNegativeTestJSON-474217162 tempest-FlavorsAccessNegativeTestJSON-474217162-project-admin] HTTP exception thrown: Flavor access not found for 32 / c2dbc1ac81ed41bb90fe0c892930c373 combination.
Feb 03 10:49:13.780408 n-d-824835-10 devstack@n-api.service[129504]: DEBUG nova.api.openstack.wsgi [None req-efe27515-e741-47c0-8f91-256369b729f6 tempest-FlavorsAccessNegativeTestJSON-474217162 tempest-FlavorsAccessNegativeTestJSON-474217162-project-admin] Returning 404 to user: Flavor access not found for 32 / c2dbc1ac81ed41bb90fe0c892930c373 combination. {{(pid=129504) __call__ /opt/stack/nova/nova/api/openstack/wsgi.py:936}}
Feb 03 10:49:13.784554 n-d-824835-10 devstack@n-api.service[129503]: DEBUG nova.api.openstack.wsgi [None req-03f368e0-4355-44a2-90f8-2bca06edd703 tempest-FlavorsAdminTestJSON-1348008445 tempest-FlavorsAdminTestJSON-1348008445-project-admin] Calling method '>' {{(pid=129503) _process_stack /opt/stack/nova/nova/api/openstack/wsgi.py:513}}
Feb 03 10:49:13.786420 n-d-824835-10 devstack@n-api.service[129504]: INFO nova.api.openstack.requestlog [None req-efe27515-e741-47c0-8f91-256369b729f6 tempest-FlavorsAccessNegativeTestJSON-474217162 tempest-FlavorsAccessNegativeTestJSON-474217162-project-admin] 10.222.0.41 "POST /compute/v2.1/flavors/534729948/action" status: 404 len: 124 microversion: 2.1 time: 0.422009
Feb 03 10:49:13.790490 n-d-824835-10 devstack@n-api.service[129504]: [pid: 129504|app: 0|req: 200/372] 10.222.0.41 () {60 vars in 1196 bytes} [Thu Feb 3 10:49:13 2022] POST /compute/v2.1/flavors/534729948/action => generated 124 bytes in 428 msecs (HTTP/1.1 404) 9 headers in 379 bytes (1 switches on core 0)
Feb 03 10:49:13.799588 n-d-824835-10 devstack@n-api.service[129504]: DEBUG nova.api.openstack.wsgi [None req-c5a80e92-baca-4595-9a2e-f93e019fea2f tempest-FlavorsAccessNegativeTestJSON-474217162 tempest-FlavorsAccessNegativeTestJSON-474217162-project-admin] Calling method '>' {{(pid=129504) _process_stack /opt/stack/nova/nova/api/openstack/wsgi.py:513}}
Feb 03 10:49:13.801053 n-d-824835-10 devstack@n-api.service[129504]: /usr/local/lib/python3.8/dist-packages/oslo_policy/policy.py:1119: UserWarning: Policy "os_compute_api:os-flavor-manage:delete": "rule:system_admin_api" failed scope check. The token used to make the request was project scoped but the policy requires ['system'] scope. This behavior may change in the future where using the intended scope is required
Feb 03 10:49:13.801053 n-d-824835-10 devstack@n-api.service[129504]: warnings.warn(msg)
Feb 03 10:49:13.806218 n-d-824835-10 devstack@n-api.service[129503]: INFO nova.api.openstack.requestlog [None req-03f368e0-4355-44a2-90f8-2bca06edd703 tempest-FlavorsAdminTestJSON-1348008445 tempest-FlavorsAdminTestJSON-1348008445-project-admin] 10.222.0.41 "GET /compute/v2.1/flavors/detail?is_public=false" status: 200 len: 838 microversion: 2.1 time: 0.028369
Feb 03 10:49:13.807235 n-d-824835-10 devstack@n-api.service[129503]: [pid: 129503|app: 0|req: 173/373] 10.222.0.41 () {58 vars in 1176 bytes} [Thu Feb 3 10:49:13 2022] GET /compute/v2.1/flavors/detail?is_public=false => generated 838 bytes in 30 msecs (HTTP/1.1 200) 9 headers in 357 bytes (1 switches on core 0)
Feb 03 10:49:13.819171 n-d-824835-10 devstack@n-api.service[129503]: DEBUG nova.api.openstack.wsgi [None req-dd54aa65-4dc8-47a8-9e09-32bd14135dd3 tempest-FlavorsAdminTestJSON-1348008445 tempest-FlavorsAdminTestJSON-1348008445-project-admin] Calling method '>' {{(pid=129503) _process_stack /opt/stack/nova/nova/api/openstack/wsgi.py:513}}
Feb 03 10:49:13.831426 n-d-824835-10 devstack@n-api.service[129504]: INFO nova.api.openstack.requestlog [None req-c5a80e92-baca-4595-9a2e-f93e019fea2f tempest-FlavorsAccessNegativeTestJSON-474217162 tempest-FlavorsAccessNegativeTestJSON-474217162-project-admin] 10.222.0.41 "DELETE /compute/v2.1/flavors/534729948" status: 202 len: 0 microversion: 2.1 time: 0.039576
Feb 03 10:49:13.832316 n-d-824835-10 devstack@n-api.service[129504]: [pid: 129504|app: 0|req: 201/374] 10.222.0.41 () {58 vars in 1157 bytes} [Thu Feb 3 10:49:13 2022] DELETE /compute/v2.1/flavors/534729948 => generated 0 bytes in 41 msecs (HTTP/1.1 202) 9 headers in 361 bytes (1 switches on core 0)
Feb 03 10:49:13.834702 n-d-824835-10 devstack@n-api.service[129503]: INFO nova.api.openstack.requestlog [None req-dd54aa65-4dc8-47a8-9e09-32bd14135dd3 tempest-FlavorsAdminTestJSON-1348008445 tempest-FlavorsAdminTestJSON-1348008445-project-admin] 10.222.0.41 "GET /compute/v2.1/flavors/detail?is_public=no" status: 200 len: 838 microversion: 2.1 time: 0.019756
Feb 03 10:49:13.835919 n-d-824835-10 devstack@n-api.service[129503]: [pid: 129503|app: 0|req: 174/375] 10.222.0.41 () {58 vars in 1170 bytes} [Thu Feb 3 10:49:13 2022] GET /compute/v2.1/flavors/detail?is_public=no => generated 838 bytes in 22 msecs (HTTP/1.1 200) 9 headers in 357 bytes (1 switches on core 0)
Feb 03 10:49:13.843298 n-d-824835-10 devstack@n-api.service[129504]: DEBUG nova.api.openstack.wsgi [None req-8b67d913-5a36-488d-98df-b60836d6c7cb tempest-FlavorsAccessNegativeTestJSON-474217162 tempest-FlavorsAccessNegativeTestJSON-474217162-project-admin] Calling method '>' {{(pid=129504) _process_stack /opt/stack/nova/nova/api/openstack/wsgi.py:513}}
Feb 03 10:49:13.851534 n-d-824835-10 devstack@n-api.service[129503]: DEBUG nova.api.openstack.wsgi [None req-815a1f88-495d-422b-9750-74c78c3ff69d tempest-FlavorsAdminTestJSON-1348008445 tempest-FlavorsAdminTestJSON-1348008445-project-admin] Calling method '>' {{(pid=129503) _process_stack /opt/stack/nova/nova/api/openstack/wsgi.py:513}}
Feb 03 10:49:13.866941 n-d-824835-10 devstack@n-api.service[129503]: INFO nova.api.openstack.requestlog [None req-815a1f88-495d-422b-9750-74c78c3ff69d tempest-FlavorsAdminTestJSON-1348008445 tempest-FlavorsAdminTestJSON-1348008445-project-admin] 10.222.0.41 "GET /compute/v2.1/flavors/detail?is_public=0" status: 200 len: 412 microversion: 2.1 time: 0.023128
Feb 03 10:49:13.871625 n-d-824835-10 devstack@n-api.service[129503]: [pid: 129503|app: 0|req: 175/376] 10.222.0.41 () {58 vars in 1168 bytes} [Thu Feb 3 10:49:13 2022] GET /compute/v2.1/flavors/detail?is_public=0 => generated 412 bytes in 26 msecs (HTTP/1.1 200) 9 headers in 357 bytes (2 switches on core 0)
Feb 03 10:49:13.880995 n-d-824835-10 devstack@n-api.service[129503]: DEBUG nova.api.openstack.wsgi [None req-808dc042-916d-4468-b581-df978fe24140 tempest-FlavorsAdminTestJSON-1348008445 tempest-FlavorsAdminTestJSON-1348008445-project-admin] Calling method '>' {{(pid=129503) _process_stack /opt/stack/nova/nova/api/openstack/wsgi.py:513}}
Feb 03 10:49:13.895490 n-d-824835-10 devstack@n-api.service[129504]: INFO nova.api.openstack.requestlog [None req-8b67d913-5a36-488d-98df-b60836d6c7cb tempest-FlavorsAccessNegativeTestJSON-474217162 tempest-FlavorsAccessNegativeTestJSON-474217162-project-admin] 10.222.0.41 "GET /compute/v2.1/flavors/detail" status: 200 len: 6221 microversion: 2.1 time: 0.058437
Feb 03 10:49:13.899821 n-d-824835-10 devstack@n-api.service[129504]: [pid: 129504|app: 0|req: 202/377] 10.222.0.41 () {58 vars in 1145 bytes} [Thu Feb 3 10:49:13 2022] GET /compute/v2.1/flavors/detail => generated 6221 bytes in 62 msecs (HTTP/1.1 200) 9 headers in 358 bytes (1 switches on core 0)
Feb 03 10:49:13.910419 n-d-824835-10 devstack@n-api.service[129504]: DEBUG nova.api.openstack.wsgi [None req-db5ebeea-acbd-4497-aeed-ff6a7b748394 tempest-LiveMigrationNegativeTest-1762375748 tempest-LiveMigrationNegativeTest-1762375748-project] Calling method '>' {{(pid=129504) _process_stack /opt/stack/nova/nova/api/openstack/wsgi.py:513}}
Feb 03 10:49:13.911531 n-d-824835-10 devstack@n-api.service[129504]: DEBUG nova.compute.api [None req-db5ebeea-acbd-4497-aeed-ff6a7b748394 tempest-LiveMigrationNegativeTest-1762375748 tempest-LiveMigrationNegativeTest-1762375748-project] [instance: bbd3d2c6-e223-4261-9c8e-c94128b02688] Fetching instance by UUID {{(pid=129504) get /opt/stack/nova/nova/compute/api.py:2865}}
Feb 03 10:49:13.924384 n-d-824835-10 devstack@n-api.service[129504]: DEBUG oslo_concurrency.lockutils [None req-db5ebeea-acbd-4497-aeed-ff6a7b748394 tempest-LiveMigrationNegativeTest-1762375748 tempest-LiveMigrationNegativeTest-1762375748-project] Lock "064203d8-d187-412a-886e-55851c854573" acquired by "nova.context.set_target_cell..get_or_set_cached_cell_and_set_connections" :: waited 0.000s {{(pid=129504) inner /usr/local/lib/python3.8/dist-packages/oslo_concurrency/lockutils.py:386}}
Feb 03 10:49:13.925233 n-d-824835-10 devstack@n-api.service[129504]: DEBUG oslo_concurrency.lockutils [None req-db5ebeea-acbd-4497-aeed-ff6a7b748394 tempest-LiveMigrationNegativeTest-1762375748 tempest-LiveMigrationNegativeTest-1762375748-project] Lock "064203d8-d187-412a-886e-55851c854573" "released" by "nova.context.set_target_cell..get_or_set_cached_cell_and_set_connections" :: held 0.002s {{(pid=129504) inner /usr/local/lib/python3.8/dist-packages/oslo_concurrency/lockutils.py:400}}
Feb 03 10:49:13.928753 n-d-824835-10 devstack@n-api.service[129504]: DEBUG oslo_concurrency.lockutils [None req-db5ebeea-acbd-4497-aeed-ff6a7b748394 tempest-LiveMigrationNegativeTest-1762375748 tempest-LiveMigrationNegativeTest-1762375748-project] Lock "064203d8-d187-412a-886e-55851c854573" acquired by "nova.context.set_target_cell..get_or_set_cached_cell_and_set_connections" :: waited 0.000s {{(pid=129504) inner /usr/local/lib/python3.8/dist-packages/oslo_concurrency/lockutils.py:386}}
Feb 03 10:49:13.929860 n-d-824835-10 devstack@n-api.service[129504]: DEBUG oslo_concurrency.lockutils [None req-db5ebeea-acbd-4497-aeed-ff6a7b748394 tempest-LiveMigrationNegativeTest-1762375748 tempest-LiveMigrationNegativeTest-1762375748-project] Lock "064203d8-d187-412a-886e-55851c854573" "released" by "nova.context.set_target_cell..get_or_set_cached_cell_and_set_connections" :: held 0.001s {{(pid=129504) inner /usr/local/lib/python3.8/dist-packages/oslo_concurrency/lockutils.py:400}}
Feb 03 10:49:13.950588 n-d-824835-10 devstack@n-api.service[129503]: INFO nova.api.openstack.requestlog [None req-808dc042-916d-4468-b581-df978fe24140 tempest-FlavorsAdminTestJSON-1348008445 tempest-FlavorsAdminTestJSON-1348008445-project-admin] 10.222.0.41 "GET /compute/v2.1/flavors/detail?is_public=t" status: 200 len: 6221 microversion: 2.1 time: 0.070989
Feb 03 10:49:13.952171 n-d-824835-10 devstack@n-api.service[129503]: [pid: 129503|app: 0|req: 176/378] 10.222.0.41 () {58 vars in 1168 bytes} [Thu Feb 3 10:49:13 2022] GET /compute/v2.1/flavors/detail?is_public=t => generated 6221 bytes in 77 msecs (HTTP/1.1 200) 9 headers in 358 bytes (2 switches on core 0)
Feb 03 10:49:13.973509 n-d-824835-10 devstack@n-api.service[129503]: DEBUG nova.api.openstack.wsgi [None req-409cbdb3-b135-4fba-8545-37d1300fca5a tempest-FlavorsAdminTestJSON-1348008445 tempest-FlavorsAdminTestJSON-1348008445-project-admin] Calling method '>' {{(pid=129503) _process_stack /opt/stack/nova/nova/api/openstack/wsgi.py:513}}
Feb 03 10:49:14.029471 n-d-824835-10 devstack@n-api.service[129503]: INFO nova.api.openstack.requestlog [None req-409cbdb3-b135-4fba-8545-37d1300fca5a tempest-FlavorsAdminTestJSON-1348008445 tempest-FlavorsAdminTestJSON-1348008445-project-admin] 10.222.0.41 "GET /compute/v2.1/flavors/detail?is_public=true" status: 200 len: 6221 microversion: 2.1 time: 0.058885
Feb 03 10:49:14.031025 n-d-824835-10 devstack@n-api.service[129503]: [pid: 129503|app: 0|req: 177/379] 10.222.0.41 () {58 vars in 1174 bytes} [Thu Feb 3 10:49:13 2022] GET /compute/v2.1/flavors/detail?is_public=true => generated 6221 bytes in 64 msecs (HTTP/1.1 200) 9 headers in 358 bytes (1 switches on core 0)
Feb 03 10:49:14.060711 n-d-824835-10 devstack@n-api.service[129503]: DEBUG nova.api.openstack.wsgi [None req-565e552d-ba74-4b54-8182-a3cad9f9dd64 tempest-FlavorsAdminTestJSON-1348008445 tempest-FlavorsAdminTestJSON-1348008445-project-admin] Calling method '>' {{(pid=129503) _process_stack /opt/stack/nova/nova/api/openstack/wsgi.py:513}}
Feb 03 10:49:14.104101 n-d-824835-10 devstack@n-api.service[129503]: INFO nova.api.openstack.requestlog [None req-565e552d-ba74-4b54-8182-a3cad9f9dd64 tempest-FlavorsAdminTestJSON-1348008445 tempest-FlavorsAdminTestJSON-1348008445-project-admin] 10.222.0.41 "GET /compute/v2.1/flavors/detail?is_public=yes" status: 200 len: 6221 microversion: 2.1 time: 0.047255
Feb 03 10:49:14.105084 n-d-824835-10 devstack@n-api.service[129503]: [pid: 129503|app: 0|req: 178/380] 10.222.0.41 () {58 vars in 1172 bytes} [Thu Feb 3 10:49:14 2022] GET /compute/v2.1/flavors/detail?is_public=yes => generated 6221 bytes in 50 msecs (HTTP/1.1 200) 9 headers in 358 bytes (2 switches on core 0)
Feb 03 10:49:14.122739 n-d-824835-10 devstack@n-api.service[129503]: DEBUG nova.api.openstack.wsgi [None req-d47ca2fe-0185-46f8-a17b-85cd537b05c4 tempest-FlavorsAdminTestJSON-1348008445 tempest-FlavorsAdminTestJSON-1348008445-project-admin] Calling method '>' {{(pid=129503) _process_stack /opt/stack/nova/nova/api/openstack/wsgi.py:513}}
Feb 03 10:49:14.184695 n-d-824835-10 devstack@n-api.service[129503]: INFO nova.api.openstack.requestlog [None req-d47ca2fe-0185-46f8-a17b-85cd537b05c4 tempest-FlavorsAdminTestJSON-1348008445 tempest-FlavorsAdminTestJSON-1348008445-project-admin] 10.222.0.41 "GET /compute/v2.1/flavors/detail?is_public=1" status: 200 len: 6221 microversion: 2.1 time: 0.067662
Feb 03 10:49:14.185972 n-d-824835-10 devstack@n-api.service[129503]: [pid: 129503|app: 0|req: 179/381] 10.222.0.41 () {58 vars in 1168 bytes} [Thu Feb 3 10:49:14 2022] GET /compute/v2.1/flavors/detail?is_public=1 => generated 6221 bytes in 70 msecs (HTTP/1.1 200) 9 headers in 358 bytes (2 switches on core 0)
Feb 03 10:49:14.209660 n-d-824835-10 devstack@n-api.service[129503]: DEBUG nova.api.openstack.wsgi [None req-3f8af820-183d-4481-898f-c698e4246797 tempest-FlavorsAdminTestJSON-1348008445 tempest-FlavorsAdminTestJSON-1348008445-project-admin] Calling method '>' {{(pid=129503) _process_stack /opt/stack/nova/nova/api/openstack/wsgi.py:513}}
Feb 03 10:49:14.254059 n-d-824835-10 devstack@n-api.service[129503]: INFO nova.api.openstack.requestlog [None req-3f8af820-183d-4481-898f-c698e4246797 tempest-FlavorsAdminTestJSON-1348008445 tempest-FlavorsAdminTestJSON-1348008445-project-admin] 10.222.0.41 "DELETE /compute/v2.1/flavors/561706887" status: 202 len: 0 microversion: 2.1 time: 0.054472
Feb 03 10:49:14.254960 n-d-824835-10 devstack@n-api.service[129503]: [pid: 129503|app: 0|req: 180/382] 10.222.0.41 () {58 vars in 1157 bytes} [Thu Feb 3 10:49:14 2022] DELETE /compute/v2.1/flavors/561706887 => generated 0 bytes in 56 msecs (HTTP/1.1 202) 9 headers in 361 bytes (1 switches on core 0)
Feb 03 10:49:14.263809 n-d-824835-10 devstack@n-api.service[129503]: DEBUG nova.api.openstack.wsgi [None req-1df77e74-9ad4-40ed-932f-724eece8590b tempest-FlavorsAdminTestJSON-1348008445 tempest-FlavorsAdminTestJSON-1348008445-project-admin] Calling method '>' {{(pid=129503) _process_stack /opt/stack/nova/nova/api/openstack/wsgi.py:513}}
Feb 03 10:49:14.329718 n-d-824835-10 devstack@n-api.service[129503]: INFO nova.api.openstack.requestlog [None req-1df77e74-9ad4-40ed-932f-724eece8590b tempest-FlavorsAdminTestJSON-1348008445 tempest-FlavorsAdminTestJSON-1348008445-project-admin] 10.222.0.41 "GET /compute/v2.1/flavors/detail" status: 200 len: 5820 microversion: 2.1 time: 0.070148
Feb 03 10:49:14.330329 n-d-824835-10 devstack@n-api.service[129503]: [pid: 129503|app: 0|req: 181/383] 10.222.0.41 () {58 vars in 1145 bytes} [Thu Feb 3 10:49:14 2022] GET /compute/v2.1/flavors/detail => generated 5820 bytes in 72 msecs (HTTP/1.1 200) 9 headers in 358 bytes (1 switches on core 0)
Feb 03 10:49:14.349958 n-d-824835-10 devstack@n-api.service[129504]: DEBUG nova.policy [None req-db5ebeea-acbd-4497-aeed-ff6a7b748394 tempest-LiveMigrationNegativeTest-1762375748 tempest-LiveMigrationNegativeTest-1762375748-project] Policy check for os_compute_api:os-extended-server-attributes failed with credentials {'is_admin': False, 'user_id': 'b774928ea9734dbb95a26025743a0ff3', 'user_domain_id': 'default', 'system_scope': None, 'domain_id': None, 'project_id': 'fa1cba29b76b4d15828c5296abef8c9a', 'project_domain_id': 'default', 'roles': ['member', 'reader'], 'is_admin_project': True, 'service_user_id': None, 'service_user_domain_id': None, 'service_project_id': None, 'service_project_domain_id': None, 'service_roles': []} {{(pid=129504) authorize /opt/stack/nova/nova/policy.py:199}}
Feb 03 10:49:14.357964 n-d-824835-10 devstack@n-api.service[129503]: DEBUG nova.api.openstack.wsgi [None req-f8930222-4a8d-4aa7-8ca4-7fb857bbad72 tempest-MigrationsAdminTest-359682777 tempest-MigrationsAdminTest-359682777-project] Calling method '>' {{(pid=129503) _process_stack /opt/stack/nova/nova/api/openstack/wsgi.py:513}}
Feb 03 10:49:14.359037 n-d-824835-10 devstack@n-api.service[129503]: DEBUG nova.compute.api [None req-f8930222-4a8d-4aa7-8ca4-7fb857bbad72 tempest-MigrationsAdminTest-359682777 tempest-MigrationsAdminTest-359682777-project] [instance: 1baaedcc-2cad-4a97-82b0-dc6323b46aad] Fetching instance by UUID {{(pid=129503) get /opt/stack/nova/nova/compute/api.py:2865}}
Feb 03 10:49:14.360879 n-d-824835-10 devstack@n-api.service[129504]: INFO nova.api.openstack.requestlog [None req-db5ebeea-acbd-4497-aeed-ff6a7b748394 tempest-LiveMigrationNegativeTest-1762375748 tempest-LiveMigrationNegativeTest-1762375748-project] 10.222.0.41 "GET /compute/v2.1/servers/bbd3d2c6-e223-4261-9c8e-c94128b02688" status: 200 len: 1464 microversion: 2.1 time: 0.459702
Feb 03 10:49:14.371642 n-d-824835-10 devstack@n-api.service[129503]: DEBUG oslo_concurrency.lockutils [None req-f8930222-4a8d-4aa7-8ca4-7fb857bbad72 tempest-MigrationsAdminTest-359682777 tempest-MigrationsAdminTest-359682777-project] Lock "064203d8-d187-412a-886e-55851c854573" acquired by "nova.context.set_target_cell..get_or_set_cached_cell_and_set_connections" :: waited 0.000s {{(pid=129503) inner /usr/local/lib/python3.8/dist-packages/oslo_concurrency/lockutils.py:386}}
Feb 03 10:49:14.372237 n-d-824835-10 devstack@n-api.service[129504]: [pid: 129504|app: 0|req: 203/384] 10.222.0.41 () {58 vars in 1235 bytes} [Thu Feb 3 10:49:13 2022] GET /compute/v2.1/servers/bbd3d2c6-e223-4261-9c8e-c94128b02688 => generated 1464 bytes in 472 msecs (HTTP/1.1 200) 9 headers in 358 bytes (1 switches on core 0)
Feb 03 10:49:14.376371 n-d-824835-10 devstack@n-api.service[129503]: DEBUG oslo_concurrency.lockutils [None req-f8930222-4a8d-4aa7-8ca4-7fb857bbad72 tempest-MigrationsAdminTest-359682777 tempest-MigrationsAdminTest-359682777-project] Lock "064203d8-d187-412a-886e-55851c854573" "released" by "nova.context.set_target_cell..get_or_set_cached_cell_and_set_connections" :: held 0.005s {{(pid=129503) inner /usr/local/lib/python3.8/dist-packages/oslo_concurrency/lockutils.py:400}}
Feb 03 10:49:14.378733 n-d-824835-10 devstack@n-api.service[129504]: DEBUG nova.api.openstack.wsgi [None req-573f1c1d-e332-4f4e-9754-969d50f6faf7 tempest-FlavorsAdminTestJSON-1348008445 tempest-FlavorsAdminTestJSON-1348008445-project-admin] Calling method '>' {{(pid=129504) _process_stack /opt/stack/nova/nova/api/openstack/wsgi.py:513}}
Feb 03 10:49:14.379794 n-d-824835-10 devstack@n-api.service[129504]: /usr/local/lib/python3.8/dist-packages/oslo_policy/policy.py:1119: UserWarning: Policy "os_compute_api:os-flavor-manage:delete": "rule:system_admin_api" failed scope check. The token used to make the request was project scoped but the policy requires ['system'] scope. This behavior may change in the future where using the intended scope is required
Feb 03 10:49:14.379794 n-d-824835-10 devstack@n-api.service[129504]: warnings.warn(msg)
Feb 03 10:49:14.380030 n-d-824835-10 devstack@n-api.service[129503]: DEBUG oslo_concurrency.lockutils [None req-f8930222-4a8d-4aa7-8ca4-7fb857bbad72 tempest-MigrationsAdminTest-359682777 tempest-MigrationsAdminTest-359682777-project] Lock "064203d8-d187-412a-886e-55851c854573" acquired by "nova.context.set_target_cell..get_or_set_cached_cell_and_set_connections" :: waited 0.000s {{(pid=129503) inner /usr/local/lib/python3.8/dist-packages/oslo_concurrency/lockutils.py:386}}
Feb 03 10:49:14.384092 n-d-824835-10 devstack@n-api.service[129503]: DEBUG oslo_concurrency.lockutils [None req-f8930222-4a8d-4aa7-8ca4-7fb857bbad72 tempest-MigrationsAdminTest-359682777 tempest-MigrationsAdminTest-359682777-project] Lock "064203d8-d187-412a-886e-55851c854573" "released" by "nova.context.set_target_cell..get_or_set_cached_cell_and_set_connections" :: held 0.003s {{(pid=129503) inner /usr/local/lib/python3.8/dist-packages/oslo_concurrency/lockutils.py:400}}
Feb 03 10:49:14.403746 n-d-824835-10 devstack@n-api.service[129504]: INFO nova.api.openstack.requestlog [None req-573f1c1d-e332-4f4e-9754-969d50f6faf7 tempest-FlavorsAdminTestJSON-1348008445 tempest-FlavorsAdminTestJSON-1348008445-project-admin] 10.222.0.41 "DELETE /compute/v2.1/flavors/74949009" status: 202 len: 0 microversion: 2.1 time: 0.029899
Feb 03 10:49:14.404431 n-d-824835-10 devstack@n-api.service[129504]: [pid: 129504|app: 0|req: 204/385] 10.222.0.41 () {58 vars in 1154 bytes} [Thu Feb 3 10:49:14 2022] DELETE /compute/v2.1/flavors/74949009 => generated 0 bytes in 31 msecs (HTTP/1.1 202) 9 headers in 361 bytes (1 switches on core 0)
Feb 03 10:49:14.416813 n-d-824835-10 devstack@n-api.service[129504]: DEBUG nova.api.openstack.wsgi [None req-d8829d66-506d-4c43-86bb-743d2811397d tempest-FlavorsAdminTestJSON-1348008445 tempest-FlavorsAdminTestJSON-1348008445-project-admin] Calling method '>' {{(pid=129504) _process_stack /opt/stack/nova/nova/api/openstack/wsgi.py:513}}
Feb 03 10:49:14.448176 n-d-824835-10 devstack@n-api.service[129504]: INFO nova.api.openstack.requestlog [None req-d8829d66-506d-4c43-86bb-743d2811397d tempest-FlavorsAdminTestJSON-1348008445 tempest-FlavorsAdminTestJSON-1348008445-project-admin] 10.222.0.41 "GET /compute/v2.1/flavors/detail" status: 200 len: 5820 microversion: 2.1 time: 0.039260
Feb 03 10:49:14.449095 n-d-824835-10 devstack@n-api.service[129504]: [pid: 129504|app: 0|req: 205/386] 10.222.0.41 () {58 vars in 1145 bytes} [Thu Feb 3 10:49:14 2022] GET /compute/v2.1/flavors/detail => generated 5820 bytes in 41 msecs (HTTP/1.1 200) 9 headers in 358 bytes (1 switches on core 0)
Feb 03 10:49:14.467486 n-d-824835-10 devstack@n-api.service[129504]: DEBUG nova.api.openstack.wsgi [None req-c0b22fa7-8535-455d-8566-5f9aff9b2972 tempest-FlavorsAdminTestJSON-1348008445 tempest-FlavorsAdminTestJSON-1348008445-project-admin] Action: 'create', calling method: >, body: {"flavor": {"ram": 512, "vcpus": 1, "disk": 10, "name": "tempest-test_flavor_-1102768480", "id": 914337247, "os-flavor-access:is_public": "False"}} {{(pid=129504) _process_stack /opt/stack/nova/nova/api/openstack/wsgi.py:511}}
Feb 03 10:49:14.468967 n-d-824835-10 devstack@n-api.service[129504]: /usr/local/lib/python3.8/dist-packages/oslo_policy/policy.py:1119: UserWarning: Policy "os_compute_api:os-flavor-manage:create": "rule:system_admin_api" failed scope check. The token used to make the request was project scoped but the policy requires ['system'] scope. This behavior may change in the future where using the intended scope is required
Feb 03 10:49:14.468967 n-d-824835-10 devstack@n-api.service[129504]: warnings.warn(msg)
Feb 03 10:49:14.491399 n-d-824835-10 devstack@n-api.service[129504]: INFO nova.api.openstack.requestlog [None req-c0b22fa7-8535-455d-8566-5f9aff9b2972 tempest-FlavorsAdminTestJSON-1348008445 tempest-FlavorsAdminTestJSON-1348008445-project-admin] 10.222.0.41 "POST /compute/v2.1/flavors" status: 200 len: 412 microversion: 2.1 time: 0.027568
Feb 03 10:49:14.497787 n-d-824835-10 devstack@n-api.service[129504]: [pid: 129504|app: 0|req: 206/387] 10.222.0.41 () {60 vars in 1146 bytes} [Thu Feb 3 10:49:14 2022] POST /compute/v2.1/flavors => generated 412 bytes in 33 msecs (HTTP/1.1 200) 9 headers in 357 bytes (1 switches on core 0)
Feb 03 10:49:14.504776 n-d-824835-10 devstack@n-api.service[129504]: DEBUG nova.api.openstack.wsgi [None req-0407aca2-3ec0-404a-b245-c887740aaae8 tempest-FlavorsAdminTestJSON-1348008445 tempest-FlavorsAdminTestJSON-1348008445-project-admin] Calling method '>' {{(pid=129504) _process_stack /opt/stack/nova/nova/api/openstack/wsgi.py:513}}
Feb 03 10:49:14.527524 n-d-824835-10 devstack@n-api.service[129504]: INFO nova.api.openstack.requestlog [None req-0407aca2-3ec0-404a-b245-c887740aaae8 tempest-FlavorsAdminTestJSON-1348008445 tempest-FlavorsAdminTestJSON-1348008445-project-admin] 10.222.0.41 "GET /compute/v2.1/flavors/detail" status: 200 len: 5820 microversion: 2.1 time: 0.026887
Feb 03 10:49:14.538547 n-d-824835-10 devstack@n-api.service[129504]: [pid: 129504|app: 0|req: 207/388] 10.222.0.41 () {58 vars in 1145 bytes} [Thu Feb 3 10:49:14 2022] GET /compute/v2.1/flavors/detail => generated 5820 bytes in 31 msecs (HTTP/1.1 200) 9 headers in 358 bytes (1 switches on core 0)
Feb 03 10:49:14.543421 n-d-824835-10 devstack@n-api.service[129504]: DEBUG nova.api.openstack.wsgi [None req-32580538-9276-4987-b6c1-bdd2b977d271 tempest-ServersAdminTestJSON-814505976 tempest-ServersAdminTestJSON-814505976-project] Calling method '>' {{(pid=129504) _process_stack /opt/stack/nova/nova/api/openstack/wsgi.py:513}}
Feb 03 10:49:14.544183 n-d-824835-10 devstack@n-api.service[129504]: DEBUG nova.compute.api [None req-32580538-9276-4987-b6c1-bdd2b977d271 tempest-ServersAdminTestJSON-814505976 tempest-ServersAdminTestJSON-814505976-project] [instance: 552d3da4-a755-47ac-ae56-f8f0420b6217] Fetching instance by UUID {{(pid=129504) get /opt/stack/nova/nova/compute/api.py:2865}}
Feb 03 10:49:14.551061 n-d-824835-10 devstack@n-api.service[129504]: DEBUG oslo_concurrency.lockutils [None req-32580538-9276-4987-b6c1-bdd2b977d271 tempest-ServersAdminTestJSON-814505976 tempest-ServersAdminTestJSON-814505976-project] Lock "064203d8-d187-412a-886e-55851c854573" acquired by "nova.context.set_target_cell..get_or_set_cached_cell_and_set_connections" :: waited 0.000s {{(pid=129504) inner /usr/local/lib/python3.8/dist-packages/oslo_concurrency/lockutils.py:386}}
Feb 03 10:49:14.551649 n-d-824835-10 devstack@n-api.service[129504]: DEBUG oslo_concurrency.lockutils [None req-32580538-9276-4987-b6c1-bdd2b977d271 tempest-ServersAdminTestJSON-814505976 tempest-ServersAdminTestJSON-814505976-project] Lock "064203d8-d187-412a-886e-55851c854573" "released" by "nova.context.set_target_cell..get_or_set_cached_cell_and_set_connections" :: held 0.001s {{(pid=129504) inner /usr/local/lib/python3.8/dist-packages/oslo_concurrency/lockutils.py:400}}
Feb 03 10:49:14.552534 n-d-824835-10 devstack@n-api.service[129504]: DEBUG oslo_concurrency.lockutils [None req-32580538-9276-4987-b6c1-bdd2b977d271 tempest-ServersAdminTestJSON-814505976 tempest-ServersAdminTestJSON-814505976-project] Lock "064203d8-d187-412a-886e-55851c854573" acquired by "nova.context.set_target_cell..get_or_set_cached_cell_and_set_connections" :: waited 0.000s {{(pid=129504) inner /usr/local/lib/python3.8/dist-packages/oslo_concurrency/lockutils.py:386}}
Feb 03 10:49:14.553094 n-d-824835-10 devstack@n-api.service[129504]: DEBUG oslo_concurrency.lockutils [None req-32580538-9276-4987-b6c1-bdd2b977d271 tempest-ServersAdminTestJSON-814505976 tempest-ServersAdminTestJSON-814505976-project] Lock "064203d8-d187-412a-886e-55851c854573" "released" by "nova.context.set_target_cell..get_or_set_cached_cell_and_set_connections" :: held 0.001s {{(pid=129504) inner /usr/local/lib/python3.8/dist-packages/oslo_concurrency/lockutils.py:400}}
Feb 03 10:49:14.701452 n-d-824835-10 devstack@n-api.service[129503]: DEBUG nova.policy [None req-f8930222-4a8d-4aa7-8ca4-7fb857bbad72 tempest-MigrationsAdminTest-359682777 tempest-MigrationsAdminTest-359682777-project] Policy check for os_compute_api:os-extended-server-attributes failed with credentials {'is_admin': False, 'user_id': 'bce5dbc9cd3a43b5a24b0c11e9f0a979', 'user_domain_id': 'default', 'system_scope': None, 'domain_id': None, 'project_id': 'd9dbdeadd03d4fd09babc79efac43023', 'project_domain_id': 'default', 'roles': ['member', 'reader'], 'is_admin_project': True, 'service_user_id': None, 'service_user_domain_id': None, 'service_project_id': None, 'service_project_domain_id': None, 'service_roles': []} {{(pid=129503) authorize /opt/stack/nova/nova/policy.py:199}}
Feb 03 10:49:14.712636 n-d-824835-10 devstack@n-api.service[129503]: INFO nova.api.openstack.requestlog [None req-f8930222-4a8d-4aa7-8ca4-7fb857bbad72 tempest-MigrationsAdminTest-359682777 tempest-MigrationsAdminTest-359682777-project] 10.222.0.41 "GET /compute/v2.1/servers/1baaedcc-2cad-4a97-82b0-dc6323b46aad" status: 200 len: 1477 microversion: 2.1 time: 0.379542
Feb 03 10:49:14.713230 n-d-824835-10 devstack@n-api.service[129503]: [pid: 129503|app: 0|req: 182/389] 10.222.0.41 () {58 vars in 1235 bytes} [Thu Feb 3 10:49:14 2022] GET /compute/v2.1/servers/1baaedcc-2cad-4a97-82b0-dc6323b46aad => generated 1477 bytes in 381 msecs (HTTP/1.1 200) 9 headers in 358 bytes (1 switches on core 0)
Feb 03 10:49:14.717554 n-d-824835-10 devstack@n-api.service[129503]: DEBUG nova.api.openstack.wsgi [None req-d631643e-b058-4dde-a749-d6e3c851532c tempest-FlavorsAdminTestJSON-77089419 tempest-FlavorsAdminTestJSON-77089419-project] Calling method '>' {{(pid=129503) _process_stack /opt/stack/nova/nova/api/openstack/wsgi.py:513}}
Feb 03 10:49:14.755672 n-d-824835-10 devstack@n-api.service[129503]: INFO nova.api.openstack.requestlog [None req-d631643e-b058-4dde-a749-d6e3c851532c tempest-FlavorsAdminTestJSON-77089419 tempest-FlavorsAdminTestJSON-77089419-project] 10.222.0.41 "GET /compute/v2.1/flavors/detail" status: 200 len: 5820 microversion: 2.1 time: 0.041137
Feb 03 10:49:14.756668 n-d-824835-10 devstack@n-api.service[129503]: [pid: 129503|app: 0|req: 183/390] 10.222.0.41 () {58 vars in 1145 bytes} [Thu Feb 3 10:49:14 2022] GET /compute/v2.1/flavors/detail => generated 5820 bytes in 43 msecs (HTTP/1.1 200) 9 headers in 358 bytes (1 switches on core 0)
Feb 03 10:49:14.771941 n-d-824835-10 devstack@n-api.service[129503]: DEBUG nova.api.openstack.wsgi [None req-692a1342-ea70-49c3-9325-fdadd6a9442c tempest-FlavorsAdminTestJSON-1348008445 tempest-FlavorsAdminTestJSON-1348008445-project-admin] Calling method '>' {{(pid=129503) _process_stack /opt/stack/nova/nova/api/openstack/wsgi.py:513}}
Feb 03 10:49:14.773432 n-d-824835-10 devstack@n-api.service[129503]: /usr/local/lib/python3.8/dist-packages/oslo_policy/policy.py:1119: UserWarning: Policy "os_compute_api:os-flavor-manage:delete": "rule:system_admin_api" failed scope check. The token used to make the request was project scoped but the policy requires ['system'] scope. This behavior may change in the future where using the intended scope is required
Feb 03 10:49:14.773432 n-d-824835-10 devstack@n-api.service[129503]: warnings.warn(msg)
Feb 03 10:49:14.809260 n-d-824835-10 devstack@n-api.service[129503]: INFO nova.api.openstack.requestlog [None req-692a1342-ea70-49c3-9325-fdadd6a9442c tempest-FlavorsAdminTestJSON-1348008445 tempest-FlavorsAdminTestJSON-1348008445-project-admin] 10.222.0.41 "DELETE /compute/v2.1/flavors/914337247" status: 202 len: 0 microversion: 2.1 time: 0.039081
Feb 03 10:49:14.809800 n-d-824835-10 devstack@n-api.service[129503]: [pid: 129503|app: 0|req: 184/391] 10.222.0.41 () {58 vars in 1157 bytes} [Thu Feb 3 10:49:14 2022] DELETE /compute/v2.1/flavors/914337247 => generated 0 bytes in 43 msecs (HTTP/1.1 202) 9 headers in 361 bytes (2 switches on core 0)
Feb 03 10:49:14.825867 n-d-824835-10 devstack@n-api.service[129503]: DEBUG nova.api.openstack.wsgi [None req-ad3ea644-994a-4fa4-8219-b44ec9cb7a05 tempest-FlavorsAdminTestJSON-1348008445 tempest-FlavorsAdminTestJSON-1348008445-project-admin] Calling method '>' {{(pid=129503) _process_stack /opt/stack/nova/nova/api/openstack/wsgi.py:513}}
Feb 03 10:49:14.884679 n-d-824835-10 devstack@n-api.service[129503]: INFO nova.api.openstack.requestlog [None req-ad3ea644-994a-4fa4-8219-b44ec9cb7a05 tempest-FlavorsAdminTestJSON-1348008445 tempest-FlavorsAdminTestJSON-1348008445-project-admin] 10.222.0.41 "GET /compute/v2.1/flavors/detail" status: 200 len: 5820 microversion: 2.1 time: 0.069425
Feb 03 10:49:14.892883 n-d-824835-10 devstack@n-api.service[129503]: [pid: 129503|app: 0|req: 185/392] 10.222.0.41 () {58 vars in 1145 bytes} [Thu Feb 3 10:49:14 2022] GET /compute/v2.1/flavors/detail => generated 5820 bytes in 78 msecs (HTTP/1.1 200) 9 headers in 358 bytes (1 switches on core 0)
Feb 03 10:49:14.896900 n-d-824835-10 devstack@n-api.service[129504]: DEBUG nova.policy [None req-32580538-9276-4987-b6c1-bdd2b977d271 tempest-ServersAdminTestJSON-814505976 tempest-ServersAdminTestJSON-814505976-project] Policy check for os_compute_api:os-extended-server-attributes failed with credentials {'is_admin': False, 'user_id': 'b6e42ef2a7034787a3bdf86d272dcd63', 'user_domain_id': 'default', 'system_scope': None, 'domain_id': None, 'project_id': 'aa3b788217e94c7395df9c5e46dc8c84', 'project_domain_id': 'default', 'roles': ['member', 'reader'], 'is_admin_project': True, 'service_user_id': None, 'service_user_domain_id': None, 'service_project_id': None, 'service_project_domain_id': None, 'service_roles': []} {{(pid=129504) authorize /opt/stack/nova/nova/policy.py:199}}
Feb 03 10:49:14.906325 n-d-824835-10 devstack@n-api.service[129504]: INFO nova.api.openstack.requestlog [None req-32580538-9276-4987-b6c1-bdd2b977d271 tempest-ServersAdminTestJSON-814505976 tempest-ServersAdminTestJSON-814505976-project] 10.222.0.41 "GET /compute/v2.1/servers/552d3da4-a755-47ac-ae56-f8f0420b6217" status: 200 len: 1314 microversion: 2.1 time: 0.372856
Feb 03 10:49:14.912499 n-d-824835-10 devstack@n-api.service[129504]: [pid: 129504|app: 0|req: 208/393] 10.222.0.41 () {58 vars in 1235 bytes} [Thu Feb 3 10:49:14 2022] GET /compute/v2.1/servers/552d3da4-a755-47ac-ae56-f8f0420b6217 => generated 1314 bytes in 379 msecs (HTTP/1.1 200) 9 headers in 358 bytes (2 switches on core 0)
Feb 03 10:49:14.916975 n-d-824835-10 devstack@n-api.service[129503]: DEBUG nova.api.openstack.wsgi [None req-be361755-6526-4464-9a66-a1389e5a8b50 tempest-FlavorsAdminTestJSON-1348008445 tempest-FlavorsAdminTestJSON-1348008445-project-admin] Action: 'create', calling method: >, body: {"flavor": {"ram": 512, "vcpus": 1, "disk": 10, "name": "tempest-test_flavor_-652224832", "id": 2004507648, "os-flavor-access:is_public": "True"}} {{(pid=129503) _process_stack /opt/stack/nova/nova/api/openstack/wsgi.py:511}}
Feb 03 10:49:14.918649 n-d-824835-10 devstack@n-api.service[129503]: /usr/local/lib/python3.8/dist-packages/oslo_policy/policy.py:1119: UserWarning: Policy "os_compute_api:os-flavor-manage:create": "rule:system_admin_api" failed scope check. The token used to make the request was project scoped but the policy requires ['system'] scope. This behavior may change in the future where using the intended scope is required
