Feb 03 21:37:35.169892 n-d-824834-9 neutron-server[103397]: INFO neutron.wsgi [req-1f0e721d-e8b0-4280-a1eb-2fcc2d088e9d req-dea7def2-87a2-460f-815e-ca74929b5dc5 tempest-LiveMigrationTest-5875364 tempest-LiveMigrationTest-5875364-project] 10.222.0.50 "GET /v2.0/ports?device_id=fcecd9e5-0177-4a8f-8e53-5f2c46e3fb20 HTTP/1.1" status: 200 len: 931 time: 0.0767648
Feb 03 21:37:35.234178 n-d-824834-9 neutron-server[103397]: INFO neutron.wsgi [req-1f0e721d-e8b0-4280-a1eb-2fcc2d088e9d req-049a6306-ab57-4e3f-8301-0fd450a989d8 tempest-LiveMigrationTest-5875364 tempest-LiveMigrationTest-5875364-project] 10.222.0.50 "GET /v2.0/security-groups?id=afeb7855-17d0-47b3-aab2-3754b14d4ab5&fields=id&fields=name HTTP/1.1" status: 200 len: 286 time: 0.0535486
Feb 03 21:37:35.270642 n-d-824834-9 neutron-server[103397]: INFO neutron.wsgi [req-e7ea5208-4fe4-4208-826f-3b90b774ab1f req-1d9ab20f-38d4-49bc-b9ad-a363f04904e0 tempest-TenantUsagesTestJSON-1629292539 tempest-TenantUsagesTestJSON-1629292539-project] 10.222.0.50 "GET /v2.0/ports?device_id=1f48936f-a7c8-44d8-acaa-875218c509b8 HTTP/1.1" status: 200 len: 210 time: 0.0340023
Feb 03 21:37:35.380289 n-d-824834-9 neutron-server[103397]: DEBUG neutron.pecan_wsgi.hooks.policy_enforcement [req-c0d32740-473d-4122-9639-0ae913ab8938 req-43ae7801-ab93-438a-8c57-fab3be1a317a tempest-AggregatesAdminTestJSON-2015603949 tempest-AggregatesAdminTestJSON-2015603949-project] Attributes excluded by policy engine: ['standard_attr_id', 'binding:profile', 'binding:host_id', 'binding:vif_type', 'binding:vif_details'] {{(pid=103397) _exclude_attributes_by_policy /opt/stack/neutron/neutron/pecan_wsgi/hooks/policy_enforcement.py:255}}
Feb 03 21:37:35.382205 n-d-824834-9 neutron-server[103397]: INFO neutron.wsgi [req-c0d32740-473d-4122-9639-0ae913ab8938 req-43ae7801-ab93-438a-8c57-fab3be1a317a tempest-AggregatesAdminTestJSON-2015603949 tempest-AggregatesAdminTestJSON-2015603949-project] 10.222.0.50 "GET /v2.0/ports?device_id=7349d591-b2c7-41df-80f5-ffcc39d6ae95 HTTP/1.1" status: 200 len: 970 time: 0.0573080
Feb 03 21:37:35.434508 n-d-824834-9 neutron-server[103397]: INFO neutron.wsgi [req-c0d32740-473d-4122-9639-0ae913ab8938 req-c7338cb7-4f53-4f85-8f4f-26d15a72db33 tempest-AggregatesAdminTestJSON-2015603949 tempest-AggregatesAdminTestJSON-2015603949-project] 10.222.0.50 "GET /v2.0/security-groups?id=b18deddc-359f-4f45-8b6c-fd8b0f8019c9&fields=id&fields=name HTTP/1.1" status: 200 len: 286 time: 0.0443742
Feb 03 21:37:35.564877 n-d-824834-9 neutron-server[103397]: INFO neutron.wsgi [req-c4b109dd-8db9-4b56-b86d-b720da985ede req-1164e59a-f690-461e-a131-60b915fcc006 tempest-TenantUsagesTestJSON-1629292539 tempest-TenantUsagesTestJSON-1629292539-project] 10.222.0.10 "GET /v2.0/networks?tenant_id=6206bc4edcda49058d80a87ffe52d5b3&shared=False HTTP/1.1" status: 200 len: 213 time: 0.0218625
Feb 03 21:37:35.683879 n-d-824834-9 neutron-server[103399]: DEBUG neutron.notifiers.nova [-] Sending events: [{'server_uuid': '7349d591-b2c7-41df-80f5-ffcc39d6ae95', 'name': 'network-vif-plugged', 'status': 'completed', 'tag': 'e0f95128-48f7-48a1-b116-9db0554c4de1'}] {{(pid=103399) send_events /opt/stack/neutron/neutron/notifiers/nova.py:266}}
Feb 03 21:37:35.689263 n-d-824834-9 neutron-server[103399]: DEBUG novaclient.v2.client [-] REQ: curl -g -i --cacert "/opt/stack/data/ca-bundle.pem" -X POST http://10.222.0.50/compute/v2.1/os-server-external-events -H "Accept: application/json" -H "Content-Type: application/json" -H "User-Agent: python-novaclient" -H "X-Auth-Token: {SHA256}05bd2ea668e2f5b449e2551f7badc3eaf9a5c56f7417116809a29ca3680356ce" -H "X-OpenStack-Nova-API-Version: 2.1" -H "X-OpenStack-Request-ID: req-9615c933-5338-45f9-8602-a9e56e91f8b7" -d '{"events": [{"server_uuid": "7349d591-b2c7-41df-80f5-ffcc39d6ae95", "name": "network-vif-plugged", "status": "completed", "tag": "e0f95128-48f7-48a1-b116-9db0554c4de1"}]}' {{(pid=103399) _http_log_request /usr/local/lib/python3.8/dist-packages/keystoneauth1/session.py:519}}
Feb 03 21:37:35.724599 n-d-824834-9 neutron-server[103397]: DEBUG neutron.pecan_wsgi.hooks.policy_enforcement [req-c4b109dd-8db9-4b56-b86d-b720da985ede req-66118819-2b4d-4cd7-b664-00859988db78 tempest-TenantUsagesTestJSON-1629292539 tempest-TenantUsagesTestJSON-1629292539-project] Attributes excluded by policy engine: ['standard_attr_id', 'vlan_transparent', 'provider:network_type', 'provider:physical_network', 'provider:segmentation_id'] {{(pid=103397) _exclude_attributes_by_policy /opt/stack/neutron/neutron/pecan_wsgi/hooks/policy_enforcement.py:255}}
Feb 03 21:37:35.726959 n-d-824834-9 neutron-server[103397]: INFO neutron.wsgi [req-c4b109dd-8db9-4b56-b86d-b720da985ede req-66118819-2b4d-4cd7-b664-00859988db78 tempest-TenantUsagesTestJSON-1629292539 tempest-TenantUsagesTestJSON-1629292539-project] 10.222.0.10 "GET /v2.0/networks?shared=True HTTP/1.1" status: 200 len: 769 time: 0.1566930
Feb 03 21:37:35.735371 n-d-824834-9 neutron-server[103399]: DEBUG novaclient.v2.client [-] RESP: [200] Connection: close Content-Length: 183 Content-Type: application/json Date: Thu, 03 Feb 2022 21:37:35 GMT OpenStack-API-Version: compute 2.1 Server: Apache/2.4.41 (Ubuntu) Vary: OpenStack-API-Version,X-OpenStack-Nova-API-Version X-OpenStack-Nova-API-Version: 2.1 x-compute-request-id: req-0f4562ac-e2e6-4789-9e2d-f4af05a4ddcb x-openstack-request-id: req-0f4562ac-e2e6-4789-9e2d-f4af05a4ddcb {{(pid=103399) _http_log_response /usr/local/lib/python3.8/dist-packages/keystoneauth1/session.py:550}}
Feb 03 21:37:35.735750 n-d-824834-9 neutron-server[103399]: DEBUG novaclient.v2.client [-] RESP BODY: {"events": [{"server_uuid": "7349d591-b2c7-41df-80f5-ffcc39d6ae95", "name": "network-vif-plugged", "status": "completed", "tag": "e0f95128-48f7-48a1-b116-9db0554c4de1", "code": 200}]} {{(pid=103399) _http_log_response /usr/local/lib/python3.8/dist-packages/keystoneauth1/session.py:582}}
Feb 03 21:37:35.736127 n-d-824834-9 neutron-server[103399]: DEBUG novaclient.v2.client [-] POST call to compute for http://10.222.0.50/compute/v2.1/os-server-external-events used request id req-0f4562ac-e2e6-4789-9e2d-f4af05a4ddcb {{(pid=103399) request /usr/local/lib/python3.8/dist-packages/keystoneauth1/session.py:954}}
Feb 03 21:37:35.736732 n-d-824834-9 neutron-server[103399]: INFO neutron.notifiers.nova [-] Nova event response: {'server_uuid': '7349d591-b2c7-41df-80f5-ffcc39d6ae95', 'name': 'network-vif-plugged', 'status': 'completed', 'tag': 'e0f95128-48f7-48a1-b116-9db0554c4de1', 'code': 200}
Feb 03 21:37:35.748953 n-d-824834-9 neutron-server[103397]: DEBUG neutron.api.v2.base [req-c4b109dd-8db9-4b56-b86d-b720da985ede req-c1f0f2f5-5c83-42f5-a25b-a4b30ed866d8 tempest-TenantUsagesTestJSON-1629292539 tempest-TenantUsagesTestJSON-1629292539-project] Request body: {'port': {'device_id': '1f48936f-a7c8-44d8-acaa-875218c509b8', 'network_id': '7a6daca8-6964-4844-b480-b1b73813dbb0', 'admin_state_up': True, 'tenant_id': '6206bc4edcda49058d80a87ffe52d5b3'}} {{(pid=103397) prepare_request_body /opt/stack/neutron/neutron/api/v2/base.py:729}}
Feb 03 21:37:35.907905 n-d-824834-9 neutron-server[103398]: DEBUG neutron.pecan_wsgi.hooks.policy_enforcement [req-d347caae-a6cd-4f74-8ea7-253fb4d2dd8f req-fd5240e1-ae82-4077-b713-75e1002beb48 service neutron] Attributes excluded by policy engine: ['standard_attr_id'] {{(pid=103398) _exclude_attributes_by_policy /opt/stack/neutron/neutron/pecan_wsgi/hooks/policy_enforcement.py:255}}
Feb 03 21:37:35.910783 n-d-824834-9 neutron-server[103398]: INFO neutron.wsgi [req-d347caae-a6cd-4f74-8ea7-253fb4d2dd8f req-fd5240e1-ae82-4077-b713-75e1002beb48 service neutron] 10.222.0.10 "GET /v2.0/ports?device_id=7349d591-b2c7-41df-80f5-ffcc39d6ae95 HTTP/1.1" status: 200 len: 1152 time: 0.0893636
Feb 03 21:37:35.967866 n-d-824834-9 neutron-server[103398]: INFO neutron.wsgi [req-d347caae-a6cd-4f74-8ea7-253fb4d2dd8f req-ed140af2-f9f7-40e5-a07f-3c8c451d1338 service neutron] 10.222.0.10 "GET /v2.0/security-groups?id=b18deddc-359f-4f45-8b6c-fd8b0f8019c9&fields=id&fields=name HTTP/1.1" status: 200 len: 286 time: 0.0500369
Feb 03 21:37:35.988323 n-d-824834-9 neutron-server[103398]: DEBUG neutron.wsgi [-] (103398) accepted ('10.222.0.50', 44694) {{(pid=103398) server /usr/local/lib/python3.8/dist-packages/eventlet/wsgi.py:1004}}
Feb 03 21:37:36.005608 n-d-824834-9 neutron-server[103397]: DEBUG neutron.pecan_wsgi.hooks.policy_enforcement [req-900676f2-586a-4813-8a13-d2bda00249a6 req-9d259a95-da21-4d26-8fb1-b56a4d294a7e tempest-DeleteServersAdminTestJSON-316155047 tempest-DeleteServersAdminTestJSON-316155047-project] Attributes excluded by policy engine: ['standard_attr_id', 'binding:profile', 'binding:host_id', 'binding:vif_type', 'binding:vif_details'] {{(pid=103397) _exclude_attributes_by_policy /opt/stack/neutron/neutron/pecan_wsgi/hooks/policy_enforcement.py:255}}
Feb 03 21:37:36.012759 n-d-824834-9 neutron-server[103397]: INFO neutron.wsgi [req-900676f2-586a-4813-8a13-d2bda00249a6 req-9d259a95-da21-4d26-8fb1-b56a4d294a7e tempest-DeleteServersAdminTestJSON-316155047 tempest-DeleteServersAdminTestJSON-316155047-project] 10.222.0.50 "GET /v2.0/ports?device_id=7d4dc90f-232b-4c58-be2a-1b3786ad68b6 HTTP/1.1" status: 200 len: 949 time: 0.3175817
Feb 03 21:37:36.107922 n-d-824834-9 neutron-server[103397]: INFO neutron.wsgi [req-5aac758e-c33e-4693-8f7e-20dbf247bcec req-7655987e-6d93-4c1d-ae45-46fed67c94a0 tempest-ServersAdminTestJSON-323463846 tempest-ServersAdminTestJSON-323463846-project] 10.222.0.50 "GET /v2.0/ports?device_id=5ee986a9-271a-4897-8fdb-6172b6d7be50 HTTP/1.1" status: 200 len: 210 time: 0.0501549
Feb 03 21:37:36.109024 n-d-824834-9 neutron-server[103398]: DEBUG neutron_lib.callbacks.manager [None req-5ddd7513-77d9-4d3d-b329-8fec58c11f2b admin admin] Publish callbacks [] for security_group (None), before_create {{(pid=103398) _notify_loop /usr/local/lib/python3.8/dist-packages/neutron_lib/callbacks/manager.py:176}}
Feb 03 21:37:36.112320 n-d-824834-9 neutron-server[103397]: INFO neutron.wsgi [req-900676f2-586a-4813-8a13-d2bda00249a6 req-9836b620-1ac8-421b-9147-78fd2914ad70 tempest-DeleteServersAdminTestJSON-316155047 tempest-DeleteServersAdminTestJSON-316155047-project] 10.222.0.50 "GET /v2.0/security-groups?id=493cd76b-b2ad-4a22-bd74-070172aff978&fields=id&fields=name HTTP/1.1" status: 200 len: 286 time: 0.0986760
Feb 03 21:37:36.142235 n-d-824834-9 neutron-server[103397]: DEBUG neutron.pecan_wsgi.hooks.quota_enforcement [req-c4b109dd-8db9-4b56-b86d-b720da985ede req-c1f0f2f5-5c83-42f5-a25b-a4b30ed866d8 tempest-TenantUsagesTestJSON-1629292539 tempest-TenantUsagesTestJSON-1629292539-project] Made reservation on behalf of 6206bc4edcda49058d80a87ffe52d5b3 for: {'port': 1} {{(pid=103397) before /opt/stack/neutron/neutron/pecan_wsgi/hooks/quota_enforcement.py:53}}
Feb 03 21:37:36.145591 n-d-824834-9 neutron-server[103397]: DEBUG neutron_lib.callbacks.manager [req-c4b109dd-8db9-4b56-b86d-b720da985ede req-c1f0f2f5-5c83-42f5-a25b-a4b30ed866d8 tempest-TenantUsagesTestJSON-1629292539 tempest-TenantUsagesTestJSON-1629292539-project] Publish callbacks ['neutron.plugins.ml2.plugin.SecurityGroupDbMixin._ensure_default_security_group_handler-3515477'] for port (None), before_create {{(pid=103397) _notify_loop /usr/local/lib/python3.8/dist-packages/neutron_lib/callbacks/manager.py:176}}
Feb 03 21:37:36.155436 n-d-824834-9 neutron-server[103397]: DEBUG neutron_lib.callbacks.manager [req-c4b109dd-8db9-4b56-b86d-b720da985ede req-c1f0f2f5-5c83-42f5-a25b-a4b30ed866d8 tempest-TenantUsagesTestJSON-1629292539 tempest-TenantUsagesTestJSON-1629292539-project] Publish callbacks [] for security_group (None), before_create {{(pid=103397) _notify_loop /usr/local/lib/python3.8/dist-packages/neutron_lib/callbacks/manager.py:176}}
Feb 03 21:37:36.199471 n-d-824834-9 neutron-server[103398]: DEBUG neutron_lib.callbacks.manager [None req-5ddd7513-77d9-4d3d-b329-8fec58c11f2b admin admin] Publish callbacks [] for security_group (437c1819-680f-4415-b526-4fc373f02068), precommit_create {{(pid=103398) _notify_loop /usr/local/lib/python3.8/dist-packages/neutron_lib/callbacks/manager.py:176}}
Feb 03 21:37:36.204929 n-d-824834-9 neutron-server[103398]: DEBUG neutron_lib.callbacks.manager [None req-5ddd7513-77d9-4d3d-b329-8fec58c11f2b admin admin] Publish callbacks ['neutron.plugins.ml2.ovo_rpc._ObjectChangeHandler.handle_event-3700478'] for security_group (437c1819-680f-4415-b526-4fc373f02068), after_create {{(pid=103398) _notify_loop /usr/local/lib/python3.8/dist-packages/neutron_lib/callbacks/manager.py:176}}
Feb 03 21:37:36.242270 n-d-824834-9 neutron-server[103397]: DEBUG neutron_lib.callbacks.manager [req-c4b109dd-8db9-4b56-b86d-b720da985ede req-c1f0f2f5-5c83-42f5-a25b-a4b30ed866d8 tempest-TenantUsagesTestJSON-1629292539 tempest-TenantUsagesTestJSON-1629292539-project] Publish callbacks [] for security_group (69ee8732-10b8-41bf-a654-40568a035f12), precommit_create {{(pid=103397) _notify_loop /usr/local/lib/python3.8/dist-packages/neutron_lib/callbacks/manager.py:176}}
Feb 03 21:37:36.243265 n-d-824834-9 neutron-server[103398]: INFO neutron.wsgi [None req-5ddd7513-77d9-4d3d-b329-8fec58c11f2b admin admin] 10.222.0.50 "GET /v2.0/security-groups?tenant_id=a1c6f57cbac744089f305ba42ceb4237&name=default HTTP/1.1" status: 200 len: 2996 time: 0.2538416
Feb 03 21:37:36.245915 n-d-824834-9 neutron-server[103398]: DEBUG neutron.api.rpc.handlers.resources_rpc [None req-5ddd7513-77d9-4d3d-b329-8fec58c11f2b admin admin] Pushing event updated for resources: {'SecurityGroup': ['ID=437c1819-680f-4415-b526-4fc373f02068,revision_number=1']} {{(pid=103398) push /opt/stack/neutron/neutron/api/rpc/handlers/resources_rpc.py:237}}
Feb 03 21:37:36.246149 n-d-824834-9 neutron-server[103397]: DEBUG neutron.wsgi [-] (103397) accepted ('10.222.0.50', 44698) {{(pid=103397) server /usr/local/lib/python3.8/dist-packages/eventlet/wsgi.py:1004}}
Feb 03 21:37:36.255217 n-d-824834-9 neutron-server[103397]: DEBUG neutron_lib.callbacks.manager [req-c4b109dd-8db9-4b56-b86d-b720da985ede req-c1f0f2f5-5c83-42f5-a25b-a4b30ed866d8 tempest-TenantUsagesTestJSON-1629292539 tempest-TenantUsagesTestJSON-1629292539-project] Publish callbacks ['neutron.plugins.ml2.ovo_rpc._ObjectChangeHandler.handle_event-3700478'] for security_group (69ee8732-10b8-41bf-a654-40568a035f12), after_create {{(pid=103397) _notify_loop /usr/local/lib/python3.8/dist-packages/neutron_lib/callbacks/manager.py:176}}
Feb 03 21:37:36.361897 n-d-824834-9 neutron-server[103397]: DEBUG neutron.api.rpc.handlers.resources_rpc [None req-c1f0f2f5-5c83-42f5-a25b-a4b30ed866d8 tempest-TenantUsagesTestJSON-1629292539 tempest-TenantUsagesTestJSON-1629292539-project] Pushing event updated for resources: {'SecurityGroup': ['ID=69ee8732-10b8-41bf-a654-40568a035f12,revision_number=1']} {{(pid=103397) push /opt/stack/neutron/neutron/api/rpc/handlers/resources_rpc.py:237}}
Feb 03 21:37:36.433653 n-d-824834-9 neutron-server[103397]: INFO neutron.wsgi [req-f51bb978-09ce-41a9-a762-942d4b785b47 req-b0d06d4c-33c8-47e3-b4d6-4a8428b2f839 tempest-TenantUsagesTestJSON-1629292539 tempest-TenantUsagesTestJSON-1629292539-project] 10.222.0.50 "GET /v2.0/ports?device_id=1f48936f-a7c8-44d8-acaa-875218c509b8 HTTP/1.1" status: 200 len: 210 time: 0.0779712
Feb 03 21:37:36.440926 n-d-824834-9 neutron-server[103397]: DEBUG neutron_lib.callbacks.manager [None req-2812c125-3094-4515-abd8-e078a6895753 admin admin] Publish callbacks [] for security_group (437c1819-680f-4415-b526-4fc373f02068), before_delete {{(pid=103397) _notify_loop /usr/local/lib/python3.8/dist-packages/neutron_lib/callbacks/manager.py:176}}
Feb 03 21:37:36.498971 n-d-824834-9 neutron-server[103397]: DEBUG neutron_lib.callbacks.manager [None req-2812c125-3094-4515-abd8-e078a6895753 admin admin] Publish callbacks [] for security_group (437c1819-680f-4415-b526-4fc373f02068), precommit_delete {{(pid=103397) _notify_loop /usr/local/lib/python3.8/dist-packages/neutron_lib/callbacks/manager.py:176}}
Feb 03 21:37:36.532681 n-d-824834-9 neutron-server[103397]: DEBUG neutron.pecan_wsgi.hooks.policy_enforcement [req-a8526b4f-5104-4719-970b-88c3f0d72480 req-098610af-6816-49d4-a7ea-8b21d7a0077a tempest-LiveMigrationTest-5875364 tempest-LiveMigrationTest-5875364-project] Attributes excluded by policy engine: ['standard_attr_id', 'binding:profile', 'binding:host_id', 'binding:vif_type', 'binding:vif_details'] {{(pid=103397) _exclude_attributes_by_policy /opt/stack/neutron/neutron/pecan_wsgi/hooks/policy_enforcement.py:255}}
Feb 03 21:37:36.534317 n-d-824834-9 neutron-server[103397]: INFO neutron.wsgi [req-a8526b4f-5104-4719-970b-88c3f0d72480 req-098610af-6816-49d4-a7ea-8b21d7a0077a tempest-LiveMigrationTest-5875364 tempest-LiveMigrationTest-5875364-project] 10.222.0.50 "GET /v2.0/ports?device_id=fcecd9e5-0177-4a8f-8e53-5f2c46e3fb20 HTTP/1.1" status: 200 len: 931 time: 0.2171404
Feb 03 21:37:36.594284 n-d-824834-9 neutron-server[103397]: DEBUG neutron.db.db_base_plugin_common [req-c4b109dd-8db9-4b56-b86d-b720da985ede req-c1f0f2f5-5c83-42f5-a25b-a4b30ed866d8 tempest-TenantUsagesTestJSON-1629292539 tempest-TenantUsagesTestJSON-1629292539-project] Allocated IP 192.168.233.76 (7a6daca8-6964-4844-b480-b1b73813dbb0/5dc736d9-6ab3-4968-a97e-f04e1e019dd3/e2be349e-390e-4ebe-8ef8-1db754b76836) {{(pid=103397) _store_ip_allocation /opt/stack/neutron/neutron/db/db_base_plugin_common.py:131}}
Feb 03 21:37:36.679329 n-d-824834-9 neutron-server[103397]: DEBUG neutron.pecan_wsgi.hooks.policy_enforcement [req-c3d3c1a4-6d8e-44cf-a52d-3197865ba8f7 req-5155083a-23c9-4867-a3bc-aec347a96b89 tempest-AggregatesAdminTestJSON-2015603949 tempest-AggregatesAdminTestJSON-2015603949-project] Attributes excluded by policy engine: ['standard_attr_id', 'binding:profile', 'binding:host_id', 'binding:vif_type', 'binding:vif_details'] {{(pid=103397) _exclude_attributes_by_policy /opt/stack/neutron/neutron/pecan_wsgi/hooks/policy_enforcement.py:255}}
Feb 03 21:37:36.680862 n-d-824834-9 neutron-server[103397]: INFO neutron.wsgi [req-c3d3c1a4-6d8e-44cf-a52d-3197865ba8f7 req-5155083a-23c9-4867-a3bc-aec347a96b89 tempest-AggregatesAdminTestJSON-2015603949 tempest-AggregatesAdminTestJSON-2015603949-project] 10.222.0.50 "GET /v2.0/ports?device_id=7349d591-b2c7-41df-80f5-ffcc39d6ae95 HTTP/1.1" status: 200 len: 970 time: 0.1778681
Feb 03 21:37:36.689291 n-d-824834-9 neutron-server[103397]: DEBUG neutron_lib.callbacks.manager [None req-2812c125-3094-4515-abd8-e078a6895753 admin admin] Publish callbacks ['neutron.plugins.ml2.ovo_rpc._ObjectChangeHandler.handle_event-3700478'] for security_group (437c1819-680f-4415-b526-4fc373f02068), after_delete {{(pid=103397) _notify_loop /usr/local/lib/python3.8/dist-packages/neutron_lib/callbacks/manager.py:176}}
Feb 03 21:37:36.691863 n-d-824834-9 neutron-server[103397]: DEBUG neutron_lib.callbacks.manager [None req-2812c125-3094-4515-abd8-e078a6895753 admin admin] Publish callbacks [] for security_group (None), before_response {{(pid=103397) _notify_loop /usr/local/lib/python3.8/dist-packages/neutron_lib/callbacks/manager.py:176}}
Feb 03 21:37:36.692996 n-d-824834-9 neutron-server[103397]: INFO neutron.wsgi [None req-2812c125-3094-4515-abd8-e078a6895753 admin admin] 10.222.0.50 "DELETE /v2.0/security-groups/437c1819-680f-4415-b526-4fc373f02068 HTTP/1.1" status: 204 len: 168 time: 0.4455330
Feb 03 21:37:36.705358 n-d-824834-9 neutron-server[103397]: INFO neutron.wsgi [req-a8526b4f-5104-4719-970b-88c3f0d72480 req-70148ccf-435d-4915-a0d7-635dd45e4842 tempest-LiveMigrationTest-5875364 tempest-LiveMigrationTest-5875364-project] 10.222.0.50 "GET /v2.0/security-groups?id=afeb7855-17d0-47b3-aab2-3754b14d4ab5&fields=id&fields=name HTTP/1.1" status: 200 len: 286 time: 0.1563454
Feb 03 21:37:36.732746 n-d-824834-9 neutron-server[103397]: DEBUG neutron.api.rpc.handlers.resources_rpc [None req-2812c125-3094-4515-abd8-e078a6895753 admin admin] Pushing event deleted for resources: {'SecurityGroup': ['ID=437c1819-680f-4415-b526-4fc373f02068,revision_number=None']} {{(pid=103397) push /opt/stack/neutron/neutron/api/rpc/handlers/resources_rpc.py:237}}
Feb 03 21:37:36.832026 n-d-824834-9 neutron-server[103397]: INFO neutron.wsgi [req-c3d3c1a4-6d8e-44cf-a52d-3197865ba8f7 req-8059df1c-38d8-439f-bbb4-cb20526516c9 tempest-AggregatesAdminTestJSON-2015603949 tempest-AggregatesAdminTestJSON-2015603949-project] 10.222.0.50 "GET /v2.0/security-groups?id=b18deddc-359f-4f45-8b6c-fd8b0f8019c9&fields=id&fields=name HTTP/1.1" status: 200 len: 286 time: 0.1357183
Feb 03 21:37:36.881158 n-d-824834-9 neutron-server[103397]: DEBUG neutron_lib.callbacks.manager [req-c4b109dd-8db9-4b56-b86d-b720da985ede req-c1f0f2f5-5c83-42f5-a25b-a4b30ed866d8 tempest-TenantUsagesTestJSON-1629292539 tempest-TenantUsagesTestJSON-1629292539-project] Publish callbacks [] for port (e2be349e-390e-4ebe-8ef8-1db754b76836), precommit_create {{(pid=103397) _notify_loop /usr/local/lib/python3.8/dist-packages/neutron_lib/callbacks/manager.py:176}}
Feb 03 21:37:36.919060 n-d-824834-9 neutron-server[103397]: DEBUG neutron_lib.callbacks.manager [req-c4b109dd-8db9-4b56-b86d-b720da985ede req-c1f0f2f5-5c83-42f5-a25b-a4b30ed866d8 tempest-TenantUsagesTestJSON-1629292539 tempest-TenantUsagesTestJSON-1629292539-project] Publish callbacks ['neutron.plugins.ml2.plugin.SecurityGroupServerNotifierRpcMixin._notify_sg_on_port_change-3515538', 'neutron.plugins.ml2.ovo_rpc._ObjectChangeHandler.handle_event-4165038', 'neutron.api.rpc.agentnotifiers.dhcp_rpc_agent_api.DhcpAgentNotifyAPI._native_event_send_dhcp_notification-3730162', 'neutron.db.l3_dvrscheduler_db._notify_l3_agent_new_port-8789547339358', 'neutron.services.segments.plugin.NovaSegmentNotifier._notify_port_created_or_deleted-8704725'] for port (e2be349e-390e-4ebe-8ef8-1db754b76836), after_create {{(pid=103397) _notify_loop /usr/local/lib/python3.8/dist-packages/neutron_lib/callbacks/manager.py:176}}
Feb 03 21:37:36.966633 n-d-824834-9 neutron-server[103397]: DEBUG neutron.scheduler.dhcp_agent_scheduler [req-c4b109dd-8db9-4b56-b86d-b720da985ede req-c1f0f2f5-5c83-42f5-a25b-a4b30ed866d8 tempest-TenantUsagesTestJSON-1629292539 tempest-TenantUsagesTestJSON-1629292539-project] Network 7a6daca8-6964-4844-b480-b1b73813dbb0 is already hosted by enough agents. {{(pid=103397) _get_dhcp_agents_hosting_network /opt/stack/neutron/neutron/scheduler/dhcp_agent_scheduler.py:275}}
Feb 03 21:37:36.970935 n-d-824834-9 neutron-server[103397]: DEBUG neutron.scheduler.base_scheduler [req-c4b109dd-8db9-4b56-b86d-b720da985ede req-c1f0f2f5-5c83-42f5-a25b-a4b30ed866d8 tempest-TenantUsagesTestJSON-1629292539 tempest-TenantUsagesTestJSON-1629292539-project] Resources bound (agent type, host, resource id): {{(pid=103397) schedule /opt/stack/neutron/neutron/scheduler/base_scheduler.py:57}}
Feb 03 21:37:36.974923 n-d-824834-9 neutron-server[103397]: DEBUG neutron.db.l3_dvrscheduler_db [req-c4b109dd-8db9-4b56-b86d-b720da985ede req-c1f0f2f5-5c83-42f5-a25b-a4b30ed866d8 tempest-TenantUsagesTestJSON-1629292539 tempest-TenantUsagesTestJSON-1629292539-project] Received port after_create {{(pid=103397) _notify_l3_agent_new_port /opt/stack/neutron/neutron/db/l3_dvrscheduler_db.py:536}}
Feb 03 21:37:36.981520 n-d-824834-9 neutron-server[103397]: DEBUG neutron.api.rpc.handlers.resources_rpc [None req-c1f0f2f5-5c83-42f5-a25b-a4b30ed866d8 tempest-TenantUsagesTestJSON-1629292539 tempest-TenantUsagesTestJSON-1629292539-project] Pushing event updated for resources: {'Port': ['ID=e2be349e-390e-4ebe-8ef8-1db754b76836,revision_number=1']} {{(pid=103397) push /opt/stack/neutron/neutron/api/rpc/handlers/resources_rpc.py:237}}
Feb 03 21:37:37.015489 n-d-824834-9 neutron-server[103398]: DEBUG neutron.wsgi [-] (103398) accepted ('10.222.0.50', 44710) {{(pid=103398) server /usr/local/lib/python3.8/dist-packages/eventlet/wsgi.py:1004}}
Feb 03 21:37:37.029873 n-d-824834-9 neutron-server[103398]: DEBUG neutron_lib.callbacks.manager [None req-b807011f-96e2-42d1-8b50-b74a42d91fb5 admin admin] Publish callbacks [] for security_group (None), before_create {{(pid=103398) _notify_loop /usr/local/lib/python3.8/dist-packages/neutron_lib/callbacks/manager.py:176}}
Feb 03 21:37:37.045365 n-d-824834-9 neutron-server[103397]: DEBUG neutron.pecan_wsgi.hooks.policy_enforcement [req-c4b109dd-8db9-4b56-b86d-b720da985ede req-c1f0f2f5-5c83-42f5-a25b-a4b30ed866d8 tempest-TenantUsagesTestJSON-1629292539 tempest-TenantUsagesTestJSON-1629292539-project] Attributes excluded by policy engine: ['standard_attr_id', 'binding:profile', 'binding:host_id', 'binding:vif_type', 'binding:vif_details', 'network'] {{(pid=103397) _exclude_attributes_by_policy /opt/stack/neutron/neutron/pecan_wsgi/hooks/policy_enforcement.py:255}}
Feb 03 21:37:37.046034 n-d-824834-9 neutron-server[103397]: DEBUG neutron_lib.callbacks.manager [req-c4b109dd-8db9-4b56-b86d-b720da985ede req-c1f0f2f5-5c83-42f5-a25b-a4b30ed866d8 tempest-TenantUsagesTestJSON-1629292539 tempest-TenantUsagesTestJSON-1629292539-project] Publish callbacks ['neutron.notifiers.nova.Notifier._send_nova_notification-4118595', 'neutron.api.rpc.agentnotifiers.dhcp_rpc_agent_api.DhcpAgentNotifyAPI._send_dhcp_notification-3729920'] for port (None), before_response {{(pid=103397) _notify_loop /usr/local/lib/python3.8/dist-packages/neutron_lib/callbacks/manager.py:176}}
Feb 03 21:37:37.066260 n-d-824834-9 neutron-server[103397]: INFO neutron.wsgi [req-c4b109dd-8db9-4b56-b86d-b720da985ede req-c1f0f2f5-5c83-42f5-a25b-a4b30ed866d8 tempest-TenantUsagesTestJSON-1629292539 tempest-TenantUsagesTestJSON-1629292539-project] 10.222.0.10 "POST /v2.0/ports HTTP/1.1" status: 201 len: 937 time: 1.3219173
Feb 03 21:37:37.081770 n-d-824834-9 neutron-server[103397]: DEBUG neutron.api.v2.base [req-c4b109dd-8db9-4b56-b86d-b720da985ede req-b519ea7d-aaca-48e9-a697-38642c10b7df service neutron] Request body: {'port': {'device_id': '1f48936f-a7c8-44d8-acaa-875218c509b8', 'device_owner': 'compute:tempest-test_az-99085360', 'binding:host_id': 'n-h1-824834-9'}} {{(pid=103397) prepare_request_body /opt/stack/neutron/neutron/api/v2/base.py:729}}
Feb 03 21:37:37.126566 n-d-824834-9 neutron-server[103398]: DEBUG neutron_lib.callbacks.manager [None req-b807011f-96e2-42d1-8b50-b74a42d91fb5 admin admin] Publish callbacks [] for security_group (c4e57414-9f54-46f8-87f0-fb84578cfd2d), precommit_create {{(pid=103398) _notify_loop /usr/local/lib/python3.8/dist-packages/neutron_lib/callbacks/manager.py:176}}
Feb 03 21:37:37.134075 n-d-824834-9 neutron-server[103398]: DEBUG neutron_lib.callbacks.manager [None req-b807011f-96e2-42d1-8b50-b74a42d91fb5 admin admin] Publish callbacks ['neutron.plugins.ml2.ovo_rpc._ObjectChangeHandler.handle_event-3700478'] for security_group (c4e57414-9f54-46f8-87f0-fb84578cfd2d), after_create {{(pid=103398) _notify_loop /usr/local/lib/python3.8/dist-packages/neutron_lib/callbacks/manager.py:176}}
Feb 03 21:37:37.168161 n-d-824834-9 neutron-server[103397]: DEBUG neutron_lib.callbacks.manager [req-c4b109dd-8db9-4b56-b86d-b720da985ede req-b519ea7d-aaca-48e9-a697-38642c10b7df service neutron] Publish callbacks ['neutron.plugins.ml2.plugin.SecurityGroupDbMixin._ensure_default_security_group_handler-3515477'] for port (e2be349e-390e-4ebe-8ef8-1db754b76836), before_update {{(pid=103397) _notify_loop /usr/local/lib/python3.8/dist-packages/neutron_lib/callbacks/manager.py:176}}
Feb 03 21:37:37.221113 n-d-824834-9 neutron-server[103398]: INFO neutron.wsgi [None req-b807011f-96e2-42d1-8b50-b74a42d91fb5 admin admin] 10.222.0.50 "GET /v2.0/security-groups?tenant_id=05ba55f82bcf4bd6baca42fb857228cf&name=default HTTP/1.1" status: 200 len: 2996 time: 0.2015414
Feb 03 21:37:37.222012 n-d-824834-9 neutron-server[103398]: DEBUG neutron.wsgi [-] (103398) accepted ('10.222.0.50', 44716) {{(pid=103398) server /usr/local/lib/python3.8/dist-packages/eventlet/wsgi.py:1004}}
Feb 03 21:37:37.224632 n-d-824834-9 neutron-server[103398]: DEBUG neutron.api.rpc.handlers.resources_rpc [None req-b807011f-96e2-42d1-8b50-b74a42d91fb5 admin admin] Pushing event updated for resources: {'SecurityGroup': ['ID=c4e57414-9f54-46f8-87f0-fb84578cfd2d,revision_number=1']} {{(pid=103398) push /opt/stack/neutron/neutron/api/rpc/handlers/resources_rpc.py:237}}
Feb 03 21:37:37.263659 n-d-824834-9 neutron-server[103399]: DEBUG neutron.db.provisioning_blocks [None req-be5f4557-a4d5-444a-a866-9dff82688ea0 None None] Provisioning complete for port e2be349e-390e-4ebe-8ef8-1db754b76836 triggered by entity DHCP. {{(pid=103399) provisioning_complete /opt/stack/neutron/neutron/db/provisioning_blocks.py:139}}
Feb 03 21:37:37.264184 n-d-824834-9 neutron-server[103399]: DEBUG neutron_lib.callbacks.manager [None req-be5f4557-a4d5-444a-a866-9dff82688ea0 None None] Publish callbacks ['neutron.plugins.ml2.plugin.Ml2Plugin._port_provisioned-666197'] for port (e2be349e-390e-4ebe-8ef8-1db754b76836), provisioning_complete {{(pid=103399) _notify_loop /usr/local/lib/python3.8/dist-packages/neutron_lib/callbacks/manager.py:176}}
Feb 03 21:37:37.304727 n-d-824834-9 neutron-server[103399]: DEBUG neutron.plugins.ml2.plugin [None req-be5f4557-a4d5-444a-a866-9dff82688ea0 None None] Port e2be349e-390e-4ebe-8ef8-1db754b76836 cannot update to ACTIVE because it is not bound. {{(pid=103399) _port_provisioned /opt/stack/neutron/neutron/plugins/ml2/plugin.py:343}}
Feb 03 21:37:37.314085 n-d-824834-9 neutron-server[103397]: INFO neutron.wsgi [req-5aa22528-470d-47ef-ba44-aecd289be3ad req-c76dce71-a0a6-4f66-9a78-6f6ff7955bb6 tempest-ServersAdminTestJSON-323463846 tempest-ServersAdminTestJSON-323463846-project] 10.222.0.50 "GET /v2.0/ports?device_id=5ee986a9-271a-4897-8fdb-6172b6d7be50 HTTP/1.1" status: 200 len: 210 time: 0.0810983
Feb 03 21:37:37.318953 n-d-824834-9 neutron-server[103398]: DEBUG neutron_lib.callbacks.manager [None req-2e79323e-cba1-4164-bb92-adc519c1f2fd admin admin] Publish callbacks [] for security_group (c4e57414-9f54-46f8-87f0-fb84578cfd2d), before_delete {{(pid=103398) _notify_loop /usr/local/lib/python3.8/dist-packages/neutron_lib/callbacks/manager.py:176}}
Feb 03 21:37:37.350604 n-d-824834-9 neutron-server[103398]: DEBUG neutron_lib.callbacks.manager [None req-2e79323e-cba1-4164-bb92-adc519c1f2fd admin admin] Publish callbacks [] for security_group (c4e57414-9f54-46f8-87f0-fb84578cfd2d), precommit_delete {{(pid=103398) _notify_loop /usr/local/lib/python3.8/dist-packages/neutron_lib/callbacks/manager.py:176}}
Feb 03 21:37:37.410309 n-d-824834-9 neutron-server[103398]: DEBUG neutron_lib.callbacks.manager [None req-2e79323e-cba1-4164-bb92-adc519c1f2fd admin admin] Publish callbacks ['neutron.plugins.ml2.ovo_rpc._ObjectChangeHandler.handle_event-3700478'] for security_group (c4e57414-9f54-46f8-87f0-fb84578cfd2d), after_delete {{(pid=103398) _notify_loop /usr/local/lib/python3.8/dist-packages/neutron_lib/callbacks/manager.py:176}}
Feb 03 21:37:37.414444 n-d-824834-9 neutron-server[103398]: DEBUG neutron_lib.callbacks.manager [None req-2e79323e-cba1-4164-bb92-adc519c1f2fd admin admin] Publish callbacks [] for security_group (None), before_response {{(pid=103398) _notify_loop /usr/local/lib/python3.8/dist-packages/neutron_lib/callbacks/manager.py:176}}
Feb 03 21:37:37.418155 n-d-824834-9 neutron-server[103398]: INFO neutron.wsgi [None req-2e79323e-cba1-4164-bb92-adc519c1f2fd admin admin] 10.222.0.50 "DELETE /v2.0/security-groups/c4e57414-9f54-46f8-87f0-fb84578cfd2d HTTP/1.1" status: 204 len: 168 time: 0.1925547
Feb 03 21:37:37.428027 n-d-824834-9 neutron-server[103398]: DEBUG neutron.api.rpc.handlers.resources_rpc [None req-2e79323e-cba1-4164-bb92-adc519c1f2fd admin admin] Pushing event deleted for resources: {'SecurityGroup': ['ID=c4e57414-9f54-46f8-87f0-fb84578cfd2d,revision_number=None']} {{(pid=103398) push /opt/stack/neutron/neutron/api/rpc/handlers/resources_rpc.py:237}}
Feb 03 21:37:37.454736 n-d-824834-9 neutron-server[103397]: DEBUG neutron.pecan_wsgi.hooks.policy_enforcement [req-8c1b9c62-d07d-416e-8948-dcb5e42538dd req-461892d1-fcfa-430a-a613-6767cbb76aaa tempest-DeleteServersAdminTestJSON-316155047 tempest-DeleteServersAdminTestJSON-316155047-project] Attributes excluded by policy engine: ['standard_attr_id', 'binding:profile', 'binding:host_id', 'binding:vif_type', 'binding:vif_details'] {{(pid=103397) _exclude_attributes_by_policy /opt/stack/neutron/neutron/pecan_wsgi/hooks/policy_enforcement.py:255}}
Feb 03 21:37:37.457953 n-d-824834-9 neutron-server[103397]: INFO neutron.wsgi [req-8c1b9c62-d07d-416e-8948-dcb5e42538dd req-461892d1-fcfa-430a-a613-6767cbb76aaa tempest-DeleteServersAdminTestJSON-316155047 tempest-DeleteServersAdminTestJSON-316155047-project] 10.222.0.50 "GET /v2.0/ports?device_id=7d4dc90f-232b-4c58-be2a-1b3786ad68b6 HTTP/1.1" status: 200 len: 949 time: 0.2061076
Feb 03 21:37:37.603977 n-d-824834-9 neutron-server[103397]: INFO neutron.wsgi [req-8c1b9c62-d07d-416e-8948-dcb5e42538dd req-cee6e98f-9f7a-4421-b41f-d3c6ca0a3e9c tempest-DeleteServersAdminTestJSON-316155047 tempest-DeleteServersAdminTestJSON-316155047-project] 10.222.0.50 "GET /v2.0/security-groups?id=493cd76b-b2ad-4a22-bd74-070172aff978&fields=id&fields=name HTTP/1.1" status: 200 len: 286 time: 0.1276174
Feb 03 21:37:37.649095 n-d-824834-9 neutron-server[103397]: DEBUG neutron.pecan_wsgi.hooks.policy_enforcement [req-0221ae47-1a46-4f84-bd86-da448b47c349 req-31b03ca1-2506-46bc-9f46-1eb687467efd tempest-TenantUsagesTestJSON-1629292539 tempest-TenantUsagesTestJSON-1629292539-project] Attributes excluded by policy engine: ['standard_attr_id', 'binding:profile', 'binding:host_id', 'binding:vif_type', 'binding:vif_details'] {{(pid=103397) _exclude_attributes_by_policy /opt/stack/neutron/neutron/pecan_wsgi/hooks/policy_enforcement.py:255}}
Feb 03 21:37:37.651076 n-d-824834-9 neutron-server[103397]: INFO neutron.wsgi [req-0221ae47-1a46-4f84-bd86-da448b47c349 req-31b03ca1-2506-46bc-9f46-1eb687467efd tempest-TenantUsagesTestJSON-1629292539 tempest-TenantUsagesTestJSON-1629292539-project] 10.222.0.50 "GET /v2.0/ports?device_id=1f48936f-a7c8-44d8-acaa-875218c509b8 HTTP/1.1" status: 200 len: 935 time: 0.1197460
Feb 03 21:37:37.740860 n-d-824834-9 neutron-server[103397]: DEBUG neutron.notifiers.nova [req-c4b109dd-8db9-4b56-b86d-b720da985ede req-b519ea7d-aaca-48e9-a697-38642c10b7df service neutron] Ignoring state change previous_port_status: DOWN current_port_status: DOWN port_id e2be349e-390e-4ebe-8ef8-1db754b76836 {{(pid=103397) record_port_status_changed /opt/stack/neutron/neutron/notifiers/nova.py:228}}
Feb 03 21:37:37.757526 n-d-824834-9 neutron-server[103397]: DEBUG neutron_lib.callbacks.manager [req-c4b109dd-8db9-4b56-b86d-b720da985ede req-b519ea7d-aaca-48e9-a697-38642c10b7df service neutron] Publish callbacks [] for port (e2be349e-390e-4ebe-8ef8-1db754b76836), precommit_update {{(pid=103397) _notify_loop /usr/local/lib/python3.8/dist-packages/neutron_lib/callbacks/manager.py:176}}
Feb 03 21:37:37.771999 n-d-824834-9 neutron-server[103397]: INFO neutron.wsgi [req-0221ae47-1a46-4f84-bd86-da448b47c349 req-c874f391-9776-464a-92c8-b41cf6751570 tempest-TenantUsagesTestJSON-1629292539 tempest-TenantUsagesTestJSON-1629292539-project] 10.222.0.50 "GET /v2.0/security-groups?id=69ee8732-10b8-41bf-a654-40568a035f12&fields=id&fields=name HTTP/1.1" status: 200 len: 286 time: 0.0936697
Feb 03 21:37:37.778232 n-d-824834-9 neutron-server[103397]: DEBUG neutron.db.provisioning_blocks [req-c4b109dd-8db9-4b56-b86d-b720da985ede req-b519ea7d-aaca-48e9-a697-38642c10b7df service neutron] Transition to ACTIVE for port object e2be349e-390e-4ebe-8ef8-1db754b76836 will not be triggered until provisioned by entity L2. {{(pid=103397) add_provisioning_component /opt/stack/neutron/neutron/db/provisioning_blocks.py:73}}
Feb 03 21:37:37.799915 n-d-824834-9 neutron-server[103397]: DEBUG neutron_lib.callbacks.manager [req-c4b109dd-8db9-4b56-b86d-b720da985ede req-b519ea7d-aaca-48e9-a697-38642c10b7df service neutron] Publish callbacks ['neutron.plugins.ml2.plugin.SecurityGroupServerNotifierRpcMixin._notify_sg_on_port_change-3515538', 'neutron.plugins.ml2.ovo_rpc._ObjectChangeHandler.handle_event-4165038', 'neutron.api.rpc.agentnotifiers.dhcp_rpc_agent_api.DhcpAgentNotifyAPI._native_event_send_dhcp_notification-3730162', 'neutron.db.l3_db.L3RpcNotifierMixin._notify_gateway_port_ip_changed-8789547752439', 'neutron.db.l3_dvrscheduler_db._notify_l3_agent_port_update-8789547339376', 'neutron.db.l3_hascheduler_db._notify_l3_agent_ha_port_update-8789547339394', 'neutron.services.segments.plugin.NovaSegmentNotifier._notify_port_updated-8704706'] for port (e2be349e-390e-4ebe-8ef8-1db754b76836), after_update {{(pid=103397) _notify_loop /usr/local/lib/python3.8/dist-packages/neutron_lib/callbacks/manager.py:176}}
Feb 03 21:37:37.920131 n-d-824834-9 neutron-server[103397]: DEBUG neutron.api.rpc.handlers.resources_rpc [None req-b519ea7d-aaca-48e9-a697-38642c10b7df service neutron] Pushing event updated for resources: {'Port': ['ID=e2be349e-390e-4ebe-8ef8-1db754b76836,revision_number=2']} {{(pid=103397) push /opt/stack/neutron/neutron/api/rpc/handlers/resources_rpc.py:237}}
Feb 03 21:37:38.038157 n-d-824834-9 neutron-server[103397]: DEBUG neutron.pecan_wsgi.hooks.policy_enforcement [req-2370c413-b0a4-4da8-b6e5-dae19900653c req-82a555d0-f2b1-4789-8322-ad47a9601e93 tempest-LiveMigrationTest-5875364 tempest-LiveMigrationTest-5875364-project] Attributes excluded by policy engine: ['standard_attr_id', 'binding:profile', 'binding:host_id', 'binding:vif_type', 'binding:vif_details'] {{(pid=103397) _exclude_attributes_by_policy /opt/stack/neutron/neutron/pecan_wsgi/hooks/policy_enforcement.py:255}}
Feb 03 21:37:38.045518 n-d-824834-9 neutron-server[103397]: INFO neutron.wsgi [req-2370c413-b0a4-4da8-b6e5-dae19900653c req-82a555d0-f2b1-4789-8322-ad47a9601e93 tempest-LiveMigrationTest-5875364 tempest-LiveMigrationTest-5875364-project] 10.222.0.50 "GET /v2.0/ports?device_id=fcecd9e5-0177-4a8f-8e53-5f2c46e3fb20 HTTP/1.1" status: 200 len: 931 time: 0.1478145
Feb 03 21:37:38.077750 n-d-824834-9 neutron-server[103397]: DEBUG neutron.plugins.ml2.managers [req-c4b109dd-8db9-4b56-b86d-b720da985ede req-b519ea7d-aaca-48e9-a697-38642c10b7df service neutron] Attempting to bind port e2be349e-390e-4ebe-8ef8-1db754b76836 on host n-h1-824834-9 for vnic_type normal with profile {{(pid=103397) bind_port /opt/stack/neutron/neutron/plugins/ml2/managers.py:795}}
Feb 03 21:37:38.078081 n-d-824834-9 neutron-server[103397]: DEBUG neutron.plugins.ml2.managers [req-c4b109dd-8db9-4b56-b86d-b720da985ede req-b519ea7d-aaca-48e9-a697-38642c10b7df service neutron] Attempting to bind port e2be349e-390e-4ebe-8ef8-1db754b76836 by drivers openvswitch,hyperv on host n-h1-824834-9 at level 0 using segments [{'id': 'ce2b378b-05e7-4c12-be8b-c4bee8299c75', 'network_type': 'vlan', 'physical_network': 'physnet1', 'segmentation_id': 320, 'network_id': '7a6daca8-6964-4844-b480-b1b73813dbb0'}] {{(pid=103397) _bind_port_level /opt/stack/neutron/neutron/plugins/ml2/managers.py:820}}
Feb 03 21:37:38.078483 n-d-824834-9 neutron-server[103397]: DEBUG neutron.plugins.ml2.drivers.mech_agent [req-c4b109dd-8db9-4b56-b86d-b720da985ede req-b519ea7d-aaca-48e9-a697-38642c10b7df service neutron] Attempting to bind port e2be349e-390e-4ebe-8ef8-1db754b76836 on network 7a6daca8-6964-4844-b480-b1b73813dbb0 {{(pid=103397) bind_port /opt/stack/neutron/neutron/plugins/ml2/drivers/mech_agent.py:91}}
Feb 03 21:37:38.087999 n-d-824834-9 neutron-server[103397]: DEBUG neutron.plugins.ml2.drivers.mech_agent [req-c4b109dd-8db9-4b56-b86d-b720da985ede req-b519ea7d-aaca-48e9-a697-38642c10b7df service neutron] Port e2be349e-390e-4ebe-8ef8-1db754b76836 on network 7a6daca8-6964-4844-b480-b1b73813dbb0 not bound, no agent of type Open vSwitch agent registered on host n-h1-824834-9 {{(pid=103397) bind_port /opt/stack/neutron/neutron/plugins/ml2/drivers/mech_agent.py:103}}
Feb 03 21:37:38.088322 n-d-824834-9 neutron-server[103397]: DEBUG neutron.plugins.ml2.drivers.mech_agent [req-c4b109dd-8db9-4b56-b86d-b720da985ede req-b519ea7d-aaca-48e9-a697-38642c10b7df service neutron] Attempting to bind port e2be349e-390e-4ebe-8ef8-1db754b76836 on network 7a6daca8-6964-4844-b480-b1b73813dbb0 {{(pid=103397) bind_port /opt/stack/neutron/neutron/plugins/ml2/drivers/mech_agent.py:91}}
Feb 03 21:37:38.099871 n-d-824834-9 neutron-server[103397]: DEBUG neutron.plugins.ml2.drivers.mech_agent [req-c4b109dd-8db9-4b56-b86d-b720da985ede req-b519ea7d-aaca-48e9-a697-38642c10b7df service neutron] Checking agent: {'id': 'f03b531c-c7f7-48de-b023-8b5aa89d609f', 'agent_type': 'HyperV agent', 'binary': 'neutron-hyperv-agent', 'topic': 'N/A', 'host': 'n-h1-824834-9', 'admin_state_up': True, 'created_at': datetime.datetime(2022, 2, 3, 21, 34, 54), 'started_at': datetime.datetime(2022, 2, 3, 21, 34, 54), 'heartbeat_timestamp': datetime.datetime(2022, 2, 3, 21, 37, 24), 'description': None, 'resources_synced': None, 'availability_zone': None, 'alive': True, 'configurations': {'vswitch_mappings': {'physnet1$': 'br-data'}}, 'resource_versions': {}} {{(pid=103397) bind_port /opt/stack/neutron/neutron/plugins/ml2/drivers/mech_agent.py:110}}
Feb 03 21:37:38.100221 n-d-824834-9 neutron-server[103397]: DEBUG neutron.plugins.ml2.drivers.mech_agent [req-c4b109dd-8db9-4b56-b86d-b720da985ede req-b519ea7d-aaca-48e9-a697-38642c10b7df service neutron] Checking segment: {'id': 'ce2b378b-05e7-4c12-be8b-c4bee8299c75', 'network_type': 'vlan', 'physical_network': 'physnet1', 'segmentation_id': 320, 'network_id': '7a6daca8-6964-4844-b480-b1b73813dbb0'} for mappings: {'physnet1$': 'br-data'} with network types: ['local', 'flat', 'vlan'] {{(pid=103397) check_segment_for_agent /opt/stack/neutron/neutron/plugins/ml2/drivers/mech_agent.py:373}}
Feb 03 21:37:38.100616 n-d-824834-9 neutron-server[103397]: DEBUG neutron.plugins.ml2.drivers.mech_agent [req-c4b109dd-8db9-4b56-b86d-b720da985ede req-b519ea7d-aaca-48e9-a697-38642c10b7df service neutron] Bound using segment: {'id': 'ce2b378b-05e7-4c12-be8b-c4bee8299c75', 'network_type': 'vlan', 'physical_network': 'physnet1', 'segmentation_id': 320, 'network_id': '7a6daca8-6964-4844-b480-b1b73813dbb0'} {{(pid=103397) bind_port /opt/stack/neutron/neutron/plugins/ml2/drivers/mech_agent.py:120}}
Feb 03 21:37:38.101085 n-d-824834-9 neutron-server[103397]: DEBUG neutron.plugins.ml2.managers [req-c4b109dd-8db9-4b56-b86d-b720da985ede req-b519ea7d-aaca-48e9-a697-38642c10b7df service neutron] Bound port: e2be349e-390e-4ebe-8ef8-1db754b76836, host: n-h1-824834-9, vif_type: hyperv, vif_details: {"connectivity": "legacy", "port_filter": false}, binding_levels: [{'bound_driver': 'hyperv', 'bound_segment': {'id': 'ce2b378b-05e7-4c12-be8b-c4bee8299c75', 'network_type': 'vlan', 'physical_network': 'physnet1', 'segmentation_id': 320, 'network_id': '7a6daca8-6964-4844-b480-b1b73813dbb0'}}] {{(pid=103397) _bind_port_level /opt/stack/neutron/neutron/plugins/ml2/managers.py:932}}
Feb 03 21:37:38.101475 n-d-824834-9 neutron-server[103397]: DEBUG neutron_lib.callbacks.manager [req-c4b109dd-8db9-4b56-b86d-b720da985ede req-b519ea7d-aaca-48e9-a697-38642c10b7df service neutron] Publish callbacks ['neutron.plugins.ml2.plugin.SecurityGroupDbMixin._ensure_default_security_group_handler-3515477'] for port (e2be349e-390e-4ebe-8ef8-1db754b76836), before_update {{(pid=103397) _notify_loop /usr/local/lib/python3.8/dist-packages/neutron_lib/callbacks/manager.py:176}}
Feb 03 21:37:38.142473 n-d-824834-9 neutron-server[103397]: INFO neutron.wsgi [req-2370c413-b0a4-4da8-b6e5-dae19900653c req-f5371c6f-ff7f-4eaa-a8d1-eeba987657ed tempest-LiveMigrationTest-5875364 tempest-LiveMigrationTest-5875364-project] 10.222.0.50 "GET /v2.0/security-groups?id=afeb7855-17d0-47b3-aab2-3754b14d4ab5&fields=id&fields=name HTTP/1.1" status: 200 len: 286 time: 0.0906022
Feb 03 21:37:38.221972 n-d-824834-9 neutron-server[103397]: DEBUG neutron.plugins.ml2.db [req-c4b109dd-8db9-4b56-b86d-b720da985ede req-b519ea7d-aaca-48e9-a697-38642c10b7df service neutron] For port e2be349e-390e-4ebe-8ef8-1db754b76836, host n-h1-824834-9, cleared binding levels {{(pid=103397) clear_binding_levels /opt/stack/neutron/neutron/plugins/ml2/db.py:87}}
Feb 03 21:37:38.233900 n-d-824834-9 neutron-server[103397]: DEBUG neutron.plugins.ml2.db [req-c4b109dd-8db9-4b56-b86d-b720da985ede req-b519ea7d-aaca-48e9-a697-38642c10b7df service neutron] For port e2be349e-390e-4ebe-8ef8-1db754b76836, host n-h1-824834-9, set binding levels [PortBindingLevel(driver='hyperv',host='n-h1-824834-9',level=0,port_id=e2be349e-390e-4ebe-8ef8-1db754b76836,segment=NetworkSegment(ce2b378b-05e7-4c12-be8b-c4bee8299c75),segment_id=ce2b378b-05e7-4c12-be8b-c4bee8299c75)] {{(pid=103397) set_binding_levels /opt/stack/neutron/neutron/plugins/ml2/db.py:59}}
Feb 03 21:37:38.283156 n-d-824834-9 neutron-server[103397]: DEBUG neutron_lib.callbacks.manager [req-c4b109dd-8db9-4b56-b86d-b720da985ede req-b519ea7d-aaca-48e9-a697-38642c10b7df service neutron] Publish callbacks ['neutron.plugins.ml2.plugin.SecurityGroupServerNotifierRpcMixin._notify_sg_on_port_change-3515538', 'neutron.plugins.ml2.ovo_rpc._ObjectChangeHandler.handle_event-4165038', 'neutron.api.rpc.agentnotifiers.dhcp_rpc_agent_api.DhcpAgentNotifyAPI._native_event_send_dhcp_notification-3730162', 'neutron.db.l3_db.L3RpcNotifierMixin._notify_gateway_port_ip_changed-8789547752439', 'neutron.db.l3_dvrscheduler_db._notify_l3_agent_port_update-8789547339376', 'neutron.db.l3_hascheduler_db._notify_l3_agent_ha_port_update-8789547339394', 'neutron.services.segments.plugin.NovaSegmentNotifier._notify_port_updated-8704706'] for port (e2be349e-390e-4ebe-8ef8-1db754b76836), after_update {{(pid=103397) _notify_loop /usr/local/lib/python3.8/dist-packages/neutron_lib/callbacks/manager.py:176}}
Feb 03 21:37:38.355983 n-d-824834-9 neutron-server[103397]: DEBUG neutron.pecan_wsgi.hooks.policy_enforcement [req-c4b109dd-8db9-4b56-b86d-b720da985ede req-b519ea7d-aaca-48e9-a697-38642c10b7df service neutron] Attributes excluded by policy engine: ['standard_attr_id'] {{(pid=103397) _exclude_attributes_by_policy /opt/stack/neutron/neutron/pecan_wsgi/hooks/policy_enforcement.py:255}}
Feb 03 21:37:38.356976 n-d-824834-9 neutron-server[103397]: DEBUG neutron_lib.callbacks.manager [req-c4b109dd-8db9-4b56-b86d-b720da985ede req-b519ea7d-aaca-48e9-a697-38642c10b7df service neutron] Publish callbacks ['neutron.notifiers.nova.Notifier._send_nova_notification-4118595', 'neutron.api.rpc.agentnotifiers.dhcp_rpc_agent_api.DhcpAgentNotifyAPI._send_dhcp_notification-3729920'] for port (None), before_response {{(pid=103397) _notify_loop /usr/local/lib/python3.8/dist-packages/neutron_lib/callbacks/manager.py:176}}
Feb 03 21:37:38.358604 n-d-824834-9 neutron-server[103397]: INFO neutron.wsgi [req-c4b109dd-8db9-4b56-b86d-b720da985ede req-b519ea7d-aaca-48e9-a697-38642c10b7df service neutron] 10.222.0.10 "PUT /v2.0/ports/e2be349e-390e-4ebe-8ef8-1db754b76836 HTTP/1.1" status: 200 len: 1115 time: 1.2814996
Feb 03 21:37:38.383113 n-d-824834-9 neutron-server[103397]: DEBUG neutron.notifiers.nova [-] Sending events: [{'name': 'network-changed', 'server_uuid': '1f48936f-a7c8-44d8-acaa-875218c509b8', 'tag': 'e2be349e-390e-4ebe-8ef8-1db754b76836'}] {{(pid=103397) send_events /opt/stack/neutron/neutron/notifiers/nova.py:266}}
Feb 03 21:37:38.386058 n-d-824834-9 neutron-server[103397]: DEBUG novaclient.v2.client [-] REQ: curl -g -i --cacert "/opt/stack/data/ca-bundle.pem" -X POST http://10.222.0.50/compute/v2.1/os-server-external-events -H "Accept: application/json" -H "Content-Type: application/json" -H "User-Agent: python-novaclient" -H "X-Auth-Token: {SHA256}ae9df05ef55f4c6408d9afdc8a9b6e4e019f28c9ab01e86301cf28d7e5f8c099" -H "X-OpenStack-Nova-API-Version: 2.1" -H "X-OpenStack-Request-ID: req-668d0663-38d9-4500-a2ba-ef251bf35c05" -d '{"events": [{"name": "network-changed", "server_uuid": "1f48936f-a7c8-44d8-acaa-875218c509b8", "tag": "e2be349e-390e-4ebe-8ef8-1db754b76836"}]}' {{(pid=103397) _http_log_request /usr/local/lib/python3.8/dist-packages/keystoneauth1/session.py:519}}
Feb 03 21:37:38.466386 n-d-824834-9 neutron-server[103397]: DEBUG neutron.api.rpc.handlers.resources_rpc [None req-b519ea7d-aaca-48e9-a697-38642c10b7df service neutron] Pushing event updated for resources: {'Port': ['ID=e2be349e-390e-4ebe-8ef8-1db754b76836,revision_number=3']} {{(pid=103397) push /opt/stack/neutron/neutron/api/rpc/handlers/resources_rpc.py:237}}
Feb 03 21:37:38.491242 n-d-824834-9 neutron-server[103397]: DEBUG neutron.pecan_wsgi.hooks.policy_enforcement [req-d1894c8d-8bc1-4c14-8bec-beae885c3b40 req-b53d9341-2d1f-45c2-812c-ea214ef39977 tempest-AggregatesAdminTestJSON-2015603949 tempest-AggregatesAdminTestJSON-2015603949-project] Attributes excluded by policy engine: ['standard_attr_id', 'binding:profile', 'binding:host_id', 'binding:vif_type', 'binding:vif_details'] {{(pid=103397) _exclude_attributes_by_policy /opt/stack/neutron/neutron/pecan_wsgi/hooks/policy_enforcement.py:255}}
Feb 03 21:37:38.492866 n-d-824834-9 neutron-server[103397]: INFO neutron.wsgi [req-d1894c8d-8bc1-4c14-8bec-beae885c3b40 req-b53d9341-2d1f-45c2-812c-ea214ef39977 tempest-AggregatesAdminTestJSON-2015603949 tempest-AggregatesAdminTestJSON-2015603949-project] 10.222.0.50 "GET /v2.0/ports?device_id=7349d591-b2c7-41df-80f5-ffcc39d6ae95 HTTP/1.1" status: 200 len: 970 time: 0.2561936
Feb 03 21:37:38.537205 n-d-824834-9 neutron-server[103397]: DEBUG neutron.pecan_wsgi.hooks.policy_enforcement [req-c4b109dd-8db9-4b56-b86d-b720da985ede req-63038386-7a12-46f5-a82c-e49db6c7a4a8 service neutron] Attributes excluded by policy engine: ['standard_attr_id'] {{(pid=103397) _exclude_attributes_by_policy /opt/stack/neutron/neutron/pecan_wsgi/hooks/policy_enforcement.py:255}}
Feb 03 21:37:38.538709 n-d-824834-9 neutron-server[103397]: INFO neutron.wsgi [req-c4b109dd-8db9-4b56-b86d-b720da985ede req-63038386-7a12-46f5-a82c-e49db6c7a4a8 service neutron] 10.222.0.10 "GET /v2.0/ports?tenant_id=6206bc4edcda49058d80a87ffe52d5b3&device_id=1f48936f-a7c8-44d8-acaa-875218c509b8 HTTP/1.1" status: 200 len: 1149 time: 0.1269674
