Feb 03 21:38:17.835944 n-d-824834-9 neutron-server[103398]: DEBUG neutron.api.rpc.handlers.resources_rpc [None req-b6bf0480-ee04-4c66-befd-6d4bb9b64457 service neutron] Pushing event updated for resources: {'Port': ['ID=6d75b45d-9eb6-4f67-9fd9-91ecf0cd03ed,revision_number=3']} {{(pid=103398) push /opt/stack/neutron/neutron/api/rpc/handlers/resources_rpc.py:237}}
Feb 03 21:38:17.918605 n-d-824834-9 neutron-server[103399]: DEBUG neutron.db.l3_dvr_db [None req-f6c6e936-f7c5-470b-9806-5e2f51ec0ee7 None None] Set router c63d54f2-9ced-4af0-b9c5-e462d5902bde gateway port host: n-d-824834-9 {{(pid=103399) _build_routers_list /opt/stack/neutron/neutron/db/l3_dvr_db.py:906}}
Feb 03 21:38:18.031909 n-d-824834-9 neutron-server[103398]: DEBUG neutron.db.db_base_plugin_common [None req-b11884c7-c3fe-4856-bc14-590447bfac4c admin admin] Allocated IP 172.20.0.1 (f0ab2c3f-a364-4562-8c1d-c5c91605d4fc/540ce20c-4e57-4ac1-8783-6f3e1e7538ad/f14a9c6c-a533-44f7-b14a-a1bd6c791c24) {{(pid=103398) _store_ip_allocation /opt/stack/neutron/neutron/db/db_base_plugin_common.py:131}}
Feb 03 21:38:18.034588 n-d-824834-9 neutron-server[103397]: INFO neutron.wsgi [req-c21df892-c602-4c39-a6c7-f844ad33c874 req-f6a56f70-b928-4785-9066-39829ed0b2e5 tempest-LiveMigrationTest-5875364 tempest-LiveMigrationTest-5875364-project] 10.222.0.50 "GET /v2.0/security-groups?id=afeb7855-17d0-47b3-aab2-3754b14d4ab5&fields=id&fields=name HTTP/1.1" status: 200 len: 286 time: 0.5779371
Feb 03 21:38:18.062431 n-d-824834-9 neutron-server[103398]: DEBUG neutron.pecan_wsgi.hooks.policy_enforcement [req-80fc4fc6-888d-497b-a55d-4c44867f3d08 req-33b7be12-58ae-471d-bf35-6092c6eced5b service neutron] Attributes excluded by policy engine: ['standard_attr_id', 'vlan_transparent'] {{(pid=103398) _exclude_attributes_by_policy /opt/stack/neutron/neutron/pecan_wsgi/hooks/policy_enforcement.py:255}}
Feb 03 21:38:18.067146 n-d-824834-9 neutron-server[103398]: INFO neutron.wsgi [req-80fc4fc6-888d-497b-a55d-4c44867f3d08 req-33b7be12-58ae-471d-bf35-6092c6eced5b service neutron] 10.222.0.47 "GET /v2.0/networks?id=5509033c-b538-4663-b03d-3fd1625d3952 HTTP/1.1" status: 200 len: 908 time: 0.4852231
Feb 03 21:38:18.073902 n-d-824834-9 neutron-server[103398]: DEBUG neutron.pecan_wsgi.hooks.policy_enforcement [req-0fb50b5b-0eee-4919-97de-bf74c13a8032 req-dc677dc7-85b2-4d01-bf6f-d20ea51be5dc service neutron] Attributes excluded by policy engine: ['standard_attr_id'] {{(pid=103398) _exclude_attributes_by_policy /opt/stack/neutron/neutron/pecan_wsgi/hooks/policy_enforcement.py:255}}
Feb 03 21:38:18.075716 n-d-824834-9 neutron-server[103398]: INFO neutron.wsgi [req-0fb50b5b-0eee-4919-97de-bf74c13a8032 req-dc677dc7-85b2-4d01-bf6f-d20ea51be5dc service neutron] 10.222.0.47 "GET /v2.0/ports?tenant_id=0e812a9dbe4b466fb0f443cd9d78f652&device_id=c5a5fcf1-980b-48f0-9ec1-7318a943e175 HTTP/1.1" status: 200 len: 1130 time: 0.3862329
Feb 03 21:38:18.316180 n-d-824834-9 neutron-server[103397]: INFO neutron.wsgi [req-86394c52-4968-432a-8055-ad9b876c8841 req-50f4cb37-45c8-463e-8bfe-16ce6d938676 tempest-ServersAdminTestJSON-323463846 tempest-ServersAdminTestJSON-323463846-project] 10.222.0.50 "GET /v2.0/security-groups?id=7525e499-eefe-41ce-8b19-dbfb4e2b2842&fields=id&fields=name HTTP/1.1" status: 200 len: 286 time: 0.5917287
Feb 03 21:38:18.328866 n-d-824834-9 neutron-server[103398]: DEBUG novaclient.v2.client [-] RESP: [200] Connection: close Content-Length: 179 Content-Type: application/json Date: Thu, 03 Feb 2022 21:38:17 GMT OpenStack-API-Version: compute 2.1 Server: Apache/2.4.41 (Ubuntu) Vary: OpenStack-API-Version,X-OpenStack-Nova-API-Version X-OpenStack-Nova-API-Version: 2.1 x-compute-request-id: req-d1b7bc3d-fcc2-422f-aada-688a686dd090 x-openstack-request-id: req-d1b7bc3d-fcc2-422f-aada-688a686dd090 {{(pid=103398) _http_log_response /usr/local/lib/python3.8/dist-packages/keystoneauth1/session.py:550}}
Feb 03 21:38:18.330518 n-d-824834-9 neutron-server[103398]: DEBUG novaclient.v2.client [-] RESP BODY: {"events": [{"name": "network-changed", "server_uuid": "c5a5fcf1-980b-48f0-9ec1-7318a943e175", "tag": "6d75b45d-9eb6-4f67-9fd9-91ecf0cd03ed", "status": "completed", "code": 200}]} {{(pid=103398) _http_log_response /usr/local/lib/python3.8/dist-packages/keystoneauth1/session.py:582}}
Feb 03 21:38:18.330948 n-d-824834-9 neutron-server[103398]: DEBUG novaclient.v2.client [-] POST call to compute for http://10.222.0.50/compute/v2.1/os-server-external-events used request id req-d1b7bc3d-fcc2-422f-aada-688a686dd090 {{(pid=103398) request /usr/local/lib/python3.8/dist-packages/keystoneauth1/session.py:954}}
Feb 03 21:38:18.332712 n-d-824834-9 neutron-server[103398]: INFO neutron.notifiers.nova [-] Nova event response: {'name': 'network-changed', 'server_uuid': 'c5a5fcf1-980b-48f0-9ec1-7318a943e175', 'tag': '6d75b45d-9eb6-4f67-9fd9-91ecf0cd03ed', 'status': 'completed', 'code': 200}
Feb 03 21:38:18.341856 n-d-824834-9 neutron-server[103398]: INFO neutron.wsgi [req-0fb50b5b-0eee-4919-97de-bf74c13a8032 req-384a1f76-8a4e-408a-98be-5ffd14889057 service neutron] 10.222.0.47 "GET /v2.0/floatingips?fixed_ip_address=192.168.233.222&port_id=6d75b45d-9eb6-4f67-9fd9-91ecf0cd03ed HTTP/1.1" status: 200 len: 217 time: 0.2572494
Feb 03 21:38:18.354212 n-d-824834-9 neutron-server[103398]: INFO neutron.wsgi [req-80fc4fc6-888d-497b-a55d-4c44867f3d08 req-5bc33222-6bd9-437f-bb1b-3bf62735a184 service neutron] 10.222.0.47 "GET /v2.0/floatingips?fixed_ip_address=172.20.0.6&port_id=97a8fe98-55e7-4969-9b78-7776d17a872c HTTP/1.1" status: 200 len: 217 time: 0.2735085
Feb 03 21:38:18.410611 n-d-824834-9 neutron-server[103400]: DEBUG neutron.db.l3_hamode_db [None req-ac4fd7c5-0c3d-4d5a-ad4d-eba4b65b98a8 None None] neutron.services.l3_router.l3_router_plugin.L3RouterPlugin method _process_sync_ha_data called with arguments (, [{'id': '031b6d47-1e38-4382-b089-33b183f56a20', 'name': 'tempest-ServersWithSpecificFlavorTestJSON-1261810753-router', 'tenant_id': '1180219ab3ad4947879c0a31c3f61450', 'admin_state_up': True, 'status': 'ACTIVE', 'external_gateway_info': {'network_id': 'b881c972-8cd9-4bce-b699-43968304918e', 'external_fixed_ips': [{'subnet_id': '51383885-e37f-4eb8-b48a-3d86f1d01c4e', 'ip_address': '172.25.5.45'}], 'enable_snat': True}, 'gw_port_id': '656dd838-f4a6-4eda-ae4b-262dadca035d', 'description': '', 'availability_zones': ['nova'], 'distributed': False, 'ha': False, 'ha_vr_id': 0, 'availability_zone_hints': [], 'routes': [], 'flavor_id': None, 'tags': [], 'created_at': '2022-02-03T21:38:03Z', 'updated_at': '2022-02-03T21:38:13Z', 'revision_number': 4, 'project_id': '1180219ab3ad4947879c0a31c3f61450', 'gw_port': {'id': '656dd838-f4a6-4eda-ae4b-262dadca035d', 'name': '', 'network_id': 'b881c972-8cd9-4bce-b699-43968304918e', 'tenant_id': '', 'mac_address': 'fa:16:3e:7d:d5:28', 'admin_state_up': True, 'status': 'ACTIVE', 'device_id': '031b6d47-1e38-4382-b089-33b183f56a20', 'device_owner': 'network:router_gateway', 'standard_attr_id': 338, 'fixed_ips': [{'subnet_id': '51383885-e37f-4eb8-b48a-3d86f1d01c4e', 'ip_address': '172.25.5.45', 'prefixlen': 24}], 'allowed_address_pairs': [], 'extra_dhcp_opts': [], 'security_groups': [], 'description': '', 'binding:vnic_type': 'normal', 'binding:profile': {}, 'binding:host_id': 'n-d-824834-9', 'binding:vif_type': 'ovs', 'binding:vif_details': {'connectivity': 'l2', 'port_filter': True, 'ovs_hybrid_plug': False, 'datapath_type': 'system', 'bridge_name': 'br-int', 'bound_drivers': {'0': 'openvswitch'}}, 'port_security_enabled': False, 'tags': [], 'created_at': '2022-02-03T21:38:04Z', 'updated_at': '2022-02-03T21:38:13Z', 'revision_number': 4, 'project_id': '', 'subnets': [{'id': '51383885-e37f-4eb8-b48a-3d86f1d01c4e', 'cidr': '172.25.5.0/24', 'gateway_ip': '172.25.5.1', 'dns_nameservers': [], 'ipv6_ra_mode': None, 'subnetpool_id': None}], 'extra_subnets': [], 'address_scopes': {4: None, 6: None}, 'mtu': 1500}, 'enable_snat': True, 'gw_port_host': 'n-d-824834-9', '_interfaces': [{'id': '96e0d748-3159-4906-9e00-1c13cb7473c3', 'name': '', 'network_id': 'cc2500fb-fdcd-41c0-a1ed-6cdacf6b1bf3', 'tenant_id': '1180219ab3ad4947879c0a31c3f61450', 'mac_address': 'fa:16:3e:37:c3:da', 'admin_state_up': True, 'status': 'DOWN', 'device_id': '031b6d47-1e38-4382-b089-33b183f56a20', 'device_owner': 'network:router_interface', 'standard_attr_id': 366, 'fixed_ips': [{'subnet_id': '3c1721e8-321d-4d48-ba06-56f0e79dd1a5', 'ip_address': '172.20.0.1', 'prefixlen': 28}], 'allowed_address_pairs': [], 'extra_dhcp_opts': [], 'security_groups': [], 'description': '', 'binding:vnic_type': 'normal', 'binding:profile': {}, 'binding:host_id': '', 'binding:vif_type': 'unbound', 'binding:vif_details': {}, 'port_security_enabled': False, 'tags': [], 'created_at': '2022-02-03T21:38:10Z', 'updated_at': '2022-02-03T21:38:14Z', 'revision_number': 2, 'project_id': '1180219ab3ad4947879c0a31c3f61450', 'subnets': [{'id': '3c1721e8-321d-4d48-ba06-56f0e79dd1a5', 'cidr': '172.20.0.0/28', 'gateway_ip': '172.20.0.1', 'dns_nameservers': [], 'ipv6_ra_mode': None, 'subnetpool_id': None}], 'extra_subnets': [], 'address_scopes': {4: None, 6: None}, 'mtu': 1500}]}], 'n-d-824834-9', False) {} {{(pid=103400) wrapper /usr/local/lib/python3.8/dist-packages/oslo_log/helpers.py:65}}
Feb 03 21:38:18.483865 n-d-824834-9 neutron-server[103398]: DEBUG neutron.wsgi [-] (103398) accepted ('10.222.0.50', 46266) {{(pid=103398) server /usr/local/lib/python3.8/dist-packages/eventlet/wsgi.py:1004}}
Feb 03 21:38:18.492238 n-d-824834-9 neutron-server[103400]: DEBUG neutron.api.rpc.handlers.l3_rpc [None req-ac4fd7c5-0c3d-4d5a-ad4d-eba4b65b98a8 None None] Checking router: 031b6d47-1e38-4382-b089-33b183f56a20 for host: n-d-824834-9 {{(pid=103400) _ensure_host_set_on_ports /opt/stack/neutron/neutron/api/rpc/handlers/l3_rpc.py:155}}
Feb 03 21:38:18.492748 n-d-824834-9 neutron-server[103398]: DEBUG neutron.api.v2.base [None req-5f7700a9-adfd-45b0-8e68-ce406077f5b5 admin admin] Request body: {'network': {'name': 'tempest-ServersWithSpecificFlavorTestJSON-291830237-network', 'tenant_id': 'bf702b387f764b93a1f1ee04e9887f2e'}} {{(pid=103398) prepare_request_body /opt/stack/neutron/neutron/api/v2/base.py:729}}
Feb 03 21:38:18.493244 n-d-824834-9 neutron-server[103400]: DEBUG neutron.api.rpc.handlers.l3_rpc [None req-ac4fd7c5-0c3d-4d5a-ad4d-eba4b65b98a8 None None] Updating router 031b6d47-1e38-4382-b089-33b183f56a20 port 96e0d748-3159-4906-9e00-1c13cb7473c3 binding host n-d-824834-9 {{(pid=103400) _ensure_host_set_on_port /opt/stack/neutron/neutron/api/rpc/handlers/l3_rpc.py:205}}
Feb 03 21:38:18.503869 n-d-824834-9 neutron-server[103399]: DEBUG neutron.db.l3_hamode_db [None req-f6c6e936-f7c5-470b-9806-5e2f51ec0ee7 None None] neutron.services.l3_router.l3_router_plugin.L3RouterPlugin method _process_sync_ha_data called with arguments (, [{'id': 'c63d54f2-9ced-4af0-b9c5-e462d5902bde', 'name': 'tempest-FloatingIPDetailsTestJSON-1449273800-router', 'tenant_id': 'de41a0df09ff4a5294f29c408593ac16', 'admin_state_up': True, 'status': 'ACTIVE', 'external_gateway_info': {'network_id': 'b881c972-8cd9-4bce-b699-43968304918e', 'external_fixed_ips': [{'subnet_id': '51383885-e37f-4eb8-b48a-3d86f1d01c4e', 'ip_address': '172.25.5.161'}], 'enable_snat': True}, 'gw_port_id': '2288024b-617c-41ff-894a-3e01726df2ee', 'description': '', 'availability_zones': ['nova'], 'distributed': False, 'ha': False, 'ha_vr_id': 0, 'availability_zone_hints': [], 'routes': [], 'flavor_id': None, 'tags': [], 'created_at': '2022-02-03T21:38:09Z', 'updated_at': '2022-02-03T21:38:15Z', 'revision_number': 3, 'project_id': 'de41a0df09ff4a5294f29c408593ac16', 'gw_port': {'id': '2288024b-617c-41ff-894a-3e01726df2ee', 'name': '', 'network_id': 'b881c972-8cd9-4bce-b699-43968304918e', 'tenant_id': '', 'mac_address': 'fa:16:3e:03:6e:95', 'admin_state_up': True, 'status': 'DOWN', 'device_id': 'c63d54f2-9ced-4af0-b9c5-e462d5902bde', 'device_owner': 'network:router_gateway', 'standard_attr_id': 373, 'fixed_ips': [{'subnet_id': '51383885-e37f-4eb8-b48a-3d86f1d01c4e', 'ip_address': '172.25.5.161', 'prefixlen': 24}], 'allowed_address_pairs': [], 'extra_dhcp_opts': [], 'security_groups': [], 'description': '', 'binding:vnic_type': 'normal', 'binding:profile': {}, 'binding:host_id': '', 'binding:vif_type': 'unbound', 'binding:vif_details': {}, 'port_security_enabled': False, 'tags': [], 'created_at': '2022-02-03T21:38:12Z', 'updated_at': '2022-02-03T21:38:12Z', 'revision_number': 1, 'project_id': '', 'subnets': [{'id': '51383885-e37f-4eb8-b48a-3d86f1d01c4e', 'cidr': '172.25.5.0/24', 'gateway_ip': '172.25.5.1', 'dns_nameservers': [], 'ipv6_ra_mode': None, 'subnetpool_id': None}], 'extra_subnets': [], 'address_scopes': {4: None, 6: None}, 'mtu': 1500}, 'enable_snat': True, 'gw_port_host': 'n-d-824834-9'}], 'n-d-824834-9', False) {} {{(pid=103399) wrapper /usr/local/lib/python3.8/dist-packages/oslo_log/helpers.py:65}}
Feb 03 21:38:18.536056 n-d-824834-9 neutron-server[103399]: DEBUG neutron.api.rpc.handlers.l3_rpc [None req-f6c6e936-f7c5-470b-9806-5e2f51ec0ee7 None None] Checking router: c63d54f2-9ced-4af0-b9c5-e462d5902bde for host: n-d-824834-9 {{(pid=103399) _ensure_host_set_on_ports /opt/stack/neutron/neutron/api/rpc/handlers/l3_rpc.py:155}}
Feb 03 21:38:18.536467 n-d-824834-9 neutron-server[103399]: DEBUG neutron.api.rpc.handlers.l3_rpc [None req-f6c6e936-f7c5-470b-9806-5e2f51ec0ee7 None None] Updating router c63d54f2-9ced-4af0-b9c5-e462d5902bde port 2288024b-617c-41ff-894a-3e01726df2ee binding host n-d-824834-9 {{(pid=103399) _ensure_host_set_on_port /opt/stack/neutron/neutron/api/rpc/handlers/l3_rpc.py:205}}
Feb 03 21:38:18.569134 n-d-824834-9 neutron-server[103398]: DEBUG neutron.pecan_wsgi.hooks.quota_enforcement [None req-5f7700a9-adfd-45b0-8e68-ce406077f5b5 admin admin] Made reservation on behalf of bf702b387f764b93a1f1ee04e9887f2e for: {'network': 1} {{(pid=103398) before /opt/stack/neutron/neutron/pecan_wsgi/hooks/quota_enforcement.py:53}}
Feb 03 21:38:18.570851 n-d-824834-9 neutron-server[103400]: DEBUG neutron_lib.callbacks.manager [None req-ac4fd7c5-0c3d-4d5a-ad4d-eba4b65b98a8 None None] Publish callbacks ['neutron.plugins.ml2.plugin.SecurityGroupDbMixin._ensure_default_security_group_handler-3515477'] for port (96e0d748-3159-4906-9e00-1c13cb7473c3), before_update {{(pid=103400) _notify_loop /usr/local/lib/python3.8/dist-packages/neutron_lib/callbacks/manager.py:176}}
Feb 03 21:38:18.571442 n-d-824834-9 neutron-server[103398]: DEBUG neutron_lib.callbacks.manager [None req-5f7700a9-adfd-45b0-8e68-ce406077f5b5 admin admin] Publish callbacks ['neutron.plugins.ml2.plugin.SecurityGroupDbMixin._ensure_default_security_group_handler-3515477'] for network (None), before_create {{(pid=103398) _notify_loop /usr/local/lib/python3.8/dist-packages/neutron_lib/callbacks/manager.py:176}}
Feb 03 21:38:18.588357 n-d-824834-9 neutron-server[103397]: DEBUG neutron.pecan_wsgi.hooks.policy_enforcement [req-2142af0f-766c-4fcd-9748-66221391383b req-6ece7c48-f348-4a23-bd24-774940105426 tempest-VolumesAdminNegativeTest-59823054 tempest-VolumesAdminNegativeTest-59823054-project] Attributes excluded by policy engine: ['standard_attr_id', 'binding:profile', 'binding:host_id', 'binding:vif_type', 'binding:vif_details'] {{(pid=103397) _exclude_attributes_by_policy /opt/stack/neutron/neutron/pecan_wsgi/hooks/policy_enforcement.py:255}}
Feb 03 21:38:18.603963 n-d-824834-9 neutron-server[103397]: INFO neutron.wsgi [req-2142af0f-766c-4fcd-9748-66221391383b req-6ece7c48-f348-4a23-bd24-774940105426 tempest-VolumesAdminNegativeTest-59823054 tempest-VolumesAdminNegativeTest-59823054-project] 10.222.0.50 "GET /v2.0/ports?device_id=dec2e292-47ce-4cba-8533-49a4ecbb0bc0 HTTP/1.1" status: 200 len: 943 time: 0.2848444
Feb 03 21:38:18.637847 n-d-824834-9 neutron-server[103398]: DEBUG neutron.pecan_wsgi.hooks.policy_enforcement [req-80fc4fc6-888d-497b-a55d-4c44867f3d08 req-6148750a-f86f-4ba6-b74f-4d5f7ededd40 service neutron] Attributes excluded by policy engine: ['standard_attr_id', 'shared', 'segment_id'] {{(pid=103398) _exclude_attributes_by_policy /opt/stack/neutron/neutron/pecan_wsgi/hooks/policy_enforcement.py:255}}
Feb 03 21:38:18.639365 n-d-824834-9 neutron-server[103398]: INFO neutron.wsgi [req-80fc4fc6-888d-497b-a55d-4c44867f3d08 req-6148750a-f86f-4ba6-b74f-4d5f7ededd40 service neutron] 10.222.0.47 "GET /v2.0/subnets?id=006b000b-c01c-467d-a969-cee025b35b98 HTTP/1.1" status: 200 len: 847 time: 0.2761662
Feb 03 21:38:18.641791 n-d-824834-9 neutron-server[103399]: DEBUG neutron_lib.callbacks.manager [None req-f6c6e936-f7c5-470b-9806-5e2f51ec0ee7 None None] Publish callbacks ['neutron.plugins.ml2.plugin.SecurityGroupDbMixin._ensure_default_security_group_handler-3515477'] for port (2288024b-617c-41ff-894a-3e01726df2ee), before_update {{(pid=103399) _notify_loop /usr/local/lib/python3.8/dist-packages/neutron_lib/callbacks/manager.py:176}}
Feb 03 21:38:18.652125 n-d-824834-9 neutron-server[103398]: DEBUG neutron_lib.callbacks.manager [None req-5f7700a9-adfd-45b0-8e68-ce406077f5b5 admin admin] Publish callbacks [] for security_group (None), before_create {{(pid=103398) _notify_loop /usr/local/lib/python3.8/dist-packages/neutron_lib/callbacks/manager.py:176}}
Feb 03 21:38:18.655180 n-d-824834-9 neutron-server[103398]: DEBUG neutron.pecan_wsgi.hooks.policy_enforcement [req-0fb50b5b-0eee-4919-97de-bf74c13a8032 req-68d25801-0be1-4e86-850e-425358e8c4b9 service neutron] Attributes excluded by policy engine: ['standard_attr_id', 'shared', 'segment_id'] {{(pid=103398) _exclude_attributes_by_policy /opt/stack/neutron/neutron/pecan_wsgi/hooks/policy_enforcement.py:255}}
Feb 03 21:38:18.656666 n-d-824834-9 neutron-server[103398]: INFO neutron.wsgi [req-0fb50b5b-0eee-4919-97de-bf74c13a8032 req-68d25801-0be1-4e86-850e-425358e8c4b9 service neutron] 10.222.0.47 "GET /v2.0/subnets?id=5dc736d9-6ab3-4968-a97e-f04e1e019dd3 HTTP/1.1" status: 200 len: 843 time: 0.3001080
Feb 03 21:38:18.679671 n-d-824834-9 neutron-server[103398]: DEBUG neutron_lib.callbacks.manager [None req-b11884c7-c3fe-4856-bc14-590447bfac4c admin admin] Publish callbacks [] for port (f14a9c6c-a533-44f7-b14a-a1bd6c791c24), precommit_create {{(pid=103398) _notify_loop /usr/local/lib/python3.8/dist-packages/neutron_lib/callbacks/manager.py:176}}
Feb 03 21:38:18.775688 n-d-824834-9 neutron-server[103398]: INFO neutron.wsgi [req-80fc4fc6-888d-497b-a55d-4c44867f3d08 req-932bdf4d-c341-42da-9a09-4d330144d8ba service neutron] 10.222.0.47 "GET /v2.0/ports?network_id=5509033c-b538-4663-b03d-3fd1625d3952&device_owner=network%3Adhcp HTTP/1.1" status: 200 len: 210 time: 0.1179280
Feb 03 21:38:18.829685 n-d-824834-9 neutron-server[103397]: INFO neutron.wsgi [req-2142af0f-766c-4fcd-9748-66221391383b req-a42d0396-f49d-400e-962b-8b77a3aa170f tempest-VolumesAdminNegativeTest-59823054 tempest-VolumesAdminNegativeTest-59823054-project] 10.222.0.50 "GET /v2.0/security-groups?id=d5865815-d594-4e26-a305-b604649f80e9&fields=id&fields=name HTTP/1.1" status: 200 len: 286 time: 0.2234094
Feb 03 21:38:18.845750 n-d-824834-9 neutron-server[103399]: DEBUG neutron.plugins.ml2.rpc [None req-b2baa50d-41eb-4fee-be1f-e5e1da8a2ce9 None None] Device f6ad6057-be5b-4afb-ab35-e3b564a0095e up at agent ovs-agent-n-d-824834-9 {{(pid=103399) update_device_up /opt/stack/neutron/neutron/plugins/ml2/rpc.py:296}}
Feb 03 21:38:18.939592 n-d-824834-9 neutron-server[103399]: DEBUG neutron.db.provisioning_blocks [None req-b2baa50d-41eb-4fee-be1f-e5e1da8a2ce9 None None] Provisioning complete for port f6ad6057-be5b-4afb-ab35-e3b564a0095e triggered by entity L2. {{(pid=103399) provisioning_complete /opt/stack/neutron/neutron/db/provisioning_blocks.py:139}}
Feb 03 21:38:18.940080 n-d-824834-9 neutron-server[103399]: DEBUG neutron_lib.callbacks.manager [None req-b2baa50d-41eb-4fee-be1f-e5e1da8a2ce9 None None] Publish callbacks ['neutron.plugins.ml2.plugin.Ml2Plugin._port_provisioned-666197'] for port (f6ad6057-be5b-4afb-ab35-e3b564a0095e), provisioning_complete {{(pid=103399) _notify_loop /usr/local/lib/python3.8/dist-packages/neutron_lib/callbacks/manager.py:176}}
Feb 03 21:38:19.011720 n-d-824834-9 neutron-server[103399]: DEBUG neutron.plugins.ml2.rpc [None req-97df8ff6-1339-475a-8f51-b25bccc417e4 None None] Device 97a8fe98-55e7-4969-9b78-7776d17a872c details requested by agent hyperv_n-h1-824834-9 with host n-h1-824834-9 {{(pid=103399) get_device_details /opt/stack/neutron/neutron/plugins/ml2/rpc.py:102}}
Feb 03 21:38:19.166890 n-d-824834-9 neutron-server[103399]: DEBUG neutron.plugins.ml2.db [None req-97df8ff6-1339-475a-8f51-b25bccc417e4 None None] For port 97a8fe98-55e7-4969-9b78-7776d17a872c, host n-h2-824834-9, got binding levels [PortBindingLevel(driver='hyperv',host='n-h2-824834-9',level=0,port_id=97a8fe98-55e7-4969-9b78-7776d17a872c,segment=NetworkSegment(71327aa6-262b-4020-ab8b-971e73bd8d99),segment_id=71327aa6-262b-4020-ab8b-971e73bd8d99)] {{(pid=103399) get_binding_level_objs /opt/stack/neutron/neutron/plugins/ml2/db.py:74}}
Feb 03 21:38:19.185363 n-d-824834-9 neutron-server[103400]: DEBUG neutron_lib.callbacks.manager [None req-ac4fd7c5-0c3d-4d5a-ad4d-eba4b65b98a8 None None] Publish callbacks [] for port (96e0d748-3159-4906-9e00-1c13cb7473c3), precommit_update {{(pid=103400) _notify_loop /usr/local/lib/python3.8/dist-packages/neutron_lib/callbacks/manager.py:176}}
Feb 03 21:38:19.194575 n-d-824834-9 neutron-server[103399]: DEBUG neutron.plugins.ml2.rpc [None req-97df8ff6-1339-475a-8f51-b25bccc417e4 None None] Device 97a8fe98-55e7-4969-9b78-7776d17a872c has no active binding in host n-h1-824834-9 {{(pid=103399) _get_device_details /opt/stack/neutron/neutron/plugins/ml2/rpc.py:158}}
Feb 03 21:38:19.198562 n-d-824834-9 neutron-server[103399]: DEBUG neutron.plugins.ml2.rpc [None req-97df8ff6-1339-475a-8f51-b25bccc417e4 None None] Device de6595df-24d8-47e2-89e8-865cbb4c1b22 details requested by agent hyperv_n-h1-824834-9 with host n-h1-824834-9 {{(pid=103399) get_device_details /opt/stack/neutron/neutron/plugins/ml2/rpc.py:102}}
Feb 03 21:38:19.203714 n-d-824834-9 neutron-server[103400]: DEBUG neutron_lib.callbacks.manager [None req-ac4fd7c5-0c3d-4d5a-ad4d-eba4b65b98a8 None None] Publish callbacks ['neutron.plugins.ml2.plugin.SecurityGroupServerNotifierRpcMixin._notify_sg_on_port_change-3515538', 'neutron.plugins.ml2.ovo_rpc._ObjectChangeHandler.handle_event-4165038', 'neutron.api.rpc.agentnotifiers.dhcp_rpc_agent_api.DhcpAgentNotifyAPI._native_event_send_dhcp_notification-3730162', 'neutron.db.l3_db.L3RpcNotifierMixin._notify_gateway_port_ip_changed-8789547752439', 'neutron.db.l3_dvrscheduler_db._notify_l3_agent_port_update-8789547339376', 'neutron.db.l3_hascheduler_db._notify_l3_agent_ha_port_update-8789547339394'] for port (96e0d748-3159-4906-9e00-1c13cb7473c3), after_update {{(pid=103400) _notify_loop /usr/local/lib/python3.8/dist-packages/neutron_lib/callbacks/manager.py:176}}
Feb 03 21:38:19.216183 n-d-824834-9 neutron-server[103398]: DEBUG neutron_lib.callbacks.manager [None req-5f7700a9-adfd-45b0-8e68-ce406077f5b5 admin admin] Publish callbacks [] for security_group (448cc723-d390-4c35-a7f4-b4e3ea152c1d), precommit_create {{(pid=103398) _notify_loop /usr/local/lib/python3.8/dist-packages/neutron_lib/callbacks/manager.py:176}}
Feb 03 21:38:19.265464 n-d-824834-9 neutron-server[103398]: DEBUG neutron.wsgi [-] (103398) accepted ('10.222.0.50', 46278) {{(pid=103398) server /usr/local/lib/python3.8/dist-packages/eventlet/wsgi.py:1004}}
Feb 03 21:38:19.266405 n-d-824834-9 neutron-server[103398]: DEBUG neutron_lib.callbacks.manager [None req-5f7700a9-adfd-45b0-8e68-ce406077f5b5 admin admin] Publish callbacks ['neutron.plugins.ml2.ovo_rpc._ObjectChangeHandler.handle_event-3700478'] for security_group (448cc723-d390-4c35-a7f4-b4e3ea152c1d), after_create {{(pid=103398) _notify_loop /usr/local/lib/python3.8/dist-packages/neutron_lib/callbacks/manager.py:176}}
Feb 03 21:38:19.285165 n-d-824834-9 neutron-server[103400]: DEBUG neutron.api.rpc.handlers.resources_rpc [None req-22a3cff1-c612-431e-ae98-d03690ae540b None None] Pushing event updated for resources: {'Port': ['ID=96e0d748-3159-4906-9e00-1c13cb7473c3,revision_number=3']} {{(pid=103400) push /opt/stack/neutron/neutron/api/rpc/handlers/resources_rpc.py:237}}
Feb 03 21:38:19.359414 n-d-824834-9 neutron-server[103398]: DEBUG neutron_lib.callbacks.manager [None req-b11884c7-c3fe-4856-bc14-590447bfac4c admin admin] Publish callbacks ['neutron.plugins.ml2.plugin.SecurityGroupServerNotifierRpcMixin._notify_sg_on_port_change-3515538', 'neutron.plugins.ml2.ovo_rpc._ObjectChangeHandler.handle_event-4165038', 'neutron.api.rpc.agentnotifiers.dhcp_rpc_agent_api.DhcpAgentNotifyAPI._native_event_send_dhcp_notification-3730162', 'neutron.db.l3_dvrscheduler_db._notify_l3_agent_new_port-8789547339358', 'neutron.services.segments.plugin.NovaSegmentNotifier._notify_port_created_or_deleted-9081699'] for port (f14a9c6c-a533-44f7-b14a-a1bd6c791c24), after_create {{(pid=103398) _notify_loop /usr/local/lib/python3.8/dist-packages/neutron_lib/callbacks/manager.py:176}}
Feb 03 21:38:19.377355 n-d-824834-9 neutron-server[103398]: DEBUG neutron.api.rpc.handlers.resources_rpc [None req-5f7700a9-adfd-45b0-8e68-ce406077f5b5 admin admin] Pushing event updated for resources: {'SecurityGroup': ['ID=448cc723-d390-4c35-a7f4-b4e3ea152c1d,revision_number=1']} {{(pid=103398) push /opt/stack/neutron/neutron/api/rpc/handlers/resources_rpc.py:237}}
Feb 03 21:38:19.457110 n-d-824834-9 neutron-server[103400]: DEBUG neutron.plugins.ml2.managers [None req-ac4fd7c5-0c3d-4d5a-ad4d-eba4b65b98a8 None None] Attempting to bind port 96e0d748-3159-4906-9e00-1c13cb7473c3 on host n-d-824834-9 for vnic_type normal with profile {{(pid=103400) bind_port /opt/stack/neutron/neutron/plugins/ml2/managers.py:795}}
Feb 03 21:38:19.458082 n-d-824834-9 neutron-server[103400]: DEBUG neutron.plugins.ml2.managers [None req-ac4fd7c5-0c3d-4d5a-ad4d-eba4b65b98a8 None None] Attempting to bind port 96e0d748-3159-4906-9e00-1c13cb7473c3 by drivers openvswitch,hyperv on host n-d-824834-9 at level 0 using segments [{'id': 'cef32374-a7a1-48c9-a938-e15d4801376e', 'network_type': 'vlan', 'physical_network': 'physnet1', 'segmentation_id': 307, 'network_id': 'cc2500fb-fdcd-41c0-a1ed-6cdacf6b1bf3'}] {{(pid=103400) _bind_port_level /opt/stack/neutron/neutron/plugins/ml2/managers.py:820}}
Feb 03 21:38:19.458611 n-d-824834-9 neutron-server[103400]: DEBUG neutron.plugins.ml2.drivers.mech_agent [None req-ac4fd7c5-0c3d-4d5a-ad4d-eba4b65b98a8 None None] Attempting to bind port 96e0d748-3159-4906-9e00-1c13cb7473c3 on network cc2500fb-fdcd-41c0-a1ed-6cdacf6b1bf3 {{(pid=103400) bind_port /opt/stack/neutron/neutron/plugins/ml2/drivers/mech_agent.py:91}}
Feb 03 21:38:19.472476 n-d-824834-9 neutron-server[103400]: DEBUG neutron.plugins.ml2.drivers.mech_agent [None req-ac4fd7c5-0c3d-4d5a-ad4d-eba4b65b98a8 None None] Checking agent: {'id': '21bcf3e3-2bac-422c-89d0-589c6f36625a', 'agent_type': 'Open vSwitch agent', 'binary': 'neutron-openvswitch-agent', 'topic': 'N/A', 'host': 'n-d-824834-9', 'admin_state_up': True, 'created_at': datetime.datetime(2022, 2, 3, 21, 27), 'started_at': datetime.datetime(2022, 2, 3, 21, 27, 30), 'heartbeat_timestamp': datetime.datetime(2022, 2, 3, 21, 38), 'description': None, 'resources_synced': None, 'availability_zone': None, 'alive': True, 'configurations': {'arp_responder_enabled': False, 'baremetal_smartnic': False, 'bridge_mappings': {'physnet1': 'br-data'}, 'datapath_type': 'system', 'devices': 0, 'enable_distributed_routing': False, 'extensions': [], 'in_distributed_mode': False, 'integration_bridge': 'br-int', 'l2_population': False, 'log_agent_heartbeats': False, 'ovs_capabilities': {'datapath_types': ['netdev', 'system'], 'iface_types': ['erspan', 'geneve', 'gre', 'internal', 'ip6erspan', 'ip6gre', 'lisp', 'patch', 'stt', 'system', 'tap', 'vxlan']}, 'ovs_hybrid_plug': False, 'resource_provider_bandwidths': {}, 'resource_provider_hypervisors': {'br-data': 'n-d-824834-9'}, 'resource_provider_inventory_defaults': {'allocation_ratio': 1.0, 'min_unit': 1, 'step_size': 1, 'reserved': 0}, 'resource_provider_packet_processing_inventory_defaults': {'allocation_ratio': 1.0, 'min_unit': 1, 'step_size': 1, 'reserved': 0}, 'resource_provider_packet_processing_with_direction': {}, 'resource_provider_packet_processing_without_direction': {}, 'tunnel_types': [], 'tunneling_ip': None, 'vhostuser_socket_dir': '/var/run/openvswitch'}, 'resource_versions': {'AddressGroup': '1.2', 'ConntrackHelper': '1.0', 'LocalIPAssociation': '1.0', 'Log': '1.0', 'Network': '1.1', 'Port': '1.7', 'PortForwarding': '1.2', 'QosPolicy': '1.10', 'SecurityGroup': '1.5', 'SecurityGroupRule': '1.2', 'SubPort': '1.0', 'Subnet': '1.1', 'Trunk': '1.1'}} {{(pid=103400) bind_port /opt/stack/neutron/neutron/plugins/ml2/drivers/mech_agent.py:110}}
Feb 03 21:38:19.474070 n-d-824834-9 neutron-server[103400]: DEBUG neutron.plugins.ml2.drivers.mech_agent [None req-ac4fd7c5-0c3d-4d5a-ad4d-eba4b65b98a8 None None] Checking segment: {'id': 'cef32374-a7a1-48c9-a938-e15d4801376e', 'network_type': 'vlan', 'physical_network': 'physnet1', 'segmentation_id': 307, 'network_id': 'cc2500fb-fdcd-41c0-a1ed-6cdacf6b1bf3'} for mappings: {'physnet1': 'br-data'} with network types: ['local', 'flat', 'vlan'] {{(pid=103400) check_segment_for_agent /opt/stack/neutron/neutron/plugins/ml2/drivers/mech_agent.py:373}}
Feb 03 21:38:19.476330 n-d-824834-9 neutron-server[103400]: DEBUG neutron_lib.callbacks.manager [None req-ac4fd7c5-0c3d-4d5a-ad4d-eba4b65b98a8 None None] Publish callbacks [] for ovs_bridge_name (None), before_read {{(pid=103400) _notify_loop /usr/local/lib/python3.8/dist-packages/neutron_lib/callbacks/manager.py:176}}
Feb 03 21:38:19.477383 n-d-824834-9 neutron-server[103400]: DEBUG neutron.plugins.ml2.drivers.mech_agent [None req-ac4fd7c5-0c3d-4d5a-ad4d-eba4b65b98a8 None None] Bound using segment: {'id': 'cef32374-a7a1-48c9-a938-e15d4801376e', 'network_type': 'vlan', 'physical_network': 'physnet1', 'segmentation_id': 307, 'network_id': 'cc2500fb-fdcd-41c0-a1ed-6cdacf6b1bf3'} {{(pid=103400) bind_port /opt/stack/neutron/neutron/plugins/ml2/drivers/mech_agent.py:120}}
Feb 03 21:38:19.479749 n-d-824834-9 neutron-server[103400]: DEBUG neutron.plugins.ml2.managers [None req-ac4fd7c5-0c3d-4d5a-ad4d-eba4b65b98a8 None None] Bound port: 96e0d748-3159-4906-9e00-1c13cb7473c3, host: n-d-824834-9, vif_type: ovs, vif_details: {"connectivity": "l2", "port_filter": true, "ovs_hybrid_plug": false, "datapath_type": "system", "bridge_name": "br-int"}, binding_levels: [{'bound_driver': 'openvswitch', 'bound_segment': {'id': 'cef32374-a7a1-48c9-a938-e15d4801376e', 'network_type': 'vlan', 'physical_network': 'physnet1', 'segmentation_id': 307, 'network_id': 'cc2500fb-fdcd-41c0-a1ed-6cdacf6b1bf3'}}] {{(pid=103400) _bind_port_level /opt/stack/neutron/neutron/plugins/ml2/managers.py:932}}
Feb 03 21:38:19.480421 n-d-824834-9 neutron-server[103400]: DEBUG neutron_lib.callbacks.manager [None req-ac4fd7c5-0c3d-4d5a-ad4d-eba4b65b98a8 None None] Publish callbacks ['neutron.plugins.ml2.plugin.SecurityGroupDbMixin._ensure_default_security_group_handler-3515477'] for port (96e0d748-3159-4906-9e00-1c13cb7473c3), before_update {{(pid=103400) _notify_loop /usr/local/lib/python3.8/dist-packages/neutron_lib/callbacks/manager.py:176}}
Feb 03 21:38:19.549791 n-d-824834-9 neutron-server[103398]: DEBUG neutron.plugins.ml2.drivers.helpers [None req-5f7700a9-adfd-45b0-8e68-ce406077f5b5 admin admin] vlan segment allocate from pool success with {'physical_network': 'physnet1', 'vlan_id': 346} {{(pid=103398) allocate_partially_specified_segment /opt/stack/neutron/neutron/plugins/ml2/drivers/helpers.py:153}}
Feb 03 21:38:19.554565 n-d-824834-9 neutron-server[103398]: DEBUG neutron.api.rpc.handlers.resources_rpc [None req-b11884c7-c3fe-4856-bc14-590447bfac4c admin admin] Pushing event updated for resources: {'Port': ['ID=f14a9c6c-a533-44f7-b14a-a1bd6c791c24,revision_number=1']} {{(pid=103398) push /opt/stack/neutron/neutron/api/rpc/handlers/resources_rpc.py:237}}
Feb 03 21:38:19.565387 n-d-824834-9 neutron-server[103398]: INFO neutron.wsgi [req-80fc4fc6-888d-497b-a55d-4c44867f3d08 req-216724a8-1cc8-4aec-8112-ca1c184f70d7 service neutron] 10.222.0.47 "GET /v2.0/networks/5509033c-b538-4663-b03d-3fd1625d3952?fields=segments HTTP/1.1" status: 200 len: 212 time: 0.7651751
Feb 03 21:38:19.601375 n-d-824834-9 neutron-server[103397]: DEBUG neutron.pecan_wsgi.hooks.policy_enforcement [req-1bc218a5-9482-4fb4-9606-bfca42ff07ab req-e90e7d58-32b6-446c-905d-a12ef71fac79 tempest-LiveMigrationTest-5875364 tempest-LiveMigrationTest-5875364-project] Attributes excluded by policy engine: ['standard_attr_id', 'binding:profile', 'binding:host_id', 'binding:vif_type', 'binding:vif_details'] {{(pid=103397) _exclude_attributes_by_policy /opt/stack/neutron/neutron/pecan_wsgi/hooks/policy_enforcement.py:255}}
Feb 03 21:38:19.612631 n-d-824834-9 neutron-server[103397]: INFO neutron.wsgi [req-1bc218a5-9482-4fb4-9606-bfca42ff07ab req-e90e7d58-32b6-446c-905d-a12ef71fac79 tempest-LiveMigrationTest-5875364 tempest-LiveMigrationTest-5875364-project] 10.222.0.50 "GET /v2.0/ports?device_id=fcecd9e5-0177-4a8f-8e53-5f2c46e3fb20 HTTP/1.1" status: 200 len: 943 time: 0.2960949
Feb 03 21:38:19.650070 n-d-824834-9 neutron-server[103398]: DEBUG neutron.scheduler.dhcp_agent_scheduler [None req-b11884c7-c3fe-4856-bc14-590447bfac4c admin admin] Network f0ab2c3f-a364-4562-8c1d-c5c91605d4fc is already hosted by enough agents. {{(pid=103398) _get_dhcp_agents_hosting_network /opt/stack/neutron/neutron/scheduler/dhcp_agent_scheduler.py:275}}
Feb 03 21:38:19.659002 n-d-824834-9 neutron-server[103398]: DEBUG neutron.pecan_wsgi.hooks.policy_enforcement [req-0fb50b5b-0eee-4919-97de-bf74c13a8032 req-5329392d-0918-4fde-8157-e6347c4c5261 service neutron] Attributes excluded by policy engine: ['standard_attr_id'] {{(pid=103398) _exclude_attributes_by_policy /opt/stack/neutron/neutron/pecan_wsgi/hooks/policy_enforcement.py:255}}
Feb 03 21:38:19.662079 n-d-824834-9 neutron-server[103398]: INFO neutron.wsgi [req-0fb50b5b-0eee-4919-97de-bf74c13a8032 req-5329392d-0918-4fde-8157-e6347c4c5261 service neutron] 10.222.0.47 "GET /v2.0/ports?network_id=7a6daca8-6964-4844-b480-b1b73813dbb0&device_owner=network%3Adhcp HTTP/1.1" status: 200 len: 1203 time: 0.9613433
Feb 03 21:38:19.698588 n-d-824834-9 neutron-server[103398]: DEBUG neutron_lib.callbacks.manager [None req-5f7700a9-adfd-45b0-8e68-ce406077f5b5 admin admin] Publish callbacks ['neutron.plugins.ml2.plugin.Ml2Plugin._handle_segment_change-658010'] for segment (9e778ad9-ed41-4b70-9e6e-2176b58acc17), precommit_create {{(pid=103398) _notify_loop /usr/local/lib/python3.8/dist-packages/neutron_lib/callbacks/manager.py:176}}
Feb 03 21:38:19.698943 n-d-824834-9 neutron-server[103398]: INFO neutron.db.segments_db [None req-5f7700a9-adfd-45b0-8e68-ce406077f5b5 admin admin] Added segment 9e778ad9-ed41-4b70-9e6e-2176b58acc17 of type vlan for network 9b9bd0ff-ab30-4688-8f6d-e0001a8f710d
Feb 03 21:38:19.703271 n-d-824834-9 neutron-server[103400]: DEBUG neutron.plugins.ml2.db [None req-ac4fd7c5-0c3d-4d5a-ad4d-eba4b65b98a8 None None] For port 96e0d748-3159-4906-9e00-1c13cb7473c3, host n-d-824834-9, cleared binding levels {{(pid=103400) clear_binding_levels /opt/stack/neutron/neutron/plugins/ml2/db.py:87}}
Feb 03 21:38:19.707618 n-d-824834-9 neutron-server[103400]: DEBUG neutron.plugins.ml2.db [None req-ac4fd7c5-0c3d-4d5a-ad4d-eba4b65b98a8 None None] For port 96e0d748-3159-4906-9e00-1c13cb7473c3, host n-d-824834-9, set binding levels [PortBindingLevel(driver='openvswitch',host='n-d-824834-9',level=0,port_id=96e0d748-3159-4906-9e00-1c13cb7473c3,segment=NetworkSegment(cef32374-a7a1-48c9-a938-e15d4801376e),segment_id=cef32374-a7a1-48c9-a938-e15d4801376e)] {{(pid=103400) set_binding_levels /opt/stack/neutron/neutron/plugins/ml2/db.py:59}}
Feb 03 21:38:19.716743 n-d-824834-9 neutron-server[103400]: DEBUG neutron_lib.callbacks.manager [None req-ac4fd7c5-0c3d-4d5a-ad4d-eba4b65b98a8 None None] Publish callbacks ['neutron.plugins.ml2.plugin.SecurityGroupServerNotifierRpcMixin._notify_sg_on_port_change-3515538', 'neutron.plugins.ml2.ovo_rpc._ObjectChangeHandler.handle_event-4165038', 'neutron.api.rpc.agentnotifiers.dhcp_rpc_agent_api.DhcpAgentNotifyAPI._native_event_send_dhcp_notification-3730162', 'neutron.db.l3_db.L3RpcNotifierMixin._notify_gateway_port_ip_changed-8789547752439', 'neutron.db.l3_dvrscheduler_db._notify_l3_agent_port_update-8789547339376', 'neutron.db.l3_hascheduler_db._notify_l3_agent_ha_port_update-8789547339394'] for port (96e0d748-3159-4906-9e00-1c13cb7473c3), after_update {{(pid=103400) _notify_loop /usr/local/lib/python3.8/dist-packages/neutron_lib/callbacks/manager.py:176}}
Feb 03 21:38:19.725289 n-d-824834-9 neutron-server[103397]: DEBUG neutron.pecan_wsgi.hooks.policy_enforcement [req-9b4eeb65-2548-418b-8d76-7be491ff5149 req-fbee9ac8-b43d-4431-97b6-1aeccf881a11 tempest-ServersAdminTestJSON-323463846 tempest-ServersAdminTestJSON-323463846-project] Attributes excluded by policy engine: ['standard_attr_id', 'binding:profile', 'binding:host_id', 'binding:vif_type', 'binding:vif_details'] {{(pid=103397) _exclude_attributes_by_policy /opt/stack/neutron/neutron/pecan_wsgi/hooks/policy_enforcement.py:255}}
Feb 03 21:38:19.732263 n-d-824834-9 neutron-server[103397]: INFO neutron.wsgi [req-9b4eeb65-2548-418b-8d76-7be491ff5149 req-fbee9ac8-b43d-4431-97b6-1aeccf881a11 tempest-ServersAdminTestJSON-323463846 tempest-ServersAdminTestJSON-323463846-project] 10.222.0.50 "GET /v2.0/ports?device_id=c5a5fcf1-980b-48f0-9ec1-7318a943e175 HTTP/1.1" status: 200 len: 948 time: 0.2372108
Feb 03 21:38:19.815886 n-d-824834-9 neutron-server[103398]: DEBUG neutron.scheduler.base_scheduler [None req-b11884c7-c3fe-4856-bc14-590447bfac4c admin admin] Resources bound (agent type, host, resource id): {{(pid=103398) schedule /opt/stack/neutron/neutron/scheduler/base_scheduler.py:57}}
Feb 03 21:38:19.819290 n-d-824834-9 neutron-server[103398]: DEBUG neutron.db.l3_dvrscheduler_db [None req-b11884c7-c3fe-4856-bc14-590447bfac4c admin admin] Received port after_create {{(pid=103398) _notify_l3_agent_new_port /opt/stack/neutron/neutron/db/l3_dvrscheduler_db.py:536}}
Feb 03 21:38:19.821874 n-d-824834-9 neutron-server[103397]: INFO neutron.wsgi [req-1bc218a5-9482-4fb4-9606-bfca42ff07ab req-73f83383-38f9-49fa-9792-069c7a284b8f tempest-LiveMigrationTest-5875364 tempest-LiveMigrationTest-5875364-project] 10.222.0.50 "GET /v2.0/security-groups?id=afeb7855-17d0-47b3-aab2-3754b14d4ab5&fields=id&fields=name HTTP/1.1" status: 200 len: 286 time: 0.2016997
Feb 03 21:38:19.870900 n-d-824834-9 neutron-server[103400]: DEBUG neutron.api.rpc.handlers.resources_rpc [None req-22a3cff1-c612-431e-ae98-d03690ae540b None None] Pushing event updated for resources: {'Port': ['ID=96e0d748-3159-4906-9e00-1c13cb7473c3,revision_number=4']} {{(pid=103400) push /opt/stack/neutron/neutron/api/rpc/handlers/resources_rpc.py:237}}
Feb 03 21:38:19.879050 n-d-824834-9 neutron-server[103399]: DEBUG neutron.plugins.ml2.db [None req-97df8ff6-1339-475a-8f51-b25bccc417e4 None None] For port de6595df-24d8-47e2-89e8-865cbb4c1b22, host n-h1-824834-9, got binding levels [PortBindingLevel(driver='hyperv',host='n-h1-824834-9',level=0,port_id=de6595df-24d8-47e2-89e8-865cbb4c1b22,segment=NetworkSegment(40c06c0b-c275-482c-b7b3-74fce46e8454),segment_id=40c06c0b-c275-482c-b7b3-74fce46e8454)] {{(pid=103399) get_binding_level_objs /opt/stack/neutron/neutron/plugins/ml2/db.py:74}}
Feb 03 21:38:19.914094 n-d-824834-9 neutron-server[103399]: DEBUG neutron.plugins.ml2.plugin [None req-b2baa50d-41eb-4fee-be1f-e5e1da8a2ce9 None None] Current status of the port f6ad6057-be5b-4afb-ab35-e3b564a0095e is: DOWN; New status is: ACTIVE {{(pid=103399) _update_individual_port_db_status /opt/stack/neutron/neutron/plugins/ml2/plugin.py:2238}}
Feb 03 21:38:19.914973 n-d-824834-9 neutron-server[103400]: DEBUG neutron.db.l3_dvrscheduler_db [None req-ac4fd7c5-0c3d-4d5a-ad4d-eba4b65b98a8 None None] Routers {'031b6d47-1e38-4382-b089-33b183f56a20'} bound to L3 agent in host n-d-824834-9 {{(pid=103400) _get_router_ids_for_agent /opt/stack/neutron/neutron/db/l3_dvrscheduler_db.py:421}}
Feb 03 21:38:19.916958 n-d-824834-9 neutron-server[103399]: DEBUG neutron_lib.callbacks.manager [None req-b2baa50d-41eb-4fee-be1f-e5e1da8a2ce9 None None] Publish callbacks ['neutron.plugins.ml2.plugin.SecurityGroupDbMixin._ensure_default_security_group_handler-3515477'] for port (f6ad6057-be5b-4afb-ab35-e3b564a0095e), before_update {{(pid=103399) _notify_loop /usr/local/lib/python3.8/dist-packages/neutron_lib/callbacks/manager.py:176}}
Feb 03 21:38:19.917231 n-d-824834-9 neutron-server[103400]: DEBUG neutron.db.l3_hamode_db [None req-ac4fd7c5-0c3d-4d5a-ad4d-eba4b65b98a8 None None] neutron.services.l3_router.l3_router_plugin.L3RouterPlugin method get_ha_sync_data_for_host called with arguments (, 'n-d-824834-9', Agent(admin_state_up=True,agent_type='L3 agent',availability_zone='nova',binary='neutron-l3-agent',configurations={"agent_mode": "legacy", "ex_gw_ports": 1, "extensions": [], "floating_ips": 0, "handle_internal_only_routers": true, "interface_driver": "openvswitch", "interfaces": 1, "log_agent_heartbeats": false, "routers": 1},created_at=2022-02-03T21:26:56Z,description=,heartbeat_timestamp=2022-02-03T21:37:56Z,host='n-d-824834-9',id=bf8cedc1-393f-4626-bf4b-0892e879dd9f,load=0,resource_versions=,resources_synced=,started_at=2022-02-03T21:26:56Z,topic='l3_agent')) {'router_ids': ['031b6d47-1e38-4382-b089-33b183f56a20'], 'active': True} {{(pid=103400) wrapper /usr/local/lib/python3.8/dist-packages/oslo_log/helpers.py:65}}
Feb 03 21:38:19.935463 n-d-824834-9 neutron-server[103399]: DEBUG neutron.plugins.ml2.rpc [None req-97df8ff6-1339-475a-8f51-b25bccc417e4 None None] Returning: {'device': 'de6595df-24d8-47e2-89e8-865cbb4c1b22', 'network_id': '12bcf486-65a7-4ee5-96c3-391ff682c244', 'port_id': 'de6595df-24d8-47e2-89e8-865cbb4c1b22', 'mac_address': 'fa:16:3e:4c:c7:ac', 'admin_state_up': True, 'network_type': 'vlan', 'segmentation_id': 335, 'physical_network': 'physnet1', 'mtu': 1500, 'fixed_ips': [{'subnet_id': '9187fb68-721c-4b1f-bbb5-7eb092208a3f', 'ip_address': '172.20.0.3'}], 'device_owner': 'compute:nova', 'allowed_address_pairs': [], 'port_security_enabled': True, 'qos_policy_id': None, 'network_qos_policy_id': None, 'profile': {}, 'propagate_uplink_status': False} {{(pid=103399) _get_device_details /opt/stack/neutron/neutron/plugins/ml2/rpc.py:184}}
Feb 03 21:38:19.968762 n-d-824834-9 neutron-server[103397]: INFO neutron.wsgi [req-9b4eeb65-2548-418b-8d76-7be491ff5149 req-7a686541-64fb-4b6e-b0be-84afb9d225ab tempest-ServersAdminTestJSON-323463846 tempest-ServersAdminTestJSON-323463846-project] 10.222.0.50 "GET /v2.0/security-groups?id=7525e499-eefe-41ce-8b19-dbfb4e2b2842&fields=id&fields=name HTTP/1.1" status: 200 len: 286 time: 0.2316496
Feb 03 21:38:19.995459 n-d-824834-9 neutron-server[103398]: INFO neutron.wsgi [req-80fc4fc6-888d-497b-a55d-4c44867f3d08 req-eafb5dcd-2571-44c5-8676-455bbbd744f7 service neutron] 10.222.0.47 "GET /v2.0/networks/5509033c-b538-4663-b03d-3fd1625d3952?fields=provider%3Aphysical_network&fields=provider%3Anetwork_type HTTP/1.1" status: 200 len: 281 time: 0.4009819
Feb 03 21:38:20.102101 n-d-824834-9 neutron-server[103399]: DEBUG neutron.plugins.ml2.db [None req-b2baa50d-41eb-4fee-be1f-e5e1da8a2ce9 None None] For port f6ad6057-be5b-4afb-ab35-e3b564a0095e, host n-d-824834-9, got binding levels [PortBindingLevel(driver='openvswitch',host='n-d-824834-9',level=0,port_id=f6ad6057-be5b-4afb-ab35-e3b564a0095e,segment=NetworkSegment(654fdb94-1c34-42dc-8873-a74b6bec36fa),segment_id=654fdb94-1c34-42dc-8873-a74b6bec36fa)] {{(pid=103399) get_binding_level_objs /opt/stack/neutron/neutron/plugins/ml2/db.py:74}}
Feb 03 21:38:20.149038 n-d-824834-9 neutron-server[103398]: DEBUG neutron_lib.callbacks.manager [None req-5f7700a9-adfd-45b0-8e68-ce406077f5b5 admin admin] Publish callbacks ['neutron.services.auto_allocate.db._ensure_external_network_default_value_callback-8789547329985'] for network (9b9bd0ff-ab30-4688-8f6d-e0001a8f710d), precommit_create {{(pid=103398) _notify_loop /usr/local/lib/python3.8/dist-packages/neutron_lib/callbacks/manager.py:176}}
Feb 03 21:38:20.150585 n-d-824834-9 neutron-server[103399]: DEBUG neutron_lib.callbacks.manager [None req-b2baa50d-41eb-4fee-be1f-e5e1da8a2ce9 None None] Publish callbacks ['neutron.plugins.ml2.plugin.SecurityGroupServerNotifierRpcMixin._notify_sg_on_port_change-3515538', 'neutron.plugins.ml2.ovo_rpc._ObjectChangeHandler.handle_event-4165038', 'neutron.api.rpc.agentnotifiers.dhcp_rpc_agent_api.DhcpAgentNotifyAPI._native_event_send_dhcp_notification-3730162', 'neutron.db.l3_db.L3RpcNotifierMixin._notify_gateway_port_ip_changed-8789547752439', 'neutron.db.l3_dvrscheduler_db._notify_l3_agent_port_update-8789547339376', 'neutron.db.l3_hascheduler_db._notify_l3_agent_ha_port_update-8789547339394'] for port (f6ad6057-be5b-4afb-ab35-e3b564a0095e), after_update {{(pid=103399) _notify_loop /usr/local/lib/python3.8/dist-packages/neutron_lib/callbacks/manager.py:176}}
Feb 03 21:38:20.171759 n-d-824834-9 neutron-server[103399]: DEBUG neutron.db.provisioning_blocks [None req-4e6d8a51-4f8b-4364-a054-90879d496650 None None] Provisioning complete for port 96e0d748-3159-4906-9e00-1c13cb7473c3 triggered by entity DHCP. {{(pid=103399) provisioning_complete /opt/stack/neutron/neutron/db/provisioning_blocks.py:139}}
Feb 03 21:38:20.173575 n-d-824834-9 neutron-server[103399]: DEBUG neutron_lib.callbacks.manager [None req-4e6d8a51-4f8b-4364-a054-90879d496650 None None] Publish callbacks ['neutron.plugins.ml2.plugin.Ml2Plugin._port_provisioned-666197'] for port (96e0d748-3159-4906-9e00-1c13cb7473c3), provisioning_complete {{(pid=103399) _notify_loop /usr/local/lib/python3.8/dist-packages/neutron_lib/callbacks/manager.py:176}}
Feb 03 21:38:20.257126 n-d-824834-9 neutron-server[103400]: DEBUG neutron.db.l3_dvr_db [None req-ac4fd7c5-0c3d-4d5a-ad4d-eba4b65b98a8 None None] Set router 031b6d47-1e38-4382-b089-33b183f56a20 gateway port host: n-d-824834-9 {{(pid=103400) _build_routers_list /opt/stack/neutron/neutron/db/l3_dvr_db.py:906}}
Feb 03 21:38:20.259693 n-d-824834-9 neutron-server[103399]: DEBUG neutron.plugins.ml2.plugin [None req-97df8ff6-1339-475a-8f51-b25bccc417e4 None None] Current status of the port de6595df-24d8-47e2-89e8-865cbb4c1b22 is: DOWN; New status is: BUILD {{(pid=103399) _update_individual_port_db_status /opt/stack/neutron/neutron/plugins/ml2/plugin.py:2238}}
Feb 03 21:38:20.260715 n-d-824834-9 neutron-server[103399]: DEBUG neutron_lib.callbacks.manager [None req-97df8ff6-1339-475a-8f51-b25bccc417e4 None None] Publish callbacks ['neutron.plugins.ml2.plugin.SecurityGroupDbMixin._ensure_default_security_group_handler-3515477'] for port (de6595df-24d8-47e2-89e8-865cbb4c1b22), before_update {{(pid=103399) _notify_loop /usr/local/lib/python3.8/dist-packages/neutron_lib/callbacks/manager.py:176}}
Feb 03 21:38:20.285669 n-d-824834-9 neutron-server[103399]: DEBUG neutron_lib.callbacks.manager [None req-f6c6e936-f7c5-470b-9806-5e2f51ec0ee7 None None] Publish callbacks [] for port (2288024b-617c-41ff-894a-3e01726df2ee), precommit_update {{(pid=103399) _notify_loop /usr/local/lib/python3.8/dist-packages/neutron_lib/callbacks/manager.py:176}}
Feb 03 21:38:20.298335 n-d-824834-9 neutron-server[103397]: DEBUG neutron.pecan_wsgi.hooks.policy_enforcement [req-d7298aef-b246-40b5-b849-5f76a45393d3 req-30f06391-d79a-441e-9d1b-3a68c183a0cf tempest-VolumesAdminNegativeTest-59823054 tempest-VolumesAdminNegativeTest-59823054-project] Attributes excluded by policy engine: ['standard_attr_id', 'binding:profile', 'binding:host_id', 'binding:vif_type', 'binding:vif_details'] {{(pid=103397) _exclude_attributes_by_policy /opt/stack/neutron/neutron/pecan_wsgi/hooks/policy_enforcement.py:255}}
Feb 03 21:38:20.303906 n-d-824834-9 neutron-server[103397]: INFO neutron.wsgi [req-d7298aef-b246-40b5-b849-5f76a45393d3 req-30f06391-d79a-441e-9d1b-3a68c183a0cf tempest-VolumesAdminNegativeTest-59823054 tempest-VolumesAdminNegativeTest-59823054-project] 10.222.0.50 "GET /v2.0/ports?device_id=dec2e292-47ce-4cba-8533-49a4ecbb0bc0 HTTP/1.1" status: 200 len: 943 time: 0.3266766
Feb 03 21:38:20.315394 n-d-824834-9 neutron-server[103397]: DEBUG neutron_lib.callbacks.manager [None req-5cd16a07-f6da-4b01-9313-9622d503d189 admin admin] Publish callbacks ['neutron.plugins.ml2.plugin.SecurityGroupDbMixin._ensure_default_security_group_handler-3515477'] for port (None), before_create {{(pid=103397) _notify_loop /usr/local/lib/python3.8/dist-packages/neutron_lib/callbacks/manager.py:176}}
Feb 03 21:38:20.320394 n-d-824834-9 neutron-server[103399]: DEBUG neutron_lib.callbacks.manager [None req-f6c6e936-f7c5-470b-9806-5e2f51ec0ee7 None None] Publish callbacks ['neutron.plugins.ml2.plugin.SecurityGroupServerNotifierRpcMixin._notify_sg_on_port_change-3515538', 'neutron.plugins.ml2.ovo_rpc._ObjectChangeHandler.handle_event-4165038', 'neutron.api.rpc.agentnotifiers.dhcp_rpc_agent_api.DhcpAgentNotifyAPI._native_event_send_dhcp_notification-3730162', 'neutron.db.l3_db.L3RpcNotifierMixin._notify_gateway_port_ip_changed-8789547752439', 'neutron.db.l3_dvrscheduler_db._notify_l3_agent_port_update-8789547339376', 'neutron.db.l3_hascheduler_db._notify_l3_agent_ha_port_update-8789547339394'] for port (2288024b-617c-41ff-894a-3e01726df2ee), after_update {{(pid=103399) _notify_loop /usr/local/lib/python3.8/dist-packages/neutron_lib/callbacks/manager.py:176}}
Feb 03 21:38:20.323360 n-d-824834-9 neutron-server[103398]: DEBUG neutron_lib.callbacks.manager [None req-b11884c7-c3fe-4856-bc14-590447bfac4c admin admin] Publish callbacks ['neutron.services.l3_router.l3_router_plugin.DVRResourceOperationHandler._add_csnat_on_interface_create-3762768'] for router_interface (deef175d-8fed-4699-8ae0-20995a631427), before_create {{(pid=103398) _notify_loop /usr/local/lib/python3.8/dist-packages/neutron_lib/callbacks/manager.py:176}}
