Feb 03 21:37:07.658657 n-d-824834-9 devstack@n-api.service[124370]: /usr/local/lib/python3.8/dist-packages/oslo_policy/policy.py:1119: UserWarning: Policy "os_compute_api:os-flavor-access:add_tenant_access": "rule:system_admin_api" failed scope check. The token used to make the request was project scoped but the policy requires ['system'] scope. This behavior may change in the future where using the intended scope is required
Feb 03 21:37:07.658657 n-d-824834-9 devstack@n-api.service[124370]: warnings.warn(msg)
Feb 03 21:37:07.718112 n-d-824834-9 devstack@n-api.service[124371]: INFO nova.api.openstack.requestlog [None req-7ab4967b-2fe0-493e-acd0-4a902b0fceb7 tempest-DeleteServersAdminTestJSON-316155047 tempest-DeleteServersAdminTestJSON-316155047-project] 10.222.0.50 "POST /compute/v2.1/servers" status: 202 len: 380 microversion: 2.1 time: 0.926345
Feb 03 21:37:07.725358 n-d-824834-9 devstack@n-api.service[124371]: [pid: 124371|app: 0|req: 5/12] 10.222.0.50 () {60 vars in 1146 bytes} [Thu Feb 3 21:37:06 2022] POST /compute/v2.1/servers => generated 380 bytes in 934 msecs (HTTP/1.1 202) 10 headers in 451 bytes (1 switches on core 0)
Feb 03 21:37:07.731746 n-d-824834-9 devstack@n-api.service[124371]: DEBUG nova.api.openstack.wsgi [None req-530ec07d-3285-4f9d-8649-9e5e2a85b651 tempest-AggregatesAdminNegativeTestJSON-664728897 tempest-AggregatesAdminNegativeTestJSON-664728897-project-admin] Action: 'action', calling method: >, body: {"add_host": {"host": "n-h1-824834-9"}} {{(pid=124371) _process_stack /opt/stack/nova/nova/api/openstack/wsgi.py:511}}
Feb 03 21:37:07.734573 n-d-824834-9 devstack@n-api.service[124371]: /usr/local/lib/python3.8/dist-packages/oslo_policy/policy.py:1119: UserWarning: Policy "os_compute_api:os-aggregates:add_host": "rule:system_admin_api" failed scope check. The token used to make the request was project scoped but the policy requires ['system'] scope. This behavior may change in the future where using the intended scope is required
Feb 03 21:37:07.734573 n-d-824834-9 devstack@n-api.service[124371]: warnings.warn(msg)
Feb 03 21:37:07.770751 n-d-824834-9 devstack@n-api.service[124371]: DEBUG oslo_concurrency.lockutils [None req-530ec07d-3285-4f9d-8649-9e5e2a85b651 tempest-AggregatesAdminNegativeTestJSON-664728897 tempest-AggregatesAdminNegativeTestJSON-664728897-project-admin] Lock "5fc7d671-7e63-4f43-b1a5-a28dcccf1fe6" acquired by "nova.context.set_target_cell..get_or_set_cached_cell_and_set_connections" :: waited 0.000s {{(pid=124371) inner /usr/local/lib/python3.8/dist-packages/oslo_concurrency/lockutils.py:386}}
Feb 03 21:37:07.771479 n-d-824834-9 devstack@n-api.service[124371]: DEBUG oslo_concurrency.lockutils [None req-530ec07d-3285-4f9d-8649-9e5e2a85b651 tempest-AggregatesAdminNegativeTestJSON-664728897 tempest-AggregatesAdminNegativeTestJSON-664728897-project-admin] Lock "5fc7d671-7e63-4f43-b1a5-a28dcccf1fe6" "released" by "nova.context.set_target_cell..get_or_set_cached_cell_and_set_connections" :: held 0.001s {{(pid=124371) inner /usr/local/lib/python3.8/dist-packages/oslo_concurrency/lockutils.py:400}}
Feb 03 21:37:07.850467 n-d-824834-9 devstack@n-api.service[124370]: INFO nova.api.openstack.requestlog [None req-8efb9483-13c3-407a-a4f8-074c0ca44d62 tempest-FlavorsAccessTestJSON-2043187966 tempest-FlavorsAccessTestJSON-2043187966-project-admin] 10.222.0.50 "POST /compute/v2.1/flavors/1868498363/action" status: 200 len: 97 microversion: 2.1 time: 0.197099
Feb 03 21:37:07.851825 n-d-824834-9 devstack@n-api.service[124370]: [pid: 124370|app: 0|req: 8/13] 10.222.0.50 () {60 vars in 1199 bytes} [Thu Feb 3 21:37:07 2022] POST /compute/v2.1/flavors/1868498363/action => generated 97 bytes in 199 msecs (HTTP/1.1 200) 9 headers in 356 bytes (1 switches on core 0)
Feb 03 21:37:07.857214 n-d-824834-9 devstack@n-api.service[124370]: DEBUG nova.api.openstack.wsgi [None req-c8927e4a-ebc1-46cf-a173-fc9269eccb6e tempest-HostsAdminNegativeTestJSON-677343856 tempest-HostsAdminNegativeTestJSON-677343856-project-admin] Calling method '.version_select at 0x7f211baa1670>' {{(pid=124370) _process_stack /opt/stack/nova/nova/api/openstack/wsgi.py:513}}
Feb 03 21:37:07.872385 n-d-824834-9 devstack@n-api.service[124370]: INFO nova.api.openstack.wsgi [None req-c8927e4a-ebc1-46cf-a173-fc9269eccb6e tempest-HostsAdminNegativeTestJSON-677343856 tempest-HostsAdminNegativeTestJSON-677343856-project-admin] HTTP exception thrown: Host 'nonexistent_hostname' is not mapped to any cell
Feb 03 21:37:07.873280 n-d-824834-9 devstack@n-api.service[124370]: DEBUG nova.api.openstack.wsgi [None req-c8927e4a-ebc1-46cf-a173-fc9269eccb6e tempest-HostsAdminNegativeTestJSON-677343856 tempest-HostsAdminNegativeTestJSON-677343856-project-admin] Returning 404 to user: Host 'nonexistent_hostname' is not mapped to any cell {{(pid=124370) __call__ /opt/stack/nova/nova/api/openstack/wsgi.py:936}}
Feb 03 21:37:07.874313 n-d-824834-9 devstack@n-api.service[124370]: INFO nova.api.openstack.requestlog [None req-c8927e4a-ebc1-46cf-a173-fc9269eccb6e tempest-HostsAdminNegativeTestJSON-677343856 tempest-HostsAdminNegativeTestJSON-677343856-project-admin] 10.222.0.50 "GET /compute/v2.1/os-hosts/nonexistent_hostname/reboot" status: 404 len: 99 microversion: 2.1 time: 0.021431
Feb 03 21:37:07.875156 n-d-824834-9 devstack@n-api.service[124370]: [pid: 124370|app: 0|req: 9/14] 10.222.0.50 () {58 vars in 1211 bytes} [Thu Feb 3 21:37:07 2022] GET /compute/v2.1/os-hosts/nonexistent_hostname/reboot => generated 99 bytes in 22 msecs (HTTP/1.1 404) 9 headers in 378 bytes (1 switches on core 0)
Feb 03 21:37:07.880073 n-d-824834-9 devstack@n-api.service[124370]: DEBUG nova.api.openstack.wsgi [None req-25d79129-7814-45d0-861c-a4d1d91a91e9 tempest-InstanceUsageAuditLogNegativeTestJSON-1051971875 tempest-InstanceUsageAuditLogNegativeTestJSON-1051971875-project] Calling method '>' {{(pid=124370) _process_stack /opt/stack/nova/nova/api/openstack/wsgi.py:513}}
Feb 03 21:37:07.880827 n-d-824834-9 devstack@n-api.service[124370]: /usr/local/lib/python3.8/dist-packages/oslo_policy/policy.py:1119: UserWarning: Policy "os_compute_api:os-instance-usage-audit-log:show": "rule:system_reader_api" failed scope check. The token used to make the request was project scoped but the policy requires ['system'] scope. This behavior may change in the future where using the intended scope is required
Feb 03 21:37:07.880827 n-d-824834-9 devstack@n-api.service[124370]: warnings.warn(msg)
Feb 03 21:37:07.882597 n-d-824834-9 devstack@n-api.service[124370]: DEBUG nova.policy [None req-25d79129-7814-45d0-861c-a4d1d91a91e9 tempest-InstanceUsageAuditLogNegativeTestJSON-1051971875 tempest-InstanceUsageAuditLogNegativeTestJSON-1051971875-project] Policy check for os_compute_api:os-instance-usage-audit-log:show failed with credentials {'is_admin': False, 'user_id': '24b54f97782144baadb8f28381c96442', 'user_domain_id': 'default', 'system_scope': None, 'domain_id': None, 'project_id': 'd46cbfea70194145a9edb4831433e2a6', 'project_domain_id': 'default', 'roles': ['reader', 'member'], 'is_admin_project': True, 'service_user_id': None, 'service_user_domain_id': None, 'service_project_id': None, 'service_project_domain_id': None, 'service_roles': []} {{(pid=124370) authorize /opt/stack/nova/nova/policy.py:199}}
Feb 03 21:37:07.883226 n-d-824834-9 devstack@n-api.service[124370]: DEBUG nova.api.openstack.wsgi [None req-25d79129-7814-45d0-861c-a4d1d91a91e9 tempest-InstanceUsageAuditLogNegativeTestJSON-1051971875 tempest-InstanceUsageAuditLogNegativeTestJSON-1051971875-project] Returning 403 to user: Policy doesn't allow os_compute_api:os-instance-usage-audit-log:show to be performed. {{(pid=124370) __call__ /opt/stack/nova/nova/api/openstack/wsgi.py:936}}
Feb 03 21:37:07.884020 n-d-824834-9 devstack@n-api.service[124370]: INFO nova.api.openstack.requestlog [None req-25d79129-7814-45d0-861c-a4d1d91a91e9 tempest-InstanceUsageAuditLogNegativeTestJSON-1051971875 tempest-InstanceUsageAuditLogNegativeTestJSON-1051971875-project] 10.222.0.50 "GET /compute/v2.1/os-instance_usage_audit_log/2022-02-03 21:37:07" status: 403 len: 128 microversion: 2.1 time: 0.007952
Feb 03 21:37:07.884543 n-d-824834-9 devstack@n-api.service[124370]: [pid: 124370|app: 0|req: 10/15] 10.222.0.50 () {58 vars in 1250 bytes} [Thu Feb 3 21:37:07 2022] GET /compute/v2.1/os-instance_usage_audit_log/2022-02-03%2021%3A37%3A07 => generated 128 bytes in 9 msecs (HTTP/1.1 403) 9 headers in 379 bytes (1 switches on core 0)
Feb 03 21:37:07.890300 n-d-824834-9 devstack@n-api.service[124370]: DEBUG nova.api.openstack.wsgi [None req-3238e0cf-e86a-4475-ab8c-36c7a2510bdd tempest-DeleteServersAdminTestJSON-316155047 tempest-DeleteServersAdminTestJSON-316155047-project] Calling method '>' {{(pid=124370) _process_stack /opt/stack/nova/nova/api/openstack/wsgi.py:513}}
Feb 03 21:37:07.891042 n-d-824834-9 devstack@n-api.service[124370]: DEBUG nova.compute.api [None req-3238e0cf-e86a-4475-ab8c-36c7a2510bdd tempest-DeleteServersAdminTestJSON-316155047 tempest-DeleteServersAdminTestJSON-316155047-project] [instance: 7d4dc90f-232b-4c58-be2a-1b3786ad68b6] Fetching instance by UUID {{(pid=124370) get /opt/stack/nova/nova/compute/api.py:2866}}
Feb 03 21:37:08.459804 n-d-824834-9 devstack@n-api.service[124371]: INFO nova.api.openstack.requestlog [None req-530ec07d-3285-4f9d-8649-9e5e2a85b651 tempest-AggregatesAdminNegativeTestJSON-664728897 tempest-AggregatesAdminNegativeTestJSON-664728897-project-admin] 10.222.0.50 "POST /compute/v2.1/os-aggregates/1/action" status: 200 len: 242 microversion: 2.1 time: 0.732127
Feb 03 21:37:08.460640 n-d-824834-9 devstack@n-api.service[124371]: [pid: 124371|app: 0|req: 6/16] 10.222.0.50 () {60 vars in 1190 bytes} [Thu Feb 3 21:37:07 2022] POST /compute/v2.1/os-aggregates/1/action => generated 242 bytes in 735 msecs (HTTP/1.1 200) 9 headers in 357 bytes (1 switches on core 0)
Feb 03 21:37:08.624681 n-d-824834-9 devstack@n-api.service[124370]: DEBUG nova.policy [None req-3238e0cf-e86a-4475-ab8c-36c7a2510bdd tempest-DeleteServersAdminTestJSON-316155047 tempest-DeleteServersAdminTestJSON-316155047-project] Policy check for os_compute_api:os-extended-server-attributes failed with credentials {'is_admin': False, 'user_id': '86e408cd6bd34efb9d33b59365b11535', 'user_domain_id': 'default', 'system_scope': None, 'domain_id': None, 'project_id': '8324c0cc03fd42f79ba67c3b913198aa', 'project_domain_id': 'default', 'roles': ['reader', 'member'], 'is_admin_project': True, 'service_user_id': None, 'service_user_domain_id': None, 'service_project_id': None, 'service_project_domain_id': None, 'service_roles': []} {{(pid=124370) authorize /opt/stack/nova/nova/policy.py:199}}
Feb 03 21:37:08.642246 n-d-824834-9 devstack@n-api.service[124370]: INFO nova.api.openstack.requestlog [None req-3238e0cf-e86a-4475-ab8c-36c7a2510bdd tempest-DeleteServersAdminTestJSON-316155047 tempest-DeleteServersAdminTestJSON-316155047-project] 10.222.0.50 "GET /compute/v2.1/servers/7d4dc90f-232b-4c58-be2a-1b3786ad68b6" status: 200 len: 1219 microversion: 2.1 time: 0.756573
Feb 03 21:37:08.652741 n-d-824834-9 devstack@n-api.service[124370]: [pid: 124370|app: 0|req: 11/17] 10.222.0.50 () {58 vars in 1235 bytes} [Thu Feb 3 21:37:07 2022] GET /compute/v2.1/servers/7d4dc90f-232b-4c58-be2a-1b3786ad68b6 => generated 1219 bytes in 767 msecs (HTTP/1.1 200) 9 headers in 358 bytes (1 switches on core 0)
Feb 03 21:37:08.658568 n-d-824834-9 devstack@n-api.service[124370]: DEBUG nova.api.openstack.wsgi [None req-69534fa1-6fc6-4736-8b91-e1486c10ffc9 tempest-HostsAdminNegativeTestJSON-443495307 tempest-HostsAdminNegativeTestJSON-443495307-project] Calling method '.version_select at 0x7f211c41ddc0>' {{(pid=124370) _process_stack /opt/stack/nova/nova/api/openstack/wsgi.py:513}}
Feb 03 21:37:08.659440 n-d-824834-9 devstack@n-api.service[124370]: /usr/local/lib/python3.8/dist-packages/oslo_policy/policy.py:1119: UserWarning: Policy "os_compute_api:os-hosts:show": "rule:system_reader_api" failed scope check. The token used to make the request was project scoped but the policy requires ['system'] scope. This behavior may change in the future where using the intended scope is required
Feb 03 21:37:08.659440 n-d-824834-9 devstack@n-api.service[124370]: warnings.warn(msg)
Feb 03 21:37:08.661302 n-d-824834-9 devstack@n-api.service[124370]: DEBUG nova.policy [None req-69534fa1-6fc6-4736-8b91-e1486c10ffc9 tempest-HostsAdminNegativeTestJSON-443495307 tempest-HostsAdminNegativeTestJSON-443495307-project] Policy check for os_compute_api:os-hosts:show failed with credentials {'is_admin': False, 'user_id': 'fb52b569f0e74f22a64694478de9bbc2', 'user_domain_id': 'default', 'system_scope': None, 'domain_id': None, 'project_id': '40a8c3f421a54a2b8f39e8df555ddbcb', 'project_domain_id': 'default', 'roles': ['reader', 'member'], 'is_admin_project': True, 'service_user_id': None, 'service_user_domain_id': None, 'service_project_id': None, 'service_project_domain_id': None, 'service_roles': []} {{(pid=124370) authorize /opt/stack/nova/nova/policy.py:199}}
Feb 03 21:37:08.662350 n-d-824834-9 devstack@n-api.service[124370]: DEBUG nova.api.openstack.wsgi [None req-69534fa1-6fc6-4736-8b91-e1486c10ffc9 tempest-HostsAdminNegativeTestJSON-443495307 tempest-HostsAdminNegativeTestJSON-443495307-project] Returning 403 to user: Policy doesn't allow os_compute_api:os-hosts:show to be performed. {{(pid=124370) __call__ /opt/stack/nova/nova/api/openstack/wsgi.py:936}}
Feb 03 21:37:08.677717 n-d-824834-9 devstack@n-api.service[124370]: INFO nova.api.openstack.requestlog [None req-69534fa1-6fc6-4736-8b91-e1486c10ffc9 tempest-HostsAdminNegativeTestJSON-443495307 tempest-HostsAdminNegativeTestJSON-443495307-project] 10.222.0.50 "GET /compute/v2.1/os-hosts/n-d-824834-9" status: 403 len: 109 microversion: 2.1 time: 0.022950
Feb 03 21:37:08.683429 n-d-824834-9 devstack@n-api.service[124370]: [pid: 124370|app: 0|req: 12/18] 10.222.0.50 () {58 vars in 1166 bytes} [Thu Feb 3 21:37:08 2022] GET /compute/v2.1/os-hosts/n-d-824834-9 => generated 109 bytes in 30 msecs (HTTP/1.1 403) 9 headers in 379 bytes (1 switches on core 0)
Feb 03 21:37:08.690279 n-d-824834-9 devstack@n-api.service[124370]: DEBUG nova.api.openstack.wsgi [None req-1be0eba4-62b4-4acb-8b4e-9436073df297 tempest-AggregatesAdminNegativeTestJSON-664728897 tempest-AggregatesAdminNegativeTestJSON-664728897-project-admin] Action: 'action', calling method: >, body: {"add_host": {"host": "n-h1-824834-9"}} {{(pid=124370) _process_stack /opt/stack/nova/nova/api/openstack/wsgi.py:511}}
Feb 03 21:37:08.692660 n-d-824834-9 devstack@n-api.service[124370]: /usr/local/lib/python3.8/dist-packages/oslo_policy/policy.py:1119: UserWarning: Policy "os_compute_api:os-aggregates:add_host": "rule:system_admin_api" failed scope check. The token used to make the request was project scoped but the policy requires ['system'] scope. This behavior may change in the future where using the intended scope is required
Feb 03 21:37:08.692660 n-d-824834-9 devstack@n-api.service[124370]: warnings.warn(msg)
Feb 03 21:37:08.705420 n-d-824834-9 devstack@n-api.service[124370]: DEBUG oslo_concurrency.lockutils [None req-1be0eba4-62b4-4acb-8b4e-9436073df297 tempest-AggregatesAdminNegativeTestJSON-664728897 tempest-AggregatesAdminNegativeTestJSON-664728897-project-admin] Lock "5fc7d671-7e63-4f43-b1a5-a28dcccf1fe6" acquired by "nova.context.set_target_cell..get_or_set_cached_cell_and_set_connections" :: waited 0.000s {{(pid=124370) inner /usr/local/lib/python3.8/dist-packages/oslo_concurrency/lockutils.py:386}}
Feb 03 21:37:08.706339 n-d-824834-9 devstack@n-api.service[124370]: DEBUG oslo_concurrency.lockutils [None req-1be0eba4-62b4-4acb-8b4e-9436073df297 tempest-AggregatesAdminNegativeTestJSON-664728897 tempest-AggregatesAdminNegativeTestJSON-664728897-project-admin] Lock "5fc7d671-7e63-4f43-b1a5-a28dcccf1fe6" "released" by "nova.context.set_target_cell..get_or_set_cached_cell_and_set_connections" :: held 0.001s {{(pid=124370) inner /usr/local/lib/python3.8/dist-packages/oslo_concurrency/lockutils.py:400}}
Feb 03 21:37:08.755826 n-d-824834-9 devstack@n-api.service[124370]: INFO nova.api.openstack.wsgi [None req-1be0eba4-62b4-4acb-8b4e-9436073df297 tempest-AggregatesAdminNegativeTestJSON-664728897 tempest-AggregatesAdminNegativeTestJSON-664728897-project-admin] HTTP exception thrown: Aggregate 1 already has host n-h1-824834-9.
Feb 03 21:37:08.757189 n-d-824834-9 devstack@n-api.service[124370]: DEBUG nova.api.openstack.wsgi [None req-1be0eba4-62b4-4acb-8b4e-9436073df297 tempest-AggregatesAdminNegativeTestJSON-664728897 tempest-AggregatesAdminNegativeTestJSON-664728897-project-admin] Returning 409 to user: Aggregate 1 already has host n-h1-824834-9. {{(pid=124370) __call__ /opt/stack/nova/nova/api/openstack/wsgi.py:936}}
Feb 03 21:37:08.758130 n-d-824834-9 devstack@n-api.service[124370]: INFO nova.api.openstack.requestlog [None req-1be0eba4-62b4-4acb-8b4e-9436073df297 tempest-AggregatesAdminNegativeTestJSON-664728897 tempest-AggregatesAdminNegativeTestJSON-664728897-project-admin] 10.222.0.50 "POST /compute/v2.1/os-aggregates/1/action" status: 409 len: 95 microversion: 2.1 time: 0.072958
Feb 03 21:37:08.758961 n-d-824834-9 devstack@n-api.service[124370]: [pid: 124370|app: 0|req: 13/19] 10.222.0.50 () {60 vars in 1190 bytes} [Thu Feb 3 21:37:08 2022] POST /compute/v2.1/os-aggregates/1/action => generated 95 bytes in 75 msecs (HTTP/1.1 409) 9 headers in 377 bytes (1 switches on core 0)
Feb 03 21:37:08.770979 n-d-824834-9 devstack@n-api.service[124370]: DEBUG nova.api.openstack.wsgi [None req-50d5c903-b361-4966-a9fe-531300cb5ee9 tempest-HostsAdminNegativeTestJSON-677343856 tempest-HostsAdminNegativeTestJSON-677343856-project-admin] Calling method '.version_select at 0x7f211aa7c5e0>' {{(pid=124370) _process_stack /opt/stack/nova/nova/api/openstack/wsgi.py:513}}
Feb 03 21:37:08.772473 n-d-824834-9 devstack@n-api.service[124370]: /usr/local/lib/python3.8/dist-packages/oslo_policy/policy.py:1119: UserWarning: Policy "os_compute_api:os-hosts:show": "rule:system_reader_api" failed scope check. The token used to make the request was project scoped but the policy requires ['system'] scope. This behavior may change in the future where using the intended scope is required
Feb 03 21:37:08.772473 n-d-824834-9 devstack@n-api.service[124370]: warnings.warn(msg)
Feb 03 21:37:08.784483 n-d-824834-9 devstack@n-api.service[124370]: INFO nova.api.openstack.wsgi [None req-50d5c903-b361-4966-a9fe-531300cb5ee9 tempest-HostsAdminNegativeTestJSON-677343856 tempest-HostsAdminNegativeTestJSON-677343856-project-admin] HTTP exception thrown: Host 'nonexistent_hostname' is not mapped to any cell
Feb 03 21:37:08.785377 n-d-824834-9 devstack@n-api.service[124370]: DEBUG nova.api.openstack.wsgi [None req-50d5c903-b361-4966-a9fe-531300cb5ee9 tempest-HostsAdminNegativeTestJSON-677343856 tempest-HostsAdminNegativeTestJSON-677343856-project-admin] Returning 404 to user: Host 'nonexistent_hostname' is not mapped to any cell {{(pid=124370) __call__ /opt/stack/nova/nova/api/openstack/wsgi.py:936}}
Feb 03 21:37:08.786392 n-d-824834-9 devstack@n-api.service[124370]: INFO nova.api.openstack.requestlog [None req-50d5c903-b361-4966-a9fe-531300cb5ee9 tempest-HostsAdminNegativeTestJSON-677343856 tempest-HostsAdminNegativeTestJSON-677343856-project-admin] 10.222.0.50 "GET /compute/v2.1/os-hosts/nonexistent_hostname" status: 404 len: 99 microversion: 2.1 time: 0.026397
Feb 03 21:37:08.788274 n-d-824834-9 devstack@n-api.service[124370]: [pid: 124370|app: 0|req: 14/20] 10.222.0.50 () {58 vars in 1190 bytes} [Thu Feb 3 21:37:08 2022] GET /compute/v2.1/os-hosts/nonexistent_hostname => generated 99 bytes in 29 msecs (HTTP/1.1 404) 9 headers in 378 bytes (1 switches on core 0)
Feb 03 21:37:08.793862 n-d-824834-9 devstack@n-api.service[124370]: DEBUG nova.api.openstack.wsgi [None req-6a98dd90-6b9a-4c0d-aa33-b5e0f9139a1f tempest-AggregatesAdminNegativeTestJSON-664728897 tempest-AggregatesAdminNegativeTestJSON-664728897-project-admin] Action: 'action', calling method: >, body: {"remove_host": {"host": "n-h1-824834-9"}} {{(pid=124370) _process_stack /opt/stack/nova/nova/api/openstack/wsgi.py:511}}
Feb 03 21:37:08.794424 n-d-824834-9 devstack@n-api.service[124371]: DEBUG nova.api.openstack.wsgi [None req-35855c93-f8d1-4796-9e07-4c0df9d2aee4 tempest-FlavorsAccessTestJSON-1488582373 tempest-FlavorsAccessTestJSON-1488582373-project] Calling method '>' {{(pid=124371) _process_stack /opt/stack/nova/nova/api/openstack/wsgi.py:513}}
Feb 03 21:37:08.796664 n-d-824834-9 devstack@n-api.service[124370]: /usr/local/lib/python3.8/dist-packages/oslo_policy/policy.py:1119: UserWarning: Policy "os_compute_api:os-aggregates:remove_host": "rule:system_admin_api" failed scope check. The token used to make the request was project scoped but the policy requires ['system'] scope. This behavior may change in the future where using the intended scope is required
Feb 03 21:37:08.796664 n-d-824834-9 devstack@n-api.service[124370]: warnings.warn(msg)
Feb 03 21:37:08.815799 n-d-824834-9 devstack@n-api.service[124370]: DEBUG oslo_concurrency.lockutils [None req-6a98dd90-6b9a-4c0d-aa33-b5e0f9139a1f tempest-AggregatesAdminNegativeTestJSON-664728897 tempest-AggregatesAdminNegativeTestJSON-664728897-project-admin] Lock "5fc7d671-7e63-4f43-b1a5-a28dcccf1fe6" acquired by "nova.context.set_target_cell..get_or_set_cached_cell_and_set_connections" :: waited 0.000s {{(pid=124370) inner /usr/local/lib/python3.8/dist-packages/oslo_concurrency/lockutils.py:386}}
Feb 03 21:37:08.816265 n-d-824834-9 devstack@n-api.service[124370]: DEBUG oslo_concurrency.lockutils [None req-6a98dd90-6b9a-4c0d-aa33-b5e0f9139a1f tempest-AggregatesAdminNegativeTestJSON-664728897 tempest-AggregatesAdminNegativeTestJSON-664728897-project-admin] Lock "5fc7d671-7e63-4f43-b1a5-a28dcccf1fe6" "released" by "nova.context.set_target_cell..get_or_set_cached_cell_and_set_connections" :: held 0.001s {{(pid=124370) inner /usr/local/lib/python3.8/dist-packages/oslo_concurrency/lockutils.py:400}}
Feb 03 21:37:08.853105 n-d-824834-9 devstack@n-api.service[124371]: INFO nova.api.openstack.requestlog [None req-35855c93-f8d1-4796-9e07-4c0df9d2aee4 tempest-FlavorsAccessTestJSON-1488582373 tempest-FlavorsAccessTestJSON-1488582373-project] 10.222.0.50 "GET /compute/v2.1/flavors/detail" status: 200 len: 5410 microversion: 2.1 time: 0.379587
Feb 03 21:37:08.859745 n-d-824834-9 devstack@n-api.service[124371]: [pid: 124371|app: 0|req: 7/21] 10.222.0.50 () {58 vars in 1145 bytes} [Thu Feb 3 21:37:08 2022] GET /compute/v2.1/flavors/detail => generated 5410 bytes in 398 msecs (HTTP/1.1 200) 9 headers in 358 bytes (1 switches on core 0)
Feb 03 21:37:08.864521 n-d-824834-9 devstack@n-api.service[124371]: DEBUG nova.api.openstack.wsgi [None req-fb09728f-7433-4ffb-85bb-210568176c5c tempest-HostsAdminNegativeTestJSON-443495307 tempest-HostsAdminNegativeTestJSON-443495307-project] Calling method '.version_select at 0x7f211aa2fc10>' {{(pid=124371) _process_stack /opt/stack/nova/nova/api/openstack/wsgi.py:513}}
Feb 03 21:37:08.867170 n-d-824834-9 devstack@n-api.service[124371]: /usr/local/lib/python3.8/dist-packages/oslo_policy/policy.py:1119: UserWarning: Policy "os_compute_api:os-hosts:shutdown": "rule:system_admin_api" failed scope check. The token used to make the request was project scoped but the policy requires ['system'] scope. This behavior may change in the future where using the intended scope is required
Feb 03 21:37:08.867170 n-d-824834-9 devstack@n-api.service[124371]: warnings.warn(msg)
Feb 03 21:37:08.868408 n-d-824834-9 devstack@n-api.service[124371]: DEBUG nova.policy [None req-fb09728f-7433-4ffb-85bb-210568176c5c tempest-HostsAdminNegativeTestJSON-443495307 tempest-HostsAdminNegativeTestJSON-443495307-project] Policy check for os_compute_api:os-hosts:shutdown failed with credentials {'is_admin': False, 'user_id': 'fb52b569f0e74f22a64694478de9bbc2', 'user_domain_id': 'default', 'system_scope': None, 'domain_id': None, 'project_id': '40a8c3f421a54a2b8f39e8df555ddbcb', 'project_domain_id': 'default', 'roles': ['reader', 'member'], 'is_admin_project': True, 'service_user_id': None, 'service_user_domain_id': None, 'service_project_id': None, 'service_project_domain_id': None, 'service_roles': []} {{(pid=124371) authorize /opt/stack/nova/nova/policy.py:199}}
Feb 03 21:37:08.869092 n-d-824834-9 devstack@n-api.service[124371]: DEBUG nova.api.openstack.wsgi [None req-fb09728f-7433-4ffb-85bb-210568176c5c tempest-HostsAdminNegativeTestJSON-443495307 tempest-HostsAdminNegativeTestJSON-443495307-project] Returning 403 to user: Policy doesn't allow os_compute_api:os-hosts:shutdown to be performed. {{(pid=124371) __call__ /opt/stack/nova/nova/api/openstack/wsgi.py:936}}
Feb 03 21:37:08.877798 n-d-824834-9 devstack@n-api.service[124371]: INFO nova.api.openstack.requestlog [None req-fb09728f-7433-4ffb-85bb-210568176c5c tempest-HostsAdminNegativeTestJSON-443495307 tempest-HostsAdminNegativeTestJSON-443495307-project] 10.222.0.50 "GET /compute/v2.1/os-hosts/n-d-824834-9/shutdown" status: 403 len: 113 microversion: 2.1 time: 0.017399
Feb 03 21:37:08.878986 n-d-824834-9 devstack@n-api.service[124371]: [pid: 124371|app: 0|req: 8/22] 10.222.0.50 () {58 vars in 1193 bytes} [Thu Feb 3 21:37:08 2022] GET /compute/v2.1/os-hosts/n-d-824834-9/shutdown => generated 113 bytes in 19 msecs (HTTP/1.1 403) 9 headers in 379 bytes (1 switches on core 0)
Feb 03 21:37:08.903415 n-d-824834-9 devstack@n-api.service[124371]: DEBUG nova.api.openstack.wsgi [None req-57f9b8d0-64b8-4342-a037-54199bd0fe7b tempest-FlavorsAccessTestJSON-2043187966 tempest-FlavorsAccessTestJSON-2043187966-project-admin] Action: 'action', calling method: >, body: {"removeTenantAccess": {"tenant": "743703f44010416e910fef0d4cf4542d"}} {{(pid=124371) _process_stack /opt/stack/nova/nova/api/openstack/wsgi.py:511}}
Feb 03 21:37:08.906260 n-d-824834-9 devstack@n-api.service[124371]: /usr/local/lib/python3.8/dist-packages/oslo_policy/policy.py:1119: UserWarning: Policy "os_compute_api:os-flavor-access:remove_tenant_access": "rule:system_admin_api" failed scope check. The token used to make the request was project scoped but the policy requires ['system'] scope. This behavior may change in the future where using the intended scope is required
Feb 03 21:37:08.906260 n-d-824834-9 devstack@n-api.service[124371]: warnings.warn(msg)
Feb 03 21:37:09.228756 n-d-824834-9 devstack@n-api.service[124371]: INFO nova.api.openstack.requestlog [None req-57f9b8d0-64b8-4342-a037-54199bd0fe7b tempest-FlavorsAccessTestJSON-2043187966 tempest-FlavorsAccessTestJSON-2043187966-project-admin] 10.222.0.50 "POST /compute/v2.1/flavors/1868498363/action" status: 200 len: 21 microversion: 2.1 time: 0.348515
Feb 03 21:37:09.234502 n-d-824834-9 devstack@n-api.service[124371]: [pid: 124371|app: 0|req: 9/23] 10.222.0.50 () {60 vars in 1199 bytes} [Thu Feb 3 21:37:08 2022] POST /compute/v2.1/flavors/1868498363/action => generated 21 bytes in 354 msecs (HTTP/1.1 200) 9 headers in 356 bytes (1 switches on core 0)
Feb 03 21:37:09.257892 n-d-824834-9 devstack@n-api.service[124371]: DEBUG nova.api.openstack.wsgi [None req-a7fdc000-01a8-449c-ae4f-8f37708c9be1 tempest-HostsAdminNegativeTestJSON-677343856 tempest-HostsAdminNegativeTestJSON-677343856-project-admin] Calling method '.version_select at 0x7f211a9d9b80>' {{(pid=124371) _process_stack /opt/stack/nova/nova/api/openstack/wsgi.py:513}}
Feb 03 21:37:09.273445 n-d-824834-9 devstack@n-api.service[124371]: INFO nova.api.openstack.wsgi [None req-a7fdc000-01a8-449c-ae4f-8f37708c9be1 tempest-HostsAdminNegativeTestJSON-677343856 tempest-HostsAdminNegativeTestJSON-677343856-project-admin] HTTP exception thrown: Host 'nonexistent_hostname' is not mapped to any cell
Feb 03 21:37:09.274321 n-d-824834-9 devstack@n-api.service[124371]: DEBUG nova.api.openstack.wsgi [None req-a7fdc000-01a8-449c-ae4f-8f37708c9be1 tempest-HostsAdminNegativeTestJSON-677343856 tempest-HostsAdminNegativeTestJSON-677343856-project-admin] Returning 404 to user: Host 'nonexistent_hostname' is not mapped to any cell {{(pid=124371) __call__ /opt/stack/nova/nova/api/openstack/wsgi.py:936}}
Feb 03 21:37:09.276499 n-d-824834-9 devstack@n-api.service[124371]: INFO nova.api.openstack.requestlog [None req-a7fdc000-01a8-449c-ae4f-8f37708c9be1 tempest-HostsAdminNegativeTestJSON-677343856 tempest-HostsAdminNegativeTestJSON-677343856-project-admin] 10.222.0.50 "GET /compute/v2.1/os-hosts/nonexistent_hostname/shutdown" status: 404 len: 99 microversion: 2.1 time: 0.027458
Feb 03 21:37:09.281897 n-d-824834-9 devstack@n-api.service[124371]: [pid: 124371|app: 0|req: 10/24] 10.222.0.50 () {58 vars in 1217 bytes} [Thu Feb 3 21:37:09 2022] GET /compute/v2.1/os-hosts/nonexistent_hostname/shutdown => generated 99 bytes in 45 msecs (HTTP/1.1 404) 9 headers in 378 bytes (1 switches on core 0)
Feb 03 21:37:09.289926 n-d-824834-9 devstack@n-api.service[124371]: DEBUG nova.api.openstack.wsgi [None req-920d6267-2bc9-44d2-adcf-c34c6a08415d tempest-FlavorsAccessTestJSON-1488582373 tempest-FlavorsAccessTestJSON-1488582373-project] Calling method '>' {{(pid=124371) _process_stack /opt/stack/nova/nova/api/openstack/wsgi.py:513}}
Feb 03 21:37:09.298677 n-d-824834-9 devstack@n-api.service[124370]: INFO nova.api.openstack.requestlog [None req-6a98dd90-6b9a-4c0d-aa33-b5e0f9139a1f tempest-AggregatesAdminNegativeTestJSON-664728897 tempest-AggregatesAdminNegativeTestJSON-664728897-project-admin] 10.222.0.50 "POST /compute/v2.1/os-aggregates/1/action" status: 200 len: 227 microversion: 2.1 time: 0.508733
Feb 03 21:37:09.305460 n-d-824834-9 devstack@n-api.service[124370]: [pid: 124370|app: 0|req: 15/25] 10.222.0.50 () {60 vars in 1190 bytes} [Thu Feb 3 21:37:08 2022] POST /compute/v2.1/os-aggregates/1/action => generated 227 bytes in 516 msecs (HTTP/1.1 200) 9 headers in 357 bytes (1 switches on core 0)
Feb 03 21:37:09.311582 n-d-824834-9 devstack@n-api.service[124370]: DEBUG nova.api.openstack.wsgi [None req-712237c6-1749-49ff-b0ba-0fee94e4d759 tempest-HostsAdminNegativeTestJSON-443495307 tempest-HostsAdminNegativeTestJSON-443495307-project] Calling method '.version_select at 0x7f211aa7ca60>' {{(pid=124370) _process_stack /opt/stack/nova/nova/api/openstack/wsgi.py:513}}
Feb 03 21:37:09.313220 n-d-824834-9 devstack@n-api.service[124370]: /usr/local/lib/python3.8/dist-packages/oslo_policy/policy.py:1119: UserWarning: Policy "os_compute_api:os-hosts:start": "rule:system_admin_api" failed scope check. The token used to make the request was project scoped but the policy requires ['system'] scope. This behavior may change in the future where using the intended scope is required
Feb 03 21:37:09.313220 n-d-824834-9 devstack@n-api.service[124370]: warnings.warn(msg)
Feb 03 21:37:09.315733 n-d-824834-9 devstack@n-api.service[124370]: DEBUG nova.policy [None req-712237c6-1749-49ff-b0ba-0fee94e4d759 tempest-HostsAdminNegativeTestJSON-443495307 tempest-HostsAdminNegativeTestJSON-443495307-project] Policy check for os_compute_api:os-hosts:start failed with credentials {'is_admin': False, 'user_id': 'fb52b569f0e74f22a64694478de9bbc2', 'user_domain_id': 'default', 'system_scope': None, 'domain_id': None, 'project_id': '40a8c3f421a54a2b8f39e8df555ddbcb', 'project_domain_id': 'default', 'roles': ['reader', 'member'], 'is_admin_project': True, 'service_user_id': None, 'service_user_domain_id': None, 'service_project_id': None, 'service_project_domain_id': None, 'service_roles': []} {{(pid=124370) authorize /opt/stack/nova/nova/policy.py:199}}
Feb 03 21:37:09.316737 n-d-824834-9 devstack@n-api.service[124370]: DEBUG nova.api.openstack.wsgi [None req-712237c6-1749-49ff-b0ba-0fee94e4d759 tempest-HostsAdminNegativeTestJSON-443495307 tempest-HostsAdminNegativeTestJSON-443495307-project] Returning 403 to user: Policy doesn't allow os_compute_api:os-hosts:start to be performed. {{(pid=124370) __call__ /opt/stack/nova/nova/api/openstack/wsgi.py:936}}
Feb 03 21:37:09.317872 n-d-824834-9 devstack@n-api.service[124370]: INFO nova.api.openstack.requestlog [None req-712237c6-1749-49ff-b0ba-0fee94e4d759 tempest-HostsAdminNegativeTestJSON-443495307 tempest-HostsAdminNegativeTestJSON-443495307-project] 10.222.0.50 "GET /compute/v2.1/os-hosts/n-d-824834-9/startup" status: 403 len: 110 microversion: 2.1 time: 0.010641
Feb 03 21:37:09.318652 n-d-824834-9 devstack@n-api.service[124370]: [pid: 124370|app: 0|req: 16/26] 10.222.0.50 () {58 vars in 1190 bytes} [Thu Feb 3 21:37:09 2022] GET /compute/v2.1/os-hosts/n-d-824834-9/startup => generated 110 bytes in 12 msecs (HTTP/1.1 403) 9 headers in 379 bytes (1 switches on core 0)
Feb 03 21:37:09.325960 n-d-824834-9 devstack@n-api.service[124371]: INFO nova.api.openstack.requestlog [None req-920d6267-2bc9-44d2-adcf-c34c6a08415d tempest-FlavorsAccessTestJSON-1488582373 tempest-FlavorsAccessTestJSON-1488582373-project] 10.222.0.50 "GET /compute/v2.1/flavors/detail" status: 200 len: 4991 microversion: 2.1 time: 0.041979
Feb 03 21:37:09.326194 n-d-824834-9 devstack@n-api.service[124370]: DEBUG nova.api.openstack.wsgi [None req-13ed9467-bace-40bf-af2c-030dfe135738 tempest-AggregatesAdminNegativeTestJSON-664728897 tempest-AggregatesAdminNegativeTestJSON-664728897-project-admin] Calling method '>' {{(pid=124370) _process_stack /opt/stack/nova/nova/api/openstack/wsgi.py:513}}
Feb 03 21:37:09.327114 n-d-824834-9 devstack@n-api.service[124370]: /usr/local/lib/python3.8/dist-packages/oslo_policy/policy.py:1119: UserWarning: Policy "os_compute_api:os-aggregates:delete": "rule:system_admin_api" failed scope check. The token used to make the request was project scoped but the policy requires ['system'] scope. This behavior may change in the future where using the intended scope is required
Feb 03 21:37:09.327114 n-d-824834-9 devstack@n-api.service[124370]: warnings.warn(msg)
Feb 03 21:37:09.328546 n-d-824834-9 devstack@n-api.service[124371]: [pid: 124371|app: 0|req: 11/27] 10.222.0.50 () {58 vars in 1145 bytes} [Thu Feb 3 21:37:09 2022] GET /compute/v2.1/flavors/detail => generated 4991 bytes in 46 msecs (HTTP/1.1 200) 9 headers in 358 bytes (1 switches on core 0)
Feb 03 21:37:09.343632 n-d-824834-9 devstack@n-api.service[124371]: DEBUG nova.api.openstack.wsgi [None req-9e860eea-5764-42b7-b65e-7ccb8ef1283a tempest-HostsAdminNegativeTestJSON-677343856 tempest-HostsAdminNegativeTestJSON-677343856-project-admin] Calling method '.version_select at 0x7f211a9d9e50>' {{(pid=124371) _process_stack /opt/stack/nova/nova/api/openstack/wsgi.py:513}}
Feb 03 21:37:09.344656 n-d-824834-9 devstack@n-api.service[124371]: /usr/local/lib/python3.8/dist-packages/oslo_policy/policy.py:1119: UserWarning: Policy "os_compute_api:os-hosts:start": "rule:system_admin_api" failed scope check. The token used to make the request was project scoped but the policy requires ['system'] scope. This behavior may change in the future where using the intended scope is required
Feb 03 21:37:09.344656 n-d-824834-9 devstack@n-api.service[124371]: warnings.warn(msg)
Feb 03 21:37:09.356170 n-d-824834-9 devstack@n-api.service[124370]: INFO nova.api.openstack.requestlog [None req-13ed9467-bace-40bf-af2c-030dfe135738 tempest-AggregatesAdminNegativeTestJSON-664728897 tempest-AggregatesAdminNegativeTestJSON-664728897-project-admin] 10.222.0.50 "DELETE /compute/v2.1/os-aggregates/1" status: 200 len: 0 microversion: 2.1 time: 0.036058
Feb 03 21:37:09.362930 n-d-824834-9 devstack@n-api.service[124371]: INFO nova.api.openstack.wsgi [None req-9e860eea-5764-42b7-b65e-7ccb8ef1283a tempest-HostsAdminNegativeTestJSON-677343856 tempest-HostsAdminNegativeTestJSON-677343856-project-admin] HTTP exception thrown: Host 'nonexistent_hostname' is not mapped to any cell
Feb 03 21:37:09.363230 n-d-824834-9 devstack@n-api.service[124370]: [pid: 124370|app: 0|req: 17/28] 10.222.0.50 () {58 vars in 1151 bytes} [Thu Feb 3 21:37:09 2022] DELETE /compute/v2.1/os-aggregates/1 => generated 0 bytes in 44 msecs (HTTP/1.1 200) 9 headers in 355 bytes (1 switches on core 0)
Feb 03 21:37:09.363750 n-d-824834-9 devstack@n-api.service[124371]: DEBUG nova.api.openstack.wsgi [None req-9e860eea-5764-42b7-b65e-7ccb8ef1283a tempest-HostsAdminNegativeTestJSON-677343856 tempest-HostsAdminNegativeTestJSON-677343856-project-admin] Returning 404 to user: Host 'nonexistent_hostname' is not mapped to any cell {{(pid=124371) __call__ /opt/stack/nova/nova/api/openstack/wsgi.py:936}}
Feb 03 21:37:09.364762 n-d-824834-9 devstack@n-api.service[124371]: INFO nova.api.openstack.requestlog [None req-9e860eea-5764-42b7-b65e-7ccb8ef1283a tempest-HostsAdminNegativeTestJSON-677343856 tempest-HostsAdminNegativeTestJSON-677343856-project-admin] 10.222.0.50 "GET /compute/v2.1/os-hosts/nonexistent_hostname/startup" status: 404 len: 99 microversion: 2.1 time: 0.024745
Feb 03 21:37:09.365406 n-d-824834-9 devstack@n-api.service[124371]: [pid: 124371|app: 0|req: 12/29] 10.222.0.50 () {58 vars in 1214 bytes} [Thu Feb 3 21:37:09 2022] GET /compute/v2.1/os-hosts/nonexistent_hostname/startup => generated 99 bytes in 36 msecs (HTTP/1.1 404) 9 headers in 378 bytes (1 switches on core 0)
Feb 03 21:37:09.369657 n-d-824834-9 devstack@n-api.service[124370]: DEBUG nova.api.openstack.wsgi [None req-6bb88dfe-48f9-4d0d-b152-a50db191e7d5 tempest-FlavorsAccessTestJSON-2043187966 tempest-FlavorsAccessTestJSON-2043187966-project-admin] Calling method '>' {{(pid=124370) _process_stack /opt/stack/nova/nova/api/openstack/wsgi.py:513}}
Feb 03 21:37:09.369657 n-d-824834-9 devstack@n-api.service[124370]: /usr/local/lib/python3.8/dist-packages/oslo_policy/policy.py:1119: UserWarning: Policy "os_compute_api:os-flavor-manage:delete": "rule:system_admin_api" failed scope check. The token used to make the request was project scoped but the policy requires ['system'] scope. This behavior may change in the future where using the intended scope is required
Feb 03 21:37:09.369657 n-d-824834-9 devstack@n-api.service[124370]: warnings.warn(msg)
Feb 03 21:37:09.372852 n-d-824834-9 devstack@n-api.service[124371]: DEBUG nova.api.openstack.wsgi [None req-bb56e8c6-2046-4905-8696-ad93feb2cee0 tempest-AggregatesAdminNegativeTestJSON-664728897 tempest-AggregatesAdminNegativeTestJSON-664728897-project-admin] Action: 'create', calling method: >, body: {"aggregate": {"name": "tempest-test_aggregate-288432165"}} {{(pid=124371) _process_stack /opt/stack/nova/nova/api/openstack/wsgi.py:511}}
Feb 03 21:37:09.374320 n-d-824834-9 devstack@n-api.service[124371]: /usr/local/lib/python3.8/dist-packages/oslo_policy/policy.py:1119: UserWarning: Policy "os_compute_api:os-aggregates:create": "rule:system_admin_api" failed scope check. The token used to make the request was project scoped but the policy requires ['system'] scope. This behavior may change in the future where using the intended scope is required
Feb 03 21:37:09.374320 n-d-824834-9 devstack@n-api.service[124371]: warnings.warn(msg)
Feb 03 21:37:09.376747 n-d-824834-9 devstack@n-api.service[124371]: DEBUG nova.objects.aggregate [None req-bb56e8c6-2046-4905-8696-ad93feb2cee0 tempest-AggregatesAdminNegativeTestJSON-664728897 tempest-AggregatesAdminNegativeTestJSON-664728897-project-admin] Generated uuid 8397763d-40bf-4059-98f9-945d2aa4818e for aggregate {{(pid=124371) create /opt/stack/nova/nova/objects/aggregate.py:298}}
Feb 03 21:37:09.402350 n-d-824834-9 devstack@n-api.service[124370]: INFO nova.api.openstack.requestlog [None req-6bb88dfe-48f9-4d0d-b152-a50db191e7d5 tempest-FlavorsAccessTestJSON-2043187966 tempest-FlavorsAccessTestJSON-2043187966-project-admin] 10.222.0.50 "DELETE /compute/v2.1/flavors/1868498363" status: 202 len: 0 microversion: 2.1 time: 0.037991
Feb 03 21:37:09.402923 n-d-824834-9 devstack@n-api.service[124370]: [pid: 124370|app: 0|req: 18/30] 10.222.0.50 () {58 vars in 1160 bytes} [Thu Feb 3 21:37:09 2022] DELETE /compute/v2.1/flavors/1868498363 => generated 0 bytes in 39 msecs (HTTP/1.1 202) 9 headers in 361 bytes (1 switches on core 0)
Feb 03 21:37:09.407626 n-d-824834-9 devstack@n-api.service[124370]: DEBUG nova.api.openstack.wsgi [None req-faf2e719-942c-4ae5-9296-477df86ac025 tempest-HostsAdminNegativeTestJSON-677343856 tempest-HostsAdminNegativeTestJSON-677343856-project-admin] Action: 'update', calling method: .version_select at 0x7f211aa7cca0>, body: {"status": "enable", "maintenance_mode": "invalid"} {{(pid=124370) _process_stack /opt/stack/nova/nova/api/openstack/wsgi.py:511}}
Feb 03 21:37:09.410820 n-d-824834-9 devstack@n-api.service[124371]: INFO nova.api.openstack.requestlog [None req-bb56e8c6-2046-4905-8696-ad93feb2cee0 tempest-AggregatesAdminNegativeTestJSON-664728897 tempest-AggregatesAdminNegativeTestJSON-664728897-project-admin] 10.222.0.50 "POST /compute/v2.1/os-aggregates" status: 200 len: 197 microversion: 2.1 time: 0.043450
Feb 03 21:37:09.412188 n-d-824834-9 devstack@n-api.service[124371]: [pid: 124371|app: 0|req: 13/31] 10.222.0.50 () {60 vars in 1163 bytes} [Thu Feb 3 21:37:09 2022] POST /compute/v2.1/os-aggregates => generated 197 bytes in 46 msecs (HTTP/1.1 200) 9 headers in 357 bytes (1 switches on core 0)
Feb 03 21:37:09.412294 n-d-824834-9 devstack@n-api.service[124370]: DEBUG nova.api.openstack.wsgi [None req-faf2e719-942c-4ae5-9296-477df86ac025 tempest-HostsAdminNegativeTestJSON-677343856 tempest-HostsAdminNegativeTestJSON-677343856-project-admin] Returning 400 to user: Invalid input for field/attribute maintenance_mode. Value: invalid. 'invalid' is not one of ['enable', 'disable', 'Enable', 'Disable', 'ENABLE', 'DISABLE'] {{(pid=124370) __call__ /opt/stack/nova/nova/api/openstack/wsgi.py:936}}
Feb 03 21:37:09.413131 n-d-824834-9 devstack@n-api.service[124370]: INFO nova.api.openstack.requestlog [None req-faf2e719-942c-4ae5-9296-477df86ac025 tempest-HostsAdminNegativeTestJSON-677343856 tempest-HostsAdminNegativeTestJSON-677343856-project-admin] 10.222.0.50 "PUT /compute/v2.1/os-hosts/n-d-824834-9" status: 400 len: 199 microversion: 2.1 time: 0.009115
Feb 03 21:37:09.414612 n-d-824834-9 devstack@n-api.service[124370]: [pid: 124370|app: 0|req: 19/32] 10.222.0.50 () {60 vars in 1186 bytes} [Thu Feb 3 21:37:09 2022] PUT /compute/v2.1/os-hosts/n-d-824834-9 => generated 199 bytes in 11 msecs (HTTP/1.1 400) 9 headers in 381 bytes (1 switches on core 0)
Feb 03 21:37:09.421118 n-d-824834-9 devstack@n-api.service[124371]: DEBUG nova.api.openstack.wsgi [None req-6b836bc0-be03-4737-8e3b-7613f308e692 tempest-AggregatesAdminTestJSON-474151222 tempest-AggregatesAdminTestJSON-474151222-project-admin] Action: 'create', calling method: >, body: {"aggregate": {"availability_zone": "tempest-test_az-99085360", "name": "tempest-test_aggregate-364008508"}} {{(pid=124371) _process_stack /opt/stack/nova/nova/api/openstack/wsgi.py:511}}
Feb 03 21:37:09.421271 n-d-824834-9 devstack@n-api.service[124370]: DEBUG nova.api.openstack.wsgi [None req-15830ec1-a387-46b0-a9d5-e738d016487a tempest-FlavorsAccessTestJSON-2043187966 tempest-FlavorsAccessTestJSON-2043187966-project-admin] Calling method '>' {{(pid=124370) _process_stack /opt/stack/nova/nova/api/openstack/wsgi.py:513}}
Feb 03 21:37:09.451308 n-d-824834-9 devstack@n-api.service[124371]: /usr/local/lib/python3.8/dist-packages/oslo_policy/policy.py:1119: UserWarning: Policy "os_compute_api:os-aggregates:create": "rule:system_admin_api" failed scope check. The token used to make the request was project scoped but the policy requires ['system'] scope. This behavior may change in the future where using the intended scope is required
Feb 03 21:37:09.451308 n-d-824834-9 devstack@n-api.service[124371]: warnings.warn(msg)
Feb 03 21:37:09.454037 n-d-824834-9 devstack@n-api.service[124371]: DEBUG nova.objects.aggregate [None req-6b836bc0-be03-4737-8e3b-7613f308e692 tempest-AggregatesAdminTestJSON-474151222 tempest-AggregatesAdminTestJSON-474151222-project-admin] Generated uuid b0c8ad8e-f892-45bf-970c-e8ffe3617402 for aggregate {{(pid=124371) create /opt/stack/nova/nova/objects/aggregate.py:298}}
Feb 03 21:37:09.455317 n-d-824834-9 devstack@n-api.service[124370]: INFO nova.api.openstack.requestlog [None req-15830ec1-a387-46b0-a9d5-e738d016487a tempest-FlavorsAccessTestJSON-2043187966 tempest-FlavorsAccessTestJSON-2043187966-project-admin] 10.222.0.50 "GET /compute/v2.1/flavors/detail" status: 200 len: 4991 microversion: 2.1 time: 0.039677
Feb 03 21:37:09.456220 n-d-824834-9 devstack@n-api.service[124370]: [pid: 124370|app: 0|req: 20/33] 10.222.0.50 () {58 vars in 1145 bytes} [Thu Feb 3 21:37:09 2022] GET /compute/v2.1/flavors/detail => generated 4991 bytes in 41 msecs (HTTP/1.1 200) 9 headers in 358 bytes (1 switches on core 0)
Feb 03 21:37:09.486996 n-d-824834-9 devstack@n-api.service[124371]: INFO nova.api.openstack.requestlog [None req-6b836bc0-be03-4737-8e3b-7613f308e692 tempest-AggregatesAdminTestJSON-474151222 tempest-AggregatesAdminTestJSON-474151222-project-admin] 10.222.0.50 "POST /compute/v2.1/os-aggregates" status: 200 len: 219 microversion: 2.1 time: 0.072186
Feb 03 21:37:09.487719 n-d-824834-9 devstack@n-api.service[124371]: [pid: 124371|app: 0|req: 14/34] 10.222.0.50 () {60 vars in 1164 bytes} [Thu Feb 3 21:37:09 2022] POST /compute/v2.1/os-aggregates => generated 219 bytes in 75 msecs (HTTP/1.1 200) 9 headers in 357 bytes (1 switches on core 0)
Feb 03 21:37:09.493646 n-d-824834-9 devstack@n-api.service[124371]: DEBUG nova.api.openstack.wsgi [None req-3cc546fc-8301-4a92-84f8-f08b15ec0ce6 tempest-HostsAdminNegativeTestJSON-677343856 tempest-HostsAdminNegativeTestJSON-677343856-project-admin] Action: 'update', calling method: .version_select at 0x7f211a9a3b80>, body: {"status": "invalid", "maintenance_mode": "enable"} {{(pid=124371) _process_stack /opt/stack/nova/nova/api/openstack/wsgi.py:511}}
Feb 03 21:37:09.495103 n-d-824834-9 devstack@n-api.service[124371]: DEBUG nova.api.openstack.wsgi [None req-3cc546fc-8301-4a92-84f8-f08b15ec0ce6 tempest-HostsAdminNegativeTestJSON-677343856 tempest-HostsAdminNegativeTestJSON-677343856-project-admin] Returning 400 to user: Invalid input for field/attribute status. Value: invalid. 'invalid' is not one of ['enable', 'disable', 'Enable', 'Disable', 'ENABLE', 'DISABLE'] {{(pid=124371) __call__ /opt/stack/nova/nova/api/openstack/wsgi.py:936}}
Feb 03 21:37:09.495907 n-d-824834-9 devstack@n-api.service[124371]: INFO nova.api.openstack.requestlog [None req-3cc546fc-8301-4a92-84f8-f08b15ec0ce6 tempest-HostsAdminNegativeTestJSON-677343856 tempest-HostsAdminNegativeTestJSON-677343856-project-admin] 10.222.0.50 "PUT /compute/v2.1/os-hosts/n-d-824834-9" status: 400 len: 189 microversion: 2.1 time: 0.007267
Feb 03 21:37:09.496593 n-d-824834-9 devstack@n-api.service[124371]: [pid: 124371|app: 0|req: 15/35] 10.222.0.50 () {60 vars in 1186 bytes} [Thu Feb 3 21:37:09 2022] PUT /compute/v2.1/os-hosts/n-d-824834-9 => generated 189 bytes in 8 msecs (HTTP/1.1 400) 9 headers in 381 bytes (1 switches on core 0)
Feb 03 21:37:09.502641 n-d-824834-9 devstack@n-api.service[124371]: DEBUG nova.api.openstack.wsgi [None req-c605bd76-ef94-4c2b-84ee-52c482fc58af tempest-FlavorsAccessTestJSON-2043187966 tempest-FlavorsAccessTestJSON-2043187966-project-admin] Action: 'create', calling method: >, body: {"flavor": {"ram": 512, "vcpus": 1, "disk": 10, "name": "tempest-FlavorsAccessTestJSON-flavor-2139840567", "id": 882174902, "os-flavor-access:is_public": "False"}} {{(pid=124371) _process_stack /opt/stack/nova/nova/api/openstack/wsgi.py:511}}
Feb 03 21:37:09.504115 n-d-824834-9 devstack@n-api.service[124371]: /usr/local/lib/python3.8/dist-packages/oslo_policy/policy.py:1119: UserWarning: Policy "os_compute_api:os-flavor-manage:create": "rule:system_admin_api" failed scope check. The token used to make the request was project scoped but the policy requires ['system'] scope. This behavior may change in the future where using the intended scope is required
Feb 03 21:37:09.504115 n-d-824834-9 devstack@n-api.service[124371]: warnings.warn(msg)
Feb 03 21:37:09.522602 n-d-824834-9 devstack@n-api.service[124371]: INFO nova.api.openstack.requestlog [None req-c605bd76-ef94-4c2b-84ee-52c482fc58af tempest-FlavorsAccessTestJSON-2043187966 tempest-FlavorsAccessTestJSON-2043187966-project-admin] 10.222.0.50 "POST /compute/v2.1/flavors" status: 200 len: 428 microversion: 2.1 time: 0.024832
Feb 03 21:37:09.523596 n-d-824834-9 devstack@n-api.service[124371]: [pid: 124371|app: 0|req: 16/36] 10.222.0.50 () {60 vars in 1146 bytes} [Thu Feb 3 21:37:09 2022] POST /compute/v2.1/flavors => generated 428 bytes in 26 msecs (HTTP/1.1 200) 9 headers in 357 bytes (1 switches on core 0)
Feb 03 21:37:09.527875 n-d-824834-9 devstack@n-api.service[124371]: DEBUG nova.api.openstack.wsgi [None req-2540b7ed-4d84-432f-915e-3a344eac91f6 tempest-AggregatesAdminTestJSON-474151222 tempest-AggregatesAdminTestJSON-474151222-project-admin] Calling method '>' {{(pid=124371) _process_stack /opt/stack/nova/nova/api/openstack/wsgi.py:513}}
Feb 03 21:37:09.528627 n-d-824834-9 devstack@n-api.service[124371]: /usr/local/lib/python3.8/dist-packages/oslo_policy/policy.py:1119: UserWarning: Policy "os_compute_api:os-aggregates:index": "rule:system_reader_api" failed scope check. The token used to make the request was project scoped but the policy requires ['system'] scope. This behavior may change in the future where using the intended scope is required
Feb 03 21:37:09.528627 n-d-824834-9 devstack@n-api.service[124371]: warnings.warn(msg)
Feb 03 21:37:09.541822 n-d-824834-9 devstack@n-api.service[124371]: INFO nova.api.openstack.requestlog [None req-2540b7ed-4d84-432f-915e-3a344eac91f6 tempest-AggregatesAdminTestJSON-474151222 tempest-AggregatesAdminTestJSON-474151222-project-admin] 10.222.0.50 "GET /compute/v2.1/os-aggregates" status: 200 len: 511 microversion: 2.1 time: 0.017183
Feb 03 21:37:09.542385 n-d-824834-9 devstack@n-api.service[124371]: [pid: 124371|app: 0|req: 17/37] 10.222.0.50 () {58 vars in 1142 bytes} [Thu Feb 3 21:37:09 2022] GET /compute/v2.1/os-aggregates => generated 511 bytes in 18 msecs (HTTP/1.1 200) 9 headers in 357 bytes (1 switches on core 0)
