Feb 03 07:58:53.407311 n-d-824834-8 devstack@placement-api.service[103632]: DEBUG placement.objects.research_context [req-f754ad16-bee1-4de4-a115-6684bdc91014 req-e0fd5174-30ca-4db4-ad87-23c50f4e6951 service placement] found 2 providers with available 1 VCPU {{(pid=103632) get_provider_ids_matching /opt/stack/placement/placement/objects/research_context.py:549}}
Feb 03 07:58:53.407589 n-d-824834-8 devstack@placement-api.service[103632]: DEBUG placement.objects.research_context [req-f754ad16-bee1-4de4-a115-6684bdc91014 req-e0fd5174-30ca-4db4-ad87-23c50f4e6951 service placement] found 2 providers after filtering by previous result {{(pid=103632) get_provider_ids_matching /opt/stack/placement/placement/objects/research_context.py:580}}
Feb 03 07:58:53.418843 n-d-824834-8 devstack@placement-api.service[103632]: DEBUG placement.objects.allocation_candidate [req-f754ad16-bee1-4de4-a115-6684bdc91014 req-e0fd5174-30ca-4db4-ad87-23c50f4e6951 service placement] RequestGroup(use_same_provider=False, resources={DISK_GB:1, MEMORY_MB:1024, VCPU:1}, traits=[], aggregates=[]) (suffix '') returned 2 matches {{(pid=103632) _get_by_requests /opt/stack/placement/placement/objects/allocation_candidate.py:145}}
Feb 03 07:58:53.419483 n-d-824834-8 devstack@placement-api.service[103632]: DEBUG placement.objects.allocation_candidate [req-f754ad16-bee1-4de4-a115-6684bdc91014 req-e0fd5174-30ca-4db4-ad87-23c50f4e6951 service placement] Merging candidates yields 2 allocation requests and 2 provider summaries {{(pid=103632) _merge_candidates /opt/stack/placement/placement/objects/allocation_candidate.py:783}}
Feb 03 07:58:53.421189 n-d-824834-8 devstack@placement-api.service[103632]: INFO placement.requestlog [req-f754ad16-bee1-4de4-a115-6684bdc91014 req-e0fd5174-30ca-4db4-ad87-23c50f4e6951 service placement] 10.222.0.45 "GET /placement/allocation_candidates?limit=1000&resources=DISK_GB%3A1%2CMEMORY_MB%3A1024%2CVCPU%3A1&root_required=%21COMPUTE_STATUS_DISABLED" status: 200 len: 1309 microversion: 1.36
Feb 03 07:58:53.421721 n-d-824834-8 devstack@placement-api.service[103632]: [pid: 103632|app: 0|req: 25/54] 10.222.0.45 () {60 vars in 1506 bytes} [Thu Feb 3 07:58:53 2022] GET /placement/allocation_candidates?limit=1000&resources=DISK_GB%3A1%2CMEMORY_MB%3A1024%2CVCPU%3A1&root_required=%21COMPUTE_STATUS_DISABLED => generated 1309 bytes in 126 msecs (HTTP/1.1 200) 8 headers in 297 bytes (2 switches on core 0)
Feb 03 07:58:53.521642 n-d-824834-8 devstack@placement-api.service[103633]: DEBUG placement.requestlog [req-f754ad16-bee1-4de4-a115-6684bdc91014 req-035c37c2-e91a-4799-8304-608cfeb2d1c1 None None] Starting request: 10.222.0.45 "GET /placement/allocations/1667414c-b5b2-443e-858f-3444b81a226b" {{(pid=103633) __call__ /opt/stack/placement/placement/requestlog.py:55}}
Feb 03 07:58:53.535402 n-d-824834-8 devstack@placement-api.service[103633]: INFO placement.requestlog [req-f754ad16-bee1-4de4-a115-6684bdc91014 req-035c37c2-e91a-4799-8304-608cfeb2d1c1 service placement] 10.222.0.45 "GET /placement/allocations/1667414c-b5b2-443e-858f-3444b81a226b" status: 200 len: 19 microversion: 1.28
Feb 03 07:58:53.536511 n-d-824834-8 devstack@placement-api.service[103633]: [pid: 103633|app: 0|req: 30/55] 10.222.0.45 () {60 vars in 1380 bytes} [Thu Feb 3 07:58:53 2022] GET /placement/allocations/1667414c-b5b2-443e-858f-3444b81a226b => generated 19 bytes in 15 msecs (HTTP/1.1 200) 8 headers in 295 bytes (1 switches on core 0)
Feb 03 07:58:53.542822 n-d-824834-8 devstack@placement-api.service[103632]: DEBUG placement.requestlog [req-f754ad16-bee1-4de4-a115-6684bdc91014 req-d873e73f-d1d8-4ea1-b3bb-260b212ce476 None None] Starting request: 10.222.0.45 "PUT /placement/allocations/1667414c-b5b2-443e-858f-3444b81a226b" {{(pid=103632) __call__ /opt/stack/placement/placement/requestlog.py:55}}
Feb 03 07:58:53.604986 n-d-824834-8 devstack@placement-api.service[103632]: DEBUG placement.handlers.allocation [req-f754ad16-bee1-4de4-a115-6684bdc91014 req-d873e73f-d1d8-4ea1-b3bb-260b212ce476 service placement] Successfully wrote allocations [, , ] {{(pid=103632) _update_consumers_and_create_allocations /opt/stack/placement/placement/handlers/allocation.py:462}}
Feb 03 07:58:53.610226 n-d-824834-8 devstack@placement-api.service[103632]: INFO placement.requestlog [req-f754ad16-bee1-4de4-a115-6684bdc91014 req-d873e73f-d1d8-4ea1-b3bb-260b212ce476 service placement] 10.222.0.45 "PUT /placement/allocations/1667414c-b5b2-443e-858f-3444b81a226b" status: 204 len: 0 microversion: 1.36
Feb 03 07:58:53.611451 n-d-824834-8 devstack@placement-api.service[103632]: [pid: 103632|app: 0|req: 26/56] 10.222.0.45 () {64 vars in 1433 bytes} [Thu Feb 3 07:58:53 2022] PUT /placement/allocations/1667414c-b5b2-443e-858f-3444b81a226b => generated 0 bytes in 69 msecs (HTTP/1.1 204) 5 headers in 199 bytes (1 switches on core 0)
Feb 03 07:58:53.960045 n-d-824834-8 devstack@placement-api.service[103633]: DEBUG placement.requestlog [req-f754ad16-bee1-4de4-a115-6684bdc91014 req-76f745e2-d92d-4640-9425-b44dd1a55917 None None] Starting request: 10.222.0.36 "GET /placement/allocations/1667414c-b5b2-443e-858f-3444b81a226b" {{(pid=103633) __call__ /opt/stack/placement/placement/requestlog.py:55}}
Feb 03 07:58:53.980671 n-d-824834-8 devstack@placement-api.service[103633]: INFO placement.requestlog [req-f754ad16-bee1-4de4-a115-6684bdc91014 req-76f745e2-d92d-4640-9425-b44dd1a55917 service placement] 10.222.0.36 "GET /placement/allocations/1667414c-b5b2-443e-858f-3444b81a226b" status: 200 len: 258 microversion: 1.28
Feb 03 07:58:53.981191 n-d-824834-8 devstack@placement-api.service[103633]: [pid: 103633|app: 0|req: 31/57] 10.222.0.36 () {60 vars in 1377 bytes} [Thu Feb 3 07:58:53 2022] GET /placement/allocations/1667414c-b5b2-443e-858f-3444b81a226b => generated 258 bytes in 22 msecs (HTTP/1.1 200) 8 headers in 296 bytes (1 switches on core 0)
Feb 03 07:58:55.102838 n-d-824834-8 devstack@placement-api.service[103632]: DEBUG placement.requestlog [req-5161cf8d-fbb4-4eba-a049-43fb47df700e req-17326f52-63fc-4b44-88cc-029828acb982 None None] Starting request: 10.222.0.36 "DELETE /placement/allocations/492c49c5-edff-47f7-ae96-cce907478db5" {{(pid=103632) __call__ /opt/stack/placement/placement/requestlog.py:55}}
Feb 03 07:58:55.172851 n-d-824834-8 devstack@placement-api.service[103632]: DEBUG placement.handlers.allocation [req-5161cf8d-fbb4-4eba-a049-43fb47df700e req-17326f52-63fc-4b44-88cc-029828acb982 service placement] Successfully deleted allocations [, , ] {{(pid=103632) delete_allocations /opt/stack/placement/placement/handlers/allocation.py:627}}
Feb 03 07:58:55.173886 n-d-824834-8 devstack@placement-api.service[103632]: INFO placement.requestlog [req-5161cf8d-fbb4-4eba-a049-43fb47df700e req-17326f52-63fc-4b44-88cc-029828acb982 service placement] 10.222.0.36 "DELETE /placement/allocations/492c49c5-edff-47f7-ae96-cce907478db5" status: 204 len: 0 microversion: 1.0
Feb 03 07:58:55.174660 n-d-824834-8 devstack@placement-api.service[103632]: [pid: 103632|app: 0|req: 27/58] 10.222.0.36 () {60 vars in 1355 bytes} [Thu Feb 3 07:58:55 2022] DELETE /placement/allocations/492c49c5-edff-47f7-ae96-cce907478db5 => generated 0 bytes in 72 msecs (HTTP/1.1 204) 5 headers in 198 bytes (1 switches on core 0)
Feb 03 07:58:56.419004 n-d-824834-8 devstack@placement-api.service[103633]: DEBUG placement.requestlog [req-50801232-61f4-4198-a8a2-a384b7035009 req-55885a29-7910-43ef-a768-db74971a7ac1 None None] Starting request: 10.222.0.45 "GET /placement/resource_providers?name=n-h1-824834-8" {{(pid=103633) __call__ /opt/stack/placement/placement/requestlog.py:55}}
Feb 03 07:58:56.435007 n-d-824834-8 devstack@placement-api.service[103633]: INFO placement.requestlog [req-50801232-61f4-4198-a8a2-a384b7035009 req-55885a29-7910-43ef-a768-db74971a7ac1 service placement] 10.222.0.45 "GET /placement/resource_providers?name=n-h1-824834-8" status: 200 len: 440 microversion: 1.0
Feb 03 07:58:56.435400 n-d-824834-8 devstack@placement-api.service[103633]: [pid: 103633|app: 0|req: 32/59] 10.222.0.45 () {58 vars in 1274 bytes} [Thu Feb 3 07:58:56 2022] GET /placement/resource_providers?name=n-h1-824834-8 => generated 440 bytes in 17 msecs (HTTP/1.1 200) 6 headers in 224 bytes (1 switches on core 0)
Feb 03 07:58:56.444091 n-d-824834-8 devstack@placement-api.service[103632]: DEBUG placement.requestlog [req-50801232-61f4-4198-a8a2-a384b7035009 req-107db6d6-e357-4308-babf-18c4e79abfa1 None None] Starting request: 10.222.0.45 "GET /placement/resource_providers/a235e7d1-2ca7-4623-a21d-c9fc946bc808/aggregates" {{(pid=103632) __call__ /opt/stack/placement/placement/requestlog.py:55}}
Feb 03 07:58:56.467491 n-d-824834-8 devstack@placement-api.service[103632]: INFO placement.requestlog [req-50801232-61f4-4198-a8a2-a384b7035009 req-107db6d6-e357-4308-babf-18c4e79abfa1 service placement] 10.222.0.45 "GET /placement/resource_providers/a235e7d1-2ca7-4623-a21d-c9fc946bc808/aggregates" status: 200 len: 91 microversion: 1.19
Feb 03 07:58:56.467965 n-d-824834-8 devstack@placement-api.service[103632]: [pid: 103632|app: 0|req: 28/60] 10.222.0.45 () {60 vars in 1425 bytes} [Thu Feb 3 07:58:56 2022] GET /placement/resource_providers/a235e7d1-2ca7-4623-a21d-c9fc946bc808/aggregates => generated 91 bytes in 24 msecs (HTTP/1.1 200) 8 headers in 295 bytes (1 switches on core 0)
Feb 03 07:58:56.478155 n-d-824834-8 devstack@placement-api.service[103633]: DEBUG placement.requestlog [req-50801232-61f4-4198-a8a2-a384b7035009 req-6feccea4-dc13-49d7-8810-3b8c33bd47d1 None None] Starting request: 10.222.0.45 "PUT /placement/resource_providers/a235e7d1-2ca7-4623-a21d-c9fc946bc808/aggregates" {{(pid=103633) __call__ /opt/stack/placement/placement/requestlog.py:55}}
Feb 03 07:58:56.501282 n-d-824834-8 devstack@placement-api.service[103633]: DEBUG placement.objects.resource_provider [req-50801232-61f4-4198-a8a2-a384b7035009 req-6feccea4-dc13-49d7-8810-3b8c33bd47d1 service placement] Setting aggregates for provider a235e7d1-2ca7-4623-a21d-c9fc946bc808. Successfully disassociated aggregate 36e191c6-4719-4ca6-8143-e0081237195a. {{(pid=103633) _set_aggregates /opt/stack/placement/placement/objects/resource_provider.py:403}}
Feb 03 07:58:56.508619 n-d-824834-8 devstack@placement-api.service[103633]: INFO placement.requestlog [req-50801232-61f4-4198-a8a2-a384b7035009 req-6feccea4-dc13-49d7-8810-3b8c33bd47d1 service placement] 10.222.0.45 "PUT /placement/resource_providers/a235e7d1-2ca7-4623-a21d-c9fc946bc808/aggregates" status: 200 len: 54 microversion: 1.19
Feb 03 07:58:56.509784 n-d-824834-8 devstack@placement-api.service[103633]: [pid: 103633|app: 0|req: 33/61] 10.222.0.45 () {64 vars in 1477 bytes} [Thu Feb 3 07:58:56 2022] PUT /placement/resource_providers/a235e7d1-2ca7-4623-a21d-c9fc946bc808/aggregates => generated 54 bytes in 31 msecs (HTTP/1.1 200) 8 headers in 295 bytes (1 switches on core 0)
Feb 03 07:58:56.777098 n-d-824834-8 devstack@placement-api.service[103632]: DEBUG placement.requestlog [req-f3717e69-9cf4-4c9b-96df-6148729b3980 req-1ffefb2a-5b27-4d4d-89b8-762654d38346 None None] Starting request: 10.222.0.45 "GET /placement/resource_providers?name=n-h1-824834-8" {{(pid=103632) __call__ /opt/stack/placement/placement/requestlog.py:55}}
Feb 03 07:58:56.789638 n-d-824834-8 devstack@placement-api.service[103632]: INFO placement.requestlog [req-f3717e69-9cf4-4c9b-96df-6148729b3980 req-1ffefb2a-5b27-4d4d-89b8-762654d38346 service placement] 10.222.0.45 "GET /placement/resource_providers?name=n-h1-824834-8" status: 200 len: 441 microversion: 1.0
Feb 03 07:58:56.790999 n-d-824834-8 devstack@placement-api.service[103632]: [pid: 103632|app: 0|req: 29/62] 10.222.0.45 () {58 vars in 1274 bytes} [Thu Feb 3 07:58:56 2022] GET /placement/resource_providers?name=n-h1-824834-8 => generated 441 bytes in 13 msecs (HTTP/1.1 200) 6 headers in 224 bytes (1 switches on core 0)
Feb 03 07:58:56.805488 n-d-824834-8 devstack@placement-api.service[103633]: DEBUG placement.requestlog [req-f3717e69-9cf4-4c9b-96df-6148729b3980 req-2c5b3cf0-d370-4d5c-8f87-4c5d0cf7ee78 None None] Starting request: 10.222.0.45 "GET /placement/resource_providers/a235e7d1-2ca7-4623-a21d-c9fc946bc808/aggregates" {{(pid=103633) __call__ /opt/stack/placement/placement/requestlog.py:55}}
Feb 03 07:58:56.827312 n-d-824834-8 devstack@placement-api.service[103633]: INFO placement.requestlog [req-f3717e69-9cf4-4c9b-96df-6148729b3980 req-2c5b3cf0-d370-4d5c-8f87-4c5d0cf7ee78 service placement] 10.222.0.45 "GET /placement/resource_providers/a235e7d1-2ca7-4623-a21d-c9fc946bc808/aggregates" status: 200 len: 54 microversion: 1.19
Feb 03 07:58:56.828405 n-d-824834-8 devstack@placement-api.service[103633]: [pid: 103633|app: 0|req: 34/63] 10.222.0.45 () {60 vars in 1425 bytes} [Thu Feb 3 07:58:56 2022] GET /placement/resource_providers/a235e7d1-2ca7-4623-a21d-c9fc946bc808/aggregates => generated 54 bytes in 23 msecs (HTTP/1.1 200) 8 headers in 295 bytes (1 switches on core 0)
Feb 03 07:58:56.841564 n-d-824834-8 devstack@placement-api.service[103632]: DEBUG placement.requestlog [req-f3717e69-9cf4-4c9b-96df-6148729b3980 req-d5832986-ecf0-4450-858a-bc63d892039e None None] Starting request: 10.222.0.45 "PUT /placement/resource_providers/a235e7d1-2ca7-4623-a21d-c9fc946bc808/aggregates" {{(pid=103632) __call__ /opt/stack/placement/placement/requestlog.py:55}}
Feb 03 07:58:56.862440 n-d-824834-8 devstack@placement-api.service[103632]: DEBUG placement.objects.resource_provider [req-f3717e69-9cf4-4c9b-96df-6148729b3980 req-d5832986-ecf0-4450-858a-bc63d892039e service placement] _ensure_aggregate() did not find aggregate 4abb18fa-5354-4a30-b5e4-c73e11355f1b. Attempting to create it. {{(pid=103632) _ensure_aggregate /opt/stack/placement/placement/objects/resource_provider.py:320}}
Feb 03 07:58:56.865398 n-d-824834-8 devstack@placement-api.service[103632]: DEBUG placement.objects.resource_provider [req-f3717e69-9cf4-4c9b-96df-6148729b3980 req-d5832986-ecf0-4450-858a-bc63d892039e service placement] _ensure_aggregate() created new aggregate 4abb18fa-5354-4a30-b5e4-c73e11355f1b (id=3). {{(pid=103632) _ensure_aggregate /opt/stack/placement/placement/objects/resource_provider.py:326}}
Feb 03 07:58:56.868639 n-d-824834-8 devstack@placement-api.service[103632]: DEBUG placement.objects.resource_provider [req-f3717e69-9cf4-4c9b-96df-6148729b3980 req-d5832986-ecf0-4450-858a-bc63d892039e service placement] Setting aggregates for provider a235e7d1-2ca7-4623-a21d-c9fc946bc808. Successfully associated aggregate 4abb18fa-5354-4a30-b5e4-c73e11355f1b. {{(pid=103632) _set_aggregates /opt/stack/placement/placement/objects/resource_provider.py:388}}
Feb 03 07:58:56.878655 n-d-824834-8 devstack@placement-api.service[103632]: INFO placement.requestlog [req-f3717e69-9cf4-4c9b-96df-6148729b3980 req-d5832986-ecf0-4450-858a-bc63d892039e service placement] 10.222.0.45 "PUT /placement/resource_providers/a235e7d1-2ca7-4623-a21d-c9fc946bc808/aggregates" status: 200 len: 92 microversion: 1.19
Feb 03 07:58:56.889320 n-d-824834-8 devstack@placement-api.service[103632]: [pid: 103632|app: 0|req: 30/64] 10.222.0.45 () {64 vars in 1477 bytes} [Thu Feb 3 07:58:56 2022] PUT /placement/resource_providers/a235e7d1-2ca7-4623-a21d-c9fc946bc808/aggregates => generated 92 bytes in 49 msecs (HTTP/1.1 200) 8 headers in 295 bytes (1 switches on core 0)
Feb 03 07:58:56.981661 n-d-824834-8 devstack@placement-api.service[103633]: DEBUG placement.requestlog [req-79bf37c2-f7ea-4df6-af3a-d78070030e53 req-03d17de3-2f16-48ed-b81b-b4f557cb1be3 None None] Starting request: 10.222.0.45 "GET /placement/resource_providers?name=n-h1-824834-8" {{(pid=103633) __call__ /opt/stack/placement/placement/requestlog.py:55}}
Feb 03 07:58:56.999805 n-d-824834-8 devstack@placement-api.service[103633]: INFO placement.requestlog [req-79bf37c2-f7ea-4df6-af3a-d78070030e53 req-03d17de3-2f16-48ed-b81b-b4f557cb1be3 service placement] 10.222.0.45 "GET /placement/resource_providers?name=n-h1-824834-8" status: 200 len: 441 microversion: 1.0
Feb 03 07:58:57.001844 n-d-824834-8 devstack@placement-api.service[103633]: [pid: 103633|app: 0|req: 35/65] 10.222.0.45 () {58 vars in 1274 bytes} [Thu Feb 3 07:58:56 2022] GET /placement/resource_providers?name=n-h1-824834-8 => generated 441 bytes in 20 msecs (HTTP/1.1 200) 6 headers in 224 bytes (1 switches on core 0)
Feb 03 07:58:57.011837 n-d-824834-8 devstack@placement-api.service[103632]: DEBUG placement.requestlog [req-79bf37c2-f7ea-4df6-af3a-d78070030e53 req-a1307ee0-7322-4d65-a8d6-a1eb691c6ca4 None None] Starting request: 10.222.0.45 "GET /placement/resource_providers/a235e7d1-2ca7-4623-a21d-c9fc946bc808/aggregates" {{(pid=103632) __call__ /opt/stack/placement/placement/requestlog.py:55}}
Feb 03 07:58:57.033191 n-d-824834-8 devstack@placement-api.service[103632]: INFO placement.requestlog [req-79bf37c2-f7ea-4df6-af3a-d78070030e53 req-a1307ee0-7322-4d65-a8d6-a1eb691c6ca4 service placement] 10.222.0.45 "GET /placement/resource_providers/a235e7d1-2ca7-4623-a21d-c9fc946bc808/aggregates" status: 200 len: 92 microversion: 1.19
Feb 03 07:58:57.033964 n-d-824834-8 devstack@placement-api.service[103632]: [pid: 103632|app: 0|req: 31/66] 10.222.0.45 () {60 vars in 1425 bytes} [Thu Feb 3 07:58:57 2022] GET /placement/resource_providers/a235e7d1-2ca7-4623-a21d-c9fc946bc808/aggregates => generated 92 bytes in 22 msecs (HTTP/1.1 200) 8 headers in 295 bytes (1 switches on core 0)
Feb 03 07:58:57.044425 n-d-824834-8 devstack@placement-api.service[103633]: DEBUG placement.requestlog [req-79bf37c2-f7ea-4df6-af3a-d78070030e53 req-1f727b6d-b3fd-4bbe-8490-9c53af4d9dfb None None] Starting request: 10.222.0.45 "PUT /placement/resource_providers/a235e7d1-2ca7-4623-a21d-c9fc946bc808/aggregates" {{(pid=103633) __call__ /opt/stack/placement/placement/requestlog.py:55}}
Feb 03 07:58:57.071345 n-d-824834-8 devstack@placement-api.service[103633]: DEBUG placement.objects.resource_provider [req-79bf37c2-f7ea-4df6-af3a-d78070030e53 req-1f727b6d-b3fd-4bbe-8490-9c53af4d9dfb service placement] Setting aggregates for provider a235e7d1-2ca7-4623-a21d-c9fc946bc808. Successfully disassociated aggregate 4abb18fa-5354-4a30-b5e4-c73e11355f1b. {{(pid=103633) _set_aggregates /opt/stack/placement/placement/objects/resource_provider.py:403}}
Feb 03 07:58:57.081647 n-d-824834-8 devstack@placement-api.service[103633]: INFO placement.requestlog [req-79bf37c2-f7ea-4df6-af3a-d78070030e53 req-1f727b6d-b3fd-4bbe-8490-9c53af4d9dfb service placement] 10.222.0.45 "PUT /placement/resource_providers/a235e7d1-2ca7-4623-a21d-c9fc946bc808/aggregates" status: 200 len: 54 microversion: 1.19
Feb 03 07:58:57.082855 n-d-824834-8 devstack@placement-api.service[103633]: [pid: 103633|app: 0|req: 36/67] 10.222.0.45 () {64 vars in 1477 bytes} [Thu Feb 3 07:58:57 2022] PUT /placement/resource_providers/a235e7d1-2ca7-4623-a21d-c9fc946bc808/aggregates => generated 54 bytes in 39 msecs (HTTP/1.1 200) 8 headers in 295 bytes (1 switches on core 0)
Feb 03 07:58:57.494311 n-d-824834-8 devstack@placement-api.service[103632]: DEBUG placement.requestlog [None req-c33ac2f5-da76-4462-a4c8-2fcdeb0590ce None None] Starting request: 10.222.0.45 "GET /placement/" {{(pid=103632) __call__ /opt/stack/placement/placement/requestlog.py:55}}
Feb 03 07:58:57.496600 n-d-824834-8 devstack@placement-api.service[103632]: INFO placement.requestlog [None req-c33ac2f5-da76-4462-a4c8-2fcdeb0590ce None None] 10.222.0.45 "GET /placement/" status: 200 len: 136 microversion: 1.0
Feb 03 07:58:57.497044 n-d-824834-8 devstack@placement-api.service[103632]: [pid: 103632|app: 0|req: 32/68] 10.222.0.45 () {54 vars in 907 bytes} [Thu Feb 3 07:58:57 2022] GET /placement => generated 136 bytes in 3 msecs (HTTP/1.1 200) 6 headers in 224 bytes (1 switches on core 0)
Feb 03 07:58:57.508003 n-d-824834-8 devstack@placement-api.service[103633]: DEBUG placement.requestlog [req-4ebebdf8-c78c-4e05-930d-aed629f61f26 req-888d0a77-5e76-4ce4-b84f-46ddd773b5f4 None None] Starting request: 10.222.0.45 "GET /placement/resource_providers?name=n-h1-824834-8" {{(pid=103633) __call__ /opt/stack/placement/placement/requestlog.py:55}}
Feb 03 07:58:57.588078 n-d-824834-8 devstack@placement-api.service[103633]: INFO placement.requestlog [req-4ebebdf8-c78c-4e05-930d-aed629f61f26 req-888d0a77-5e76-4ce4-b84f-46ddd773b5f4 service placement] 10.222.0.45 "GET /placement/resource_providers?name=n-h1-824834-8" status: 200 len: 441 microversion: 1.0
Feb 03 07:58:57.588426 n-d-824834-8 devstack@placement-api.service[103633]: [pid: 103633|app: 0|req: 37/69] 10.222.0.45 () {58 vars in 1274 bytes} [Thu Feb 3 07:58:57 2022] GET /placement/resource_providers?name=n-h1-824834-8 => generated 441 bytes in 81 msecs (HTTP/1.1 200) 6 headers in 224 bytes (1 switches on core 0)
Feb 03 07:58:57.595552 n-d-824834-8 devstack@placement-api.service[103632]: DEBUG placement.requestlog [req-4ebebdf8-c78c-4e05-930d-aed629f61f26 req-b4bb19eb-fac5-4624-981e-27526b9b033c None None] Starting request: 10.222.0.45 "GET /placement/resource_providers/a235e7d1-2ca7-4623-a21d-c9fc946bc808/aggregates" {{(pid=103632) __call__ /opt/stack/placement/placement/requestlog.py:55}}
Feb 03 07:58:57.616937 n-d-824834-8 devstack@placement-api.service[103632]: INFO placement.requestlog [req-4ebebdf8-c78c-4e05-930d-aed629f61f26 req-b4bb19eb-fac5-4624-981e-27526b9b033c service placement] 10.222.0.45 "GET /placement/resource_providers/a235e7d1-2ca7-4623-a21d-c9fc946bc808/aggregates" status: 200 len: 54 microversion: 1.19
Feb 03 07:58:57.617483 n-d-824834-8 devstack@placement-api.service[103632]: [pid: 103632|app: 0|req: 33/70] 10.222.0.45 () {60 vars in 1425 bytes} [Thu Feb 3 07:58:57 2022] GET /placement/resource_providers/a235e7d1-2ca7-4623-a21d-c9fc946bc808/aggregates => generated 54 bytes in 22 msecs (HTTP/1.1 200) 8 headers in 295 bytes (1 switches on core 0)
Feb 03 07:58:57.625671 n-d-824834-8 devstack@placement-api.service[103633]: DEBUG placement.requestlog [req-4ebebdf8-c78c-4e05-930d-aed629f61f26 req-2d164016-b496-459b-98b4-dd0e012cad13 None None] Starting request: 10.222.0.45 "PUT /placement/resource_providers/a235e7d1-2ca7-4623-a21d-c9fc946bc808/aggregates" {{(pid=103633) __call__ /opt/stack/placement/placement/requestlog.py:55}}
Feb 03 07:58:57.641138 n-d-824834-8 devstack@placement-api.service[103633]: DEBUG placement.objects.resource_provider [req-4ebebdf8-c78c-4e05-930d-aed629f61f26 req-2d164016-b496-459b-98b4-dd0e012cad13 service placement] _ensure_aggregate() did not find aggregate 4aa1a517-7906-415b-a491-61020921b743. Attempting to create it. {{(pid=103633) _ensure_aggregate /opt/stack/placement/placement/objects/resource_provider.py:320}}
Feb 03 07:58:57.642877 n-d-824834-8 devstack@placement-api.service[103633]: DEBUG placement.objects.resource_provider [req-4ebebdf8-c78c-4e05-930d-aed629f61f26 req-2d164016-b496-459b-98b4-dd0e012cad13 service placement] _ensure_aggregate() created new aggregate 4aa1a517-7906-415b-a491-61020921b743 (id=4). {{(pid=103633) _ensure_aggregate /opt/stack/placement/placement/objects/resource_provider.py:326}}
Feb 03 07:58:57.645144 n-d-824834-8 devstack@placement-api.service[103633]: DEBUG placement.objects.resource_provider [req-4ebebdf8-c78c-4e05-930d-aed629f61f26 req-2d164016-b496-459b-98b4-dd0e012cad13 service placement] Setting aggregates for provider a235e7d1-2ca7-4623-a21d-c9fc946bc808. Successfully associated aggregate 4aa1a517-7906-415b-a491-61020921b743. {{(pid=103633) _set_aggregates /opt/stack/placement/placement/objects/resource_provider.py:388}}
Feb 03 07:58:57.651704 n-d-824834-8 devstack@placement-api.service[103633]: INFO placement.requestlog [req-4ebebdf8-c78c-4e05-930d-aed629f61f26 req-2d164016-b496-459b-98b4-dd0e012cad13 service placement] 10.222.0.45 "PUT /placement/resource_providers/a235e7d1-2ca7-4623-a21d-c9fc946bc808/aggregates" status: 200 len: 92 microversion: 1.19
Feb 03 07:58:57.653310 n-d-824834-8 devstack@placement-api.service[103633]: [pid: 103633|app: 0|req: 38/71] 10.222.0.45 () {64 vars in 1477 bytes} [Thu Feb 3 07:58:57 2022] PUT /placement/resource_providers/a235e7d1-2ca7-4623-a21d-c9fc946bc808/aggregates => generated 92 bytes in 28 msecs (HTTP/1.1 200) 8 headers in 295 bytes (1 switches on core 0)
Feb 03 07:58:58.168508 n-d-824834-8 devstack@placement-api.service[103632]: DEBUG placement.requestlog [req-189fe87e-1e68-49f4-99c7-5b323539cb86 req-f92044c5-937e-4515-83f6-07cfdedc3dbe None None] Starting request: 10.222.0.45 "GET /placement/resource_providers?name=n-h1-824834-8" {{(pid=103632) __call__ /opt/stack/placement/placement/requestlog.py:55}}
Feb 03 07:58:58.189495 n-d-824834-8 devstack@placement-api.service[103632]: INFO placement.requestlog [req-189fe87e-1e68-49f4-99c7-5b323539cb86 req-f92044c5-937e-4515-83f6-07cfdedc3dbe service placement] 10.222.0.45 "GET /placement/resource_providers?name=n-h1-824834-8" status: 200 len: 441 microversion: 1.0
Feb 03 07:58:58.190896 n-d-824834-8 devstack@placement-api.service[103632]: [pid: 103632|app: 0|req: 34/72] 10.222.0.45 () {58 vars in 1274 bytes} [Thu Feb 3 07:58:58 2022] GET /placement/resource_providers?name=n-h1-824834-8 => generated 441 bytes in 23 msecs (HTTP/1.1 200) 6 headers in 224 bytes (1 switches on core 0)
Feb 03 07:58:58.198775 n-d-824834-8 devstack@placement-api.service[103633]: DEBUG placement.requestlog [req-189fe87e-1e68-49f4-99c7-5b323539cb86 req-df672bc7-6085-434a-87b7-bc354b34641d None None] Starting request: 10.222.0.45 "GET /placement/resource_providers/a235e7d1-2ca7-4623-a21d-c9fc946bc808/aggregates" {{(pid=103633) __call__ /opt/stack/placement/placement/requestlog.py:55}}
Feb 03 07:58:58.225001 n-d-824834-8 devstack@placement-api.service[103633]: INFO placement.requestlog [req-189fe87e-1e68-49f4-99c7-5b323539cb86 req-df672bc7-6085-434a-87b7-bc354b34641d service placement] 10.222.0.45 "GET /placement/resource_providers/a235e7d1-2ca7-4623-a21d-c9fc946bc808/aggregates" status: 200 len: 92 microversion: 1.19
Feb 03 07:58:58.227421 n-d-824834-8 devstack@placement-api.service[103633]: [pid: 103633|app: 0|req: 39/73] 10.222.0.45 () {60 vars in 1425 bytes} [Thu Feb 3 07:58:58 2022] GET /placement/resource_providers/a235e7d1-2ca7-4623-a21d-c9fc946bc808/aggregates => generated 92 bytes in 30 msecs (HTTP/1.1 200) 8 headers in 295 bytes (1 switches on core 0)
Feb 03 07:58:58.234808 n-d-824834-8 devstack@placement-api.service[103632]: DEBUG placement.requestlog [req-189fe87e-1e68-49f4-99c7-5b323539cb86 req-485964e5-70bd-4cc7-a5cb-ef16dd769043 None None] Starting request: 10.222.0.45 "PUT /placement/resource_providers/a235e7d1-2ca7-4623-a21d-c9fc946bc808/aggregates" {{(pid=103632) __call__ /opt/stack/placement/placement/requestlog.py:55}}
Feb 03 07:58:58.257160 n-d-824834-8 devstack@placement-api.service[103632]: DEBUG placement.objects.resource_provider [req-189fe87e-1e68-49f4-99c7-5b323539cb86 req-485964e5-70bd-4cc7-a5cb-ef16dd769043 service placement] Setting aggregates for provider a235e7d1-2ca7-4623-a21d-c9fc946bc808. Successfully disassociated aggregate 4aa1a517-7906-415b-a491-61020921b743. {{(pid=103632) _set_aggregates /opt/stack/placement/placement/objects/resource_provider.py:403}}
Feb 03 07:58:58.264338 n-d-824834-8 devstack@placement-api.service[103633]: DEBUG placement.requestlog [req-3c02be38-b996-4c4d-9bc0-09abeabc29f0 req-3ee5f5fd-6203-4a02-b634-2758d2b0e34b None None] Starting request: 10.222.0.45 "GET /placement/allocation_candidates?resources=DISK_GB%3A1%2CMEMORY_MB%3A1024%2CVCPU%3A1&root_required=%21COMPUTE_STATUS_DISABLED" {{(pid=103633) __call__ /opt/stack/placement/placement/requestlog.py:55}}
Feb 03 07:58:58.265211 n-d-824834-8 devstack@placement-api.service[103632]: INFO placement.requestlog [req-189fe87e-1e68-49f4-99c7-5b323539cb86 req-485964e5-70bd-4cc7-a5cb-ef16dd769043 service placement] 10.222.0.45 "PUT /placement/resource_providers/a235e7d1-2ca7-4623-a21d-c9fc946bc808/aggregates" status: 200 len: 54 microversion: 1.19
Feb 03 07:58:58.265803 n-d-824834-8 devstack@placement-api.service[103632]: [pid: 103632|app: 0|req: 35/74] 10.222.0.45 () {64 vars in 1477 bytes} [Thu Feb 3 07:58:58 2022] PUT /placement/resource_providers/a235e7d1-2ca7-4623-a21d-c9fc946bc808/aggregates => generated 54 bytes in 31 msecs (HTTP/1.1 200) 8 headers in 295 bytes (1 switches on core 0)
Feb 03 07:58:58.301953 n-d-824834-8 devstack@placement-api.service[103633]: DEBUG placement.objects.research_context [req-3c02be38-b996-4c4d-9bc0-09abeabc29f0 req-3ee5f5fd-6203-4a02-b634-2758d2b0e34b service placement] getting providers with 1 DISK_GB {{(pid=103633) __init__ /opt/stack/placement/placement/objects/research_context.py:126}}
Feb 03 07:58:58.309065 n-d-824834-8 devstack@placement-api.service[103633]: DEBUG placement.objects.research_context [req-3c02be38-b996-4c4d-9bc0-09abeabc29f0 req-3ee5f5fd-6203-4a02-b634-2758d2b0e34b service placement] getting providers with 1024 MEMORY_MB {{(pid=103633) __init__ /opt/stack/placement/placement/objects/research_context.py:126}}
Feb 03 07:58:58.315811 n-d-824834-8 devstack@placement-api.service[103633]: DEBUG placement.objects.research_context [req-3c02be38-b996-4c4d-9bc0-09abeabc29f0 req-3ee5f5fd-6203-4a02-b634-2758d2b0e34b service placement] getting providers with 1 VCPU {{(pid=103633) __init__ /opt/stack/placement/placement/objects/research_context.py:126}}
Feb 03 07:58:58.323156 n-d-824834-8 devstack@placement-api.service[103633]: DEBUG placement.objects.research_context [req-3c02be38-b996-4c4d-9bc0-09abeabc29f0 req-3ee5f5fd-6203-4a02-b634-2758d2b0e34b service placement] found 2 providers with available 1 DISK_GB {{(pid=103633) get_provider_ids_matching /opt/stack/placement/placement/objects/research_context.py:549}}
Feb 03 07:58:58.323488 n-d-824834-8 devstack@placement-api.service[103633]: DEBUG placement.objects.research_context [req-3c02be38-b996-4c4d-9bc0-09abeabc29f0 req-3ee5f5fd-6203-4a02-b634-2758d2b0e34b service placement] found 2 providers with available 1024 MEMORY_MB {{(pid=103633) get_provider_ids_matching /opt/stack/placement/placement/objects/research_context.py:549}}
Feb 03 07:58:58.323715 n-d-824834-8 devstack@placement-api.service[103633]: DEBUG placement.objects.research_context [req-3c02be38-b996-4c4d-9bc0-09abeabc29f0 req-3ee5f5fd-6203-4a02-b634-2758d2b0e34b service placement] found 2 providers after filtering by previous result {{(pid=103633) get_provider_ids_matching /opt/stack/placement/placement/objects/research_context.py:580}}
Feb 03 07:58:58.323973 n-d-824834-8 devstack@placement-api.service[103633]: DEBUG placement.objects.research_context [req-3c02be38-b996-4c4d-9bc0-09abeabc29f0 req-3ee5f5fd-6203-4a02-b634-2758d2b0e34b service placement] found 2 providers with available 1 VCPU {{(pid=103633) get_provider_ids_matching /opt/stack/placement/placement/objects/research_context.py:549}}
Feb 03 07:58:58.324232 n-d-824834-8 devstack@placement-api.service[103633]: DEBUG placement.objects.research_context [req-3c02be38-b996-4c4d-9bc0-09abeabc29f0 req-3ee5f5fd-6203-4a02-b634-2758d2b0e34b service placement] found 2 providers after filtering by previous result {{(pid=103633) get_provider_ids_matching /opt/stack/placement/placement/objects/research_context.py:580}}
Feb 03 07:58:58.336405 n-d-824834-8 devstack@placement-api.service[103633]: DEBUG placement.objects.allocation_candidate [req-3c02be38-b996-4c4d-9bc0-09abeabc29f0 req-3ee5f5fd-6203-4a02-b634-2758d2b0e34b service placement] RequestGroup(use_same_provider=False, resources={DISK_GB:1, MEMORY_MB:1024, VCPU:1}, traits=[], aggregates=[]) (suffix '') returned 2 matches {{(pid=103633) _get_by_requests /opt/stack/placement/placement/objects/allocation_candidate.py:145}}
Feb 03 07:58:58.336782 n-d-824834-8 devstack@placement-api.service[103633]: DEBUG placement.objects.allocation_candidate [req-3c02be38-b996-4c4d-9bc0-09abeabc29f0 req-3ee5f5fd-6203-4a02-b634-2758d2b0e34b service placement] Merging candidates yields 2 allocation requests and 2 provider summaries {{(pid=103633) _merge_candidates /opt/stack/placement/placement/objects/allocation_candidate.py:783}}
Feb 03 07:58:58.338739 n-d-824834-8 devstack@placement-api.service[103633]: INFO placement.requestlog [req-3c02be38-b996-4c4d-9bc0-09abeabc29f0 req-3ee5f5fd-6203-4a02-b634-2758d2b0e34b service placement] 10.222.0.45 "GET /placement/allocation_candidates?resources=DISK_GB%3A1%2CMEMORY_MB%3A1024%2CVCPU%3A1&root_required=%21COMPUTE_STATUS_DISABLED" status: 200 len: 1309 microversion: 1.36
Feb 03 07:58:58.343218 n-d-824834-8 devstack@placement-api.service[103633]: [pid: 103633|app: 0|req: 40/75] 10.222.0.45 () {60 vars in 1484 bytes} [Thu Feb 3 07:58:58 2022] GET /placement/allocation_candidates?resources=DISK_GB%3A1%2CMEMORY_MB%3A1024%2CVCPU%3A1&root_required=%21COMPUTE_STATUS_DISABLED => generated 1309 bytes in 79 msecs (HTTP/1.1 200) 8 headers in 297 bytes (1 switches on core 0)
Feb 03 07:58:58.425215 n-d-824834-8 devstack@placement-api.service[103632]: DEBUG placement.requestlog [req-3c02be38-b996-4c4d-9bc0-09abeabc29f0 req-bc34ab09-80c8-433d-80be-a6fab43844b4 None None] Starting request: 10.222.0.45 "GET /placement/allocations/22693838-eefd-45f1-a474-4d2833feef62" {{(pid=103632) __call__ /opt/stack/placement/placement/requestlog.py:55}}
Feb 03 07:58:58.443255 n-d-824834-8 devstack@placement-api.service[103632]: INFO placement.requestlog [req-3c02be38-b996-4c4d-9bc0-09abeabc29f0 req-bc34ab09-80c8-433d-80be-a6fab43844b4 service placement] 10.222.0.45 "GET /placement/allocations/22693838-eefd-45f1-a474-4d2833feef62" status: 200 len: 19 microversion: 1.28
Feb 03 07:58:58.443255 n-d-824834-8 devstack@placement-api.service[103632]: [pid: 103632|app: 0|req: 36/76] 10.222.0.45 () {60 vars in 1380 bytes} [Thu Feb 3 07:58:58 2022] GET /placement/allocations/22693838-eefd-45f1-a474-4d2833feef62 => generated 19 bytes in 18 msecs (HTTP/1.1 200) 8 headers in 295 bytes (1 switches on core 0)
Feb 03 07:58:58.452499 n-d-824834-8 devstack@placement-api.service[103633]: DEBUG placement.requestlog [req-3c02be38-b996-4c4d-9bc0-09abeabc29f0 req-881fba81-eaf4-426f-bf6d-6b0adeab5290 None None] Starting request: 10.222.0.45 "PUT /placement/allocations/22693838-eefd-45f1-a474-4d2833feef62" {{(pid=103633) __call__ /opt/stack/placement/placement/requestlog.py:55}}
Feb 03 07:58:58.530782 n-d-824834-8 devstack@placement-api.service[103633]: DEBUG placement.handlers.allocation [req-3c02be38-b996-4c4d-9bc0-09abeabc29f0 req-881fba81-eaf4-426f-bf6d-6b0adeab5290 service placement] Successfully wrote allocations [, , ] {{(pid=103633) _update_consumers_and_create_allocations /opt/stack/placement/placement/handlers/allocation.py:462}}
Feb 03 07:58:58.537325 n-d-824834-8 devstack@placement-api.service[103633]: INFO placement.requestlog [req-3c02be38-b996-4c4d-9bc0-09abeabc29f0 req-881fba81-eaf4-426f-bf6d-6b0adeab5290 service placement] 10.222.0.45 "PUT /placement/allocations/22693838-eefd-45f1-a474-4d2833feef62" status: 204 len: 0 microversion: 1.36
Feb 03 07:58:58.539395 n-d-824834-8 devstack@placement-api.service[103633]: [pid: 103633|app: 0|req: 41/77] 10.222.0.45 () {64 vars in 1433 bytes} [Thu Feb 3 07:58:58 2022] PUT /placement/allocations/22693838-eefd-45f1-a474-4d2833feef62 => generated 0 bytes in 86 msecs (HTTP/1.1 204) 5 headers in 199 bytes (1 switches on core 0)
Feb 03 07:58:58.623099 n-d-824834-8 devstack@placement-api.service[103632]: DEBUG placement.requestlog [req-e944b1dd-5872-4722-8a51-32744800c741 req-ad453d94-6e36-41a5-bfd0-262669a676c9 None None] Starting request: 10.222.0.45 "GET /placement/resource_providers?name=n-h1-824834-8" {{(pid=103632) __call__ /opt/stack/placement/placement/requestlog.py:55}}
Feb 03 07:58:58.640093 n-d-824834-8 devstack@placement-api.service[103632]: INFO placement.requestlog [req-e944b1dd-5872-4722-8a51-32744800c741 req-ad453d94-6e36-41a5-bfd0-262669a676c9 service placement] 10.222.0.45 "GET /placement/resource_providers?name=n-h1-824834-8" status: 200 len: 441 microversion: 1.0
Feb 03 07:58:58.640756 n-d-824834-8 devstack@placement-api.service[103632]: [pid: 103632|app: 0|req: 37/78] 10.222.0.45 () {58 vars in 1274 bytes} [Thu Feb 3 07:58:58 2022] GET /placement/resource_providers?name=n-h1-824834-8 => generated 441 bytes in 19 msecs (HTTP/1.1 200) 6 headers in 224 bytes (1 switches on core 0)
Feb 03 07:58:58.651590 n-d-824834-8 devstack@placement-api.service[103633]: DEBUG placement.requestlog [req-e944b1dd-5872-4722-8a51-32744800c741 req-ee199575-312e-4914-8055-e894be0ec137 None None] Starting request: 10.222.0.45 "GET /placement/resource_providers/a235e7d1-2ca7-4623-a21d-c9fc946bc808/aggregates" {{(pid=103633) __call__ /opt/stack/placement/placement/requestlog.py:55}}
Feb 03 07:58:58.689092 n-d-824834-8 devstack@placement-api.service[103633]: INFO placement.requestlog [req-e944b1dd-5872-4722-8a51-32744800c741 req-ee199575-312e-4914-8055-e894be0ec137 service placement] 10.222.0.45 "GET /placement/resource_providers/a235e7d1-2ca7-4623-a21d-c9fc946bc808/aggregates" status: 200 len: 54 microversion: 1.19
Feb 03 07:58:58.689477 n-d-824834-8 devstack@placement-api.service[103633]: [pid: 103633|app: 0|req: 42/79] 10.222.0.45 () {60 vars in 1425 bytes} [Thu Feb 3 07:58:58 2022] GET /placement/resource_providers/a235e7d1-2ca7-4623-a21d-c9fc946bc808/aggregates => generated 54 bytes in 38 msecs (HTTP/1.1 200) 8 headers in 295 bytes (1 switches on core 0)
Feb 03 07:58:58.697359 n-d-824834-8 devstack@placement-api.service[103632]: DEBUG placement.requestlog [req-e944b1dd-5872-4722-8a51-32744800c741 req-2e336a52-3b67-4c2d-a5a6-73ced24f3029 None None] Starting request: 10.222.0.45 "PUT /placement/resource_providers/a235e7d1-2ca7-4623-a21d-c9fc946bc808/aggregates" {{(pid=103632) __call__ /opt/stack/placement/placement/requestlog.py:55}}
Feb 03 07:58:58.719805 n-d-824834-8 devstack@placement-api.service[103632]: DEBUG placement.objects.resource_provider [req-e944b1dd-5872-4722-8a51-32744800c741 req-2e336a52-3b67-4c2d-a5a6-73ced24f3029 service placement] _ensure_aggregate() did not find aggregate 15e925c2-6185-4912-a855-ad814637198c. Attempting to create it. {{(pid=103632) _ensure_aggregate /opt/stack/placement/placement/objects/resource_provider.py:320}}
Feb 03 07:58:58.721776 n-d-824834-8 devstack@placement-api.service[103632]: DEBUG placement.objects.resource_provider [req-e944b1dd-5872-4722-8a51-32744800c741 req-2e336a52-3b67-4c2d-a5a6-73ced24f3029 service placement] _ensure_aggregate() created new aggregate 15e925c2-6185-4912-a855-ad814637198c (id=5). {{(pid=103632) _ensure_aggregate /opt/stack/placement/placement/objects/resource_provider.py:326}}
Feb 03 07:58:58.723081 n-d-824834-8 devstack@placement-api.service[103632]: DEBUG placement.objects.resource_provider [req-e944b1dd-5872-4722-8a51-32744800c741 req-2e336a52-3b67-4c2d-a5a6-73ced24f3029 service placement] Setting aggregates for provider a235e7d1-2ca7-4623-a21d-c9fc946bc808. Successfully associated aggregate 15e925c2-6185-4912-a855-ad814637198c. {{(pid=103632) _set_aggregates /opt/stack/placement/placement/objects/resource_provider.py:388}}
Feb 03 07:58:58.732348 n-d-824834-8 devstack@placement-api.service[103632]: INFO placement.requestlog [req-e944b1dd-5872-4722-8a51-32744800c741 req-2e336a52-3b67-4c2d-a5a6-73ced24f3029 service placement] 10.222.0.45 "PUT /placement/resource_providers/a235e7d1-2ca7-4623-a21d-c9fc946bc808/aggregates" status: 200 len: 92 microversion: 1.19
Feb 03 07:58:58.733137 n-d-824834-8 devstack@placement-api.service[103632]: [pid: 103632|app: 0|req: 38/80] 10.222.0.45 () {64 vars in 1477 bytes} [Thu Feb 3 07:58:58 2022] PUT /placement/resource_providers/a235e7d1-2ca7-4623-a21d-c9fc946bc808/aggregates => generated 92 bytes in 36 msecs (HTTP/1.1 200) 8 headers in 295 bytes (1 switches on core 0)
Feb 03 07:58:58.888039 n-d-824834-8 devstack@placement-api.service[103633]: DEBUG placement.requestlog [req-3c02be38-b996-4c4d-9bc0-09abeabc29f0 req-f1973735-261d-4422-9ff0-91edd0ef4220 None None] Starting request: 10.222.0.47 "GET /placement/allocations/22693838-eefd-45f1-a474-4d2833feef62" {{(pid=103633) __call__ /opt/stack/placement/placement/requestlog.py:55}}
Feb 03 07:58:58.906306 n-d-824834-8 devstack@placement-api.service[103633]: INFO placement.requestlog [req-3c02be38-b996-4c4d-9bc0-09abeabc29f0 req-f1973735-261d-4422-9ff0-91edd0ef4220 service placement] 10.222.0.47 "GET /placement/allocations/22693838-eefd-45f1-a474-4d2833feef62" status: 200 len: 258 microversion: 1.28
Feb 03 07:58:58.906717 n-d-824834-8 devstack@placement-api.service[103633]: [pid: 103633|app: 0|req: 43/81] 10.222.0.47 () {60 vars in 1377 bytes} [Thu Feb 3 07:58:58 2022] GET /placement/allocations/22693838-eefd-45f1-a474-4d2833feef62 => generated 258 bytes in 19 msecs (HTTP/1.1 200) 8 headers in 296 bytes (1 switches on core 0)
Feb 03 07:58:59.159495 n-d-824834-8 devstack@placement-api.service[103632]: DEBUG placement.requestlog [req-acf91894-3332-4c4a-a870-a5c9782a4bd9 req-49ede7cd-eade-428a-94bb-e2713be2fd2c None None] Starting request: 10.222.0.45 "GET /placement/resource_providers?name=n-h1-824834-8" {{(pid=103632) __call__ /opt/stack/placement/placement/requestlog.py:55}}
Feb 03 07:58:59.172567 n-d-824834-8 devstack@placement-api.service[103632]: INFO placement.requestlog [req-acf91894-3332-4c4a-a870-a5c9782a4bd9 req-49ede7cd-eade-428a-94bb-e2713be2fd2c service placement] 10.222.0.45 "GET /placement/resource_providers?name=n-h1-824834-8" status: 200 len: 441 microversion: 1.0
Feb 03 07:58:59.172920 n-d-824834-8 devstack@placement-api.service[103632]: [pid: 103632|app: 0|req: 39/82] 10.222.0.45 () {58 vars in 1274 bytes} [Thu Feb 3 07:58:59 2022] GET /placement/resource_providers?name=n-h1-824834-8 => generated 441 bytes in 14 msecs (HTTP/1.1 200) 6 headers in 224 bytes (1 switches on core 0)
Feb 03 07:58:59.180024 n-d-824834-8 devstack@placement-api.service[103633]: DEBUG placement.requestlog [req-acf91894-3332-4c4a-a870-a5c9782a4bd9 req-e1a1ae6c-4614-4b07-ab86-f7b9057c56b7 None None] Starting request: 10.222.0.45 "GET /placement/resource_providers/a235e7d1-2ca7-4623-a21d-c9fc946bc808/aggregates" {{(pid=103633) __call__ /opt/stack/placement/placement/requestlog.py:55}}
Feb 03 07:58:59.197332 n-d-824834-8 devstack@placement-api.service[103633]: INFO placement.requestlog [req-acf91894-3332-4c4a-a870-a5c9782a4bd9 req-e1a1ae6c-4614-4b07-ab86-f7b9057c56b7 service placement] 10.222.0.45 "GET /placement/resource_providers/a235e7d1-2ca7-4623-a21d-c9fc946bc808/aggregates" status: 200 len: 92 microversion: 1.19
Feb 03 07:58:59.198894 n-d-824834-8 devstack@placement-api.service[103633]: [pid: 103633|app: 0|req: 44/83] 10.222.0.45 () {60 vars in 1425 bytes} [Thu Feb 3 07:58:59 2022] GET /placement/resource_providers/a235e7d1-2ca7-4623-a21d-c9fc946bc808/aggregates => generated 92 bytes in 19 msecs (HTTP/1.1 200) 8 headers in 295 bytes (1 switches on core 0)
Feb 03 07:58:59.206548 n-d-824834-8 devstack@placement-api.service[103632]: DEBUG placement.requestlog [req-acf91894-3332-4c4a-a870-a5c9782a4bd9 req-333bdefc-18b5-44b9-b40b-42987d465037 None None] Starting request: 10.222.0.45 "PUT /placement/resource_providers/a235e7d1-2ca7-4623-a21d-c9fc946bc808/aggregates" {{(pid=103632) __call__ /opt/stack/placement/placement/requestlog.py:55}}
Feb 03 07:58:59.221575 n-d-824834-8 devstack@placement-api.service[103632]: DEBUG placement.objects.resource_provider [req-acf91894-3332-4c4a-a870-a5c9782a4bd9 req-333bdefc-18b5-44b9-b40b-42987d465037 service placement] Setting aggregates for provider a235e7d1-2ca7-4623-a21d-c9fc946bc808. Successfully disassociated aggregate 15e925c2-6185-4912-a855-ad814637198c. {{(pid=103632) _set_aggregates /opt/stack/placement/placement/objects/resource_provider.py:403}}
Feb 03 07:58:59.227409 n-d-824834-8 devstack@placement-api.service[103632]: INFO placement.requestlog [req-acf91894-3332-4c4a-a870-a5c9782a4bd9 req-333bdefc-18b5-44b9-b40b-42987d465037 service placement] 10.222.0.45 "PUT /placement/resource_providers/a235e7d1-2ca7-4623-a21d-c9fc946bc808/aggregates" status: 200 len: 54 microversion: 1.19
Feb 03 07:58:59.228121 n-d-824834-8 devstack@placement-api.service[103632]: [pid: 103632|app: 0|req: 40/84] 10.222.0.45 () {64 vars in 1477 bytes} [Thu Feb 3 07:58:59 2022] PUT /placement/resource_providers/a235e7d1-2ca7-4623-a21d-c9fc946bc808/aggregates => generated 54 bytes in 22 msecs (HTTP/1.1 200) 8 headers in 295 bytes (1 switches on core 0)
Feb 03 07:59:00.026801 n-d-824834-8 devstack@placement-api.service[103633]: DEBUG placement.requestlog [req-58c6cd2e-24a0-4d7b-8ee4-296c57d18c92 req-06619504-212e-4197-84cf-94ceba78417d None None] Starting request: 10.222.0.45 "GET /placement/allocation_candidates?limit=1000&resources=DISK_GB%3A1%2CMEMORY_MB%3A1024%2CVCPU%3A1&root_required=%21COMPUTE_STATUS_DISABLED" {{(pid=103633) __call__ /opt/stack/placement/placement/requestlog.py:55}}
Feb 03 07:59:00.069956 n-d-824834-8 devstack@placement-api.service[103633]: DEBUG placement.objects.research_context [req-58c6cd2e-24a0-4d7b-8ee4-296c57d18c92 req-06619504-212e-4197-84cf-94ceba78417d service placement] getting providers with 1 DISK_GB {{(pid=103633) __init__ /opt/stack/placement/placement/objects/research_context.py:126}}
Feb 03 07:59:00.076996 n-d-824834-8 devstack@placement-api.service[103633]: DEBUG placement.objects.research_context [req-58c6cd2e-24a0-4d7b-8ee4-296c57d18c92 req-06619504-212e-4197-84cf-94ceba78417d service placement] getting providers with 1024 MEMORY_MB {{(pid=103633) __init__ /opt/stack/placement/placement/objects/research_context.py:126}}
Feb 03 07:59:00.084694 n-d-824834-8 devstack@placement-api.service[103633]: DEBUG placement.objects.research_context [req-58c6cd2e-24a0-4d7b-8ee4-296c57d18c92 req-06619504-212e-4197-84cf-94ceba78417d service placement] getting providers with 1 VCPU {{(pid=103633) __init__ /opt/stack/placement/placement/objects/research_context.py:126}}
Feb 03 07:59:00.092289 n-d-824834-8 devstack@placement-api.service[103633]: DEBUG placement.objects.research_context [req-58c6cd2e-24a0-4d7b-8ee4-296c57d18c92 req-06619504-212e-4197-84cf-94ceba78417d service placement] found 2 providers with available 1 DISK_GB {{(pid=103633) get_provider_ids_matching /opt/stack/placement/placement/objects/research_context.py:549}}
Feb 03 07:59:00.094481 n-d-824834-8 devstack@placement-api.service[103633]: DEBUG placement.objects.research_context [req-58c6cd2e-24a0-4d7b-8ee4-296c57d18c92 req-06619504-212e-4197-84cf-94ceba78417d service placement] found 2 providers with available 1024 MEMORY_MB {{(pid=103633) get_provider_ids_matching /opt/stack/placement/placement/objects/research_context.py:549}}
Feb 03 07:59:00.094973 n-d-824834-8 devstack@placement-api.service[103633]: DEBUG placement.objects.research_context [req-58c6cd2e-24a0-4d7b-8ee4-296c57d18c92 req-06619504-212e-4197-84cf-94ceba78417d service placement] found 2 providers after filtering by previous result {{(pid=103633) get_provider_ids_matching /opt/stack/placement/placement/objects/research_context.py:580}}
Feb 03 07:59:00.095435 n-d-824834-8 devstack@placement-api.service[103633]: DEBUG placement.objects.research_context [req-58c6cd2e-24a0-4d7b-8ee4-296c57d18c92 req-06619504-212e-4197-84cf-94ceba78417d service placement] found 2 providers with available 1 VCPU {{(pid=103633) get_provider_ids_matching /opt/stack/placement/placement/objects/research_context.py:549}}
Feb 03 07:59:00.095900 n-d-824834-8 devstack@placement-api.service[103633]: DEBUG placement.objects.research_context [req-58c6cd2e-24a0-4d7b-8ee4-296c57d18c92 req-06619504-212e-4197-84cf-94ceba78417d service placement] found 2 providers after filtering by previous result {{(pid=103633) get_provider_ids_matching /opt/stack/placement/placement/objects/research_context.py:580}}
Feb 03 07:59:00.122199 n-d-824834-8 devstack@placement-api.service[103633]: DEBUG placement.objects.allocation_candidate [req-58c6cd2e-24a0-4d7b-8ee4-296c57d18c92 req-06619504-212e-4197-84cf-94ceba78417d service placement] RequestGroup(use_same_provider=False, resources={DISK_GB:1, MEMORY_MB:1024, VCPU:1}, traits=[], aggregates=[]) (suffix '') returned 2 matches {{(pid=103633) _get_by_requests /opt/stack/placement/placement/objects/allocation_candidate.py:145}}
Feb 03 07:59:00.122751 n-d-824834-8 devstack@placement-api.service[103633]: DEBUG placement.objects.allocation_candidate [req-58c6cd2e-24a0-4d7b-8ee4-296c57d18c92 req-06619504-212e-4197-84cf-94ceba78417d service placement] Merging candidates yields 2 allocation requests and 2 provider summaries {{(pid=103633) _merge_candidates /opt/stack/placement/placement/objects/allocation_candidate.py:783}}
Feb 03 07:59:00.125792 n-d-824834-8 devstack@placement-api.service[103633]: INFO placement.requestlog [req-58c6cd2e-24a0-4d7b-8ee4-296c57d18c92 req-06619504-212e-4197-84cf-94ceba78417d service placement] 10.222.0.45 "GET /placement/allocation_candidates?limit=1000&resources=DISK_GB%3A1%2CMEMORY_MB%3A1024%2CVCPU%3A1&root_required=%21COMPUTE_STATUS_DISABLED" status: 200 len: 1309 microversion: 1.36
Feb 03 07:59:00.129341 n-d-824834-8 devstack@placement-api.service[103633]: [pid: 103633|app: 0|req: 45/85] 10.222.0.45 () {60 vars in 1506 bytes} [Thu Feb 3 07:59:00 2022] GET /placement/allocation_candidates?limit=1000&resources=DISK_GB%3A1%2CMEMORY_MB%3A1024%2CVCPU%3A1&root_required=%21COMPUTE_STATUS_DISABLED => generated 1309 bytes in 103 msecs (HTTP/1.1 200) 8 headers in 297 bytes (1 switches on core 0)
Feb 03 07:59:00.195397 n-d-824834-8 devstack@placement-api.service[103632]: DEBUG placement.requestlog [req-58c6cd2e-24a0-4d7b-8ee4-296c57d18c92 req-4559a659-fe55-4ff5-af72-7cc57779b1b6 None None] Starting request: 10.222.0.45 "GET /placement/allocations/44b9ef48-c8cb-4547-9708-4b85a98b42eb" {{(pid=103632) __call__ /opt/stack/placement/placement/requestlog.py:55}}
Feb 03 07:59:00.209183 n-d-824834-8 devstack@placement-api.service[103632]: INFO placement.requestlog [req-58c6cd2e-24a0-4d7b-8ee4-296c57d18c92 req-4559a659-fe55-4ff5-af72-7cc57779b1b6 service placement] 10.222.0.45 "GET /placement/allocations/44b9ef48-c8cb-4547-9708-4b85a98b42eb" status: 200 len: 19 microversion: 1.28
