Feb 09 10:29:00.070609 n-d-824834-12 devstack@placement-api.service[103805]: DEBUG placement.requestlog [req-b6595494-4184-47a6-94be-2a5860898189 req-ebd09dd6-5716-4b62-a2e8-cf2e7444cc9e None None] Starting request: 10.222.0.107 "DELETE /placement/allocations/76e78843-36eb-46ea-a3d5-bdf9d8ad5b26" {{(pid=103805) __call__ /opt/stack/placement/placement/requestlog.py:55}}
Feb 09 10:29:00.129893 n-d-824834-12 devstack@placement-api.service[103805]: DEBUG placement.handlers.allocation [req-b6595494-4184-47a6-94be-2a5860898189 req-ebd09dd6-5716-4b62-a2e8-cf2e7444cc9e service placement] Successfully deleted allocations [, , ] {{(pid=103805) delete_allocations /opt/stack/placement/placement/handlers/allocation.py:627}}
Feb 09 10:29:00.130968 n-d-824834-12 devstack@placement-api.service[103805]: INFO placement.requestlog [req-b6595494-4184-47a6-94be-2a5860898189 req-ebd09dd6-5716-4b62-a2e8-cf2e7444cc9e service placement] 10.222.0.107 "DELETE /placement/allocations/76e78843-36eb-46ea-a3d5-bdf9d8ad5b26" status: 204 len: 0 microversion: 1.0
Feb 09 10:29:00.132008 n-d-824834-12 devstack@placement-api.service[103805]: [pid: 103805|app: 0|req: 224/454] 10.222.0.107 () {60 vars in 1356 bytes} [Wed Feb 9 10:29:00 2022] DELETE /placement/allocations/76e78843-36eb-46ea-a3d5-bdf9d8ad5b26 => generated 0 bytes in 63 msecs (HTTP/1.1 204) 5 headers in 198 bytes (1 switches on core 0)
Feb 09 10:29:02.504479 n-d-824834-12 devstack@placement-api.service[103804]: DEBUG placement.requestlog [req-45a17a6f-f434-4c29-a871-7a5f3be27f5f req-02d0156a-0110-4907-aea7-40a070fa7091 None None] Starting request: 10.222.0.67 "GET /placement/allocation_candidates?limit=1000&resources=DISK_GB%3A1%2CMEMORY_MB%3A1024%2CVCPU%3A1&root_required=%21COMPUTE_STATUS_DISABLED" {{(pid=103804) __call__ /opt/stack/placement/placement/requestlog.py:55}}
Feb 09 10:29:02.613638 n-d-824834-12 devstack@placement-api.service[103804]: DEBUG placement.objects.research_context [req-45a17a6f-f434-4c29-a871-7a5f3be27f5f req-02d0156a-0110-4907-aea7-40a070fa7091 service placement] getting providers with 1 DISK_GB {{(pid=103804) __init__ /opt/stack/placement/placement/objects/research_context.py:126}}
Feb 09 10:29:02.627126 n-d-824834-12 devstack@placement-api.service[103804]: DEBUG placement.objects.research_context [req-45a17a6f-f434-4c29-a871-7a5f3be27f5f req-02d0156a-0110-4907-aea7-40a070fa7091 service placement] getting providers with 1024 MEMORY_MB {{(pid=103804) __init__ /opt/stack/placement/placement/objects/research_context.py:126}}
Feb 09 10:29:02.650099 n-d-824834-12 devstack@placement-api.service[103804]: DEBUG placement.objects.research_context [req-45a17a6f-f434-4c29-a871-7a5f3be27f5f req-02d0156a-0110-4907-aea7-40a070fa7091 service placement] getting providers with 1 VCPU {{(pid=103804) __init__ /opt/stack/placement/placement/objects/research_context.py:126}}
Feb 09 10:29:02.664047 n-d-824834-12 devstack@placement-api.service[103804]: DEBUG placement.objects.research_context [req-45a17a6f-f434-4c29-a871-7a5f3be27f5f req-02d0156a-0110-4907-aea7-40a070fa7091 service placement] found 2 providers with available 1 DISK_GB {{(pid=103804) get_provider_ids_matching /opt/stack/placement/placement/objects/research_context.py:549}}
Feb 09 10:29:02.665030 n-d-824834-12 devstack@placement-api.service[103804]: DEBUG placement.objects.research_context [req-45a17a6f-f434-4c29-a871-7a5f3be27f5f req-02d0156a-0110-4907-aea7-40a070fa7091 service placement] found 2 providers with available 1024 MEMORY_MB {{(pid=103804) get_provider_ids_matching /opt/stack/placement/placement/objects/research_context.py:549}}
Feb 09 10:29:02.665652 n-d-824834-12 devstack@placement-api.service[103804]: DEBUG placement.objects.research_context [req-45a17a6f-f434-4c29-a871-7a5f3be27f5f req-02d0156a-0110-4907-aea7-40a070fa7091 service placement] found 2 providers after filtering by previous result {{(pid=103804) get_provider_ids_matching /opt/stack/placement/placement/objects/research_context.py:580}}
Feb 09 10:29:02.666591 n-d-824834-12 devstack@placement-api.service[103804]: DEBUG placement.objects.research_context [req-45a17a6f-f434-4c29-a871-7a5f3be27f5f req-02d0156a-0110-4907-aea7-40a070fa7091 service placement] found 2 providers with available 1 VCPU {{(pid=103804) get_provider_ids_matching /opt/stack/placement/placement/objects/research_context.py:549}}
Feb 09 10:29:02.667263 n-d-824834-12 devstack@placement-api.service[103804]: DEBUG placement.objects.research_context [req-45a17a6f-f434-4c29-a871-7a5f3be27f5f req-02d0156a-0110-4907-aea7-40a070fa7091 service placement] found 2 providers after filtering by previous result {{(pid=103804) get_provider_ids_matching /opt/stack/placement/placement/objects/research_context.py:580}}
Feb 09 10:29:02.702754 n-d-824834-12 devstack@placement-api.service[103804]: DEBUG placement.objects.allocation_candidate [req-45a17a6f-f434-4c29-a871-7a5f3be27f5f req-02d0156a-0110-4907-aea7-40a070fa7091 service placement] RequestGroup(use_same_provider=False, resources={DISK_GB:1, MEMORY_MB:1024, VCPU:1}, traits=[], aggregates=[]) (suffix '') returned 2 matches {{(pid=103804) _get_by_requests /opt/stack/placement/placement/objects/allocation_candidate.py:145}}
Feb 09 10:29:02.705543 n-d-824834-12 devstack@placement-api.service[103804]: DEBUG placement.objects.allocation_candidate [req-45a17a6f-f434-4c29-a871-7a5f3be27f5f req-02d0156a-0110-4907-aea7-40a070fa7091 service placement] Merging candidates yields 2 allocation requests and 2 provider summaries {{(pid=103804) _merge_candidates /opt/stack/placement/placement/objects/allocation_candidate.py:783}}
Feb 09 10:29:02.713810 n-d-824834-12 devstack@placement-api.service[103804]: INFO placement.requestlog [req-45a17a6f-f434-4c29-a871-7a5f3be27f5f req-02d0156a-0110-4907-aea7-40a070fa7091 service placement] 10.222.0.67 "GET /placement/allocation_candidates?limit=1000&resources=DISK_GB%3A1%2CMEMORY_MB%3A1024%2CVCPU%3A1&root_required=%21COMPUTE_STATUS_DISABLED" status: 200 len: 1309 microversion: 1.36
Feb 09 10:29:02.727382 n-d-824834-12 devstack@placement-api.service[103804]: [pid: 103804|app: 0|req: 231/455] 10.222.0.67 () {60 vars in 1506 bytes} [Wed Feb 9 10:29:02 2022] GET /placement/allocation_candidates?limit=1000&resources=DISK_GB%3A1%2CMEMORY_MB%3A1024%2CVCPU%3A1&root_required=%21COMPUTE_STATUS_DISABLED => generated 1309 bytes in 218 msecs (HTTP/1.1 200) 8 headers in 297 bytes (1 switches on core 0)
Feb 09 10:29:02.911326 n-d-824834-12 devstack@placement-api.service[103805]: DEBUG placement.requestlog [req-45a17a6f-f434-4c29-a871-7a5f3be27f5f req-e7db8291-156e-4348-a7a1-4c66f3e773b8 None None] Starting request: 10.222.0.67 "GET /placement/allocations/318348c5-13ba-42c0-be78-4216e3612ba9" {{(pid=103805) __call__ /opt/stack/placement/placement/requestlog.py:55}}
Feb 09 10:29:02.982257 n-d-824834-12 devstack@placement-api.service[103805]: INFO placement.requestlog [req-45a17a6f-f434-4c29-a871-7a5f3be27f5f req-e7db8291-156e-4348-a7a1-4c66f3e773b8 service placement] 10.222.0.67 "GET /placement/allocations/318348c5-13ba-42c0-be78-4216e3612ba9" status: 200 len: 19 microversion: 1.28
Feb 09 10:29:02.991179 n-d-824834-12 devstack@placement-api.service[103805]: [pid: 103805|app: 0|req: 225/456] 10.222.0.67 () {60 vars in 1380 bytes} [Wed Feb 9 10:29:02 2022] GET /placement/allocations/318348c5-13ba-42c0-be78-4216e3612ba9 => generated 19 bytes in 80 msecs (HTTP/1.1 200) 8 headers in 295 bytes (1 switches on core 0)
Feb 09 10:29:02.995407 n-d-824834-12 devstack@placement-api.service[103804]: DEBUG placement.requestlog [req-45a17a6f-f434-4c29-a871-7a5f3be27f5f req-6a4fb214-51c9-45e3-bd28-b92508160427 None None] Starting request: 10.222.0.67 "PUT /placement/allocations/318348c5-13ba-42c0-be78-4216e3612ba9" {{(pid=103804) __call__ /opt/stack/placement/placement/requestlog.py:55}}
Feb 09 10:29:03.213783 n-d-824834-12 devstack@placement-api.service[103804]: DEBUG placement.handlers.allocation [req-45a17a6f-f434-4c29-a871-7a5f3be27f5f req-6a4fb214-51c9-45e3-bd28-b92508160427 service placement] Successfully wrote allocations [, , ] {{(pid=103804) _update_consumers_and_create_allocations /opt/stack/placement/placement/handlers/allocation.py:462}}
Feb 09 10:29:03.238228 n-d-824834-12 devstack@placement-api.service[103804]: INFO placement.requestlog [req-45a17a6f-f434-4c29-a871-7a5f3be27f5f req-6a4fb214-51c9-45e3-bd28-b92508160427 service placement] 10.222.0.67 "PUT /placement/allocations/318348c5-13ba-42c0-be78-4216e3612ba9" status: 204 len: 0 microversion: 1.36
Feb 09 10:29:03.241836 n-d-824834-12 devstack@placement-api.service[103804]: [pid: 103804|app: 0|req: 232/457] 10.222.0.67 () {64 vars in 1433 bytes} [Wed Feb 9 10:29:02 2022] PUT /placement/allocations/318348c5-13ba-42c0-be78-4216e3612ba9 => generated 0 bytes in 247 msecs (HTTP/1.1 204) 5 headers in 199 bytes (1 switches on core 0)
Feb 09 10:29:03.371187 n-d-824834-12 devstack@placement-api.service[103805]: DEBUG placement.requestlog [req-839cce3e-c98c-43b0-9d7b-3ea9febac01c req-a5eb1394-71ca-433f-8eac-c6c9ca9a1899 None None] Starting request: 10.222.0.107 "DELETE /placement/allocations/2b71e90a-dd2c-4cac-b725-4ba66987d38c" {{(pid=103805) __call__ /opt/stack/placement/placement/requestlog.py:55}}
Feb 09 10:29:03.451086 n-d-824834-12 devstack@placement-api.service[103805]: DEBUG placement.handlers.allocation [req-839cce3e-c98c-43b0-9d7b-3ea9febac01c req-a5eb1394-71ca-433f-8eac-c6c9ca9a1899 service placement] Successfully deleted allocations [, , ] {{(pid=103805) delete_allocations /opt/stack/placement/placement/handlers/allocation.py:627}}
Feb 09 10:29:03.452120 n-d-824834-12 devstack@placement-api.service[103805]: INFO placement.requestlog [req-839cce3e-c98c-43b0-9d7b-3ea9febac01c req-a5eb1394-71ca-433f-8eac-c6c9ca9a1899 service placement] 10.222.0.107 "DELETE /placement/allocations/2b71e90a-dd2c-4cac-b725-4ba66987d38c" status: 204 len: 0 microversion: 1.0
Feb 09 10:29:03.452812 n-d-824834-12 devstack@placement-api.service[103805]: [pid: 103805|app: 0|req: 226/458] 10.222.0.107 () {60 vars in 1356 bytes} [Wed Feb 9 10:29:03 2022] DELETE /placement/allocations/2b71e90a-dd2c-4cac-b725-4ba66987d38c => generated 0 bytes in 82 msecs (HTTP/1.1 204) 5 headers in 198 bytes (2 switches on core 0)
Feb 09 10:29:04.166437 n-d-824834-12 devstack@placement-api.service[103804]: DEBUG placement.requestlog [req-45a17a6f-f434-4c29-a871-7a5f3be27f5f req-72d900b8-6fa7-479a-8ee4-4cd06a7bf3d8 None None] Starting request: 10.222.0.64 "GET /placement/allocations/318348c5-13ba-42c0-be78-4216e3612ba9" {{(pid=103804) __call__ /opt/stack/placement/placement/requestlog.py:55}}
Feb 09 10:29:04.248946 n-d-824834-12 devstack@placement-api.service[103804]: INFO placement.requestlog [req-45a17a6f-f434-4c29-a871-7a5f3be27f5f req-72d900b8-6fa7-479a-8ee4-4cd06a7bf3d8 service placement] 10.222.0.64 "GET /placement/allocations/318348c5-13ba-42c0-be78-4216e3612ba9" status: 200 len: 259 microversion: 1.28
Feb 09 10:29:04.265608 n-d-824834-12 devstack@placement-api.service[103804]: [pid: 103804|app: 0|req: 233/459] 10.222.0.64 () {60 vars in 1377 bytes} [Wed Feb 9 10:29:04 2022] GET /placement/allocations/318348c5-13ba-42c0-be78-4216e3612ba9 => generated 259 bytes in 99 msecs (HTTP/1.1 200) 8 headers in 296 bytes (1 switches on core 0)
Feb 09 10:29:08.743285 n-d-824834-12 devstack@placement-api.service[103805]: DEBUG placement.requestlog [req-97032fac-7006-4e65-a0e0-cd5576c020d4 req-267ce2cf-dbfe-406b-a765-f9e417afd74d None None] Starting request: 10.222.0.64 "DELETE /placement/allocations/d6d03737-3493-46e7-b420-e5b0f1ec5d6c" {{(pid=103805) __call__ /opt/stack/placement/placement/requestlog.py:55}}
Feb 09 10:29:08.855672 n-d-824834-12 devstack@placement-api.service[103805]: DEBUG placement.handlers.allocation [req-97032fac-7006-4e65-a0e0-cd5576c020d4 req-267ce2cf-dbfe-406b-a765-f9e417afd74d service placement] Successfully deleted allocations [, , ] {{(pid=103805) delete_allocations /opt/stack/placement/placement/handlers/allocation.py:627}}
Feb 09 10:29:08.857550 n-d-824834-12 devstack@placement-api.service[103805]: INFO placement.requestlog [req-97032fac-7006-4e65-a0e0-cd5576c020d4 req-267ce2cf-dbfe-406b-a765-f9e417afd74d service placement] 10.222.0.64 "DELETE /placement/allocations/d6d03737-3493-46e7-b420-e5b0f1ec5d6c" status: 204 len: 0 microversion: 1.0
Feb 09 10:29:08.858886 n-d-824834-12 devstack@placement-api.service[103805]: [pid: 103805|app: 0|req: 227/460] 10.222.0.64 () {60 vars in 1355 bytes} [Wed Feb 9 10:29:08 2022] DELETE /placement/allocations/d6d03737-3493-46e7-b420-e5b0f1ec5d6c => generated 0 bytes in 116 msecs (HTTP/1.1 204) 5 headers in 198 bytes (1 switches on core 0)
Feb 09 10:29:16.263409 n-d-824834-12 devstack@placement-api.service[103804]: DEBUG placement.requestlog [req-ba2a064d-96c8-44d5-a5cf-cd3b1e359e90 req-27aa8bf4-5ca9-462b-b9c2-81444aa291d3 None None] Starting request: 10.222.0.64 "DELETE /placement/allocations/92cfd12b-fde9-4a68-9a72-5830d563b2dc" {{(pid=103804) __call__ /opt/stack/placement/placement/requestlog.py:55}}
Feb 09 10:29:16.337340 n-d-824834-12 devstack@placement-api.service[103804]: DEBUG placement.handlers.allocation [req-ba2a064d-96c8-44d5-a5cf-cd3b1e359e90 req-27aa8bf4-5ca9-462b-b9c2-81444aa291d3 service placement] Successfully deleted allocations [, , ] {{(pid=103804) delete_allocations /opt/stack/placement/placement/handlers/allocation.py:627}}
Feb 09 10:29:16.338314 n-d-824834-12 devstack@placement-api.service[103804]: INFO placement.requestlog [req-ba2a064d-96c8-44d5-a5cf-cd3b1e359e90 req-27aa8bf4-5ca9-462b-b9c2-81444aa291d3 service placement] 10.222.0.64 "DELETE /placement/allocations/92cfd12b-fde9-4a68-9a72-5830d563b2dc" status: 204 len: 0 microversion: 1.0
Feb 09 10:29:16.339775 n-d-824834-12 devstack@placement-api.service[103804]: [pid: 103804|app: 0|req: 234/461] 10.222.0.64 () {60 vars in 1355 bytes} [Wed Feb 9 10:29:16 2022] DELETE /placement/allocations/92cfd12b-fde9-4a68-9a72-5830d563b2dc => generated 0 bytes in 77 msecs (HTTP/1.1 204) 5 headers in 198 bytes (1 switches on core 0)
Feb 09 10:29:16.953409 n-d-824834-12 devstack@placement-api.service[103805]: DEBUG placement.requestlog [req-4ce7b301-cb1b-45aa-9df6-3276c58c6b34 req-1d7e67af-421b-4e91-b13c-a13559e28fcf None None] Starting request: 10.222.0.107 "GET /placement/resource_providers/9914436e-5862-4b2a-9c70-a2beed10d514/allocations" {{(pid=103805) __call__ /opt/stack/placement/placement/requestlog.py:55}}
Feb 09 10:29:17.001426 n-d-824834-12 devstack@placement-api.service[103805]: INFO placement.requestlog [req-4ce7b301-cb1b-45aa-9df6-3276c58c6b34 req-1d7e67af-421b-4e91-b13c-a13559e28fcf service placement] 10.222.0.107 "GET /placement/resource_providers/9914436e-5862-4b2a-9c70-a2beed10d514/allocations" status: 200 len: 631 microversion: 1.0
Feb 09 10:29:17.001426 n-d-824834-12 devstack@placement-api.service[103805]: [pid: 103805|app: 0|req: 228/462] 10.222.0.107 () {58 vars in 1391 bytes} [Wed Feb 9 10:29:16 2022] GET /placement/resource_providers/9914436e-5862-4b2a-9c70-a2beed10d514/allocations => generated 631 bytes in 41 msecs (HTTP/1.1 200) 6 headers in 224 bytes (2 switches on core 0)
Feb 09 10:29:18.286281 n-d-824834-12 devstack@placement-api.service[103804]: DEBUG placement.requestlog [req-7065db26-2928-48d4-b324-22e28614d530 req-9db8892e-4e7c-4a45-88dd-32e66006dbe0 None None] Starting request: 10.222.0.64 "GET /placement/resource_providers/ad11f0c6-1bdc-4142-910d-522bcca898d6/allocations" {{(pid=103804) __call__ /opt/stack/placement/placement/requestlog.py:55}}
Feb 09 10:29:18.417466 n-d-824834-12 devstack@placement-api.service[103804]: INFO placement.requestlog [req-7065db26-2928-48d4-b324-22e28614d530 req-9db8892e-4e7c-4a45-88dd-32e66006dbe0 service placement] 10.222.0.64 "GET /placement/resource_providers/ad11f0c6-1bdc-4142-910d-522bcca898d6/allocations" status: 200 len: 443 microversion: 1.0
Feb 09 10:29:18.420317 n-d-824834-12 devstack@placement-api.service[103804]: [pid: 103804|app: 0|req: 235/463] 10.222.0.64 () {58 vars in 1390 bytes} [Wed Feb 9 10:29:18 2022] GET /placement/resource_providers/ad11f0c6-1bdc-4142-910d-522bcca898d6/allocations => generated 443 bytes in 135 msecs (HTTP/1.1 200) 6 headers in 224 bytes (1 switches on core 0)
Feb 09 10:29:25.962156 n-d-824834-12 devstack@placement-api.service[103805]: DEBUG placement.requestlog [req-b09b31cf-cb0a-428e-8d4a-a428d8a6403f req-0404e374-08f8-4a92-9f7b-64d0b7bdbd16 None None] Starting request: 10.222.0.64 "GET /placement/resource_providers/ad11f0c6-1bdc-4142-910d-522bcca898d6/allocations" {{(pid=103805) __call__ /opt/stack/placement/placement/requestlog.py:55}}
Feb 09 10:29:26.041806 n-d-824834-12 devstack@placement-api.service[103805]: INFO placement.requestlog [req-b09b31cf-cb0a-428e-8d4a-a428d8a6403f req-0404e374-08f8-4a92-9f7b-64d0b7bdbd16 service placement] 10.222.0.64 "GET /placement/resource_providers/ad11f0c6-1bdc-4142-910d-522bcca898d6/allocations" status: 200 len: 443 microversion: 1.0
Feb 09 10:29:26.042888 n-d-824834-12 devstack@placement-api.service[103805]: [pid: 103805|app: 0|req: 229/464] 10.222.0.64 () {58 vars in 1390 bytes} [Wed Feb 9 10:29:25 2022] GET /placement/resource_providers/ad11f0c6-1bdc-4142-910d-522bcca898d6/allocations => generated 443 bytes in 81 msecs (HTTP/1.1 200) 6 headers in 224 bytes (1 switches on core 0)
Feb 09 10:29:26.427995 n-d-824834-12 devstack@placement-api.service[103804]: DEBUG placement.requestlog [req-b09b31cf-cb0a-428e-8d4a-a428d8a6403f req-0d853c98-739e-4bf6-93b6-6ca17a168771 None None] Starting request: 10.222.0.64 "GET /placement/allocations/cc08814e-9895-4bdf-a170-993d5a3d6680" {{(pid=103804) __call__ /opt/stack/placement/placement/requestlog.py:55}}
Feb 09 10:29:26.504275 n-d-824834-12 devstack@placement-api.service[103804]: INFO placement.requestlog [req-b09b31cf-cb0a-428e-8d4a-a428d8a6403f req-0d853c98-739e-4bf6-93b6-6ca17a168771 service placement] 10.222.0.64 "GET /placement/allocations/cc08814e-9895-4bdf-a170-993d5a3d6680" status: 200 len: 245 microversion: 1.28
Feb 09 10:29:26.510138 n-d-824834-12 devstack@placement-api.service[103804]: [pid: 103804|app: 0|req: 236/465] 10.222.0.64 () {60 vars in 1377 bytes} [Wed Feb 9 10:29:26 2022] GET /placement/allocations/cc08814e-9895-4bdf-a170-993d5a3d6680 => generated 245 bytes in 83 msecs (HTTP/1.1 200) 8 headers in 296 bytes (1 switches on core 0)
Feb 09 10:29:26.514107 n-d-824834-12 devstack@placement-api.service[103805]: DEBUG placement.requestlog [req-b09b31cf-cb0a-428e-8d4a-a428d8a6403f req-0b6906a0-474d-44c9-a49b-b3599b1e417d None None] Starting request: 10.222.0.64 "PUT /placement/allocations/cc08814e-9895-4bdf-a170-993d5a3d6680" {{(pid=103805) __call__ /opt/stack/placement/placement/requestlog.py:55}}
Feb 09 10:29:26.684166 n-d-824834-12 devstack@placement-api.service[103805]: DEBUG placement.handlers.allocation [req-b09b31cf-cb0a-428e-8d4a-a428d8a6403f req-0b6906a0-474d-44c9-a49b-b3599b1e417d service placement] Successfully wrote allocations [, ] {{(pid=103805) _update_consumers_and_create_allocations /opt/stack/placement/placement/handlers/allocation.py:462}}
Feb 09 10:29:26.692278 n-d-824834-12 devstack@placement-api.service[103805]: INFO placement.requestlog [req-b09b31cf-cb0a-428e-8d4a-a428d8a6403f req-0b6906a0-474d-44c9-a49b-b3599b1e417d service placement] 10.222.0.64 "PUT /placement/allocations/cc08814e-9895-4bdf-a170-993d5a3d6680" status: 204 len: 0 microversion: 1.28
Feb 09 10:29:26.692884 n-d-824834-12 devstack@placement-api.service[103805]: [pid: 103805|app: 0|req: 230/466] 10.222.0.64 () {64 vars in 1430 bytes} [Wed Feb 9 10:29:26 2022] PUT /placement/allocations/cc08814e-9895-4bdf-a170-993d5a3d6680 => generated 0 bytes in 179 msecs (HTTP/1.1 204) 5 headers in 199 bytes (2 switches on core 0)
Feb 09 10:29:43.475820 n-d-824834-12 devstack@placement-api.service[103804]: DEBUG placement.requestlog [req-a53d7d07-4bfc-4073-989b-a24ad0294116 req-4b97bec8-bd67-4dd1-a92d-1106201a6fc3 None None] Starting request: 10.222.0.67 "GET /placement/allocation_candidates?resources=DISK_GB%3A1%2CMEMORY_MB%3A1024%2CVCPU%3A1&root_required=%21COMPUTE_STATUS_DISABLED" {{(pid=103804) __call__ /opt/stack/placement/placement/requestlog.py:55}}
Feb 09 10:29:43.545359 n-d-824834-12 devstack@placement-api.service[103804]: DEBUG placement.objects.research_context [req-a53d7d07-4bfc-4073-989b-a24ad0294116 req-4b97bec8-bd67-4dd1-a92d-1106201a6fc3 service placement] getting providers with 1 DISK_GB {{(pid=103804) __init__ /opt/stack/placement/placement/objects/research_context.py:126}}
Feb 09 10:29:43.564529 n-d-824834-12 devstack@placement-api.service[103804]: DEBUG placement.objects.research_context [req-a53d7d07-4bfc-4073-989b-a24ad0294116 req-4b97bec8-bd67-4dd1-a92d-1106201a6fc3 service placement] getting providers with 1024 MEMORY_MB {{(pid=103804) __init__ /opt/stack/placement/placement/objects/research_context.py:126}}
Feb 09 10:29:43.578128 n-d-824834-12 devstack@placement-api.service[103804]: DEBUG placement.objects.research_context [req-a53d7d07-4bfc-4073-989b-a24ad0294116 req-4b97bec8-bd67-4dd1-a92d-1106201a6fc3 service placement] getting providers with 1 VCPU {{(pid=103804) __init__ /opt/stack/placement/placement/objects/research_context.py:126}}
Feb 09 10:29:43.591349 n-d-824834-12 devstack@placement-api.service[103804]: DEBUG placement.objects.research_context [req-a53d7d07-4bfc-4073-989b-a24ad0294116 req-4b97bec8-bd67-4dd1-a92d-1106201a6fc3 service placement] found 2 providers with available 1 DISK_GB {{(pid=103804) get_provider_ids_matching /opt/stack/placement/placement/objects/research_context.py:549}}
Feb 09 10:29:43.591695 n-d-824834-12 devstack@placement-api.service[103804]: DEBUG placement.objects.research_context [req-a53d7d07-4bfc-4073-989b-a24ad0294116 req-4b97bec8-bd67-4dd1-a92d-1106201a6fc3 service placement] found 2 providers with available 1024 MEMORY_MB {{(pid=103804) get_provider_ids_matching /opt/stack/placement/placement/objects/research_context.py:549}}
Feb 09 10:29:43.592156 n-d-824834-12 devstack@placement-api.service[103804]: DEBUG placement.objects.research_context [req-a53d7d07-4bfc-4073-989b-a24ad0294116 req-4b97bec8-bd67-4dd1-a92d-1106201a6fc3 service placement] found 2 providers after filtering by previous result {{(pid=103804) get_provider_ids_matching /opt/stack/placement/placement/objects/research_context.py:580}}
Feb 09 10:29:43.592610 n-d-824834-12 devstack@placement-api.service[103804]: DEBUG placement.objects.research_context [req-a53d7d07-4bfc-4073-989b-a24ad0294116 req-4b97bec8-bd67-4dd1-a92d-1106201a6fc3 service placement] found 2 providers with available 1 VCPU {{(pid=103804) get_provider_ids_matching /opt/stack/placement/placement/objects/research_context.py:549}}
Feb 09 10:29:43.593070 n-d-824834-12 devstack@placement-api.service[103804]: DEBUG placement.objects.research_context [req-a53d7d07-4bfc-4073-989b-a24ad0294116 req-4b97bec8-bd67-4dd1-a92d-1106201a6fc3 service placement] found 2 providers after filtering by previous result {{(pid=103804) get_provider_ids_matching /opt/stack/placement/placement/objects/research_context.py:580}}
Feb 09 10:29:43.619224 n-d-824834-12 devstack@placement-api.service[103804]: DEBUG placement.objects.allocation_candidate [req-a53d7d07-4bfc-4073-989b-a24ad0294116 req-4b97bec8-bd67-4dd1-a92d-1106201a6fc3 service placement] RequestGroup(use_same_provider=False, resources={DISK_GB:1, MEMORY_MB:1024, VCPU:1}, traits=[], aggregates=[]) (suffix '') returned 2 matches {{(pid=103804) _get_by_requests /opt/stack/placement/placement/objects/allocation_candidate.py:145}}
Feb 09 10:29:43.619891 n-d-824834-12 devstack@placement-api.service[103804]: DEBUG placement.objects.allocation_candidate [req-a53d7d07-4bfc-4073-989b-a24ad0294116 req-4b97bec8-bd67-4dd1-a92d-1106201a6fc3 service placement] Merging candidates yields 2 allocation requests and 2 provider summaries {{(pid=103804) _merge_candidates /opt/stack/placement/placement/objects/allocation_candidate.py:783}}
Feb 09 10:29:43.623724 n-d-824834-12 devstack@placement-api.service[103804]: INFO placement.requestlog [req-a53d7d07-4bfc-4073-989b-a24ad0294116 req-4b97bec8-bd67-4dd1-a92d-1106201a6fc3 service placement] 10.222.0.67 "GET /placement/allocation_candidates?resources=DISK_GB%3A1%2CMEMORY_MB%3A1024%2CVCPU%3A1&root_required=%21COMPUTE_STATUS_DISABLED" status: 200 len: 1309 microversion: 1.36
Feb 09 10:29:43.629290 n-d-824834-12 devstack@placement-api.service[103804]: [pid: 103804|app: 0|req: 237/467] 10.222.0.67 () {60 vars in 1484 bytes} [Wed Feb 9 10:29:43 2022] GET /placement/allocation_candidates?resources=DISK_GB%3A1%2CMEMORY_MB%3A1024%2CVCPU%3A1&root_required=%21COMPUTE_STATUS_DISABLED => generated 1309 bytes in 154 msecs (HTTP/1.1 200) 8 headers in 297 bytes (2 switches on core 0)
Feb 09 10:29:43.829616 n-d-824834-12 devstack@placement-api.service[103805]: DEBUG placement.requestlog [req-a53d7d07-4bfc-4073-989b-a24ad0294116 req-3e8c73d6-88f7-4ba7-b42c-e39ba10e7a7a None None] Starting request: 10.222.0.67 "GET /placement/allocations/f5c62a38-13ff-4b3d-9086-a2c66c94d302" {{(pid=103805) __call__ /opt/stack/placement/placement/requestlog.py:55}}
Feb 09 10:29:43.902003 n-d-824834-12 devstack@placement-api.service[103805]: INFO placement.requestlog [req-a53d7d07-4bfc-4073-989b-a24ad0294116 req-3e8c73d6-88f7-4ba7-b42c-e39ba10e7a7a service placement] 10.222.0.67 "GET /placement/allocations/f5c62a38-13ff-4b3d-9086-a2c66c94d302" status: 200 len: 19 microversion: 1.28
Feb 09 10:29:43.906034 n-d-824834-12 devstack@placement-api.service[103805]: [pid: 103805|app: 0|req: 231/468] 10.222.0.67 () {60 vars in 1380 bytes} [Wed Feb 9 10:29:43 2022] GET /placement/allocations/f5c62a38-13ff-4b3d-9086-a2c66c94d302 => generated 19 bytes in 77 msecs (HTTP/1.1 200) 8 headers in 295 bytes (1 switches on core 0)
Feb 09 10:29:43.915412 n-d-824834-12 devstack@placement-api.service[103804]: DEBUG placement.requestlog [req-a53d7d07-4bfc-4073-989b-a24ad0294116 req-20878497-60f1-4892-a8af-4284dcc0e8c9 None None] Starting request: 10.222.0.67 "PUT /placement/allocations/f5c62a38-13ff-4b3d-9086-a2c66c94d302" {{(pid=103804) __call__ /opt/stack/placement/placement/requestlog.py:55}}
Feb 09 10:29:44.067285 n-d-824834-12 devstack@placement-api.service[103804]: DEBUG placement.handlers.allocation [req-a53d7d07-4bfc-4073-989b-a24ad0294116 req-20878497-60f1-4892-a8af-4284dcc0e8c9 service placement] Successfully wrote allocations [, , ] {{(pid=103804) _update_consumers_and_create_allocations /opt/stack/placement/placement/handlers/allocation.py:462}}
Feb 09 10:29:44.073643 n-d-824834-12 devstack@placement-api.service[103804]: INFO placement.requestlog [req-a53d7d07-4bfc-4073-989b-a24ad0294116 req-20878497-60f1-4892-a8af-4284dcc0e8c9 service placement] 10.222.0.67 "PUT /placement/allocations/f5c62a38-13ff-4b3d-9086-a2c66c94d302" status: 204 len: 0 microversion: 1.36
Feb 09 10:29:44.075141 n-d-824834-12 devstack@placement-api.service[103804]: [pid: 103804|app: 0|req: 238/469] 10.222.0.67 () {64 vars in 1433 bytes} [Wed Feb 9 10:29:43 2022] PUT /placement/allocations/f5c62a38-13ff-4b3d-9086-a2c66c94d302 => generated 0 bytes in 160 msecs (HTTP/1.1 204) 5 headers in 199 bytes (1 switches on core 0)
Feb 09 10:29:45.149976 n-d-824834-12 devstack@placement-api.service[103805]: DEBUG placement.requestlog [req-a53d7d07-4bfc-4073-989b-a24ad0294116 req-13320e8f-2261-4914-95e7-a44fee18b4f5 None None] Starting request: 10.222.0.107 "GET /placement/allocations/f5c62a38-13ff-4b3d-9086-a2c66c94d302" {{(pid=103805) __call__ /opt/stack/placement/placement/requestlog.py:55}}
Feb 09 10:29:45.200858 n-d-824834-12 devstack@placement-api.service[103805]: INFO placement.requestlog [req-a53d7d07-4bfc-4073-989b-a24ad0294116 req-13320e8f-2261-4914-95e7-a44fee18b4f5 service placement] 10.222.0.107 "GET /placement/allocations/f5c62a38-13ff-4b3d-9086-a2c66c94d302" status: 200 len: 259 microversion: 1.28
Feb 09 10:29:45.202084 n-d-824834-12 devstack@placement-api.service[103805]: [pid: 103805|app: 0|req: 232/470] 10.222.0.107 () {60 vars in 1378 bytes} [Wed Feb 9 10:29:45 2022] GET /placement/allocations/f5c62a38-13ff-4b3d-9086-a2c66c94d302 => generated 259 bytes in 53 msecs (HTTP/1.1 200) 8 headers in 296 bytes (2 switches on core 0)
Feb 09 10:29:51.082490 n-d-824834-12 devstack@placement-api.service[103804]: DEBUG placement.requestlog [req-57d3e0f1-ccb2-4b6e-8ec0-545789e3ebdd req-e2373d8f-b4eb-4c69-933e-0e390419b2dd None None] Starting request: 10.222.0.67 "GET /placement/allocation_candidates?limit=1000&resources=DISK_GB%3A1%2CMEMORY_MB%3A1024%2CVCPU%3A1&root_required=%21COMPUTE_STATUS_DISABLED" {{(pid=103804) __call__ /opt/stack/placement/placement/requestlog.py:55}}
Feb 09 10:29:51.223662 n-d-824834-12 devstack@placement-api.service[103804]: DEBUG placement.objects.research_context [req-57d3e0f1-ccb2-4b6e-8ec0-545789e3ebdd req-e2373d8f-b4eb-4c69-933e-0e390419b2dd service placement] getting providers with 1 DISK_GB {{(pid=103804) __init__ /opt/stack/placement/placement/objects/research_context.py:126}}
Feb 09 10:29:51.243608 n-d-824834-12 devstack@placement-api.service[103804]: DEBUG placement.objects.research_context [req-57d3e0f1-ccb2-4b6e-8ec0-545789e3ebdd req-e2373d8f-b4eb-4c69-933e-0e390419b2dd service placement] getting providers with 1024 MEMORY_MB {{(pid=103804) __init__ /opt/stack/placement/placement/objects/research_context.py:126}}
Feb 09 10:29:51.270009 n-d-824834-12 devstack@placement-api.service[103804]: DEBUG placement.objects.research_context [req-57d3e0f1-ccb2-4b6e-8ec0-545789e3ebdd req-e2373d8f-b4eb-4c69-933e-0e390419b2dd service placement] getting providers with 1 VCPU {{(pid=103804) __init__ /opt/stack/placement/placement/objects/research_context.py:126}}
Feb 09 10:29:51.307361 n-d-824834-12 devstack@placement-api.service[103804]: DEBUG placement.objects.research_context [req-57d3e0f1-ccb2-4b6e-8ec0-545789e3ebdd req-e2373d8f-b4eb-4c69-933e-0e390419b2dd service placement] found 2 providers with available 1 DISK_GB {{(pid=103804) get_provider_ids_matching /opt/stack/placement/placement/objects/research_context.py:549}}
Feb 09 10:29:51.307935 n-d-824834-12 devstack@placement-api.service[103804]: DEBUG placement.objects.research_context [req-57d3e0f1-ccb2-4b6e-8ec0-545789e3ebdd req-e2373d8f-b4eb-4c69-933e-0e390419b2dd service placement] found 2 providers with available 1024 MEMORY_MB {{(pid=103804) get_provider_ids_matching /opt/stack/placement/placement/objects/research_context.py:549}}
Feb 09 10:29:51.308668 n-d-824834-12 devstack@placement-api.service[103804]: DEBUG placement.objects.research_context [req-57d3e0f1-ccb2-4b6e-8ec0-545789e3ebdd req-e2373d8f-b4eb-4c69-933e-0e390419b2dd service placement] found 2 providers after filtering by previous result {{(pid=103804) get_provider_ids_matching /opt/stack/placement/placement/objects/research_context.py:580}}
Feb 09 10:29:51.309881 n-d-824834-12 devstack@placement-api.service[103804]: DEBUG placement.objects.research_context [req-57d3e0f1-ccb2-4b6e-8ec0-545789e3ebdd req-e2373d8f-b4eb-4c69-933e-0e390419b2dd service placement] found 2 providers with available 1 VCPU {{(pid=103804) get_provider_ids_matching /opt/stack/placement/placement/objects/research_context.py:549}}
Feb 09 10:29:51.309881 n-d-824834-12 devstack@placement-api.service[103804]: DEBUG placement.objects.research_context [req-57d3e0f1-ccb2-4b6e-8ec0-545789e3ebdd req-e2373d8f-b4eb-4c69-933e-0e390419b2dd service placement] found 2 providers after filtering by previous result {{(pid=103804) get_provider_ids_matching /opt/stack/placement/placement/objects/research_context.py:580}}
Feb 09 10:29:51.399471 n-d-824834-12 devstack@placement-api.service[103804]: DEBUG placement.objects.allocation_candidate [req-57d3e0f1-ccb2-4b6e-8ec0-545789e3ebdd req-e2373d8f-b4eb-4c69-933e-0e390419b2dd service placement] RequestGroup(use_same_provider=False, resources={DISK_GB:1, MEMORY_MB:1024, VCPU:1}, traits=[], aggregates=[]) (suffix '') returned 2 matches {{(pid=103804) _get_by_requests /opt/stack/placement/placement/objects/allocation_candidate.py:145}}
Feb 09 10:29:51.402613 n-d-824834-12 devstack@placement-api.service[103804]: DEBUG placement.objects.allocation_candidate [req-57d3e0f1-ccb2-4b6e-8ec0-545789e3ebdd req-e2373d8f-b4eb-4c69-933e-0e390419b2dd service placement] Merging candidates yields 2 allocation requests and 2 provider summaries {{(pid=103804) _merge_candidates /opt/stack/placement/placement/objects/allocation_candidate.py:783}}
Feb 09 10:29:51.417434 n-d-824834-12 devstack@placement-api.service[103804]: INFO placement.requestlog [req-57d3e0f1-ccb2-4b6e-8ec0-545789e3ebdd req-e2373d8f-b4eb-4c69-933e-0e390419b2dd service placement] 10.222.0.67 "GET /placement/allocation_candidates?limit=1000&resources=DISK_GB%3A1%2CMEMORY_MB%3A1024%2CVCPU%3A1&root_required=%21COMPUTE_STATUS_DISABLED" status: 200 len: 1309 microversion: 1.36
Feb 09 10:29:51.427285 n-d-824834-12 devstack@placement-api.service[103804]: [pid: 103804|app: 0|req: 239/471] 10.222.0.67 () {60 vars in 1506 bytes} [Wed Feb 9 10:29:51 2022] GET /placement/allocation_candidates?limit=1000&resources=DISK_GB%3A1%2CMEMORY_MB%3A1024%2CVCPU%3A1&root_required=%21COMPUTE_STATUS_DISABLED => generated 1309 bytes in 347 msecs (HTTP/1.1 200) 8 headers in 297 bytes (1 switches on core 0)
Feb 09 10:29:51.626020 n-d-824834-12 devstack@placement-api.service[103805]: DEBUG placement.requestlog [req-57d3e0f1-ccb2-4b6e-8ec0-545789e3ebdd req-d5dde6ee-436d-4dcc-8048-912ab0633e7b None None] Starting request: 10.222.0.67 "GET /placement/allocations/73af442e-69bc-4476-82bd-ea259a1b0931" {{(pid=103805) __call__ /opt/stack/placement/placement/requestlog.py:55}}
Feb 09 10:29:51.651735 n-d-824834-12 devstack@placement-api.service[103805]: INFO placement.requestlog [req-57d3e0f1-ccb2-4b6e-8ec0-545789e3ebdd req-d5dde6ee-436d-4dcc-8048-912ab0633e7b service placement] 10.222.0.67 "GET /placement/allocations/73af442e-69bc-4476-82bd-ea259a1b0931" status: 200 len: 19 microversion: 1.28
Feb 09 10:29:51.655834 n-d-824834-12 devstack@placement-api.service[103805]: [pid: 103805|app: 0|req: 233/472] 10.222.0.67 () {60 vars in 1380 bytes} [Wed Feb 9 10:29:51 2022] GET /placement/allocations/73af442e-69bc-4476-82bd-ea259a1b0931 => generated 19 bytes in 30 msecs (HTTP/1.1 200) 8 headers in 295 bytes (1 switches on core 0)
Feb 09 10:29:51.663332 n-d-824834-12 devstack@placement-api.service[103804]: DEBUG placement.requestlog [req-57d3e0f1-ccb2-4b6e-8ec0-545789e3ebdd req-4deb936f-943a-4b0b-a740-d08e4c5d2a12 None None] Starting request: 10.222.0.67 "PUT /placement/allocations/73af442e-69bc-4476-82bd-ea259a1b0931" {{(pid=103804) __call__ /opt/stack/placement/placement/requestlog.py:55}}
Feb 09 10:29:51.801290 n-d-824834-12 devstack@placement-api.service[103804]: DEBUG placement.handlers.allocation [req-57d3e0f1-ccb2-4b6e-8ec0-545789e3ebdd req-4deb936f-943a-4b0b-a740-d08e4c5d2a12 service placement] Successfully wrote allocations [, , ] {{(pid=103804) _update_consumers_and_create_allocations /opt/stack/placement/placement/handlers/allocation.py:462}}
Feb 09 10:29:51.806868 n-d-824834-12 devstack@placement-api.service[103804]: INFO placement.requestlog [req-57d3e0f1-ccb2-4b6e-8ec0-545789e3ebdd req-4deb936f-943a-4b0b-a740-d08e4c5d2a12 service placement] 10.222.0.67 "PUT /placement/allocations/73af442e-69bc-4476-82bd-ea259a1b0931" status: 204 len: 0 microversion: 1.36
Feb 09 10:29:51.807744 n-d-824834-12 devstack@placement-api.service[103804]: [pid: 103804|app: 0|req: 240/473] 10.222.0.67 () {64 vars in 1433 bytes} [Wed Feb 9 10:29:51 2022] PUT /placement/allocations/73af442e-69bc-4476-82bd-ea259a1b0931 => generated 0 bytes in 145 msecs (HTTP/1.1 204) 5 headers in 199 bytes (1 switches on core 0)
Feb 09 10:29:52.606791 n-d-824834-12 devstack@placement-api.service[103805]: DEBUG placement.requestlog [req-57d3e0f1-ccb2-4b6e-8ec0-545789e3ebdd req-7af2efba-8511-4ec2-9bde-0af5b1b99420 None None] Starting request: 10.222.0.64 "GET /placement/allocations/73af442e-69bc-4476-82bd-ea259a1b0931" {{(pid=103805) __call__ /opt/stack/placement/placement/requestlog.py:55}}
Feb 09 10:29:52.685110 n-d-824834-12 devstack@placement-api.service[103805]: INFO placement.requestlog [req-57d3e0f1-ccb2-4b6e-8ec0-545789e3ebdd req-7af2efba-8511-4ec2-9bde-0af5b1b99420 service placement] 10.222.0.64 "GET /placement/allocations/73af442e-69bc-4476-82bd-ea259a1b0931" status: 200 len: 259 microversion: 1.28
Feb 09 10:29:52.685980 n-d-824834-12 devstack@placement-api.service[103805]: [pid: 103805|app: 0|req: 234/474] 10.222.0.64 () {60 vars in 1377 bytes} [Wed Feb 9 10:29:52 2022] GET /placement/allocations/73af442e-69bc-4476-82bd-ea259a1b0931 => generated 259 bytes in 80 msecs (HTTP/1.1 200) 8 headers in 296 bytes (1 switches on core 0)
Feb 09 10:30:03.692958 n-d-824834-12 devstack@placement-api.service[103805]: DEBUG placement.requestlog [req-bf2b562a-0f53-4d82-8feb-94ff48db9387 req-d6f96b73-8066-4e0a-bf5d-850625eb6099 None None] Starting request: 10.222.0.107 "DELETE /placement/allocations/5c55fc56-dd50-4a0a-9d21-53e6d0e63a27" {{(pid=103805) __call__ /opt/stack/placement/placement/requestlog.py:55}}
Feb 09 10:30:03.694993 n-d-824834-12 devstack@placement-api.service[103804]: DEBUG placement.requestlog [req-6d8e2f9b-2881-482a-b7af-7ba47d00ab4a req-f5a2394c-b61b-4575-90ea-40da6f0ea168 None None] Starting request: 10.222.0.107 "DELETE /placement/allocations/eb8afed4-5097-402a-95b7-60c8a274ac5a" {{(pid=103804) __call__ /opt/stack/placement/placement/requestlog.py:55}}
Feb 09 10:30:03.830844 n-d-824834-12 devstack@placement-api.service[103804]: DEBUG placement.handlers.allocation [req-6d8e2f9b-2881-482a-b7af-7ba47d00ab4a req-f5a2394c-b61b-4575-90ea-40da6f0ea168 service placement] Successfully deleted allocations [, ] {{(pid=103804) delete_allocations /opt/stack/placement/placement/handlers/allocation.py:627}}
Feb 09 10:30:03.831286 n-d-824834-12 devstack@placement-api.service[103805]: DEBUG placement.handlers.allocation [req-bf2b562a-0f53-4d82-8feb-94ff48db9387 req-d6f96b73-8066-4e0a-bf5d-850625eb6099 service placement] Successfully deleted allocations [, , ] {{(pid=103805) delete_allocations /opt/stack/placement/placement/handlers/allocation.py:627}}
Feb 09 10:30:03.832889 n-d-824834-12 devstack@placement-api.service[103805]: INFO placement.requestlog [req-bf2b562a-0f53-4d82-8feb-94ff48db9387 req-d6f96b73-8066-4e0a-bf5d-850625eb6099 service placement] 10.222.0.107 "DELETE /placement/allocations/5c55fc56-dd50-4a0a-9d21-53e6d0e63a27" status: 204 len: 0 microversion: 1.0
Feb 09 10:30:03.833473 n-d-824834-12 devstack@placement-api.service[103804]: INFO placement.requestlog [req-6d8e2f9b-2881-482a-b7af-7ba47d00ab4a req-f5a2394c-b61b-4575-90ea-40da6f0ea168 service placement] 10.222.0.107 "DELETE /placement/allocations/eb8afed4-5097-402a-95b7-60c8a274ac5a" status: 204 len: 0 microversion: 1.0
Feb 09 10:30:03.838064 n-d-824834-12 devstack@placement-api.service[103805]: [pid: 103805|app: 0|req: 235/476] 10.222.0.107 () {60 vars in 1356 bytes} [Wed Feb 9 10:30:03 2022] DELETE /placement/allocations/5c55fc56-dd50-4a0a-9d21-53e6d0e63a27 => generated 0 bytes in 145 msecs (HTTP/1.1 204) 5 headers in 198 bytes (1 switches on core 0)
Feb 09 10:30:03.838493 n-d-824834-12 devstack@placement-api.service[103804]: [pid: 103804|app: 0|req: 241/476] 10.222.0.107 () {60 vars in 1356 bytes} [Wed Feb 9 10:30:03 2022] DELETE /placement/allocations/eb8afed4-5097-402a-95b7-60c8a274ac5a => generated 0 bytes in 147 msecs (HTTP/1.1 204) 5 headers in 198 bytes (1 switches on core 0)
Feb 09 10:30:09.136047 n-d-824834-12 devstack@placement-api.service[103805]: DEBUG placement.requestlog [req-2092c71d-adff-4d31-a7b3-b94e5a96359f req-52132603-4b6b-4e4d-a056-6a61606e2a78 None None] Starting request: 10.222.0.64 "DELETE /placement/allocations/715d5c8f-7d3e-47c3-a268-524181f0b458" {{(pid=103805) __call__ /opt/stack/placement/placement/requestlog.py:55}}
Feb 09 10:30:09.268409 n-d-824834-12 devstack@placement-api.service[103805]: DEBUG placement.handlers.allocation [req-2092c71d-adff-4d31-a7b3-b94e5a96359f req-52132603-4b6b-4e4d-a056-6a61606e2a78 service placement] Successfully deleted allocations [, , ] {{(pid=103805) delete_allocations /opt/stack/placement/placement/handlers/allocation.py:627}}
Feb 09 10:30:09.270382 n-d-824834-12 devstack@placement-api.service[103805]: INFO placement.requestlog [req-2092c71d-adff-4d31-a7b3-b94e5a96359f req-52132603-4b6b-4e4d-a056-6a61606e2a78 service placement] 10.222.0.64 "DELETE /placement/allocations/715d5c8f-7d3e-47c3-a268-524181f0b458" status: 204 len: 0 microversion: 1.0
Feb 09 10:30:09.272041 n-d-824834-12 devstack@placement-api.service[103805]: [pid: 103805|app: 0|req: 236/477] 10.222.0.64 () {60 vars in 1355 bytes} [Wed Feb 9 10:30:09 2022] DELETE /placement/allocations/715d5c8f-7d3e-47c3-a268-524181f0b458 => generated 0 bytes in 136 msecs (HTTP/1.1 204) 5 headers in 198 bytes (1 switches on core 0)
Feb 09 10:30:13.836910 n-d-824834-12 devstack@placement-api.service[103804]: DEBUG placement.requestlog [req-fdd0dcff-3f18-47f9-942e-309a1d5144ae req-74ec88de-dde0-4452-ac15-ce74f6d4e506 None None] Starting request: 10.222.0.67 "GET /placement/allocation_candidates?limit=1000&resources=DISK_GB%3A1%2CMEMORY_MB%3A1024%2CVCPU%3A1&root_required=%21COMPUTE_STATUS_DISABLED" {{(pid=103804) __call__ /opt/stack/placement/placement/requestlog.py:55}}
Feb 09 10:30:13.961357 n-d-824834-12 devstack@placement-api.service[103804]: DEBUG placement.objects.research_context [req-fdd0dcff-3f18-47f9-942e-309a1d5144ae req-74ec88de-dde0-4452-ac15-ce74f6d4e506 service placement] getting providers with 1 DISK_GB {{(pid=103804) __init__ /opt/stack/placement/placement/objects/research_context.py:126}}
Feb 09 10:30:13.983791 n-d-824834-12 devstack@placement-api.service[103804]: DEBUG placement.objects.research_context [req-fdd0dcff-3f18-47f9-942e-309a1d5144ae req-74ec88de-dde0-4452-ac15-ce74f6d4e506 service placement] getting providers with 1024 MEMORY_MB {{(pid=103804) __init__ /opt/stack/placement/placement/objects/research_context.py:126}}
Feb 09 10:30:14.012661 n-d-824834-12 devstack@placement-api.service[103804]: DEBUG placement.objects.research_context [req-fdd0dcff-3f18-47f9-942e-309a1d5144ae req-74ec88de-dde0-4452-ac15-ce74f6d4e506 service placement] getting providers with 1 VCPU {{(pid=103804) __init__ /opt/stack/placement/placement/objects/research_context.py:126}}
Feb 09 10:30:14.020230 n-d-824834-12 devstack@placement-api.service[103804]: DEBUG placement.objects.research_context [req-fdd0dcff-3f18-47f9-942e-309a1d5144ae req-74ec88de-dde0-4452-ac15-ce74f6d4e506 service placement] found 2 providers with available 1 DISK_GB {{(pid=103804) get_provider_ids_matching /opt/stack/placement/placement/objects/research_context.py:549}}
Feb 09 10:30:14.020823 n-d-824834-12 devstack@placement-api.service[103804]: DEBUG placement.objects.research_context [req-fdd0dcff-3f18-47f9-942e-309a1d5144ae req-74ec88de-dde0-4452-ac15-ce74f6d4e506 service placement] found 2 providers with available 1024 MEMORY_MB {{(pid=103804) get_provider_ids_matching /opt/stack/placement/placement/objects/research_context.py:549}}
Feb 09 10:30:14.021233 n-d-824834-12 devstack@placement-api.service[103804]: DEBUG placement.objects.research_context [req-fdd0dcff-3f18-47f9-942e-309a1d5144ae req-74ec88de-dde0-4452-ac15-ce74f6d4e506 service placement] found 2 providers after filtering by previous result {{(pid=103804) get_provider_ids_matching /opt/stack/placement/placement/objects/research_context.py:580}}
Feb 09 10:30:14.021680 n-d-824834-12 devstack@placement-api.service[103804]: DEBUG placement.objects.research_context [req-fdd0dcff-3f18-47f9-942e-309a1d5144ae req-74ec88de-dde0-4452-ac15-ce74f6d4e506 service placement] found 2 providers with available 1 VCPU {{(pid=103804) get_provider_ids_matching /opt/stack/placement/placement/objects/research_context.py:549}}
Feb 09 10:30:14.022094 n-d-824834-12 devstack@placement-api.service[103804]: DEBUG placement.objects.research_context [req-fdd0dcff-3f18-47f9-942e-309a1d5144ae req-74ec88de-dde0-4452-ac15-ce74f6d4e506 service placement] found 2 providers after filtering by previous result {{(pid=103804) get_provider_ids_matching /opt/stack/placement/placement/objects/research_context.py:580}}
Feb 09 10:30:14.082603 n-d-824834-12 devstack@placement-api.service[103804]: DEBUG placement.objects.allocation_candidate [req-fdd0dcff-3f18-47f9-942e-309a1d5144ae req-74ec88de-dde0-4452-ac15-ce74f6d4e506 service placement] RequestGroup(use_same_provider=False, resources={DISK_GB:1, MEMORY_MB:1024, VCPU:1}, traits=[], aggregates=[]) (suffix '') returned 2 matches {{(pid=103804) _get_by_requests /opt/stack/placement/placement/objects/allocation_candidate.py:145}}
Feb 09 10:30:14.082763 n-d-824834-12 devstack@placement-api.service[103804]: DEBUG placement.objects.allocation_candidate [req-fdd0dcff-3f18-47f9-942e-309a1d5144ae req-74ec88de-dde0-4452-ac15-ce74f6d4e506 service placement] Merging candidates yields 2 allocation requests and 2 provider summaries {{(pid=103804) _merge_candidates /opt/stack/placement/placement/objects/allocation_candidate.py:783}}
Feb 09 10:30:14.086219 n-d-824834-12 devstack@placement-api.service[103804]: INFO placement.requestlog [req-fdd0dcff-3f18-47f9-942e-309a1d5144ae req-74ec88de-dde0-4452-ac15-ce74f6d4e506 service placement] 10.222.0.67 "GET /placement/allocation_candidates?limit=1000&resources=DISK_GB%3A1%2CMEMORY_MB%3A1024%2CVCPU%3A1&root_required=%21COMPUTE_STATUS_DISABLED" status: 200 len: 1309 microversion: 1.36
Feb 09 10:30:14.088136 n-d-824834-12 devstack@placement-api.service[103804]: [pid: 103804|app: 0|req: 242/478] 10.222.0.67 () {60 vars in 1506 bytes} [Wed Feb 9 10:30:13 2022] GET /placement/allocation_candidates?limit=1000&resources=DISK_GB%3A1%2CMEMORY_MB%3A1024%2CVCPU%3A1&root_required=%21COMPUTE_STATUS_DISABLED => generated 1309 bytes in 251 msecs (HTTP/1.1 200) 8 headers in 297 bytes (1 switches on core 0)
Feb 09 10:30:14.350491 n-d-824834-12 devstack@placement-api.service[103805]: DEBUG placement.requestlog [req-fdd0dcff-3f18-47f9-942e-309a1d5144ae req-97ca0df4-2d01-4f42-b28a-ded78573e04f None None] Starting request: 10.222.0.67 "GET /placement/allocations/efe018df-60a4-4bce-92cf-280dc0ec0713" {{(pid=103805) __call__ /opt/stack/placement/placement/requestlog.py:55}}
Feb 09 10:30:14.376512 n-d-824834-12 devstack@placement-api.service[103805]: INFO placement.requestlog [req-fdd0dcff-3f18-47f9-942e-309a1d5144ae req-97ca0df4-2d01-4f42-b28a-ded78573e04f service placement] 10.222.0.67 "GET /placement/allocations/efe018df-60a4-4bce-92cf-280dc0ec0713" status: 200 len: 19 microversion: 1.28
Feb 09 10:30:14.377946 n-d-824834-12 devstack@placement-api.service[103805]: [pid: 103805|app: 0|req: 237/479] 10.222.0.67 () {60 vars in 1380 bytes} [Wed Feb 9 10:30:14 2022] GET /placement/allocations/efe018df-60a4-4bce-92cf-280dc0ec0713 => generated 19 bytes in 28 msecs (HTTP/1.1 200) 8 headers in 295 bytes (1 switches on core 0)
Feb 09 10:30:14.383964 n-d-824834-12 devstack@placement-api.service[103804]: DEBUG placement.requestlog [req-fdd0dcff-3f18-47f9-942e-309a1d5144ae req-5b9b315f-4aa2-415e-9ff3-8e2921b694c0 None None] Starting request: 10.222.0.67 "PUT /placement/allocations/efe018df-60a4-4bce-92cf-280dc0ec0713" {{(pid=103804) __call__ /opt/stack/placement/placement/requestlog.py:55}}
Feb 09 10:30:14.652829 n-d-824834-12 devstack@placement-api.service[103804]: DEBUG placement.handlers.allocation [req-fdd0dcff-3f18-47f9-942e-309a1d5144ae req-5b9b315f-4aa2-415e-9ff3-8e2921b694c0 service placement] Successfully wrote allocations [, , ] {{(pid=103804) _update_consumers_and_create_allocations /opt/stack/placement/placement/handlers/allocation.py:462}}
Feb 09 10:30:14.661262 n-d-824834-12 devstack@placement-api.service[103804]: INFO placement.requestlog [req-fdd0dcff-3f18-47f9-942e-309a1d5144ae req-5b9b315f-4aa2-415e-9ff3-8e2921b694c0 service placement] 10.222.0.67 "PUT /placement/allocations/efe018df-60a4-4bce-92cf-280dc0ec0713" status: 204 len: 0 microversion: 1.36
Feb 09 10:30:14.670691 n-d-824834-12 devstack@placement-api.service[103804]: [pid: 103804|app: 0|req: 243/480] 10.222.0.67 () {64 vars in 1433 bytes} [Wed Feb 9 10:30:14 2022] PUT /placement/allocations/efe018df-60a4-4bce-92cf-280dc0ec0713 => generated 0 bytes in 279 msecs (HTTP/1.1 204) 5 headers in 199 bytes (2 switches on core 0)
Feb 09 10:30:15.503580 n-d-824834-12 devstack@placement-api.service[103805]: DEBUG placement.requestlog [req-fdd0dcff-3f18-47f9-942e-309a1d5144ae req-e3555c96-1afa-4883-bdfd-864ac1b178ec None None] Starting request: 10.222.0.107 "GET /placement/allocations/efe018df-60a4-4bce-92cf-280dc0ec0713" {{(pid=103805) __call__ /opt/stack/placement/placement/requestlog.py:55}}
Feb 09 10:30:15.552888 n-d-824834-12 devstack@placement-api.service[103805]: INFO placement.requestlog [req-fdd0dcff-3f18-47f9-942e-309a1d5144ae req-e3555c96-1afa-4883-bdfd-864ac1b178ec service placement] 10.222.0.107 "GET /placement/allocations/efe018df-60a4-4bce-92cf-280dc0ec0713" status: 200 len: 259 microversion: 1.28
Feb 09 10:30:15.554008 n-d-824834-12 devstack@placement-api.service[103805]: [pid: 103805|app: 0|req: 238/481] 10.222.0.107 () {60 vars in 1378 bytes} [Wed Feb 9 10:30:15 2022] GET /placement/allocations/efe018df-60a4-4bce-92cf-280dc0ec0713 => generated 259 bytes in 51 msecs (HTTP/1.1 200) 8 headers in 296 bytes (1 switches on core 0)
Feb 09 10:30:16.842692 n-d-824834-12 devstack@placement-api.service[103804]: DEBUG placement.requestlog [req-cf57312c-bd20-4398-a322-07a64db0a3ca req-282198c8-1854-4d93-8266-33116275f8dc None None] Starting request: 10.222.0.107 "GET /placement/resource_providers/9914436e-5862-4b2a-9c70-a2beed10d514/allocations" {{(pid=103804) __call__ /opt/stack/placement/placement/requestlog.py:55}}
Feb 09 10:30:16.919077 n-d-824834-12 devstack@placement-api.service[103804]: INFO placement.requestlog [req-cf57312c-bd20-4398-a322-07a64db0a3ca req-282198c8-1854-4d93-8266-33116275f8dc service placement] 10.222.0.107 "GET /placement/resource_providers/9914436e-5862-4b2a-9c70-a2beed10d514/allocations" status: 200 len: 645 microversion: 1.0
