Jan 31 16:48:41.465096 n-d-824833-6 devstack@placement-api.service[110392]: [pid: 110392|app: 0|req: 155/307] 10.222.0.48 () {60 vars in 1380 bytes} [Mon Jan 31 16:48:41 2022] GET /placement/allocations/10fc3a8b-586d-4de8-8a99-8020b9b5e5d8 => generated 19 bytes in 25 msecs (HTTP/1.1 200) 8 headers in 295 bytes (2 switches on core 0)
Jan 31 16:48:41.469713 n-d-824833-6 devstack@placement-api.service[110391]: DEBUG placement.requestlog [req-bc9c9c49-88e1-4c80-b61e-93064e917625 req-c44243af-027c-43df-aa8e-7efcefa1fbe9 None None] Starting request: 10.222.0.48 "POST /placement/allocations" {{(pid=110391) __call__ /opt/stack/placement/placement/requestlog.py:55}}
Jan 31 16:48:41.614100 n-d-824833-6 devstack@placement-api.service[110391]: DEBUG placement.handlers.allocation [req-bc9c9c49-88e1-4c80-b61e-93064e917625 req-c44243af-027c-43df-aa8e-7efcefa1fbe9 service placement] Successfully wrote allocations [, , , , , ] {{(pid=110391) _update_consumers_and_create_allocations /opt/stack/placement/placement/handlers/allocation.py:572}}
Jan 31 16:48:41.623756 n-d-824833-6 devstack@placement-api.service[110391]: INFO placement.requestlog [req-bc9c9c49-88e1-4c80-b61e-93064e917625 req-c44243af-027c-43df-aa8e-7efcefa1fbe9 service placement] 10.222.0.48 "POST /placement/allocations" status: 204 len: 0 microversion: 1.28
Jan 31 16:48:41.624157 n-d-824833-6 devstack@placement-api.service[110391]: [pid: 110391|app: 0|req: 153/308] 10.222.0.48 () {64 vars in 1323 bytes} [Mon Jan 31 16:48:41 2022] POST /placement/allocations => generated 0 bytes in 155 msecs (HTTP/1.1 204) 5 headers in 199 bytes (1 switches on core 0)
Jan 31 16:48:41.649072 n-d-824833-6 devstack@placement-api.service[110392]: DEBUG placement.requestlog [req-bc9c9c49-88e1-4c80-b61e-93064e917625 req-02615c0e-e6ac-47cf-bc79-f6396a37526b None None] Starting request: 10.222.0.48 "GET /placement/allocation_candidates?limit=1000&resources=DISK_GB%3A1%2CMEMORY_MB%3A1024%2CVCPU%3A1&root_required=%21COMPUTE_STATUS_DISABLED" {{(pid=110392) __call__ /opt/stack/placement/placement/requestlog.py:55}}
Jan 31 16:48:41.693395 n-d-824833-6 devstack@placement-api.service[110392]: DEBUG placement.objects.research_context [req-bc9c9c49-88e1-4c80-b61e-93064e917625 req-02615c0e-e6ac-47cf-bc79-f6396a37526b service placement] getting providers with 1 DISK_GB {{(pid=110392) __init__ /opt/stack/placement/placement/objects/research_context.py:126}}
Jan 31 16:48:41.716061 n-d-824833-6 devstack@placement-api.service[110392]: DEBUG placement.objects.research_context [req-bc9c9c49-88e1-4c80-b61e-93064e917625 req-02615c0e-e6ac-47cf-bc79-f6396a37526b service placement] getting providers with 1024 MEMORY_MB {{(pid=110392) __init__ /opt/stack/placement/placement/objects/research_context.py:126}}
Jan 31 16:48:41.729520 n-d-824833-6 devstack@placement-api.service[110392]: DEBUG placement.objects.research_context [req-bc9c9c49-88e1-4c80-b61e-93064e917625 req-02615c0e-e6ac-47cf-bc79-f6396a37526b service placement] getting providers with 1 VCPU {{(pid=110392) __init__ /opt/stack/placement/placement/objects/research_context.py:126}}
Jan 31 16:48:41.752785 n-d-824833-6 devstack@placement-api.service[110392]: DEBUG placement.objects.research_context [req-bc9c9c49-88e1-4c80-b61e-93064e917625 req-02615c0e-e6ac-47cf-bc79-f6396a37526b service placement] found 2 providers with available 1 DISK_GB {{(pid=110392) get_provider_ids_matching /opt/stack/placement/placement/objects/research_context.py:549}}
Jan 31 16:48:41.753314 n-d-824833-6 devstack@placement-api.service[110392]: DEBUG placement.objects.research_context [req-bc9c9c49-88e1-4c80-b61e-93064e917625 req-02615c0e-e6ac-47cf-bc79-f6396a37526b service placement] found 2 providers with available 1024 MEMORY_MB {{(pid=110392) get_provider_ids_matching /opt/stack/placement/placement/objects/research_context.py:549}}
Jan 31 16:48:41.753763 n-d-824833-6 devstack@placement-api.service[110392]: DEBUG placement.objects.research_context [req-bc9c9c49-88e1-4c80-b61e-93064e917625 req-02615c0e-e6ac-47cf-bc79-f6396a37526b service placement] found 2 providers after filtering by previous result {{(pid=110392) get_provider_ids_matching /opt/stack/placement/placement/objects/research_context.py:580}}
Jan 31 16:48:41.756272 n-d-824833-6 devstack@placement-api.service[110392]: DEBUG placement.objects.research_context [req-bc9c9c49-88e1-4c80-b61e-93064e917625 req-02615c0e-e6ac-47cf-bc79-f6396a37526b service placement] found 2 providers with available 1 VCPU {{(pid=110392) get_provider_ids_matching /opt/stack/placement/placement/objects/research_context.py:549}}
Jan 31 16:48:41.756746 n-d-824833-6 devstack@placement-api.service[110392]: DEBUG placement.objects.research_context [req-bc9c9c49-88e1-4c80-b61e-93064e917625 req-02615c0e-e6ac-47cf-bc79-f6396a37526b service placement] found 2 providers after filtering by previous result {{(pid=110392) get_provider_ids_matching /opt/stack/placement/placement/objects/research_context.py:580}}
Jan 31 16:48:41.778376 n-d-824833-6 devstack@placement-api.service[110392]: DEBUG placement.objects.allocation_candidate [req-bc9c9c49-88e1-4c80-b61e-93064e917625 req-02615c0e-e6ac-47cf-bc79-f6396a37526b service placement] RequestGroup(use_same_provider=False, resources={DISK_GB:1, MEMORY_MB:1024, VCPU:1}, traits=[], aggregates=[]) (suffix '') returned 2 matches {{(pid=110392) _get_by_requests /opt/stack/placement/placement/objects/allocation_candidate.py:145}}
Jan 31 16:48:41.783275 n-d-824833-6 devstack@placement-api.service[110392]: DEBUG placement.objects.allocation_candidate [req-bc9c9c49-88e1-4c80-b61e-93064e917625 req-02615c0e-e6ac-47cf-bc79-f6396a37526b service placement] Merging candidates yields 2 allocation requests and 2 provider summaries {{(pid=110392) _merge_candidates /opt/stack/placement/placement/objects/allocation_candidate.py:783}}
Jan 31 16:48:41.786332 n-d-824833-6 devstack@placement-api.service[110392]: INFO placement.requestlog [req-bc9c9c49-88e1-4c80-b61e-93064e917625 req-02615c0e-e6ac-47cf-bc79-f6396a37526b service placement] 10.222.0.48 "GET /placement/allocation_candidates?limit=1000&resources=DISK_GB%3A1%2CMEMORY_MB%3A1024%2CVCPU%3A1&root_required=%21COMPUTE_STATUS_DISABLED" status: 200 len: 1311 microversion: 1.36
Jan 31 16:48:41.787139 n-d-824833-6 devstack@placement-api.service[110392]: [pid: 110392|app: 0|req: 156/309] 10.222.0.48 () {60 vars in 1506 bytes} [Mon Jan 31 16:48:41 2022] GET /placement/allocation_candidates?limit=1000&resources=DISK_GB%3A1%2CMEMORY_MB%3A1024%2CVCPU%3A1&root_required=%21COMPUTE_STATUS_DISABLED => generated 1311 bytes in 139 msecs (HTTP/1.1 200) 8 headers in 297 bytes (2 switches on core 0)
Jan 31 16:48:41.850738 n-d-824833-6 devstack@placement-api.service[110391]: DEBUG placement.requestlog [req-bc9c9c49-88e1-4c80-b61e-93064e917625 req-24001258-9b0e-46fa-8a00-d25af23dee51 None None] Starting request: 10.222.0.48 "GET /placement/allocations/630377e7-75cf-4f66-a85e-ac7af6887763" {{(pid=110391) __call__ /opt/stack/placement/placement/requestlog.py:55}}
Jan 31 16:48:41.874357 n-d-824833-6 devstack@placement-api.service[110391]: INFO placement.requestlog [req-bc9c9c49-88e1-4c80-b61e-93064e917625 req-24001258-9b0e-46fa-8a00-d25af23dee51 service placement] 10.222.0.48 "GET /placement/allocations/630377e7-75cf-4f66-a85e-ac7af6887763" status: 200 len: 19 microversion: 1.28
Jan 31 16:48:41.881913 n-d-824833-6 devstack@placement-api.service[110392]: DEBUG placement.requestlog [req-bc9c9c49-88e1-4c80-b61e-93064e917625 req-d9a60ce2-44af-4d3b-99d2-3ac620c05f64 None None] Starting request: 10.222.0.48 "PUT /placement/allocations/630377e7-75cf-4f66-a85e-ac7af6887763" {{(pid=110392) __call__ /opt/stack/placement/placement/requestlog.py:55}}
Jan 31 16:48:41.886069 n-d-824833-6 devstack@placement-api.service[110391]: [pid: 110391|app: 0|req: 154/310] 10.222.0.48 () {60 vars in 1380 bytes} [Mon Jan 31 16:48:41 2022] GET /placement/allocations/630377e7-75cf-4f66-a85e-ac7af6887763 => generated 19 bytes in 31 msecs (HTTP/1.1 200) 8 headers in 295 bytes (1 switches on core 0)
Jan 31 16:48:41.970329 n-d-824833-6 devstack@placement-api.service[110392]: DEBUG placement.handlers.allocation [req-bc9c9c49-88e1-4c80-b61e-93064e917625 req-d9a60ce2-44af-4d3b-99d2-3ac620c05f64 service placement] Successfully wrote allocations [, , ] {{(pid=110392) _update_consumers_and_create_allocations /opt/stack/placement/placement/handlers/allocation.py:462}}
Jan 31 16:48:41.976215 n-d-824833-6 devstack@placement-api.service[110392]: INFO placement.requestlog [req-bc9c9c49-88e1-4c80-b61e-93064e917625 req-d9a60ce2-44af-4d3b-99d2-3ac620c05f64 service placement] 10.222.0.48 "PUT /placement/allocations/630377e7-75cf-4f66-a85e-ac7af6887763" status: 204 len: 0 microversion: 1.36
Jan 31 16:48:41.982425 n-d-824833-6 devstack@placement-api.service[110392]: [pid: 110392|app: 0|req: 157/311] 10.222.0.48 () {64 vars in 1433 bytes} [Mon Jan 31 16:48:41 2022] PUT /placement/allocations/630377e7-75cf-4f66-a85e-ac7af6887763 => generated 0 bytes in 96 msecs (HTTP/1.1 204) 5 headers in 199 bytes (2 switches on core 0)
Jan 31 16:48:42.264010 n-d-824833-6 devstack@placement-api.service[110391]: DEBUG placement.requestlog [req-bc9c9c49-88e1-4c80-b61e-93064e917625 req-243b66d4-fb15-40f4-980d-be98a75cd7fe None None] Starting request: 10.222.0.82 "GET /placement/allocations/630377e7-75cf-4f66-a85e-ac7af6887763" {{(pid=110391) __call__ /opt/stack/placement/placement/requestlog.py:55}}
Jan 31 16:48:42.288502 n-d-824833-6 devstack@placement-api.service[110391]: INFO placement.requestlog [req-bc9c9c49-88e1-4c80-b61e-93064e917625 req-243b66d4-fb15-40f4-980d-be98a75cd7fe service placement] 10.222.0.82 "GET /placement/allocations/630377e7-75cf-4f66-a85e-ac7af6887763" status: 200 len: 259 microversion: 1.28
Jan 31 16:48:42.289484 n-d-824833-6 devstack@placement-api.service[110391]: [pid: 110391|app: 0|req: 155/312] 10.222.0.82 () {60 vars in 1377 bytes} [Mon Jan 31 16:48:42 2022] GET /placement/allocations/630377e7-75cf-4f66-a85e-ac7af6887763 => generated 259 bytes in 26 msecs (HTTP/1.1 200) 8 headers in 296 bytes (2 switches on core 0)
Jan 31 16:48:43.141741 n-d-824833-6 devstack@placement-api.service[110392]: DEBUG placement.requestlog [req-4fc56ef3-1ca8-4530-8b02-eaac03eeeb28 req-94734ab4-1337-4e92-bf2a-b9be9a43ab35 None None] Starting request: 10.222.0.48 "GET /placement/allocation_candidates?limit=1000&resources=DISK_GB%3A1%2CMEMORY_MB%3A1024%2CVCPU%3A1&root_required=%21COMPUTE_STATUS_DISABLED" {{(pid=110392) __call__ /opt/stack/placement/placement/requestlog.py:55}}
Jan 31 16:48:43.231408 n-d-824833-6 devstack@placement-api.service[110392]: DEBUG placement.objects.research_context [req-4fc56ef3-1ca8-4530-8b02-eaac03eeeb28 req-94734ab4-1337-4e92-bf2a-b9be9a43ab35 service placement] getting providers with 1 DISK_GB {{(pid=110392) __init__ /opt/stack/placement/placement/objects/research_context.py:126}}
Jan 31 16:48:43.251302 n-d-824833-6 devstack@placement-api.service[110392]: DEBUG placement.objects.research_context [req-4fc56ef3-1ca8-4530-8b02-eaac03eeeb28 req-94734ab4-1337-4e92-bf2a-b9be9a43ab35 service placement] getting providers with 1024 MEMORY_MB {{(pid=110392) __init__ /opt/stack/placement/placement/objects/research_context.py:126}}
Jan 31 16:48:43.267125 n-d-824833-6 devstack@placement-api.service[110392]: DEBUG placement.objects.research_context [req-4fc56ef3-1ca8-4530-8b02-eaac03eeeb28 req-94734ab4-1337-4e92-bf2a-b9be9a43ab35 service placement] getting providers with 1 VCPU {{(pid=110392) __init__ /opt/stack/placement/placement/objects/research_context.py:126}}
Jan 31 16:48:43.289242 n-d-824833-6 devstack@placement-api.service[110392]: DEBUG placement.objects.research_context [req-4fc56ef3-1ca8-4530-8b02-eaac03eeeb28 req-94734ab4-1337-4e92-bf2a-b9be9a43ab35 service placement] found 2 providers with available 1 DISK_GB {{(pid=110392) get_provider_ids_matching /opt/stack/placement/placement/objects/research_context.py:549}}
Jan 31 16:48:43.289778 n-d-824833-6 devstack@placement-api.service[110392]: DEBUG placement.objects.research_context [req-4fc56ef3-1ca8-4530-8b02-eaac03eeeb28 req-94734ab4-1337-4e92-bf2a-b9be9a43ab35 service placement] found 2 providers with available 1024 MEMORY_MB {{(pid=110392) get_provider_ids_matching /opt/stack/placement/placement/objects/research_context.py:549}}
Jan 31 16:48:43.290226 n-d-824833-6 devstack@placement-api.service[110392]: DEBUG placement.objects.research_context [req-4fc56ef3-1ca8-4530-8b02-eaac03eeeb28 req-94734ab4-1337-4e92-bf2a-b9be9a43ab35 service placement] found 2 providers after filtering by previous result {{(pid=110392) get_provider_ids_matching /opt/stack/placement/placement/objects/research_context.py:580}}
Jan 31 16:48:43.290654 n-d-824833-6 devstack@placement-api.service[110392]: DEBUG placement.objects.research_context [req-4fc56ef3-1ca8-4530-8b02-eaac03eeeb28 req-94734ab4-1337-4e92-bf2a-b9be9a43ab35 service placement] found 2 providers with available 1 VCPU {{(pid=110392) get_provider_ids_matching /opt/stack/placement/placement/objects/research_context.py:549}}
Jan 31 16:48:43.291070 n-d-824833-6 devstack@placement-api.service[110392]: DEBUG placement.objects.research_context [req-4fc56ef3-1ca8-4530-8b02-eaac03eeeb28 req-94734ab4-1337-4e92-bf2a-b9be9a43ab35 service placement] found 2 providers after filtering by previous result {{(pid=110392) get_provider_ids_matching /opt/stack/placement/placement/objects/research_context.py:580}}
Jan 31 16:48:43.329000 n-d-824833-6 devstack@placement-api.service[110392]: DEBUG placement.objects.allocation_candidate [req-4fc56ef3-1ca8-4530-8b02-eaac03eeeb28 req-94734ab4-1337-4e92-bf2a-b9be9a43ab35 service placement] RequestGroup(use_same_provider=False, resources={DISK_GB:1, MEMORY_MB:1024, VCPU:1}, traits=[], aggregates=[]) (suffix '') returned 2 matches {{(pid=110392) _get_by_requests /opt/stack/placement/placement/objects/allocation_candidate.py:145}}
Jan 31 16:48:43.331190 n-d-824833-6 devstack@placement-api.service[110392]: DEBUG placement.objects.allocation_candidate [req-4fc56ef3-1ca8-4530-8b02-eaac03eeeb28 req-94734ab4-1337-4e92-bf2a-b9be9a43ab35 service placement] Merging candidates yields 2 allocation requests and 2 provider summaries {{(pid=110392) _merge_candidates /opt/stack/placement/placement/objects/allocation_candidate.py:783}}
Jan 31 16:48:43.334992 n-d-824833-6 devstack@placement-api.service[110392]: INFO placement.requestlog [req-4fc56ef3-1ca8-4530-8b02-eaac03eeeb28 req-94734ab4-1337-4e92-bf2a-b9be9a43ab35 service placement] 10.222.0.48 "GET /placement/allocation_candidates?limit=1000&resources=DISK_GB%3A1%2CMEMORY_MB%3A1024%2CVCPU%3A1&root_required=%21COMPUTE_STATUS_DISABLED" status: 200 len: 1312 microversion: 1.36
Jan 31 16:48:43.337792 n-d-824833-6 devstack@placement-api.service[110392]: [pid: 110392|app: 0|req: 158/313] 10.222.0.48 () {60 vars in 1506 bytes} [Mon Jan 31 16:48:43 2022] GET /placement/allocation_candidates?limit=1000&resources=DISK_GB%3A1%2CMEMORY_MB%3A1024%2CVCPU%3A1&root_required=%21COMPUTE_STATUS_DISABLED => generated 1312 bytes in 196 msecs (HTTP/1.1 200) 8 headers in 297 bytes (1 switches on core 0)
Jan 31 16:48:43.487697 n-d-824833-6 devstack@placement-api.service[110391]: DEBUG placement.requestlog [req-4fc56ef3-1ca8-4530-8b02-eaac03eeeb28 req-c1e2cc57-1829-4877-b5f2-e7c6859d8976 None None] Starting request: 10.222.0.48 "GET /placement/allocations/fc519258-7565-4de0-8e8e-87ad2cfe81d2" {{(pid=110391) __call__ /opt/stack/placement/placement/requestlog.py:55}}
Jan 31 16:48:43.488357 n-d-824833-6 devstack@placement-api.service[110392]: DEBUG placement.requestlog [req-888c59af-d77e-46dd-bded-a8ca7f79db34 req-321fc326-2eec-4617-8174-1628c03d7da6 None None] Starting request: 10.222.0.82 "GET /placement/resource_providers/6d9ce7c3-dd0d-4ad6-9c10-950d1a1c0b7d/allocations" {{(pid=110392) __call__ /opt/stack/placement/placement/requestlog.py:55}}
Jan 31 16:48:43.505931 n-d-824833-6 devstack@placement-api.service[110391]: INFO placement.requestlog [req-4fc56ef3-1ca8-4530-8b02-eaac03eeeb28 req-c1e2cc57-1829-4877-b5f2-e7c6859d8976 service placement] 10.222.0.48 "GET /placement/allocations/fc519258-7565-4de0-8e8e-87ad2cfe81d2" status: 200 len: 19 microversion: 1.28
Jan 31 16:48:43.510907 n-d-824833-6 devstack@placement-api.service[110391]: [pid: 110391|app: 0|req: 156/314] 10.222.0.48 () {60 vars in 1380 bytes} [Mon Jan 31 16:48:43 2022] GET /placement/allocations/fc519258-7565-4de0-8e8e-87ad2cfe81d2 => generated 19 bytes in 24 msecs (HTTP/1.1 200) 8 headers in 295 bytes (1 switches on core 0)
Jan 31 16:48:43.519686 n-d-824833-6 devstack@placement-api.service[110391]: DEBUG placement.requestlog [req-4fc56ef3-1ca8-4530-8b02-eaac03eeeb28 req-ecbd6208-41df-4366-be5a-fd374eb0f455 None None] Starting request: 10.222.0.48 "PUT /placement/allocations/fc519258-7565-4de0-8e8e-87ad2cfe81d2" {{(pid=110391) __call__ /opt/stack/placement/placement/requestlog.py:55}}
Jan 31 16:48:43.553487 n-d-824833-6 devstack@placement-api.service[110392]: INFO placement.requestlog [req-888c59af-d77e-46dd-bded-a8ca7f79db34 req-321fc326-2eec-4617-8174-1628c03d7da6 service placement] 10.222.0.82 "GET /placement/resource_providers/6d9ce7c3-dd0d-4ad6-9c10-950d1a1c0b7d/allocations" status: 200 len: 1163 microversion: 1.0
Jan 31 16:48:43.554383 n-d-824833-6 devstack@placement-api.service[110392]: [pid: 110392|app: 0|req: 159/315] 10.222.0.82 () {58 vars in 1390 bytes} [Mon Jan 31 16:48:43 2022] GET /placement/resource_providers/6d9ce7c3-dd0d-4ad6-9c10-950d1a1c0b7d/allocations => generated 1163 bytes in 66 msecs (HTTP/1.1 200) 6 headers in 225 bytes (1 switches on core 0)
Jan 31 16:48:43.640102 n-d-824833-6 devstack@placement-api.service[110391]: DEBUG placement.handlers.allocation [req-4fc56ef3-1ca8-4530-8b02-eaac03eeeb28 req-ecbd6208-41df-4366-be5a-fd374eb0f455 service placement] Successfully wrote allocations [, , ] {{(pid=110391) _update_consumers_and_create_allocations /opt/stack/placement/placement/handlers/allocation.py:462}}
Jan 31 16:48:43.656515 n-d-824833-6 devstack@placement-api.service[110391]: INFO placement.requestlog [req-4fc56ef3-1ca8-4530-8b02-eaac03eeeb28 req-ecbd6208-41df-4366-be5a-fd374eb0f455 service placement] 10.222.0.48 "PUT /placement/allocations/fc519258-7565-4de0-8e8e-87ad2cfe81d2" status: 204 len: 0 microversion: 1.36
Jan 31 16:48:43.664183 n-d-824833-6 devstack@placement-api.service[110391]: [pid: 110391|app: 0|req: 157/316] 10.222.0.48 () {64 vars in 1433 bytes} [Mon Jan 31 16:48:43 2022] PUT /placement/allocations/fc519258-7565-4de0-8e8e-87ad2cfe81d2 => generated 0 bytes in 138 msecs (HTTP/1.1 204) 5 headers in 199 bytes (1 switches on core 0)
Jan 31 16:48:44.133125 n-d-824833-6 devstack@placement-api.service[110392]: DEBUG placement.requestlog [req-4fc56ef3-1ca8-4530-8b02-eaac03eeeb28 req-a6a85848-d326-4976-9c15-dd37290c9cd3 None None] Starting request: 10.222.0.10 "GET /placement/allocations/fc519258-7565-4de0-8e8e-87ad2cfe81d2" {{(pid=110392) __call__ /opt/stack/placement/placement/requestlog.py:55}}
Jan 31 16:48:44.159363 n-d-824833-6 devstack@placement-api.service[110392]: INFO placement.requestlog [req-4fc56ef3-1ca8-4530-8b02-eaac03eeeb28 req-a6a85848-d326-4976-9c15-dd37290c9cd3 service placement] 10.222.0.10 "GET /placement/allocations/fc519258-7565-4de0-8e8e-87ad2cfe81d2" status: 200 len: 259 microversion: 1.28
Jan 31 16:48:44.161167 n-d-824833-6 devstack@placement-api.service[110392]: [pid: 110392|app: 0|req: 160/317] 10.222.0.10 () {60 vars in 1377 bytes} [Mon Jan 31 16:48:44 2022] GET /placement/allocations/fc519258-7565-4de0-8e8e-87ad2cfe81d2 => generated 259 bytes in 28 msecs (HTTP/1.1 200) 8 headers in 296 bytes (1 switches on core 0)
Jan 31 16:48:47.619438 n-d-824833-6 devstack@placement-api.service[110391]: DEBUG placement.requestlog [req-a4b55982-9bf9-4c45-88b8-fec6a46d6155 req-821875d6-203d-4726-be4a-c9096963ad2d None None] Starting request: 10.222.0.10 "GET /placement/resource_providers/c48bebf0-b714-4113-b628-228e387060ff/allocations" {{(pid=110391) __call__ /opt/stack/placement/placement/requestlog.py:55}}
Jan 31 16:48:47.672016 n-d-824833-6 devstack@placement-api.service[110391]: INFO placement.requestlog [req-a4b55982-9bf9-4c45-88b8-fec6a46d6155 req-821875d6-203d-4726-be4a-c9096963ad2d service placement] 10.222.0.10 "GET /placement/resource_providers/c48bebf0-b714-4113-b628-228e387060ff/allocations" status: 200 len: 1063 microversion: 1.0
Jan 31 16:48:47.673185 n-d-824833-6 devstack@placement-api.service[110391]: [pid: 110391|app: 0|req: 158/318] 10.222.0.10 () {58 vars in 1390 bytes} [Mon Jan 31 16:48:47 2022] GET /placement/resource_providers/c48bebf0-b714-4113-b628-228e387060ff/allocations => generated 1063 bytes in 54 msecs (HTTP/1.1 200) 6 headers in 225 bytes (1 switches on core 0)
Jan 31 16:48:51.348662 n-d-824833-6 devstack@placement-api.service[110392]: DEBUG placement.requestlog [req-50c706f8-3285-45b0-ac26-e2d6f67a522d req-b9dd4f23-e103-4fdc-a7f9-6a4e83a0efd9 None None] Starting request: 10.222.0.10 "DELETE /placement/allocations/a527c661-4c3c-41a2-ae62-2e5bc597adfe" {{(pid=110392) __call__ /opt/stack/placement/placement/requestlog.py:55}}
Jan 31 16:48:51.401580 n-d-824833-6 devstack@placement-api.service[110392]: DEBUG placement.handlers.allocation [req-50c706f8-3285-45b0-ac26-e2d6f67a522d req-b9dd4f23-e103-4fdc-a7f9-6a4e83a0efd9 service placement] Successfully deleted allocations [, , ] {{(pid=110392) delete_allocations /opt/stack/placement/placement/handlers/allocation.py:627}}
Jan 31 16:48:51.402071 n-d-824833-6 devstack@placement-api.service[110392]: INFO placement.requestlog [req-50c706f8-3285-45b0-ac26-e2d6f67a522d req-b9dd4f23-e103-4fdc-a7f9-6a4e83a0efd9 service placement] 10.222.0.10 "DELETE /placement/allocations/a527c661-4c3c-41a2-ae62-2e5bc597adfe" status: 204 len: 0 microversion: 1.0
Jan 31 16:48:51.402436 n-d-824833-6 devstack@placement-api.service[110392]: [pid: 110392|app: 0|req: 161/319] 10.222.0.10 () {60 vars in 1355 bytes} [Mon Jan 31 16:48:51 2022] DELETE /placement/allocations/a527c661-4c3c-41a2-ae62-2e5bc597adfe => generated 0 bytes in 54 msecs (HTTP/1.1 204) 5 headers in 198 bytes (1 switches on core 0)
Jan 31 16:48:55.584167 n-d-824833-6 devstack@placement-api.service[110391]: DEBUG placement.requestlog [req-621ed89c-6128-4ed1-b944-5e589ef6e046 req-5451fb74-36f9-4023-965e-0a7dfd7977b5 None None] Starting request: 10.222.0.48 "GET /placement/allocation_candidates?limit=1000&resources=DISK_GB%3A1%2CMEMORY_MB%3A1024%2CVCPU%3A1&root_required=%21COMPUTE_STATUS_DISABLED" {{(pid=110391) __call__ /opt/stack/placement/placement/requestlog.py:55}}
Jan 31 16:48:55.741260 n-d-824833-6 devstack@placement-api.service[110391]: DEBUG placement.objects.research_context [req-621ed89c-6128-4ed1-b944-5e589ef6e046 req-5451fb74-36f9-4023-965e-0a7dfd7977b5 service placement] getting providers with 1 DISK_GB {{(pid=110391) __init__ /opt/stack/placement/placement/objects/research_context.py:126}}
Jan 31 16:48:55.747199 n-d-824833-6 devstack@placement-api.service[110391]: DEBUG placement.objects.research_context [req-621ed89c-6128-4ed1-b944-5e589ef6e046 req-5451fb74-36f9-4023-965e-0a7dfd7977b5 service placement] getting providers with 1024 MEMORY_MB {{(pid=110391) __init__ /opt/stack/placement/placement/objects/research_context.py:126}}
Jan 31 16:48:55.754575 n-d-824833-6 devstack@placement-api.service[110391]: DEBUG placement.objects.research_context [req-621ed89c-6128-4ed1-b944-5e589ef6e046 req-5451fb74-36f9-4023-965e-0a7dfd7977b5 service placement] getting providers with 1 VCPU {{(pid=110391) __init__ /opt/stack/placement/placement/objects/research_context.py:126}}
Jan 31 16:48:55.760510 n-d-824833-6 devstack@placement-api.service[110391]: DEBUG placement.objects.research_context [req-621ed89c-6128-4ed1-b944-5e589ef6e046 req-5451fb74-36f9-4023-965e-0a7dfd7977b5 service placement] found 2 providers with available 1 DISK_GB {{(pid=110391) get_provider_ids_matching /opt/stack/placement/placement/objects/research_context.py:549}}
Jan 31 16:48:55.760883 n-d-824833-6 devstack@placement-api.service[110391]: DEBUG placement.objects.research_context [req-621ed89c-6128-4ed1-b944-5e589ef6e046 req-5451fb74-36f9-4023-965e-0a7dfd7977b5 service placement] found 2 providers with available 1024 MEMORY_MB {{(pid=110391) get_provider_ids_matching /opt/stack/placement/placement/objects/research_context.py:549}}
Jan 31 16:48:55.761218 n-d-824833-6 devstack@placement-api.service[110391]: DEBUG placement.objects.research_context [req-621ed89c-6128-4ed1-b944-5e589ef6e046 req-5451fb74-36f9-4023-965e-0a7dfd7977b5 service placement] found 2 providers after filtering by previous result {{(pid=110391) get_provider_ids_matching /opt/stack/placement/placement/objects/research_context.py:580}}
Jan 31 16:48:55.761677 n-d-824833-6 devstack@placement-api.service[110391]: DEBUG placement.objects.research_context [req-621ed89c-6128-4ed1-b944-5e589ef6e046 req-5451fb74-36f9-4023-965e-0a7dfd7977b5 service placement] found 2 providers with available 1 VCPU {{(pid=110391) get_provider_ids_matching /opt/stack/placement/placement/objects/research_context.py:549}}
Jan 31 16:48:55.762007 n-d-824833-6 devstack@placement-api.service[110391]: DEBUG placement.objects.research_context [req-621ed89c-6128-4ed1-b944-5e589ef6e046 req-5451fb74-36f9-4023-965e-0a7dfd7977b5 service placement] found 2 providers after filtering by previous result {{(pid=110391) get_provider_ids_matching /opt/stack/placement/placement/objects/research_context.py:580}}
Jan 31 16:48:55.774606 n-d-824833-6 devstack@placement-api.service[110391]: DEBUG placement.objects.allocation_candidate [req-621ed89c-6128-4ed1-b944-5e589ef6e046 req-5451fb74-36f9-4023-965e-0a7dfd7977b5 service placement] RequestGroup(use_same_provider=False, resources={DISK_GB:1, MEMORY_MB:1024, VCPU:1}, traits=[], aggregates=[]) (suffix '') returned 2 matches {{(pid=110391) _get_by_requests /opt/stack/placement/placement/objects/allocation_candidate.py:145}}
Jan 31 16:48:55.774983 n-d-824833-6 devstack@placement-api.service[110391]: DEBUG placement.objects.allocation_candidate [req-621ed89c-6128-4ed1-b944-5e589ef6e046 req-5451fb74-36f9-4023-965e-0a7dfd7977b5 service placement] Merging candidates yields 2 allocation requests and 2 provider summaries {{(pid=110391) _merge_candidates /opt/stack/placement/placement/objects/allocation_candidate.py:783}}
Jan 31 16:48:55.777467 n-d-824833-6 devstack@placement-api.service[110391]: INFO placement.requestlog [req-621ed89c-6128-4ed1-b944-5e589ef6e046 req-5451fb74-36f9-4023-965e-0a7dfd7977b5 service placement] 10.222.0.48 "GET /placement/allocation_candidates?limit=1000&resources=DISK_GB%3A1%2CMEMORY_MB%3A1024%2CVCPU%3A1&root_required=%21COMPUTE_STATUS_DISABLED" status: 200 len: 1312 microversion: 1.36
Jan 31 16:48:55.778496 n-d-824833-6 devstack@placement-api.service[110391]: [pid: 110391|app: 0|req: 159/320] 10.222.0.48 () {60 vars in 1506 bytes} [Mon Jan 31 16:48:55 2022] GET /placement/allocation_candidates?limit=1000&resources=DISK_GB%3A1%2CMEMORY_MB%3A1024%2CVCPU%3A1&root_required=%21COMPUTE_STATUS_DISABLED => generated 1312 bytes in 195 msecs (HTTP/1.1 200) 8 headers in 297 bytes (1 switches on core 0)
Jan 31 16:48:55.827448 n-d-824833-6 devstack@placement-api.service[110392]: DEBUG placement.requestlog [req-621ed89c-6128-4ed1-b944-5e589ef6e046 req-20934f70-f100-4ba6-95f6-654a2ce56b0c None None] Starting request: 10.222.0.48 "GET /placement/allocations/f2c2cd13-cd22-451a-87f4-cff6e572ba09" {{(pid=110392) __call__ /opt/stack/placement/placement/requestlog.py:55}}
Jan 31 16:48:55.845013 n-d-824833-6 devstack@placement-api.service[110392]: INFO placement.requestlog [req-621ed89c-6128-4ed1-b944-5e589ef6e046 req-20934f70-f100-4ba6-95f6-654a2ce56b0c service placement] 10.222.0.48 "GET /placement/allocations/f2c2cd13-cd22-451a-87f4-cff6e572ba09" status: 200 len: 19 microversion: 1.28
Jan 31 16:48:55.846252 n-d-824833-6 devstack@placement-api.service[110392]: [pid: 110392|app: 0|req: 162/321] 10.222.0.48 () {60 vars in 1380 bytes} [Mon Jan 31 16:48:55 2022] GET /placement/allocations/f2c2cd13-cd22-451a-87f4-cff6e572ba09 => generated 19 bytes in 20 msecs (HTTP/1.1 200) 8 headers in 295 bytes (1 switches on core 0)
Jan 31 16:48:55.852712 n-d-824833-6 devstack@placement-api.service[110391]: DEBUG placement.requestlog [req-621ed89c-6128-4ed1-b944-5e589ef6e046 req-ad06e322-536a-4cc6-88ec-cc92940e50b0 None None] Starting request: 10.222.0.48 "PUT /placement/allocations/f2c2cd13-cd22-451a-87f4-cff6e572ba09" {{(pid=110391) __call__ /opt/stack/placement/placement/requestlog.py:55}}
Jan 31 16:48:55.904973 n-d-824833-6 devstack@placement-api.service[110391]: DEBUG placement.handlers.allocation [req-621ed89c-6128-4ed1-b944-5e589ef6e046 req-ad06e322-536a-4cc6-88ec-cc92940e50b0 service placement] Successfully wrote allocations [, , ] {{(pid=110391) _update_consumers_and_create_allocations /opt/stack/placement/placement/handlers/allocation.py:462}}
Jan 31 16:48:55.909575 n-d-824833-6 devstack@placement-api.service[110391]: INFO placement.requestlog [req-621ed89c-6128-4ed1-b944-5e589ef6e046 req-ad06e322-536a-4cc6-88ec-cc92940e50b0 service placement] 10.222.0.48 "PUT /placement/allocations/f2c2cd13-cd22-451a-87f4-cff6e572ba09" status: 204 len: 0 microversion: 1.36
Jan 31 16:48:55.910151 n-d-824833-6 devstack@placement-api.service[110391]: [pid: 110391|app: 0|req: 160/322] 10.222.0.48 () {64 vars in 1433 bytes} [Mon Jan 31 16:48:55 2022] PUT /placement/allocations/f2c2cd13-cd22-451a-87f4-cff6e572ba09 => generated 0 bytes in 58 msecs (HTTP/1.1 204) 5 headers in 199 bytes (1 switches on core 0)
Jan 31 16:48:58.727818 n-d-824833-6 devstack@placement-api.service[110392]: DEBUG placement.requestlog [req-7432993d-66d1-4ad2-8cf3-8dc159b19924 req-ac4dae7f-7b15-4198-9814-4e39d6cf157a None None] Starting request: 10.222.0.10 "DELETE /placement/allocations/546fd576-e08c-499f-aca1-ee329d3781c1" {{(pid=110392) __call__ /opt/stack/placement/placement/requestlog.py:55}}
Jan 31 16:48:58.761045 n-d-824833-6 devstack@placement-api.service[110392]: DEBUG placement.handlers.allocation [req-7432993d-66d1-4ad2-8cf3-8dc159b19924 req-ac4dae7f-7b15-4198-9814-4e39d6cf157a service placement] Successfully deleted allocations [, , ] {{(pid=110392) delete_allocations /opt/stack/placement/placement/handlers/allocation.py:627}}
Jan 31 16:48:58.762484 n-d-824833-6 devstack@placement-api.service[110392]: INFO placement.requestlog [req-7432993d-66d1-4ad2-8cf3-8dc159b19924 req-ac4dae7f-7b15-4198-9814-4e39d6cf157a service placement] 10.222.0.10 "DELETE /placement/allocations/546fd576-e08c-499f-aca1-ee329d3781c1" status: 204 len: 0 microversion: 1.0
Jan 31 16:48:58.763657 n-d-824833-6 devstack@placement-api.service[110392]: [pid: 110392|app: 0|req: 163/323] 10.222.0.10 () {60 vars in 1355 bytes} [Mon Jan 31 16:48:58 2022] DELETE /placement/allocations/546fd576-e08c-499f-aca1-ee329d3781c1 => generated 0 bytes in 36 msecs (HTTP/1.1 204) 5 headers in 198 bytes (1 switches on core 0)
Jan 31 16:48:58.900683 n-d-824833-6 devstack@placement-api.service[110391]: DEBUG placement.requestlog [req-621ed89c-6128-4ed1-b944-5e589ef6e046 req-cd754a67-9d93-405d-91fb-f02f98fa5a0e None None] Starting request: 10.222.0.82 "GET /placement/allocations/f2c2cd13-cd22-451a-87f4-cff6e572ba09" {{(pid=110391) __call__ /opt/stack/placement/placement/requestlog.py:55}}
Jan 31 16:48:58.924093 n-d-824833-6 devstack@placement-api.service[110391]: INFO placement.requestlog [req-621ed89c-6128-4ed1-b944-5e589ef6e046 req-cd754a67-9d93-405d-91fb-f02f98fa5a0e service placement] 10.222.0.82 "GET /placement/allocations/f2c2cd13-cd22-451a-87f4-cff6e572ba09" status: 200 len: 259 microversion: 1.28
Jan 31 16:48:58.924780 n-d-824833-6 devstack@placement-api.service[110391]: [pid: 110391|app: 0|req: 161/324] 10.222.0.82 () {60 vars in 1377 bytes} [Mon Jan 31 16:48:58 2022] GET /placement/allocations/f2c2cd13-cd22-451a-87f4-cff6e572ba09 => generated 259 bytes in 25 msecs (HTTP/1.1 200) 8 headers in 296 bytes (1 switches on core 0)
Jan 31 16:49:00.950565 n-d-824833-6 devstack@placement-api.service[110392]: DEBUG placement.requestlog [req-962c1b85-3649-48af-a113-674c88af4b2d req-db44c983-c2d1-443f-adfd-9be84ecc1a54 None None] Starting request: 10.222.0.10 "GET /placement/resource_providers/c48bebf0-b714-4113-b628-228e387060ff/allocations" {{(pid=110392) __call__ /opt/stack/placement/placement/requestlog.py:55}}
Jan 31 16:49:00.978930 n-d-824833-6 devstack@placement-api.service[110392]: INFO placement.requestlog [req-962c1b85-3649-48af-a113-674c88af4b2d req-db44c983-c2d1-443f-adfd-9be84ecc1a54 service placement] 10.222.0.10 "GET /placement/resource_providers/c48bebf0-b714-4113-b628-228e387060ff/allocations" status: 200 len: 861 microversion: 1.0
Jan 31 16:49:00.980818 n-d-824833-6 devstack@placement-api.service[110392]: [pid: 110392|app: 0|req: 164/325] 10.222.0.10 () {58 vars in 1390 bytes} [Mon Jan 31 16:49:00 2022] GET /placement/resource_providers/c48bebf0-b714-4113-b628-228e387060ff/allocations => generated 861 bytes in 30 msecs (HTTP/1.1 200) 6 headers in 224 bytes (2 switches on core 0)
Jan 31 16:49:01.161870 n-d-824833-6 devstack@placement-api.service[110391]: DEBUG placement.requestlog [req-704f3aa0-0683-4322-8c03-8e70ff5c3905 req-09569483-29e3-4a6e-9b51-8810c62fdb5a None None] Starting request: 10.222.0.48 "GET /placement/allocation_candidates?limit=1000&resources=DISK_GB%3A1%2CMEMORY_MB%3A1024%2CVCPU%3A1&root_required=%21COMPUTE_STATUS_DISABLED" {{(pid=110391) __call__ /opt/stack/placement/placement/requestlog.py:55}}
Jan 31 16:49:01.221465 n-d-824833-6 devstack@placement-api.service[110391]: DEBUG placement.objects.research_context [req-704f3aa0-0683-4322-8c03-8e70ff5c3905 req-09569483-29e3-4a6e-9b51-8810c62fdb5a service placement] getting providers with 1 DISK_GB {{(pid=110391) __init__ /opt/stack/placement/placement/objects/research_context.py:126}}
Jan 31 16:49:01.231143 n-d-824833-6 devstack@placement-api.service[110391]: DEBUG placement.objects.research_context [req-704f3aa0-0683-4322-8c03-8e70ff5c3905 req-09569483-29e3-4a6e-9b51-8810c62fdb5a service placement] getting providers with 1024 MEMORY_MB {{(pid=110391) __init__ /opt/stack/placement/placement/objects/research_context.py:126}}
Jan 31 16:49:01.238342 n-d-824833-6 devstack@placement-api.service[110391]: DEBUG placement.objects.research_context [req-704f3aa0-0683-4322-8c03-8e70ff5c3905 req-09569483-29e3-4a6e-9b51-8810c62fdb5a service placement] getting providers with 1 VCPU {{(pid=110391) __init__ /opt/stack/placement/placement/objects/research_context.py:126}}
Jan 31 16:49:01.247570 n-d-824833-6 devstack@placement-api.service[110391]: DEBUG placement.objects.research_context [req-704f3aa0-0683-4322-8c03-8e70ff5c3905 req-09569483-29e3-4a6e-9b51-8810c62fdb5a service placement] found 2 providers with available 1 DISK_GB {{(pid=110391) get_provider_ids_matching /opt/stack/placement/placement/objects/research_context.py:549}}
Jan 31 16:49:01.247669 n-d-824833-6 devstack@placement-api.service[110391]: DEBUG placement.objects.research_context [req-704f3aa0-0683-4322-8c03-8e70ff5c3905 req-09569483-29e3-4a6e-9b51-8810c62fdb5a service placement] found 2 providers with available 1024 MEMORY_MB {{(pid=110391) get_provider_ids_matching /opt/stack/placement/placement/objects/research_context.py:549}}
Jan 31 16:49:01.247929 n-d-824833-6 devstack@placement-api.service[110391]: DEBUG placement.objects.research_context [req-704f3aa0-0683-4322-8c03-8e70ff5c3905 req-09569483-29e3-4a6e-9b51-8810c62fdb5a service placement] found 2 providers after filtering by previous result {{(pid=110391) get_provider_ids_matching /opt/stack/placement/placement/objects/research_context.py:580}}
Jan 31 16:49:01.248383 n-d-824833-6 devstack@placement-api.service[110391]: DEBUG placement.objects.research_context [req-704f3aa0-0683-4322-8c03-8e70ff5c3905 req-09569483-29e3-4a6e-9b51-8810c62fdb5a service placement] found 2 providers with available 1 VCPU {{(pid=110391) get_provider_ids_matching /opt/stack/placement/placement/objects/research_context.py:549}}
Jan 31 16:49:01.248668 n-d-824833-6 devstack@placement-api.service[110391]: DEBUG placement.objects.research_context [req-704f3aa0-0683-4322-8c03-8e70ff5c3905 req-09569483-29e3-4a6e-9b51-8810c62fdb5a service placement] found 2 providers after filtering by previous result {{(pid=110391) get_provider_ids_matching /opt/stack/placement/placement/objects/research_context.py:580}}
Jan 31 16:49:01.250496 n-d-824833-6 devstack@placement-api.service[110392]: DEBUG placement.requestlog [req-bc301d0f-9343-46ec-9038-fa47c8a3b248 req-34959027-338c-4bed-b4a5-f30c4f0569bc None None] Starting request: 10.222.0.82 "DELETE /placement/allocations/001bcc4a-88d9-41ff-9e3b-071a65347ce1" {{(pid=110392) __call__ /opt/stack/placement/placement/requestlog.py:55}}
Jan 31 16:49:01.262804 n-d-824833-6 devstack@placement-api.service[110391]: DEBUG placement.objects.allocation_candidate [req-704f3aa0-0683-4322-8c03-8e70ff5c3905 req-09569483-29e3-4a6e-9b51-8810c62fdb5a service placement] RequestGroup(use_same_provider=False, resources={DISK_GB:1, MEMORY_MB:1024, VCPU:1}, traits=[], aggregates=[]) (suffix '') returned 2 matches {{(pid=110391) _get_by_requests /opt/stack/placement/placement/objects/allocation_candidate.py:145}}
Jan 31 16:49:01.263086 n-d-824833-6 devstack@placement-api.service[110391]: DEBUG placement.objects.allocation_candidate [req-704f3aa0-0683-4322-8c03-8e70ff5c3905 req-09569483-29e3-4a6e-9b51-8810c62fdb5a service placement] Merging candidates yields 2 allocation requests and 2 provider summaries {{(pid=110391) _merge_candidates /opt/stack/placement/placement/objects/allocation_candidate.py:783}}
Jan 31 16:49:01.276715 n-d-824833-6 devstack@placement-api.service[110391]: INFO placement.requestlog [req-704f3aa0-0683-4322-8c03-8e70ff5c3905 req-09569483-29e3-4a6e-9b51-8810c62fdb5a service placement] 10.222.0.48 "GET /placement/allocation_candidates?limit=1000&resources=DISK_GB%3A1%2CMEMORY_MB%3A1024%2CVCPU%3A1&root_required=%21COMPUTE_STATUS_DISABLED" status: 200 len: 1312 microversion: 1.36
Jan 31 16:49:01.278029 n-d-824833-6 devstack@placement-api.service[110391]: [pid: 110391|app: 0|req: 162/326] 10.222.0.48 () {60 vars in 1506 bytes} [Mon Jan 31 16:49:01 2022] GET /placement/allocation_candidates?limit=1000&resources=DISK_GB%3A1%2CMEMORY_MB%3A1024%2CVCPU%3A1&root_required=%21COMPUTE_STATUS_DISABLED => generated 1312 bytes in 116 msecs (HTTP/1.1 200) 8 headers in 297 bytes (1 switches on core 0)
Jan 31 16:49:01.291611 n-d-824833-6 devstack@placement-api.service[110392]: DEBUG placement.handlers.allocation [req-bc301d0f-9343-46ec-9038-fa47c8a3b248 req-34959027-338c-4bed-b4a5-f30c4f0569bc service placement] Successfully deleted allocations [, , ] {{(pid=110392) delete_allocations /opt/stack/placement/placement/handlers/allocation.py:627}}
Jan 31 16:49:01.292467 n-d-824833-6 devstack@placement-api.service[110392]: INFO placement.requestlog [req-bc301d0f-9343-46ec-9038-fa47c8a3b248 req-34959027-338c-4bed-b4a5-f30c4f0569bc service placement] 10.222.0.82 "DELETE /placement/allocations/001bcc4a-88d9-41ff-9e3b-071a65347ce1" status: 204 len: 0 microversion: 1.0
Jan 31 16:49:01.293524 n-d-824833-6 devstack@placement-api.service[110392]: [pid: 110392|app: 0|req: 165/327] 10.222.0.82 () {60 vars in 1355 bytes} [Mon Jan 31 16:49:01 2022] DELETE /placement/allocations/001bcc4a-88d9-41ff-9e3b-071a65347ce1 => generated 0 bytes in 44 msecs (HTTP/1.1 204) 5 headers in 198 bytes (1 switches on core 0)
Jan 31 16:49:01.359527 n-d-824833-6 devstack@placement-api.service[110391]: DEBUG placement.requestlog [req-704f3aa0-0683-4322-8c03-8e70ff5c3905 req-d6e2142e-7df2-4a52-bc03-e1e08ae5bf94 None None] Starting request: 10.222.0.48 "GET /placement/allocations/2015f7b4-352a-451f-a3c2-dfef6a08c205" {{(pid=110391) __call__ /opt/stack/placement/placement/requestlog.py:55}}
Jan 31 16:49:01.377209 n-d-824833-6 devstack@placement-api.service[110391]: INFO placement.requestlog [req-704f3aa0-0683-4322-8c03-8e70ff5c3905 req-d6e2142e-7df2-4a52-bc03-e1e08ae5bf94 service placement] 10.222.0.48 "GET /placement/allocations/2015f7b4-352a-451f-a3c2-dfef6a08c205" status: 200 len: 19 microversion: 1.28
Jan 31 16:49:01.378272 n-d-824833-6 devstack@placement-api.service[110391]: [pid: 110391|app: 0|req: 163/328] 10.222.0.48 () {60 vars in 1380 bytes} [Mon Jan 31 16:49:01 2022] GET /placement/allocations/2015f7b4-352a-451f-a3c2-dfef6a08c205 => generated 19 bytes in 19 msecs (HTTP/1.1 200) 8 headers in 295 bytes (1 switches on core 0)
Jan 31 16:49:01.385315 n-d-824833-6 devstack@placement-api.service[110392]: DEBUG placement.requestlog [req-704f3aa0-0683-4322-8c03-8e70ff5c3905 req-538c7a3b-b19b-4dce-83d0-3ebb87c0b4e7 None None] Starting request: 10.222.0.48 "PUT /placement/allocations/2015f7b4-352a-451f-a3c2-dfef6a08c205" {{(pid=110392) __call__ /opt/stack/placement/placement/requestlog.py:55}}
Jan 31 16:49:01.449099 n-d-824833-6 devstack@placement-api.service[110392]: DEBUG placement.handlers.allocation [req-704f3aa0-0683-4322-8c03-8e70ff5c3905 req-538c7a3b-b19b-4dce-83d0-3ebb87c0b4e7 service placement] Successfully wrote allocations [, , ] {{(pid=110392) _update_consumers_and_create_allocations /opt/stack/placement/placement/handlers/allocation.py:462}}
Jan 31 16:49:01.467691 n-d-824833-6 devstack@placement-api.service[110392]: INFO placement.requestlog [req-704f3aa0-0683-4322-8c03-8e70ff5c3905 req-538c7a3b-b19b-4dce-83d0-3ebb87c0b4e7 service placement] 10.222.0.48 "PUT /placement/allocations/2015f7b4-352a-451f-a3c2-dfef6a08c205" status: 204 len: 0 microversion: 1.36
Jan 31 16:49:01.476443 n-d-824833-6 devstack@placement-api.service[110392]: [pid: 110392|app: 0|req: 166/329] 10.222.0.48 () {64 vars in 1433 bytes} [Mon Jan 31 16:49:01 2022] PUT /placement/allocations/2015f7b4-352a-451f-a3c2-dfef6a08c205 => generated 0 bytes in 85 msecs (HTTP/1.1 204) 5 headers in 199 bytes (1 switches on core 0)
Jan 31 16:49:01.565039 n-d-824833-6 devstack@placement-api.service[110391]: DEBUG placement.requestlog [req-962c1b85-3649-48af-a113-674c88af4b2d req-743e5f79-648a-498c-bf3f-62d40004c849 None None] Starting request: 10.222.0.10 "GET /placement/allocations/2fb06c49-7eaa-47cc-9eff-c8acc0c0dbc7" {{(pid=110391) __call__ /opt/stack/placement/placement/requestlog.py:55}}
Jan 31 16:49:01.584558 n-d-824833-6 devstack@placement-api.service[110391]: INFO placement.requestlog [req-962c1b85-3649-48af-a113-674c88af4b2d req-743e5f79-648a-498c-bf3f-62d40004c849 service placement] 10.222.0.10 "GET /placement/allocations/2fb06c49-7eaa-47cc-9eff-c8acc0c0dbc7" status: 200 len: 259 microversion: 1.28
Jan 31 16:49:01.586128 n-d-824833-6 devstack@placement-api.service[110391]: [pid: 110391|app: 0|req: 164/330] 10.222.0.10 () {60 vars in 1377 bytes} [Mon Jan 31 16:49:01 2022] GET /placement/allocations/2fb06c49-7eaa-47cc-9eff-c8acc0c0dbc7 => generated 259 bytes in 21 msecs (HTTP/1.1 200) 8 headers in 296 bytes (1 switches on core 0)
Jan 31 16:49:01.599685 n-d-824833-6 devstack@placement-api.service[110392]: DEBUG placement.requestlog [req-962c1b85-3649-48af-a113-674c88af4b2d req-e11a9091-62b3-4bf5-9930-3c1e09d1e30e None None] Starting request: 10.222.0.10 "PUT /placement/allocations/2fb06c49-7eaa-47cc-9eff-c8acc0c0dbc7" {{(pid=110392) __call__ /opt/stack/placement/placement/requestlog.py:55}}
Jan 31 16:49:01.667060 n-d-824833-6 devstack@placement-api.service[110392]: DEBUG placement.handlers.allocation [req-962c1b85-3649-48af-a113-674c88af4b2d req-e11a9091-62b3-4bf5-9930-3c1e09d1e30e service placement] Successfully wrote allocations [, , ] {{(pid=110392) _update_consumers_and_create_allocations /opt/stack/placement/placement/handlers/allocation.py:462}}
Jan 31 16:49:01.674765 n-d-824833-6 devstack@placement-api.service[110392]: INFO placement.requestlog [req-962c1b85-3649-48af-a113-674c88af4b2d req-e11a9091-62b3-4bf5-9930-3c1e09d1e30e service placement] 10.222.0.10 "PUT /placement/allocations/2fb06c49-7eaa-47cc-9eff-c8acc0c0dbc7" status: 204 len: 0 microversion: 1.28
Jan 31 16:49:01.675684 n-d-824833-6 devstack@placement-api.service[110392]: [pid: 110392|app: 0|req: 167/331] 10.222.0.10 () {64 vars in 1430 bytes} [Mon Jan 31 16:49:01 2022] PUT /placement/allocations/2fb06c49-7eaa-47cc-9eff-c8acc0c0dbc7 => generated 0 bytes in 76 msecs (HTTP/1.1 204) 5 headers in 199 bytes (1 switches on core 0)
Jan 31 16:49:01.924469 n-d-824833-6 devstack@placement-api.service[110391]: DEBUG placement.requestlog [req-704f3aa0-0683-4322-8c03-8e70ff5c3905 req-b6ca3818-fda5-4007-8026-2bdd2653586d None None] Starting request: 10.222.0.10 "GET /placement/allocations/2015f7b4-352a-451f-a3c2-dfef6a08c205" {{(pid=110391) __call__ /opt/stack/placement/placement/requestlog.py:55}}
Jan 31 16:49:01.944337 n-d-824833-6 devstack@placement-api.service[110391]: INFO placement.requestlog [req-704f3aa0-0683-4322-8c03-8e70ff5c3905 req-b6ca3818-fda5-4007-8026-2bdd2653586d service placement] 10.222.0.10 "GET /placement/allocations/2015f7b4-352a-451f-a3c2-dfef6a08c205" status: 200 len: 259 microversion: 1.28
Jan 31 16:49:01.945564 n-d-824833-6 devstack@placement-api.service[110391]: [pid: 110391|app: 0|req: 165/332] 10.222.0.10 () {60 vars in 1377 bytes} [Mon Jan 31 16:49:01 2022] GET /placement/allocations/2015f7b4-352a-451f-a3c2-dfef6a08c205 => generated 259 bytes in 21 msecs (HTTP/1.1 200) 8 headers in 296 bytes (2 switches on core 0)
Jan 31 16:49:07.885138 n-d-824833-6 devstack@placement-api.service[110392]: DEBUG placement.requestlog [req-e23d4021-9fff-4b85-84cb-3f5a758d2847 req-bafcc617-4f89-467c-b967-6641ccf80fe5 None None] Starting request: 10.222.0.48 "GET /placement/allocation_candidates?limit=1000&resources=DISK_GB%3A1%2CMEMORY_MB%3A1024%2CVCPU%3A1&root_required=%21COMPUTE_STATUS_DISABLED" {{(pid=110392) __call__ /opt/stack/placement/placement/requestlog.py:55}}
Jan 31 16:49:07.921389 n-d-824833-6 devstack@placement-api.service[110392]: DEBUG placement.objects.research_context [req-e23d4021-9fff-4b85-84cb-3f5a758d2847 req-bafcc617-4f89-467c-b967-6641ccf80fe5 service placement] getting providers with 1 DISK_GB {{(pid=110392) __init__ /opt/stack/placement/placement/objects/research_context.py:126}}
Jan 31 16:49:07.940583 n-d-824833-6 devstack@placement-api.service[110392]: DEBUG placement.objects.research_context [req-e23d4021-9fff-4b85-84cb-3f5a758d2847 req-bafcc617-4f89-467c-b967-6641ccf80fe5 service placement] getting providers with 1024 MEMORY_MB {{(pid=110392) __init__ /opt/stack/placement/placement/objects/research_context.py:126}}
Jan 31 16:49:07.954546 n-d-824833-6 devstack@placement-api.service[110392]: DEBUG placement.objects.research_context [req-e23d4021-9fff-4b85-84cb-3f5a758d2847 req-bafcc617-4f89-467c-b967-6641ccf80fe5 service placement] getting providers with 1 VCPU {{(pid=110392) __init__ /opt/stack/placement/placement/objects/research_context.py:126}}
Jan 31 16:49:07.962139 n-d-824833-6 devstack@placement-api.service[110392]: DEBUG placement.objects.research_context [req-e23d4021-9fff-4b85-84cb-3f5a758d2847 req-bafcc617-4f89-467c-b967-6641ccf80fe5 service placement] found 2 providers with available 1 DISK_GB {{(pid=110392) get_provider_ids_matching /opt/stack/placement/placement/objects/research_context.py:549}}
Jan 31 16:49:07.962542 n-d-824833-6 devstack@placement-api.service[110392]: DEBUG placement.objects.research_context [req-e23d4021-9fff-4b85-84cb-3f5a758d2847 req-bafcc617-4f89-467c-b967-6641ccf80fe5 service placement] found 2 providers with available 1024 MEMORY_MB {{(pid=110392) get_provider_ids_matching /opt/stack/placement/placement/objects/research_context.py:549}}
Jan 31 16:49:07.962921 n-d-824833-6 devstack@placement-api.service[110392]: DEBUG placement.objects.research_context [req-e23d4021-9fff-4b85-84cb-3f5a758d2847 req-bafcc617-4f89-467c-b967-6641ccf80fe5 service placement] found 2 providers after filtering by previous result {{(pid=110392) get_provider_ids_matching /opt/stack/placement/placement/objects/research_context.py:580}}
Jan 31 16:49:07.963560 n-d-824833-6 devstack@placement-api.service[110392]: DEBUG placement.objects.research_context [req-e23d4021-9fff-4b85-84cb-3f5a758d2847 req-bafcc617-4f89-467c-b967-6641ccf80fe5 service placement] found 2 providers with available 1 VCPU {{(pid=110392) get_provider_ids_matching /opt/stack/placement/placement/objects/research_context.py:549}}
Jan 31 16:49:07.963923 n-d-824833-6 devstack@placement-api.service[110392]: DEBUG placement.objects.research_context [req-e23d4021-9fff-4b85-84cb-3f5a758d2847 req-bafcc617-4f89-467c-b967-6641ccf80fe5 service placement] found 2 providers after filtering by previous result {{(pid=110392) get_provider_ids_matching /opt/stack/placement/placement/objects/research_context.py:580}}
Jan 31 16:49:07.977547 n-d-824833-6 devstack@placement-api.service[110392]: DEBUG placement.objects.allocation_candidate [req-e23d4021-9fff-4b85-84cb-3f5a758d2847 req-bafcc617-4f89-467c-b967-6641ccf80fe5 service placement] RequestGroup(use_same_provider=False, resources={DISK_GB:1, MEMORY_MB:1024, VCPU:1}, traits=[], aggregates=[]) (suffix '') returned 2 matches {{(pid=110392) _get_by_requests /opt/stack/placement/placement/objects/allocation_candidate.py:145}}
Jan 31 16:49:07.981820 n-d-824833-6 devstack@placement-api.service[110392]: DEBUG placement.objects.allocation_candidate [req-e23d4021-9fff-4b85-84cb-3f5a758d2847 req-bafcc617-4f89-467c-b967-6641ccf80fe5 service placement] Merging candidates yields 2 allocation requests and 2 provider summaries {{(pid=110392) _merge_candidates /opt/stack/placement/placement/objects/allocation_candidate.py:783}}
Jan 31 16:49:07.985272 n-d-824833-6 devstack@placement-api.service[110392]: INFO placement.requestlog [req-e23d4021-9fff-4b85-84cb-3f5a758d2847 req-bafcc617-4f89-467c-b967-6641ccf80fe5 service placement] 10.222.0.48 "GET /placement/allocation_candidates?limit=1000&resources=DISK_GB%3A1%2CMEMORY_MB%3A1024%2CVCPU%3A1&root_required=%21COMPUTE_STATUS_DISABLED" status: 200 len: 1312 microversion: 1.36
