Jan 12 17:33:48.562903 n-d-824458-1 devstack@placement-api.service[103891]: INFO placement.requestlog [req-f28db94c-71e0-4595-bc79-fa2b591b8a76 req-00f6c484-6bbc-494b-838b-b7ac3e107d1c service placement] 10.222.0.48 "GET /placement/allocation_candidates?limit=1000&resources=DISK_GB%3A1%2CMEMORY_MB%3A1024%2CVCPU%3A1&root_required=%21COMPUTE_STATUS_DISABLED" status: 200 len: 1309 microversion: 1.36
Jan 12 17:33:48.564393 n-d-824458-1 devstack@placement-api.service[103891]: [pid: 103891|app: 0|req: 339/679] 10.222.0.48 () {60 vars in 1506 bytes} [Wed Jan 12 17:33:48 2022] GET /placement/allocation_candidates?limit=1000&resources=DISK_GB%3A1%2CMEMORY_MB%3A1024%2CVCPU%3A1&root_required=%21COMPUTE_STATUS_DISABLED => generated 1309 bytes in 200 msecs (HTTP/1.1 200) 8 headers in 297 bytes (1 switches on core 0)
Jan 12 17:33:48.657019 n-d-824458-1 devstack@placement-api.service[103890]: DEBUG placement.requestlog [req-f28db94c-71e0-4595-bc79-fa2b591b8a76 req-490ab267-cf35-459d-81e7-89423a0e1e42 None None] Starting request: 10.222.0.48 "GET /placement/allocations/d5c80acd-62eb-4495-95c3-398f1934d984" {{(pid=103890) __call__ /opt/stack/placement/placement/requestlog.py:55}}
Jan 12 17:33:48.675588 n-d-824458-1 devstack@placement-api.service[103890]: INFO placement.requestlog [req-f28db94c-71e0-4595-bc79-fa2b591b8a76 req-490ab267-cf35-459d-81e7-89423a0e1e42 service placement] 10.222.0.48 "GET /placement/allocations/d5c80acd-62eb-4495-95c3-398f1934d984" status: 200 len: 19 microversion: 1.28
Jan 12 17:33:48.676154 n-d-824458-1 devstack@placement-api.service[103890]: [pid: 103890|app: 0|req: 341/680] 10.222.0.48 () {60 vars in 1380 bytes} [Wed Jan 12 17:33:48 2022] GET /placement/allocations/d5c80acd-62eb-4495-95c3-398f1934d984 => generated 19 bytes in 21 msecs (HTTP/1.1 200) 8 headers in 295 bytes (1 switches on core 0)
Jan 12 17:33:48.701932 n-d-824458-1 devstack@placement-api.service[103891]: DEBUG placement.requestlog [req-f28db94c-71e0-4595-bc79-fa2b591b8a76 req-b6ee370a-01d9-4c04-a1cd-0243f19896c3 None None] Starting request: 10.222.0.48 "PUT /placement/allocations/d5c80acd-62eb-4495-95c3-398f1934d984" {{(pid=103891) __call__ /opt/stack/placement/placement/requestlog.py:55}}
Jan 12 17:33:48.790530 n-d-824458-1 devstack@placement-api.service[103891]: DEBUG placement.handlers.allocation [req-f28db94c-71e0-4595-bc79-fa2b591b8a76 req-b6ee370a-01d9-4c04-a1cd-0243f19896c3 service placement] Successfully wrote allocations [, , ] {{(pid=103891) _update_consumers_and_create_allocations /opt/stack/placement/placement/handlers/allocation.py:462}}
Jan 12 17:33:48.801394 n-d-824458-1 devstack@placement-api.service[103891]: INFO placement.requestlog [req-f28db94c-71e0-4595-bc79-fa2b591b8a76 req-b6ee370a-01d9-4c04-a1cd-0243f19896c3 service placement] 10.222.0.48 "PUT /placement/allocations/d5c80acd-62eb-4495-95c3-398f1934d984" status: 204 len: 0 microversion: 1.36
Jan 12 17:33:48.801820 n-d-824458-1 devstack@placement-api.service[103891]: [pid: 103891|app: 0|req: 340/681] 10.222.0.48 () {64 vars in 1433 bytes} [Wed Jan 12 17:33:48 2022] PUT /placement/allocations/d5c80acd-62eb-4495-95c3-398f1934d984 => generated 0 bytes in 100 msecs (HTTP/1.1 204) 5 headers in 199 bytes (1 switches on core 0)
Jan 12 17:33:49.239734 n-d-824458-1 devstack@placement-api.service[103890]: DEBUG placement.requestlog [req-f28db94c-71e0-4595-bc79-fa2b591b8a76 req-35bde77e-b234-4afb-afc2-f27c26937471 None None] Starting request: 10.222.0.64 "GET /placement/allocations/d5c80acd-62eb-4495-95c3-398f1934d984" {{(pid=103890) __call__ /opt/stack/placement/placement/requestlog.py:55}}
Jan 12 17:33:49.263853 n-d-824458-1 devstack@placement-api.service[103890]: INFO placement.requestlog [req-f28db94c-71e0-4595-bc79-fa2b591b8a76 req-35bde77e-b234-4afb-afc2-f27c26937471 service placement] 10.222.0.64 "GET /placement/allocations/d5c80acd-62eb-4495-95c3-398f1934d984" status: 200 len: 259 microversion: 1.28
Jan 12 17:33:49.264825 n-d-824458-1 devstack@placement-api.service[103890]: [pid: 103890|app: 0|req: 342/682] 10.222.0.64 () {60 vars in 1377 bytes} [Wed Jan 12 17:33:49 2022] GET /placement/allocations/d5c80acd-62eb-4495-95c3-398f1934d984 => generated 259 bytes in 26 msecs (HTTP/1.1 200) 8 headers in 296 bytes (1 switches on core 0)
Jan 12 17:33:49.919468 n-d-824458-1 devstack@placement-api.service[103891]: DEBUG placement.requestlog [req-9e03348f-626a-4c46-990e-ca4964373744 req-c9e76c59-3db6-429a-b8b6-48a19fec60b3 None None] Starting request: 10.222.0.64 "GET /placement/allocations/9c4581b7-cda0-4440-bd36-71940596b88c" {{(pid=103891) __call__ /opt/stack/placement/placement/requestlog.py:55}}
Jan 12 17:33:49.969396 n-d-824458-1 devstack@placement-api.service[103891]: INFO placement.requestlog [req-9e03348f-626a-4c46-990e-ca4964373744 req-c9e76c59-3db6-429a-b8b6-48a19fec60b3 service placement] 10.222.0.64 "GET /placement/allocations/9c4581b7-cda0-4440-bd36-71940596b88c" status: 200 len: 259 microversion: 1.28
Jan 12 17:33:49.971763 n-d-824458-1 devstack@placement-api.service[103891]: [pid: 103891|app: 0|req: 341/683] 10.222.0.64 () {60 vars in 1377 bytes} [Wed Jan 12 17:33:49 2022] GET /placement/allocations/9c4581b7-cda0-4440-bd36-71940596b88c => generated 259 bytes in 52 msecs (HTTP/1.1 200) 8 headers in 296 bytes (1 switches on core 0)
Jan 12 17:33:50.387239 n-d-824458-1 devstack@placement-api.service[103890]: DEBUG placement.requestlog [req-7e02388a-285c-4c2a-b802-be1b9750bfe1 req-ddde6426-04e4-46f2-b80b-17521bfc8a49 None None] Starting request: 10.222.0.64 "GET /placement/allocations/f3ddd119-ac23-4921-954f-fcda40f8e04c" {{(pid=103890) __call__ /opt/stack/placement/placement/requestlog.py:55}}
Jan 12 17:33:50.424727 n-d-824458-1 devstack@placement-api.service[103890]: INFO placement.requestlog [req-7e02388a-285c-4c2a-b802-be1b9750bfe1 req-ddde6426-04e4-46f2-b80b-17521bfc8a49 service placement] 10.222.0.64 "GET /placement/allocations/f3ddd119-ac23-4921-954f-fcda40f8e04c" status: 200 len: 259 microversion: 1.28
Jan 12 17:33:50.425809 n-d-824458-1 devstack@placement-api.service[103890]: [pid: 103890|app: 0|req: 343/684] 10.222.0.64 () {60 vars in 1377 bytes} [Wed Jan 12 17:33:50 2022] GET /placement/allocations/f3ddd119-ac23-4921-954f-fcda40f8e04c => generated 259 bytes in 40 msecs (HTTP/1.1 200) 8 headers in 296 bytes (1 switches on core 0)
Jan 12 17:33:50.434576 n-d-824458-1 devstack@placement-api.service[103891]: DEBUG placement.requestlog [req-7e02388a-285c-4c2a-b802-be1b9750bfe1 req-af95b258-0699-4452-8a06-79d71c9d0029 None None] Starting request: 10.222.0.64 "PUT /placement/allocations/f3ddd119-ac23-4921-954f-fcda40f8e04c" {{(pid=103891) __call__ /opt/stack/placement/placement/requestlog.py:55}}
Jan 12 17:33:50.510668 n-d-824458-1 devstack@placement-api.service[103891]: DEBUG placement.handlers.allocation [req-7e02388a-285c-4c2a-b802-be1b9750bfe1 req-af95b258-0699-4452-8a06-79d71c9d0029 service placement] Successfully wrote allocations [, , ] {{(pid=103891) _update_consumers_and_create_allocations /opt/stack/placement/placement/handlers/allocation.py:462}}
Jan 12 17:33:50.526306 n-d-824458-1 devstack@placement-api.service[103891]: INFO placement.requestlog [req-7e02388a-285c-4c2a-b802-be1b9750bfe1 req-af95b258-0699-4452-8a06-79d71c9d0029 service placement] 10.222.0.64 "PUT /placement/allocations/f3ddd119-ac23-4921-954f-fcda40f8e04c" status: 204 len: 0 microversion: 1.28
Jan 12 17:33:50.527105 n-d-824458-1 devstack@placement-api.service[103891]: [pid: 103891|app: 0|req: 342/685] 10.222.0.64 () {64 vars in 1430 bytes} [Wed Jan 12 17:33:50 2022] PUT /placement/allocations/f3ddd119-ac23-4921-954f-fcda40f8e04c => generated 0 bytes in 94 msecs (HTTP/1.1 204) 5 headers in 199 bytes (1 switches on core 0)
Jan 12 17:33:53.129869 n-d-824458-1 devstack@placement-api.service[103890]: DEBUG placement.requestlog [req-ed030b89-41cd-4f1c-9c0a-6574d4228de6 req-bfd23697-248c-4398-8aa6-10bde2effa3d None None] Starting request: 10.222.0.48 "GET /placement/allocation_candidates?limit=1000&resources=DISK_GB%3A1%2CMEMORY_MB%3A1024%2CVCPU%3A1&root_required=%21COMPUTE_STATUS_DISABLED" {{(pid=103890) __call__ /opt/stack/placement/placement/requestlog.py:55}}
Jan 12 17:33:53.187607 n-d-824458-1 devstack@placement-api.service[103890]: DEBUG placement.objects.research_context [req-ed030b89-41cd-4f1c-9c0a-6574d4228de6 req-bfd23697-248c-4398-8aa6-10bde2effa3d service placement] getting providers with 1 DISK_GB {{(pid=103890) __init__ /opt/stack/placement/placement/objects/research_context.py:126}}
Jan 12 17:33:53.202329 n-d-824458-1 devstack@placement-api.service[103890]: DEBUG placement.objects.research_context [req-ed030b89-41cd-4f1c-9c0a-6574d4228de6 req-bfd23697-248c-4398-8aa6-10bde2effa3d service placement] getting providers with 1024 MEMORY_MB {{(pid=103890) __init__ /opt/stack/placement/placement/objects/research_context.py:126}}
Jan 12 17:33:53.210914 n-d-824458-1 devstack@placement-api.service[103890]: DEBUG placement.objects.research_context [req-ed030b89-41cd-4f1c-9c0a-6574d4228de6 req-bfd23697-248c-4398-8aa6-10bde2effa3d service placement] getting providers with 1 VCPU {{(pid=103890) __init__ /opt/stack/placement/placement/objects/research_context.py:126}}
Jan 12 17:33:53.217189 n-d-824458-1 devstack@placement-api.service[103890]: DEBUG placement.objects.research_context [req-ed030b89-41cd-4f1c-9c0a-6574d4228de6 req-bfd23697-248c-4398-8aa6-10bde2effa3d service placement] found 2 providers with available 1 DISK_GB {{(pid=103890) get_provider_ids_matching /opt/stack/placement/placement/objects/research_context.py:549}}
Jan 12 17:33:53.217463 n-d-824458-1 devstack@placement-api.service[103890]: DEBUG placement.objects.research_context [req-ed030b89-41cd-4f1c-9c0a-6574d4228de6 req-bfd23697-248c-4398-8aa6-10bde2effa3d service placement] found 2 providers with available 1024 MEMORY_MB {{(pid=103890) get_provider_ids_matching /opt/stack/placement/placement/objects/research_context.py:549}}
Jan 12 17:33:53.217957 n-d-824458-1 devstack@placement-api.service[103890]: DEBUG placement.objects.research_context [req-ed030b89-41cd-4f1c-9c0a-6574d4228de6 req-bfd23697-248c-4398-8aa6-10bde2effa3d service placement] found 2 providers after filtering by previous result {{(pid=103890) get_provider_ids_matching /opt/stack/placement/placement/objects/research_context.py:580}}
Jan 12 17:33:53.218412 n-d-824458-1 devstack@placement-api.service[103890]: DEBUG placement.objects.research_context [req-ed030b89-41cd-4f1c-9c0a-6574d4228de6 req-bfd23697-248c-4398-8aa6-10bde2effa3d service placement] found 2 providers with available 1 VCPU {{(pid=103890) get_provider_ids_matching /opt/stack/placement/placement/objects/research_context.py:549}}
Jan 12 17:33:53.218782 n-d-824458-1 devstack@placement-api.service[103890]: DEBUG placement.objects.research_context [req-ed030b89-41cd-4f1c-9c0a-6574d4228de6 req-bfd23697-248c-4398-8aa6-10bde2effa3d service placement] found 2 providers after filtering by previous result {{(pid=103890) get_provider_ids_matching /opt/stack/placement/placement/objects/research_context.py:580}}
Jan 12 17:33:53.231396 n-d-824458-1 devstack@placement-api.service[103890]: DEBUG placement.objects.allocation_candidate [req-ed030b89-41cd-4f1c-9c0a-6574d4228de6 req-bfd23697-248c-4398-8aa6-10bde2effa3d service placement] RequestGroup(use_same_provider=False, resources={DISK_GB:1, MEMORY_MB:1024, VCPU:1}, traits=[], aggregates=[]) (suffix '') returned 2 matches {{(pid=103890) _get_by_requests /opt/stack/placement/placement/objects/allocation_candidate.py:145}}
Jan 12 17:33:53.232191 n-d-824458-1 devstack@placement-api.service[103890]: DEBUG placement.objects.allocation_candidate [req-ed030b89-41cd-4f1c-9c0a-6574d4228de6 req-bfd23697-248c-4398-8aa6-10bde2effa3d service placement] Merging candidates yields 2 allocation requests and 2 provider summaries {{(pid=103890) _merge_candidates /opt/stack/placement/placement/objects/allocation_candidate.py:783}}
Jan 12 17:33:53.234073 n-d-824458-1 devstack@placement-api.service[103890]: INFO placement.requestlog [req-ed030b89-41cd-4f1c-9c0a-6574d4228de6 req-bfd23697-248c-4398-8aa6-10bde2effa3d service placement] 10.222.0.48 "GET /placement/allocation_candidates?limit=1000&resources=DISK_GB%3A1%2CMEMORY_MB%3A1024%2CVCPU%3A1&root_required=%21COMPUTE_STATUS_DISABLED" status: 200 len: 1309 microversion: 1.36
Jan 12 17:33:53.235080 n-d-824458-1 devstack@placement-api.service[103890]: [pid: 103890|app: 0|req: 344/686] 10.222.0.48 () {60 vars in 1506 bytes} [Wed Jan 12 17:33:53 2022] GET /placement/allocation_candidates?limit=1000&resources=DISK_GB%3A1%2CMEMORY_MB%3A1024%2CVCPU%3A1&root_required=%21COMPUTE_STATUS_DISABLED => generated 1309 bytes in 105 msecs (HTTP/1.1 200) 8 headers in 297 bytes (1 switches on core 0)
Jan 12 17:33:53.332792 n-d-824458-1 devstack@placement-api.service[103891]: DEBUG placement.requestlog [req-ed030b89-41cd-4f1c-9c0a-6574d4228de6 req-86377e4c-ebb2-4702-bd35-60829f7763bf None None] Starting request: 10.222.0.48 "GET /placement/allocations/d96f1459-ba62-4952-8f60-53c037b6e11c" {{(pid=103891) __call__ /opt/stack/placement/placement/requestlog.py:55}}
Jan 12 17:33:53.349887 n-d-824458-1 devstack@placement-api.service[103891]: INFO placement.requestlog [req-ed030b89-41cd-4f1c-9c0a-6574d4228de6 req-86377e4c-ebb2-4702-bd35-60829f7763bf service placement] 10.222.0.48 "GET /placement/allocations/d96f1459-ba62-4952-8f60-53c037b6e11c" status: 200 len: 19 microversion: 1.28
Jan 12 17:33:53.350580 n-d-824458-1 devstack@placement-api.service[103891]: [pid: 103891|app: 0|req: 343/687] 10.222.0.48 () {60 vars in 1380 bytes} [Wed Jan 12 17:33:53 2022] GET /placement/allocations/d96f1459-ba62-4952-8f60-53c037b6e11c => generated 19 bytes in 18 msecs (HTTP/1.1 200) 8 headers in 295 bytes (1 switches on core 0)
Jan 12 17:33:53.356665 n-d-824458-1 devstack@placement-api.service[103890]: DEBUG placement.requestlog [req-ed030b89-41cd-4f1c-9c0a-6574d4228de6 req-b6760db4-d63d-4594-8dce-f70150f86736 None None] Starting request: 10.222.0.48 "PUT /placement/allocations/d96f1459-ba62-4952-8f60-53c037b6e11c" {{(pid=103890) __call__ /opt/stack/placement/placement/requestlog.py:55}}
Jan 12 17:33:53.442287 n-d-824458-1 devstack@placement-api.service[103890]: DEBUG placement.handlers.allocation [req-ed030b89-41cd-4f1c-9c0a-6574d4228de6 req-b6760db4-d63d-4594-8dce-f70150f86736 service placement] Successfully wrote allocations [, , ] {{(pid=103890) _update_consumers_and_create_allocations /opt/stack/placement/placement/handlers/allocation.py:462}}
Jan 12 17:33:53.448069 n-d-824458-1 devstack@placement-api.service[103890]: INFO placement.requestlog [req-ed030b89-41cd-4f1c-9c0a-6574d4228de6 req-b6760db4-d63d-4594-8dce-f70150f86736 service placement] 10.222.0.48 "PUT /placement/allocations/d96f1459-ba62-4952-8f60-53c037b6e11c" status: 204 len: 0 microversion: 1.36
Jan 12 17:33:53.449480 n-d-824458-1 devstack@placement-api.service[103890]: [pid: 103890|app: 0|req: 345/688] 10.222.0.48 () {64 vars in 1433 bytes} [Wed Jan 12 17:33:53 2022] PUT /placement/allocations/d96f1459-ba62-4952-8f60-53c037b6e11c => generated 0 bytes in 93 msecs (HTTP/1.1 204) 5 headers in 199 bytes (1 switches on core 0)
Jan 12 17:33:53.723130 n-d-824458-1 devstack@placement-api.service[103891]: DEBUG placement.requestlog [req-04276513-9bdd-490d-8d42-e8a21a404eba req-ab2a533e-f74e-47d3-835a-e43019173a32 None None] Starting request: 10.222.0.60 "GET /placement/resource_providers/f07ea416-87e3-4b26-a2cb-f9ec7419b692/allocations" {{(pid=103891) __call__ /opt/stack/placement/placement/requestlog.py:55}}
Jan 12 17:33:53.772596 n-d-824458-1 devstack@placement-api.service[103891]: INFO placement.requestlog [req-04276513-9bdd-490d-8d42-e8a21a404eba req-ab2a533e-f74e-47d3-835a-e43019173a32 service placement] 10.222.0.60 "GET /placement/resource_providers/f07ea416-87e3-4b26-a2cb-f9ec7419b692/allocations" status: 200 len: 456 microversion: 1.0
Jan 12 17:33:53.773348 n-d-824458-1 devstack@placement-api.service[103891]: [pid: 103891|app: 0|req: 344/689] 10.222.0.60 () {58 vars in 1390 bytes} [Wed Jan 12 17:33:53 2022] GET /placement/resource_providers/f07ea416-87e3-4b26-a2cb-f9ec7419b692/allocations => generated 456 bytes in 51 msecs (HTTP/1.1 200) 6 headers in 224 bytes (1 switches on core 0)
Jan 12 17:33:53.965561 n-d-824458-1 devstack@placement-api.service[103890]: DEBUG placement.requestlog [req-ed030b89-41cd-4f1c-9c0a-6574d4228de6 req-947dec8a-c0e6-4233-b356-549bd4f51f6d None None] Starting request: 10.222.0.60 "GET /placement/allocations/d96f1459-ba62-4952-8f60-53c037b6e11c" {{(pid=103890) __call__ /opt/stack/placement/placement/requestlog.py:55}}
Jan 12 17:33:53.984842 n-d-824458-1 devstack@placement-api.service[103890]: INFO placement.requestlog [req-ed030b89-41cd-4f1c-9c0a-6574d4228de6 req-947dec8a-c0e6-4233-b356-549bd4f51f6d service placement] 10.222.0.60 "GET /placement/allocations/d96f1459-ba62-4952-8f60-53c037b6e11c" status: 200 len: 259 microversion: 1.28
Jan 12 17:33:53.985613 n-d-824458-1 devstack@placement-api.service[103890]: [pid: 103890|app: 0|req: 346/690] 10.222.0.60 () {60 vars in 1377 bytes} [Wed Jan 12 17:33:53 2022] GET /placement/allocations/d96f1459-ba62-4952-8f60-53c037b6e11c => generated 259 bytes in 20 msecs (HTTP/1.1 200) 8 headers in 296 bytes (1 switches on core 0)
Jan 12 17:34:09.550925 n-d-824458-1 devstack@placement-api.service[103891]: DEBUG placement.requestlog [None req-77c61518-49f7-4cd3-90d8-018b613c7ce2 None None] Starting request: 10.222.0.48 "GET /placement/" {{(pid=103891) __call__ /opt/stack/placement/placement/requestlog.py:55}}
Jan 12 17:34:09.552079 n-d-824458-1 devstack@placement-api.service[103891]: INFO placement.requestlog [None req-77c61518-49f7-4cd3-90d8-018b613c7ce2 None None] 10.222.0.48 "GET /placement/" status: 200 len: 136 microversion: 1.0
Jan 12 17:34:09.552412 n-d-824458-1 devstack@placement-api.service[103891]: [pid: 103891|app: 0|req: 345/691] 10.222.0.48 () {54 vars in 916 bytes} [Wed Jan 12 17:34:09 2022] GET /placement => generated 136 bytes in 2 msecs (HTTP/1.1 200) 6 headers in 224 bytes (1 switches on core 0)
Jan 12 17:34:09.561213 n-d-824458-1 devstack@placement-api.service[103890]: DEBUG placement.requestlog [req-bb9b0b21-873b-41ca-83be-d351631e4b14 req-c2af1391-e5f9-4062-b344-8107fbac8eb1 None None] Starting request: 10.222.0.48 "GET /placement/allocations/d96f1459-ba62-4952-8f60-53c037b6e11c" {{(pid=103890) __call__ /opt/stack/placement/placement/requestlog.py:55}}
Jan 12 17:34:09.643480 n-d-824458-1 devstack@placement-api.service[103890]: INFO placement.requestlog [req-bb9b0b21-873b-41ca-83be-d351631e4b14 req-c2af1391-e5f9-4062-b344-8107fbac8eb1 service placement] 10.222.0.48 "GET /placement/allocations/d96f1459-ba62-4952-8f60-53c037b6e11c" status: 200 len: 259 microversion: 1.28
Jan 12 17:34:09.649974 n-d-824458-1 devstack@placement-api.service[103891]: DEBUG placement.requestlog [req-bb9b0b21-873b-41ca-83be-d351631e4b14 req-72ef9f3b-6776-45d6-80b8-dfcc0228cf95 None None] Starting request: 10.222.0.48 "GET /placement/allocations/d96f1459-ba62-4952-8f60-53c037b6e11c" {{(pid=103891) __call__ /opt/stack/placement/placement/requestlog.py:55}}
Jan 12 17:34:09.653196 n-d-824458-1 devstack@placement-api.service[103890]: [pid: 103890|app: 0|req: 347/692] 10.222.0.48 () {60 vars in 1380 bytes} [Wed Jan 12 17:34:09 2022] GET /placement/allocations/d96f1459-ba62-4952-8f60-53c037b6e11c => generated 259 bytes in 90 msecs (HTTP/1.1 200) 8 headers in 296 bytes (1 switches on core 0)
Jan 12 17:34:09.664700 n-d-824458-1 devstack@placement-api.service[103891]: INFO placement.requestlog [req-bb9b0b21-873b-41ca-83be-d351631e4b14 req-72ef9f3b-6776-45d6-80b8-dfcc0228cf95 service placement] 10.222.0.48 "GET /placement/allocations/d96f1459-ba62-4952-8f60-53c037b6e11c" status: 200 len: 259 microversion: 1.28
Jan 12 17:34:09.665068 n-d-824458-1 devstack@placement-api.service[103891]: [pid: 103891|app: 0|req: 346/693] 10.222.0.48 () {60 vars in 1380 bytes} [Wed Jan 12 17:34:09 2022] GET /placement/allocations/d96f1459-ba62-4952-8f60-53c037b6e11c => generated 259 bytes in 15 msecs (HTTP/1.1 200) 8 headers in 296 bytes (2 switches on core 0)
Jan 12 17:34:09.671269 n-d-824458-1 devstack@placement-api.service[103890]: DEBUG placement.requestlog [req-bb9b0b21-873b-41ca-83be-d351631e4b14 req-c8523375-5b4b-4864-bf7c-09f8bb5752a7 None None] Starting request: 10.222.0.48 "GET /placement/allocations/7c117b28-73e9-4976-92f4-9da8b474634e" {{(pid=103890) __call__ /opt/stack/placement/placement/requestlog.py:55}}
Jan 12 17:34:09.684356 n-d-824458-1 devstack@placement-api.service[103890]: INFO placement.requestlog [req-bb9b0b21-873b-41ca-83be-d351631e4b14 req-c8523375-5b4b-4864-bf7c-09f8bb5752a7 service placement] 10.222.0.48 "GET /placement/allocations/7c117b28-73e9-4976-92f4-9da8b474634e" status: 200 len: 19 microversion: 1.28
Jan 12 17:34:09.684712 n-d-824458-1 devstack@placement-api.service[103890]: [pid: 103890|app: 0|req: 348/694] 10.222.0.48 () {60 vars in 1380 bytes} [Wed Jan 12 17:34:09 2022] GET /placement/allocations/7c117b28-73e9-4976-92f4-9da8b474634e => generated 19 bytes in 14 msecs (HTTP/1.1 200) 8 headers in 295 bytes (1 switches on core 0)
Jan 12 17:34:09.692278 n-d-824458-1 devstack@placement-api.service[103891]: DEBUG placement.requestlog [req-bb9b0b21-873b-41ca-83be-d351631e4b14 req-a0050846-c805-4a7a-8e33-978f7c1637c3 None None] Starting request: 10.222.0.48 "POST /placement/allocations" {{(pid=103891) __call__ /opt/stack/placement/placement/requestlog.py:55}}
Jan 12 17:34:09.796545 n-d-824458-1 devstack@placement-api.service[103891]: DEBUG placement.handlers.allocation [req-bb9b0b21-873b-41ca-83be-d351631e4b14 req-a0050846-c805-4a7a-8e33-978f7c1637c3 service placement] Successfully wrote allocations [, , , , , ] {{(pid=103891) _update_consumers_and_create_allocations /opt/stack/placement/placement/handlers/allocation.py:572}}
Jan 12 17:34:09.803780 n-d-824458-1 devstack@placement-api.service[103891]: INFO placement.requestlog [req-bb9b0b21-873b-41ca-83be-d351631e4b14 req-a0050846-c805-4a7a-8e33-978f7c1637c3 service placement] 10.222.0.48 "POST /placement/allocations" status: 204 len: 0 microversion: 1.28
Jan 12 17:34:09.826709 n-d-824458-1 devstack@placement-api.service[103891]: [pid: 103891|app: 0|req: 347/695] 10.222.0.48 () {64 vars in 1323 bytes} [Wed Jan 12 17:34:09 2022] POST /placement/allocations => generated 0 bytes in 113 msecs (HTTP/1.1 204) 5 headers in 199 bytes (1 switches on core 0)
Jan 12 17:34:09.840519 n-d-824458-1 devstack@placement-api.service[103890]: DEBUG placement.requestlog [req-bb9b0b21-873b-41ca-83be-d351631e4b14 req-80f93818-a70d-4f7e-82d0-32a16c209bd9 None None] Starting request: 10.222.0.48 "GET /placement/allocation_candidates?limit=1000&resources=DISK_GB%3A1%2CMEMORY_MB%3A512%2CVCPU%3A1&root_required=%21COMPUTE_STATUS_DISABLED" {{(pid=103890) __call__ /opt/stack/placement/placement/requestlog.py:55}}
Jan 12 17:34:09.877662 n-d-824458-1 devstack@placement-api.service[103890]: DEBUG placement.objects.research_context [req-bb9b0b21-873b-41ca-83be-d351631e4b14 req-80f93818-a70d-4f7e-82d0-32a16c209bd9 service placement] getting providers with 1 DISK_GB {{(pid=103890) __init__ /opt/stack/placement/placement/objects/research_context.py:126}}
Jan 12 17:34:09.899850 n-d-824458-1 devstack@placement-api.service[103890]: DEBUG placement.objects.research_context [req-bb9b0b21-873b-41ca-83be-d351631e4b14 req-80f93818-a70d-4f7e-82d0-32a16c209bd9 service placement] getting providers with 512 MEMORY_MB {{(pid=103890) __init__ /opt/stack/placement/placement/objects/research_context.py:126}}
Jan 12 17:34:09.911404 n-d-824458-1 devstack@placement-api.service[103890]: DEBUG placement.objects.research_context [req-bb9b0b21-873b-41ca-83be-d351631e4b14 req-80f93818-a70d-4f7e-82d0-32a16c209bd9 service placement] getting providers with 1 VCPU {{(pid=103890) __init__ /opt/stack/placement/placement/objects/research_context.py:126}}
Jan 12 17:34:09.927240 n-d-824458-1 devstack@placement-api.service[103890]: DEBUG placement.objects.research_context [req-bb9b0b21-873b-41ca-83be-d351631e4b14 req-80f93818-a70d-4f7e-82d0-32a16c209bd9 service placement] found 2 providers with available 1 DISK_GB {{(pid=103890) get_provider_ids_matching /opt/stack/placement/placement/objects/research_context.py:549}}
Jan 12 17:34:09.927814 n-d-824458-1 devstack@placement-api.service[103890]: DEBUG placement.objects.research_context [req-bb9b0b21-873b-41ca-83be-d351631e4b14 req-80f93818-a70d-4f7e-82d0-32a16c209bd9 service placement] found 2 providers with available 512 MEMORY_MB {{(pid=103890) get_provider_ids_matching /opt/stack/placement/placement/objects/research_context.py:549}}
Jan 12 17:34:09.928274 n-d-824458-1 devstack@placement-api.service[103890]: DEBUG placement.objects.research_context [req-bb9b0b21-873b-41ca-83be-d351631e4b14 req-80f93818-a70d-4f7e-82d0-32a16c209bd9 service placement] found 2 providers after filtering by previous result {{(pid=103890) get_provider_ids_matching /opt/stack/placement/placement/objects/research_context.py:580}}
Jan 12 17:34:09.928705 n-d-824458-1 devstack@placement-api.service[103890]: DEBUG placement.objects.research_context [req-bb9b0b21-873b-41ca-83be-d351631e4b14 req-80f93818-a70d-4f7e-82d0-32a16c209bd9 service placement] found 2 providers with available 1 VCPU {{(pid=103890) get_provider_ids_matching /opt/stack/placement/placement/objects/research_context.py:549}}
Jan 12 17:34:09.931551 n-d-824458-1 devstack@placement-api.service[103890]: DEBUG placement.objects.research_context [req-bb9b0b21-873b-41ca-83be-d351631e4b14 req-80f93818-a70d-4f7e-82d0-32a16c209bd9 service placement] found 2 providers after filtering by previous result {{(pid=103890) get_provider_ids_matching /opt/stack/placement/placement/objects/research_context.py:580}}
Jan 12 17:34:09.962188 n-d-824458-1 devstack@placement-api.service[103890]: DEBUG placement.objects.allocation_candidate [req-bb9b0b21-873b-41ca-83be-d351631e4b14 req-80f93818-a70d-4f7e-82d0-32a16c209bd9 service placement] RequestGroup(use_same_provider=False, resources={DISK_GB:1, MEMORY_MB:512, VCPU:1}, traits=[], aggregates=[]) (suffix '') returned 2 matches {{(pid=103890) _get_by_requests /opt/stack/placement/placement/objects/allocation_candidate.py:145}}
Jan 12 17:34:09.962547 n-d-824458-1 devstack@placement-api.service[103890]: DEBUG placement.objects.allocation_candidate [req-bb9b0b21-873b-41ca-83be-d351631e4b14 req-80f93818-a70d-4f7e-82d0-32a16c209bd9 service placement] Merging candidates yields 2 allocation requests and 2 provider summaries {{(pid=103890) _merge_candidates /opt/stack/placement/placement/objects/allocation_candidate.py:783}}
Jan 12 17:34:09.967458 n-d-824458-1 devstack@placement-api.service[103890]: INFO placement.requestlog [req-bb9b0b21-873b-41ca-83be-d351631e4b14 req-80f93818-a70d-4f7e-82d0-32a16c209bd9 service placement] 10.222.0.48 "GET /placement/allocation_candidates?limit=1000&resources=DISK_GB%3A1%2CMEMORY_MB%3A512%2CVCPU%3A1&root_required=%21COMPUTE_STATUS_DISABLED" status: 200 len: 1307 microversion: 1.36
Jan 12 17:34:09.968157 n-d-824458-1 devstack@placement-api.service[103890]: [pid: 103890|app: 0|req: 349/696] 10.222.0.48 () {60 vars in 1504 bytes} [Wed Jan 12 17:34:09 2022] GET /placement/allocation_candidates?limit=1000&resources=DISK_GB%3A1%2CMEMORY_MB%3A512%2CVCPU%3A1&root_required=%21COMPUTE_STATUS_DISABLED => generated 1307 bytes in 128 msecs (HTTP/1.1 200) 8 headers in 297 bytes (1 switches on core 0)
Jan 12 17:34:10.055880 n-d-824458-1 devstack@placement-api.service[103891]: DEBUG placement.requestlog [req-bb9b0b21-873b-41ca-83be-d351631e4b14 req-b1566583-fdc0-47d5-b1df-5946c71f85fa None None] Starting request: 10.222.0.48 "GET /placement/allocations/d96f1459-ba62-4952-8f60-53c037b6e11c" {{(pid=103891) __call__ /opt/stack/placement/placement/requestlog.py:55}}
Jan 12 17:34:10.069053 n-d-824458-1 devstack@placement-api.service[103891]: INFO placement.requestlog [req-bb9b0b21-873b-41ca-83be-d351631e4b14 req-b1566583-fdc0-47d5-b1df-5946c71f85fa service placement] 10.222.0.48 "GET /placement/allocations/d96f1459-ba62-4952-8f60-53c037b6e11c" status: 200 len: 19 microversion: 1.28
Jan 12 17:34:10.071152 n-d-824458-1 devstack@placement-api.service[103891]: [pid: 103891|app: 0|req: 348/697] 10.222.0.48 () {60 vars in 1380 bytes} [Wed Jan 12 17:34:10 2022] GET /placement/allocations/d96f1459-ba62-4952-8f60-53c037b6e11c => generated 19 bytes in 16 msecs (HTTP/1.1 200) 8 headers in 295 bytes (1 switches on core 0)
Jan 12 17:34:10.076121 n-d-824458-1 devstack@placement-api.service[103890]: DEBUG placement.requestlog [req-bb9b0b21-873b-41ca-83be-d351631e4b14 req-c9e0a683-4788-423a-9ae4-ae0c55a8b950 None None] Starting request: 10.222.0.48 "PUT /placement/allocations/d96f1459-ba62-4952-8f60-53c037b6e11c" {{(pid=103890) __call__ /opt/stack/placement/placement/requestlog.py:55}}
Jan 12 17:34:10.139307 n-d-824458-1 devstack@placement-api.service[103890]: DEBUG placement.handlers.allocation [req-bb9b0b21-873b-41ca-83be-d351631e4b14 req-c9e0a683-4788-423a-9ae4-ae0c55a8b950 service placement] Successfully wrote allocations [, , ] {{(pid=103890) _update_consumers_and_create_allocations /opt/stack/placement/placement/handlers/allocation.py:462}}
Jan 12 17:34:10.144337 n-d-824458-1 devstack@placement-api.service[103890]: INFO placement.requestlog [req-bb9b0b21-873b-41ca-83be-d351631e4b14 req-c9e0a683-4788-423a-9ae4-ae0c55a8b950 service placement] 10.222.0.48 "PUT /placement/allocations/d96f1459-ba62-4952-8f60-53c037b6e11c" status: 204 len: 0 microversion: 1.36
Jan 12 17:34:10.145328 n-d-824458-1 devstack@placement-api.service[103890]: [pid: 103890|app: 0|req: 350/698] 10.222.0.48 () {64 vars in 1433 bytes} [Wed Jan 12 17:34:10 2022] PUT /placement/allocations/d96f1459-ba62-4952-8f60-53c037b6e11c => generated 0 bytes in 69 msecs (HTTP/1.1 204) 5 headers in 199 bytes (1 switches on core 0)
Jan 12 17:34:10.429033 n-d-824458-1 devstack@placement-api.service[103891]: DEBUG placement.requestlog [req-bb9b0b21-873b-41ca-83be-d351631e4b14 req-23f73ea2-978b-4756-86af-a5d511642d17 None None] Starting request: 10.222.0.60 "GET /placement/allocations/d96f1459-ba62-4952-8f60-53c037b6e11c" {{(pid=103891) __call__ /opt/stack/placement/placement/requestlog.py:55}}
Jan 12 17:34:10.451253 n-d-824458-1 devstack@placement-api.service[103891]: INFO placement.requestlog [req-bb9b0b21-873b-41ca-83be-d351631e4b14 req-23f73ea2-978b-4756-86af-a5d511642d17 service placement] 10.222.0.60 "GET /placement/allocations/d96f1459-ba62-4952-8f60-53c037b6e11c" status: 200 len: 258 microversion: 1.28
Jan 12 17:34:10.452720 n-d-824458-1 devstack@placement-api.service[103891]: [pid: 103891|app: 0|req: 349/699] 10.222.0.60 () {60 vars in 1377 bytes} [Wed Jan 12 17:34:10 2022] GET /placement/allocations/d96f1459-ba62-4952-8f60-53c037b6e11c => generated 258 bytes in 24 msecs (HTTP/1.1 200) 8 headers in 296 bytes (2 switches on core 0)
Jan 12 17:34:22.734571 n-d-824458-1 devstack@placement-api.service[103890]: DEBUG placement.requestlog [req-c0a20d37-b14b-4ce2-90fc-853e1b0fbe66 req-7344e7a7-476b-4a26-831d-0b003b5d1b38 None None] Starting request: 10.222.0.48 "GET /placement/allocation_candidates?limit=1000&resources=DISK_GB%3A1%2CMEMORY_MB%3A1024%2CVCPU%3A1&root_required=%21COMPUTE_STATUS_DISABLED" {{(pid=103890) __call__ /opt/stack/placement/placement/requestlog.py:55}}
Jan 12 17:34:22.790751 n-d-824458-1 devstack@placement-api.service[103890]: DEBUG placement.objects.research_context [req-c0a20d37-b14b-4ce2-90fc-853e1b0fbe66 req-7344e7a7-476b-4a26-831d-0b003b5d1b38 service placement] getting providers with 1 DISK_GB {{(pid=103890) __init__ /opt/stack/placement/placement/objects/research_context.py:126}}
Jan 12 17:34:22.800880 n-d-824458-1 devstack@placement-api.service[103890]: DEBUG placement.objects.research_context [req-c0a20d37-b14b-4ce2-90fc-853e1b0fbe66 req-7344e7a7-476b-4a26-831d-0b003b5d1b38 service placement] getting providers with 1024 MEMORY_MB {{(pid=103890) __init__ /opt/stack/placement/placement/objects/research_context.py:126}}
Jan 12 17:34:22.828471 n-d-824458-1 devstack@placement-api.service[103890]: DEBUG placement.objects.research_context [req-c0a20d37-b14b-4ce2-90fc-853e1b0fbe66 req-7344e7a7-476b-4a26-831d-0b003b5d1b38 service placement] getting providers with 1 VCPU {{(pid=103890) __init__ /opt/stack/placement/placement/objects/research_context.py:126}}
Jan 12 17:34:22.835576 n-d-824458-1 devstack@placement-api.service[103890]: DEBUG placement.objects.research_context [req-c0a20d37-b14b-4ce2-90fc-853e1b0fbe66 req-7344e7a7-476b-4a26-831d-0b003b5d1b38 service placement] found 2 providers with available 1 DISK_GB {{(pid=103890) get_provider_ids_matching /opt/stack/placement/placement/objects/research_context.py:549}}
Jan 12 17:34:22.836027 n-d-824458-1 devstack@placement-api.service[103890]: DEBUG placement.objects.research_context [req-c0a20d37-b14b-4ce2-90fc-853e1b0fbe66 req-7344e7a7-476b-4a26-831d-0b003b5d1b38 service placement] found 2 providers with available 1024 MEMORY_MB {{(pid=103890) get_provider_ids_matching /opt/stack/placement/placement/objects/research_context.py:549}}
Jan 12 17:34:22.837070 n-d-824458-1 devstack@placement-api.service[103890]: DEBUG placement.objects.research_context [req-c0a20d37-b14b-4ce2-90fc-853e1b0fbe66 req-7344e7a7-476b-4a26-831d-0b003b5d1b38 service placement] found 2 providers after filtering by previous result {{(pid=103890) get_provider_ids_matching /opt/stack/placement/placement/objects/research_context.py:580}}
Jan 12 17:34:22.837519 n-d-824458-1 devstack@placement-api.service[103890]: DEBUG placement.objects.research_context [req-c0a20d37-b14b-4ce2-90fc-853e1b0fbe66 req-7344e7a7-476b-4a26-831d-0b003b5d1b38 service placement] found 2 providers with available 1 VCPU {{(pid=103890) get_provider_ids_matching /opt/stack/placement/placement/objects/research_context.py:549}}
Jan 12 17:34:22.838337 n-d-824458-1 devstack@placement-api.service[103890]: DEBUG placement.objects.research_context [req-c0a20d37-b14b-4ce2-90fc-853e1b0fbe66 req-7344e7a7-476b-4a26-831d-0b003b5d1b38 service placement] found 2 providers after filtering by previous result {{(pid=103890) get_provider_ids_matching /opt/stack/placement/placement/objects/research_context.py:580}}
Jan 12 17:34:22.851191 n-d-824458-1 devstack@placement-api.service[103890]: DEBUG placement.objects.allocation_candidate [req-c0a20d37-b14b-4ce2-90fc-853e1b0fbe66 req-7344e7a7-476b-4a26-831d-0b003b5d1b38 service placement] RequestGroup(use_same_provider=False, resources={DISK_GB:1, MEMORY_MB:1024, VCPU:1}, traits=[], aggregates=[]) (suffix '') returned 2 matches {{(pid=103890) _get_by_requests /opt/stack/placement/placement/objects/allocation_candidate.py:145}}
Jan 12 17:34:22.851565 n-d-824458-1 devstack@placement-api.service[103890]: DEBUG placement.objects.allocation_candidate [req-c0a20d37-b14b-4ce2-90fc-853e1b0fbe66 req-7344e7a7-476b-4a26-831d-0b003b5d1b38 service placement] Merging candidates yields 2 allocation requests and 2 provider summaries {{(pid=103890) _merge_candidates /opt/stack/placement/placement/objects/allocation_candidate.py:783}}
Jan 12 17:34:22.853192 n-d-824458-1 devstack@placement-api.service[103890]: INFO placement.requestlog [req-c0a20d37-b14b-4ce2-90fc-853e1b0fbe66 req-7344e7a7-476b-4a26-831d-0b003b5d1b38 service placement] 10.222.0.48 "GET /placement/allocation_candidates?limit=1000&resources=DISK_GB%3A1%2CMEMORY_MB%3A1024%2CVCPU%3A1&root_required=%21COMPUTE_STATUS_DISABLED" status: 200 len: 1309 microversion: 1.36
Jan 12 17:34:22.853955 n-d-824458-1 devstack@placement-api.service[103890]: [pid: 103890|app: 0|req: 351/700] 10.222.0.48 () {60 vars in 1506 bytes} [Wed Jan 12 17:34:22 2022] GET /placement/allocation_candidates?limit=1000&resources=DISK_GB%3A1%2CMEMORY_MB%3A1024%2CVCPU%3A1&root_required=%21COMPUTE_STATUS_DISABLED => generated 1309 bytes in 120 msecs (HTTP/1.1 200) 8 headers in 297 bytes (1 switches on core 0)
Jan 12 17:34:22.908322 n-d-824458-1 devstack@placement-api.service[103891]: DEBUG placement.requestlog [req-c0a20d37-b14b-4ce2-90fc-853e1b0fbe66 req-631c2831-0e38-48ed-af88-806130130cf1 None None] Starting request: 10.222.0.48 "GET /placement/allocations/24b27173-874c-41f1-ac65-6528fd887d67" {{(pid=103891) __call__ /opt/stack/placement/placement/requestlog.py:55}}
Jan 12 17:34:22.918952 n-d-824458-1 devstack@placement-api.service[103891]: INFO placement.requestlog [req-c0a20d37-b14b-4ce2-90fc-853e1b0fbe66 req-631c2831-0e38-48ed-af88-806130130cf1 service placement] 10.222.0.48 "GET /placement/allocations/24b27173-874c-41f1-ac65-6528fd887d67" status: 200 len: 19 microversion: 1.28
Jan 12 17:34:22.919382 n-d-824458-1 devstack@placement-api.service[103891]: [pid: 103891|app: 0|req: 350/701] 10.222.0.48 () {60 vars in 1380 bytes} [Wed Jan 12 17:34:22 2022] GET /placement/allocations/24b27173-874c-41f1-ac65-6528fd887d67 => generated 19 bytes in 12 msecs (HTTP/1.1 200) 8 headers in 295 bytes (1 switches on core 0)
Jan 12 17:34:22.927309 n-d-824458-1 devstack@placement-api.service[103890]: DEBUG placement.requestlog [req-c0a20d37-b14b-4ce2-90fc-853e1b0fbe66 req-7c96dd9c-5c5b-4eb8-b9f1-2b0660248068 None None] Starting request: 10.222.0.48 "PUT /placement/allocations/24b27173-874c-41f1-ac65-6528fd887d67" {{(pid=103890) __call__ /opt/stack/placement/placement/requestlog.py:55}}
Jan 12 17:34:23.008601 n-d-824458-1 devstack@placement-api.service[103890]: DEBUG placement.handlers.allocation [req-c0a20d37-b14b-4ce2-90fc-853e1b0fbe66 req-7c96dd9c-5c5b-4eb8-b9f1-2b0660248068 service placement] Successfully wrote allocations [, , ] {{(pid=103890) _update_consumers_and_create_allocations /opt/stack/placement/placement/handlers/allocation.py:462}}
Jan 12 17:34:23.015759 n-d-824458-1 devstack@placement-api.service[103890]: INFO placement.requestlog [req-c0a20d37-b14b-4ce2-90fc-853e1b0fbe66 req-7c96dd9c-5c5b-4eb8-b9f1-2b0660248068 service placement] 10.222.0.48 "PUT /placement/allocations/24b27173-874c-41f1-ac65-6528fd887d67" status: 204 len: 0 microversion: 1.36
Jan 12 17:34:23.016690 n-d-824458-1 devstack@placement-api.service[103890]: [pid: 103890|app: 0|req: 352/702] 10.222.0.48 () {64 vars in 1433 bytes} [Wed Jan 12 17:34:22 2022] PUT /placement/allocations/24b27173-874c-41f1-ac65-6528fd887d67 => generated 0 bytes in 90 msecs (HTTP/1.1 204) 5 headers in 199 bytes (1 switches on core 0)
Jan 12 17:34:23.308049 n-d-824458-1 devstack@placement-api.service[103891]: DEBUG placement.requestlog [req-c0a20d37-b14b-4ce2-90fc-853e1b0fbe66 req-3d88dd3f-358c-4bfe-a60c-6abb1c179cfc None None] Starting request: 10.222.0.60 "GET /placement/allocations/24b27173-874c-41f1-ac65-6528fd887d67" {{(pid=103891) __call__ /opt/stack/placement/placement/requestlog.py:55}}
Jan 12 17:34:23.326245 n-d-824458-1 devstack@placement-api.service[103891]: INFO placement.requestlog [req-c0a20d37-b14b-4ce2-90fc-853e1b0fbe66 req-3d88dd3f-358c-4bfe-a60c-6abb1c179cfc service placement] 10.222.0.60 "GET /placement/allocations/24b27173-874c-41f1-ac65-6528fd887d67" status: 200 len: 259 microversion: 1.28
Jan 12 17:34:23.327037 n-d-824458-1 devstack@placement-api.service[103891]: [pid: 103891|app: 0|req: 351/703] 10.222.0.60 () {60 vars in 1377 bytes} [Wed Jan 12 17:34:23 2022] GET /placement/allocations/24b27173-874c-41f1-ac65-6528fd887d67 => generated 259 bytes in 19 msecs (HTTP/1.1 200) 8 headers in 296 bytes (2 switches on core 0)
Jan 12 17:34:28.570635 n-d-824458-1 devstack@placement-api.service[103890]: DEBUG placement.requestlog [req-5013e269-974a-4700-a995-0fc7bc5a0cf0 req-7dea23ba-77be-4a80-a8f0-cb469c7e0bf4 None None] Starting request: 10.222.0.48 "GET /placement/allocation_candidates?limit=1000&resources=DISK_GB%3A1%2CMEMORY_MB%3A1024%2CVCPU%3A1&root_required=%21COMPUTE_STATUS_DISABLED" {{(pid=103890) __call__ /opt/stack/placement/placement/requestlog.py:55}}
Jan 12 17:34:28.606024 n-d-824458-1 devstack@placement-api.service[103890]: DEBUG placement.objects.research_context [req-5013e269-974a-4700-a995-0fc7bc5a0cf0 req-7dea23ba-77be-4a80-a8f0-cb469c7e0bf4 service placement] getting providers with 1 DISK_GB {{(pid=103890) __init__ /opt/stack/placement/placement/objects/research_context.py:126}}
Jan 12 17:34:28.613313 n-d-824458-1 devstack@placement-api.service[103890]: DEBUG placement.objects.research_context [req-5013e269-974a-4700-a995-0fc7bc5a0cf0 req-7dea23ba-77be-4a80-a8f0-cb469c7e0bf4 service placement] getting providers with 1024 MEMORY_MB {{(pid=103890) __init__ /opt/stack/placement/placement/objects/research_context.py:126}}
Jan 12 17:34:28.620615 n-d-824458-1 devstack@placement-api.service[103890]: DEBUG placement.objects.research_context [req-5013e269-974a-4700-a995-0fc7bc5a0cf0 req-7dea23ba-77be-4a80-a8f0-cb469c7e0bf4 service placement] getting providers with 1 VCPU {{(pid=103890) __init__ /opt/stack/placement/placement/objects/research_context.py:126}}
Jan 12 17:34:28.629875 n-d-824458-1 devstack@placement-api.service[103890]: DEBUG placement.objects.research_context [req-5013e269-974a-4700-a995-0fc7bc5a0cf0 req-7dea23ba-77be-4a80-a8f0-cb469c7e0bf4 service placement] found 2 providers with available 1 DISK_GB {{(pid=103890) get_provider_ids_matching /opt/stack/placement/placement/objects/research_context.py:549}}
Jan 12 17:34:28.630537 n-d-824458-1 devstack@placement-api.service[103890]: DEBUG placement.objects.research_context [req-5013e269-974a-4700-a995-0fc7bc5a0cf0 req-7dea23ba-77be-4a80-a8f0-cb469c7e0bf4 service placement] found 2 providers with available 1024 MEMORY_MB {{(pid=103890) get_provider_ids_matching /opt/stack/placement/placement/objects/research_context.py:549}}
Jan 12 17:34:28.631101 n-d-824458-1 devstack@placement-api.service[103890]: DEBUG placement.objects.research_context [req-5013e269-974a-4700-a995-0fc7bc5a0cf0 req-7dea23ba-77be-4a80-a8f0-cb469c7e0bf4 service placement] found 2 providers after filtering by previous result {{(pid=103890) get_provider_ids_matching /opt/stack/placement/placement/objects/research_context.py:580}}
Jan 12 17:34:28.631585 n-d-824458-1 devstack@placement-api.service[103890]: DEBUG placement.objects.research_context [req-5013e269-974a-4700-a995-0fc7bc5a0cf0 req-7dea23ba-77be-4a80-a8f0-cb469c7e0bf4 service placement] found 2 providers with available 1 VCPU {{(pid=103890) get_provider_ids_matching /opt/stack/placement/placement/objects/research_context.py:549}}
Jan 12 17:34:28.632051 n-d-824458-1 devstack@placement-api.service[103890]: DEBUG placement.objects.research_context [req-5013e269-974a-4700-a995-0fc7bc5a0cf0 req-7dea23ba-77be-4a80-a8f0-cb469c7e0bf4 service placement] found 2 providers after filtering by previous result {{(pid=103890) get_provider_ids_matching /opt/stack/placement/placement/objects/research_context.py:580}}
Jan 12 17:34:28.644424 n-d-824458-1 devstack@placement-api.service[103890]: DEBUG placement.objects.allocation_candidate [req-5013e269-974a-4700-a995-0fc7bc5a0cf0 req-7dea23ba-77be-4a80-a8f0-cb469c7e0bf4 service placement] RequestGroup(use_same_provider=False, resources={DISK_GB:1, MEMORY_MB:1024, VCPU:1}, traits=[], aggregates=[]) (suffix '') returned 2 matches {{(pid=103890) _get_by_requests /opt/stack/placement/placement/objects/allocation_candidate.py:145}}
Jan 12 17:34:28.645230 n-d-824458-1 devstack@placement-api.service[103890]: DEBUG placement.objects.allocation_candidate [req-5013e269-974a-4700-a995-0fc7bc5a0cf0 req-7dea23ba-77be-4a80-a8f0-cb469c7e0bf4 service placement] Merging candidates yields 2 allocation requests and 2 provider summaries {{(pid=103890) _merge_candidates /opt/stack/placement/placement/objects/allocation_candidate.py:783}}
Jan 12 17:34:28.653939 n-d-824458-1 devstack@placement-api.service[103890]: INFO placement.requestlog [req-5013e269-974a-4700-a995-0fc7bc5a0cf0 req-7dea23ba-77be-4a80-a8f0-cb469c7e0bf4 service placement] 10.222.0.48 "GET /placement/allocation_candidates?limit=1000&resources=DISK_GB%3A1%2CMEMORY_MB%3A1024%2CVCPU%3A1&root_required=%21COMPUTE_STATUS_DISABLED" status: 200 len: 1309 microversion: 1.36
Jan 12 17:34:28.655035 n-d-824458-1 devstack@placement-api.service[103890]: [pid: 103890|app: 0|req: 353/704] 10.222.0.48 () {60 vars in 1506 bytes} [Wed Jan 12 17:34:28 2022] GET /placement/allocation_candidates?limit=1000&resources=DISK_GB%3A1%2CMEMORY_MB%3A1024%2CVCPU%3A1&root_required=%21COMPUTE_STATUS_DISABLED => generated 1309 bytes in 85 msecs (HTTP/1.1 200) 8 headers in 297 bytes (1 switches on core 0)
Jan 12 17:34:28.732884 n-d-824458-1 devstack@placement-api.service[103891]: DEBUG placement.requestlog [req-5013e269-974a-4700-a995-0fc7bc5a0cf0 req-efb89133-9bdd-4aec-9743-4e0ae357d93f None None] Starting request: 10.222.0.48 "GET /placement/allocations/5e96e7b3-382b-47e2-9f33-ba6165c9f1cd" {{(pid=103891) __call__ /opt/stack/placement/placement/requestlog.py:55}}
Jan 12 17:34:28.750079 n-d-824458-1 devstack@placement-api.service[103891]: INFO placement.requestlog [req-5013e269-974a-4700-a995-0fc7bc5a0cf0 req-efb89133-9bdd-4aec-9743-4e0ae357d93f service placement] 10.222.0.48 "GET /placement/allocations/5e96e7b3-382b-47e2-9f33-ba6165c9f1cd" status: 200 len: 19 microversion: 1.28
Jan 12 17:34:28.750968 n-d-824458-1 devstack@placement-api.service[103891]: [pid: 103891|app: 0|req: 352/705] 10.222.0.48 () {60 vars in 1380 bytes} [Wed Jan 12 17:34:28 2022] GET /placement/allocations/5e96e7b3-382b-47e2-9f33-ba6165c9f1cd => generated 19 bytes in 18 msecs (HTTP/1.1 200) 8 headers in 295 bytes (1 switches on core 0)
Jan 12 17:34:28.757623 n-d-824458-1 devstack@placement-api.service[103890]: DEBUG placement.requestlog [req-5013e269-974a-4700-a995-0fc7bc5a0cf0 req-6bf37176-94fc-4433-8b5a-7bb3d119102b None None] Starting request: 10.222.0.48 "PUT /placement/allocations/5e96e7b3-382b-47e2-9f33-ba6165c9f1cd" {{(pid=103890) __call__ /opt/stack/placement/placement/requestlog.py:55}}
Jan 12 17:34:28.883284 n-d-824458-1 devstack@placement-api.service[103890]: DEBUG placement.handlers.allocation [req-5013e269-974a-4700-a995-0fc7bc5a0cf0 req-6bf37176-94fc-4433-8b5a-7bb3d119102b service placement] Successfully wrote allocations [, , ] {{(pid=103890) _update_consumers_and_create_allocations /opt/stack/placement/placement/handlers/allocation.py:462}}
Jan 12 17:34:28.895670 n-d-824458-1 devstack@placement-api.service[103890]: INFO placement.requestlog [req-5013e269-974a-4700-a995-0fc7bc5a0cf0 req-6bf37176-94fc-4433-8b5a-7bb3d119102b service placement] 10.222.0.48 "PUT /placement/allocations/5e96e7b3-382b-47e2-9f33-ba6165c9f1cd" status: 204 len: 0 microversion: 1.36
Jan 12 17:34:28.896508 n-d-824458-1 devstack@placement-api.service[103890]: [pid: 103890|app: 0|req: 354/706] 10.222.0.48 () {64 vars in 1433 bytes} [Wed Jan 12 17:34:28 2022] PUT /placement/allocations/5e96e7b3-382b-47e2-9f33-ba6165c9f1cd => generated 0 bytes in 139 msecs (HTTP/1.1 204) 5 headers in 199 bytes (1 switches on core 0)
Jan 12 17:34:29.316000 n-d-824458-1 devstack@placement-api.service[103891]: DEBUG placement.requestlog [req-5013e269-974a-4700-a995-0fc7bc5a0cf0 req-cccbfd34-e08c-43bf-96ac-7f6bbee060c5 None None] Starting request: 10.222.0.64 "GET /placement/allocations/5e96e7b3-382b-47e2-9f33-ba6165c9f1cd" {{(pid=103891) __call__ /opt/stack/placement/placement/requestlog.py:55}}
Jan 12 17:34:29.338428 n-d-824458-1 devstack@placement-api.service[103891]: INFO placement.requestlog [req-5013e269-974a-4700-a995-0fc7bc5a0cf0 req-cccbfd34-e08c-43bf-96ac-7f6bbee060c5 service placement] 10.222.0.64 "GET /placement/allocations/5e96e7b3-382b-47e2-9f33-ba6165c9f1cd" status: 200 len: 259 microversion: 1.28
Jan 12 17:34:29.340114 n-d-824458-1 devstack@placement-api.service[103891]: [pid: 103891|app: 0|req: 353/707] 10.222.0.64 () {60 vars in 1377 bytes} [Wed Jan 12 17:34:29 2022] GET /placement/allocations/5e96e7b3-382b-47e2-9f33-ba6165c9f1cd => generated 259 bytes in 24 msecs (HTTP/1.1 200) 8 headers in 296 bytes (1 switches on core 0)
Jan 12 17:34:30.248075 n-d-824458-1 devstack@placement-api.service[103890]: DEBUG placement.requestlog [req-c64c2887-b224-417f-bfdb-b076dc3c2aa3 req-1c9ba244-7c20-4129-a783-d854b5bf49cf None None] Starting request: 10.222.0.48 "GET /placement/allocation_candidates?limit=1000&resources=DISK_GB%3A1%2CMEMORY_MB%3A1024%2CVCPU%3A1&root_required=%21COMPUTE_STATUS_DISABLED" {{(pid=103890) __call__ /opt/stack/placement/placement/requestlog.py:55}}
Jan 12 17:34:30.280454 n-d-824458-1 devstack@placement-api.service[103890]: DEBUG placement.objects.research_context [req-c64c2887-b224-417f-bfdb-b076dc3c2aa3 req-1c9ba244-7c20-4129-a783-d854b5bf49cf service placement] getting providers with 1 DISK_GB {{(pid=103890) __init__ /opt/stack/placement/placement/objects/research_context.py:126}}
Jan 12 17:34:30.288478 n-d-824458-1 devstack@placement-api.service[103890]: DEBUG placement.objects.research_context [req-c64c2887-b224-417f-bfdb-b076dc3c2aa3 req-1c9ba244-7c20-4129-a783-d854b5bf49cf service placement] getting providers with 1024 MEMORY_MB {{(pid=103890) __init__ /opt/stack/placement/placement/objects/research_context.py:126}}
Jan 12 17:34:30.294320 n-d-824458-1 devstack@placement-api.service[103890]: DEBUG placement.objects.research_context [req-c64c2887-b224-417f-bfdb-b076dc3c2aa3 req-1c9ba244-7c20-4129-a783-d854b5bf49cf service placement] getting providers with 1 VCPU {{(pid=103890) __init__ /opt/stack/placement/placement/objects/research_context.py:126}}
Jan 12 17:34:30.301512 n-d-824458-1 devstack@placement-api.service[103890]: DEBUG placement.objects.research_context [req-c64c2887-b224-417f-bfdb-b076dc3c2aa3 req-1c9ba244-7c20-4129-a783-d854b5bf49cf service placement] found 2 providers with available 1 DISK_GB {{(pid=103890) get_provider_ids_matching /opt/stack/placement/placement/objects/research_context.py:549}}
Jan 12 17:34:30.301876 n-d-824458-1 devstack@placement-api.service[103890]: DEBUG placement.objects.research_context [req-c64c2887-b224-417f-bfdb-b076dc3c2aa3 req-1c9ba244-7c20-4129-a783-d854b5bf49cf service placement] found 2 providers with available 1024 MEMORY_MB {{(pid=103890) get_provider_ids_matching /opt/stack/placement/placement/objects/research_context.py:549}}
