Jan 12 12:23:40.960687 n-d-824392-1 devstack@placement-api.service[104342]: DEBUG placement.objects.research_context [req-684267c8-405b-4eb4-afc6-422fc5ea9999 req-95aa4ac4-8f35-4932-b8dc-c2a92197a379 service placement] getting providers with 1024 MEMORY_MB {{(pid=104342) __init__ /opt/stack/placement/placement/objects/research_context.py:126}}
Jan 12 12:23:40.967545 n-d-824392-1 devstack@placement-api.service[104342]: DEBUG placement.objects.research_context [req-684267c8-405b-4eb4-afc6-422fc5ea9999 req-95aa4ac4-8f35-4932-b8dc-c2a92197a379 service placement] getting providers with 1 VCPU {{(pid=104342) __init__ /opt/stack/placement/placement/objects/research_context.py:126}}
Jan 12 12:23:40.974568 n-d-824392-1 devstack@placement-api.service[104342]: DEBUG placement.objects.research_context [req-684267c8-405b-4eb4-afc6-422fc5ea9999 req-95aa4ac4-8f35-4932-b8dc-c2a92197a379 service placement] found 2 providers with available 1 DISK_GB {{(pid=104342) get_provider_ids_matching /opt/stack/placement/placement/objects/research_context.py:549}}
Jan 12 12:23:40.975463 n-d-824392-1 devstack@placement-api.service[104342]: DEBUG placement.objects.research_context [req-684267c8-405b-4eb4-afc6-422fc5ea9999 req-95aa4ac4-8f35-4932-b8dc-c2a92197a379 service placement] found 2 providers with available 1024 MEMORY_MB {{(pid=104342) get_provider_ids_matching /opt/stack/placement/placement/objects/research_context.py:549}}
Jan 12 12:23:40.975924 n-d-824392-1 devstack@placement-api.service[104342]: DEBUG placement.objects.research_context [req-684267c8-405b-4eb4-afc6-422fc5ea9999 req-95aa4ac4-8f35-4932-b8dc-c2a92197a379 service placement] found 2 providers after filtering by previous result {{(pid=104342) get_provider_ids_matching /opt/stack/placement/placement/objects/research_context.py:580}}
Jan 12 12:23:40.976400 n-d-824392-1 devstack@placement-api.service[104342]: DEBUG placement.objects.research_context [req-684267c8-405b-4eb4-afc6-422fc5ea9999 req-95aa4ac4-8f35-4932-b8dc-c2a92197a379 service placement] found 2 providers with available 1 VCPU {{(pid=104342) get_provider_ids_matching /opt/stack/placement/placement/objects/research_context.py:549}}
Jan 12 12:23:40.976855 n-d-824392-1 devstack@placement-api.service[104342]: DEBUG placement.objects.research_context [req-684267c8-405b-4eb4-afc6-422fc5ea9999 req-95aa4ac4-8f35-4932-b8dc-c2a92197a379 service placement] found 2 providers after filtering by previous result {{(pid=104342) get_provider_ids_matching /opt/stack/placement/placement/objects/research_context.py:580}}
Jan 12 12:23:40.993442 n-d-824392-1 devstack@placement-api.service[104342]: DEBUG placement.objects.allocation_candidate [req-684267c8-405b-4eb4-afc6-422fc5ea9999 req-95aa4ac4-8f35-4932-b8dc-c2a92197a379 service placement] RequestGroup(use_same_provider=False, resources={DISK_GB:1, MEMORY_MB:1024, VCPU:1}, traits=[], aggregates=[]) (suffix '') returned 2 matches {{(pid=104342) _get_by_requests /opt/stack/placement/placement/objects/allocation_candidate.py:145}}
Jan 12 12:23:40.994180 n-d-824392-1 devstack@placement-api.service[104342]: DEBUG placement.objects.allocation_candidate [req-684267c8-405b-4eb4-afc6-422fc5ea9999 req-95aa4ac4-8f35-4932-b8dc-c2a92197a379 service placement] Merging candidates yields 2 allocation requests and 2 provider summaries {{(pid=104342) _merge_candidates /opt/stack/placement/placement/objects/allocation_candidate.py:783}}
Jan 12 12:23:40.997537 n-d-824392-1 devstack@placement-api.service[104342]: INFO placement.requestlog [req-684267c8-405b-4eb4-afc6-422fc5ea9999 req-95aa4ac4-8f35-4932-b8dc-c2a92197a379 service placement] 10.222.0.59 "GET /placement/allocation_candidates?limit=1000&resources=DISK_GB%3A1%2CMEMORY_MB%3A1024%2CVCPU%3A1&root_required=%21COMPUTE_STATUS_DISABLED" status: 200 len: 1309 microversion: 1.36
Jan 12 12:23:41.016469 n-d-824392-1 devstack@placement-api.service[104342]: [pid: 104342|app: 0|req: 63/126] 10.222.0.59 () {60 vars in 1506 bytes} [Wed Jan 12 12:23:40 2022] GET /placement/allocation_candidates?limit=1000&resources=DISK_GB%3A1%2CMEMORY_MB%3A1024%2CVCPU%3A1&root_required=%21COMPUTE_STATUS_DISABLED => generated 1309 bytes in 100 msecs (HTTP/1.1 200) 8 headers in 297 bytes (1 switches on core 0)
Jan 12 12:23:41.074541 n-d-824392-1 devstack@placement-api.service[104343]: DEBUG placement.requestlog [req-684267c8-405b-4eb4-afc6-422fc5ea9999 req-ed03fc3f-d69e-4014-9f01-24e981e417d2 None None] Starting request: 10.222.0.59 "GET /placement/allocations/7d149cf8-b66f-42b9-b68d-015abf9057fa" {{(pid=104343) __call__ /opt/stack/placement/placement/requestlog.py:55}}
Jan 12 12:23:41.098754 n-d-824392-1 devstack@placement-api.service[104343]: INFO placement.requestlog [req-684267c8-405b-4eb4-afc6-422fc5ea9999 req-ed03fc3f-d69e-4014-9f01-24e981e417d2 service placement] 10.222.0.59 "GET /placement/allocations/7d149cf8-b66f-42b9-b68d-015abf9057fa" status: 200 len: 19 microversion: 1.28
Jan 12 12:23:41.105357 n-d-824392-1 devstack@placement-api.service[104343]: [pid: 104343|app: 0|req: 64/127] 10.222.0.59 () {60 vars in 1380 bytes} [Wed Jan 12 12:23:41 2022] GET /placement/allocations/7d149cf8-b66f-42b9-b68d-015abf9057fa => generated 19 bytes in 31 msecs (HTTP/1.1 200) 8 headers in 295 bytes (1 switches on core 0)
Jan 12 12:23:41.108011 n-d-824392-1 devstack@placement-api.service[104342]: DEBUG placement.requestlog [req-684267c8-405b-4eb4-afc6-422fc5ea9999 req-51c4b017-4073-4b3e-bfe1-b381e1ba36ff None None] Starting request: 10.222.0.59 "PUT /placement/allocations/7d149cf8-b66f-42b9-b68d-015abf9057fa" {{(pid=104342) __call__ /opt/stack/placement/placement/requestlog.py:55}}
Jan 12 12:23:41.238038 n-d-824392-1 devstack@placement-api.service[104342]: DEBUG placement.handlers.allocation [req-684267c8-405b-4eb4-afc6-422fc5ea9999 req-51c4b017-4073-4b3e-bfe1-b381e1ba36ff service placement] Successfully wrote allocations [, , ] {{(pid=104342) _update_consumers_and_create_allocations /opt/stack/placement/placement/handlers/allocation.py:462}}
Jan 12 12:23:41.311099 n-d-824392-1 devstack@placement-api.service[104342]: INFO placement.requestlog [req-684267c8-405b-4eb4-afc6-422fc5ea9999 req-51c4b017-4073-4b3e-bfe1-b381e1ba36ff service placement] 10.222.0.59 "PUT /placement/allocations/7d149cf8-b66f-42b9-b68d-015abf9057fa" status: 204 len: 0 microversion: 1.36
Jan 12 12:23:41.311506 n-d-824392-1 devstack@placement-api.service[104342]: [pid: 104342|app: 0|req: 64/128] 10.222.0.59 () {64 vars in 1433 bytes} [Wed Jan 12 12:23:41 2022] PUT /placement/allocations/7d149cf8-b66f-42b9-b68d-015abf9057fa => generated 0 bytes in 204 msecs (HTTP/1.1 204) 5 headers in 199 bytes (2 switches on core 0)
Jan 12 12:23:41.817222 n-d-824392-1 devstack@placement-api.service[104343]: DEBUG placement.requestlog [req-684267c8-405b-4eb4-afc6-422fc5ea9999 req-d8bedb61-346a-4f6d-84a7-121f5b40127b None None] Starting request: 10.222.0.69 "GET /placement/allocations/7d149cf8-b66f-42b9-b68d-015abf9057fa" {{(pid=104343) __call__ /opt/stack/placement/placement/requestlog.py:55}}
Jan 12 12:23:41.839095 n-d-824392-1 devstack@placement-api.service[104343]: INFO placement.requestlog [req-684267c8-405b-4eb4-afc6-422fc5ea9999 req-d8bedb61-346a-4f6d-84a7-121f5b40127b service placement] 10.222.0.69 "GET /placement/allocations/7d149cf8-b66f-42b9-b68d-015abf9057fa" status: 200 len: 258 microversion: 1.28
Jan 12 12:23:41.840006 n-d-824392-1 devstack@placement-api.service[104343]: [pid: 104343|app: 0|req: 65/129] 10.222.0.69 () {60 vars in 1377 bytes} [Wed Jan 12 12:23:41 2022] GET /placement/allocations/7d149cf8-b66f-42b9-b68d-015abf9057fa => generated 258 bytes in 23 msecs (HTTP/1.1 200) 8 headers in 296 bytes (1 switches on core 0)
Jan 12 12:23:42.034548 n-d-824392-1 devstack@placement-api.service[104342]: DEBUG placement.requestlog [req-16fe4ab4-877c-4746-824b-7bd5b8edfd41 req-286d0ae1-5441-4f75-86ce-5d569051f4b2 None None] Starting request: 10.222.0.59 "GET /placement/allocation_candidates?limit=1000&resources=DISK_GB%3A1%2CMEMORY_MB%3A1024%2CVCPU%3A1&root_required=%21COMPUTE_STATUS_DISABLED" {{(pid=104342) __call__ /opt/stack/placement/placement/requestlog.py:55}}
Jan 12 12:23:42.075249 n-d-824392-1 devstack@placement-api.service[104342]: DEBUG placement.objects.research_context [req-16fe4ab4-877c-4746-824b-7bd5b8edfd41 req-286d0ae1-5441-4f75-86ce-5d569051f4b2 service placement] getting providers with 1 DISK_GB {{(pid=104342) __init__ /opt/stack/placement/placement/objects/research_context.py:126}}
Jan 12 12:23:42.084214 n-d-824392-1 devstack@placement-api.service[104342]: DEBUG placement.objects.research_context [req-16fe4ab4-877c-4746-824b-7bd5b8edfd41 req-286d0ae1-5441-4f75-86ce-5d569051f4b2 service placement] getting providers with 1024 MEMORY_MB {{(pid=104342) __init__ /opt/stack/placement/placement/objects/research_context.py:126}}
Jan 12 12:23:42.092176 n-d-824392-1 devstack@placement-api.service[104342]: DEBUG placement.objects.research_context [req-16fe4ab4-877c-4746-824b-7bd5b8edfd41 req-286d0ae1-5441-4f75-86ce-5d569051f4b2 service placement] getting providers with 1 VCPU {{(pid=104342) __init__ /opt/stack/placement/placement/objects/research_context.py:126}}
Jan 12 12:23:42.099404 n-d-824392-1 devstack@placement-api.service[104342]: DEBUG placement.objects.research_context [req-16fe4ab4-877c-4746-824b-7bd5b8edfd41 req-286d0ae1-5441-4f75-86ce-5d569051f4b2 service placement] found 2 providers with available 1 DISK_GB {{(pid=104342) get_provider_ids_matching /opt/stack/placement/placement/objects/research_context.py:549}}
Jan 12 12:23:42.100072 n-d-824392-1 devstack@placement-api.service[104342]: DEBUG placement.objects.research_context [req-16fe4ab4-877c-4746-824b-7bd5b8edfd41 req-286d0ae1-5441-4f75-86ce-5d569051f4b2 service placement] found 2 providers with available 1024 MEMORY_MB {{(pid=104342) get_provider_ids_matching /opt/stack/placement/placement/objects/research_context.py:549}}
Jan 12 12:23:42.100548 n-d-824392-1 devstack@placement-api.service[104342]: DEBUG placement.objects.research_context [req-16fe4ab4-877c-4746-824b-7bd5b8edfd41 req-286d0ae1-5441-4f75-86ce-5d569051f4b2 service placement] found 2 providers after filtering by previous result {{(pid=104342) get_provider_ids_matching /opt/stack/placement/placement/objects/research_context.py:580}}
Jan 12 12:23:42.101151 n-d-824392-1 devstack@placement-api.service[104342]: DEBUG placement.objects.research_context [req-16fe4ab4-877c-4746-824b-7bd5b8edfd41 req-286d0ae1-5441-4f75-86ce-5d569051f4b2 service placement] found 2 providers with available 1 VCPU {{(pid=104342) get_provider_ids_matching /opt/stack/placement/placement/objects/research_context.py:549}}
Jan 12 12:23:42.101637 n-d-824392-1 devstack@placement-api.service[104342]: DEBUG placement.objects.research_context [req-16fe4ab4-877c-4746-824b-7bd5b8edfd41 req-286d0ae1-5441-4f75-86ce-5d569051f4b2 service placement] found 2 providers after filtering by previous result {{(pid=104342) get_provider_ids_matching /opt/stack/placement/placement/objects/research_context.py:580}}
Jan 12 12:23:42.117322 n-d-824392-1 devstack@placement-api.service[104342]: DEBUG placement.objects.allocation_candidate [req-16fe4ab4-877c-4746-824b-7bd5b8edfd41 req-286d0ae1-5441-4f75-86ce-5d569051f4b2 service placement] RequestGroup(use_same_provider=False, resources={DISK_GB:1, MEMORY_MB:1024, VCPU:1}, traits=[], aggregates=[]) (suffix '') returned 2 matches {{(pid=104342) _get_by_requests /opt/stack/placement/placement/objects/allocation_candidate.py:145}}
Jan 12 12:23:42.118105 n-d-824392-1 devstack@placement-api.service[104342]: DEBUG placement.objects.allocation_candidate [req-16fe4ab4-877c-4746-824b-7bd5b8edfd41 req-286d0ae1-5441-4f75-86ce-5d569051f4b2 service placement] Merging candidates yields 2 allocation requests and 2 provider summaries {{(pid=104342) _merge_candidates /opt/stack/placement/placement/objects/allocation_candidate.py:783}}
Jan 12 12:23:42.120004 n-d-824392-1 devstack@placement-api.service[104342]: INFO placement.requestlog [req-16fe4ab4-877c-4746-824b-7bd5b8edfd41 req-286d0ae1-5441-4f75-86ce-5d569051f4b2 service placement] 10.222.0.59 "GET /placement/allocation_candidates?limit=1000&resources=DISK_GB%3A1%2CMEMORY_MB%3A1024%2CVCPU%3A1&root_required=%21COMPUTE_STATUS_DISABLED" status: 200 len: 1309 microversion: 1.36
Jan 12 12:23:42.120949 n-d-824392-1 devstack@placement-api.service[104342]: [pid: 104342|app: 0|req: 65/130] 10.222.0.59 () {60 vars in 1506 bytes} [Wed Jan 12 12:23:42 2022] GET /placement/allocation_candidates?limit=1000&resources=DISK_GB%3A1%2CMEMORY_MB%3A1024%2CVCPU%3A1&root_required=%21COMPUTE_STATUS_DISABLED => generated 1309 bytes in 88 msecs (HTTP/1.1 200) 8 headers in 297 bytes (1 switches on core 0)
Jan 12 12:23:42.186447 n-d-824392-1 devstack@placement-api.service[104343]: DEBUG placement.requestlog [req-16fe4ab4-877c-4746-824b-7bd5b8edfd41 req-3791ff63-5312-4e13-880d-fad8a09d1d86 None None] Starting request: 10.222.0.59 "GET /placement/allocations/da408adc-cdfb-47da-adc5-0fe568cb9ce4" {{(pid=104343) __call__ /opt/stack/placement/placement/requestlog.py:55}}
Jan 12 12:23:42.202619 n-d-824392-1 devstack@placement-api.service[104343]: INFO placement.requestlog [req-16fe4ab4-877c-4746-824b-7bd5b8edfd41 req-3791ff63-5312-4e13-880d-fad8a09d1d86 service placement] 10.222.0.59 "GET /placement/allocations/da408adc-cdfb-47da-adc5-0fe568cb9ce4" status: 200 len: 19 microversion: 1.28
Jan 12 12:23:42.202995 n-d-824392-1 devstack@placement-api.service[104343]: [pid: 104343|app: 0|req: 66/131] 10.222.0.59 () {60 vars in 1380 bytes} [Wed Jan 12 12:23:42 2022] GET /placement/allocations/da408adc-cdfb-47da-adc5-0fe568cb9ce4 => generated 19 bytes in 17 msecs (HTTP/1.1 200) 8 headers in 295 bytes (1 switches on core 0)
Jan 12 12:23:42.211861 n-d-824392-1 devstack@placement-api.service[104342]: DEBUG placement.requestlog [req-16fe4ab4-877c-4746-824b-7bd5b8edfd41 req-61817e18-4d0f-4b4d-9652-9c83f9b15b67 None None] Starting request: 10.222.0.59 "PUT /placement/allocations/da408adc-cdfb-47da-adc5-0fe568cb9ce4" {{(pid=104342) __call__ /opt/stack/placement/placement/requestlog.py:55}}
Jan 12 12:23:42.538224 n-d-824392-1 devstack@placement-api.service[104342]: DEBUG placement.handlers.allocation [req-16fe4ab4-877c-4746-824b-7bd5b8edfd41 req-61817e18-4d0f-4b4d-9652-9c83f9b15b67 service placement] Successfully wrote allocations [, , ] {{(pid=104342) _update_consumers_and_create_allocations /opt/stack/placement/placement/handlers/allocation.py:462}}
Jan 12 12:23:42.612838 n-d-824392-1 devstack@placement-api.service[104342]: INFO placement.requestlog [req-16fe4ab4-877c-4746-824b-7bd5b8edfd41 req-61817e18-4d0f-4b4d-9652-9c83f9b15b67 service placement] 10.222.0.59 "PUT /placement/allocations/da408adc-cdfb-47da-adc5-0fe568cb9ce4" status: 204 len: 0 microversion: 1.36
Jan 12 12:23:42.613292 n-d-824392-1 devstack@placement-api.service[104342]: [pid: 104342|app: 0|req: 66/132] 10.222.0.59 () {64 vars in 1433 bytes} [Wed Jan 12 12:23:42 2022] PUT /placement/allocations/da408adc-cdfb-47da-adc5-0fe568cb9ce4 => generated 0 bytes in 402 msecs (HTTP/1.1 204) 5 headers in 199 bytes (2 switches on core 0)
Jan 12 12:23:43.831426 n-d-824392-1 devstack@placement-api.service[104343]: DEBUG placement.requestlog [req-16fe4ab4-877c-4746-824b-7bd5b8edfd41 req-7dbeaaa6-9e1e-4e63-9f4e-db827c78d214 None None] Starting request: 10.222.0.69 "GET /placement/allocations/da408adc-cdfb-47da-adc5-0fe568cb9ce4" {{(pid=104343) __call__ /opt/stack/placement/placement/requestlog.py:55}}
Jan 12 12:23:43.861803 n-d-824392-1 devstack@placement-api.service[104343]: INFO placement.requestlog [req-16fe4ab4-877c-4746-824b-7bd5b8edfd41 req-7dbeaaa6-9e1e-4e63-9f4e-db827c78d214 service placement] 10.222.0.69 "GET /placement/allocations/da408adc-cdfb-47da-adc5-0fe568cb9ce4" status: 200 len: 258 microversion: 1.28
Jan 12 12:23:43.863030 n-d-824392-1 devstack@placement-api.service[104343]: [pid: 104343|app: 0|req: 67/133] 10.222.0.69 () {60 vars in 1377 bytes} [Wed Jan 12 12:23:43 2022] GET /placement/allocations/da408adc-cdfb-47da-adc5-0fe568cb9ce4 => generated 258 bytes in 32 msecs (HTTP/1.1 200) 8 headers in 296 bytes (1 switches on core 0)
Jan 12 12:23:49.493300 n-d-824392-1 devstack@placement-api.service[104342]: DEBUG placement.requestlog [req-5d5358e1-a76f-4e46-b6aa-0d61e62f84ec req-02e8701b-cd71-4edf-a076-1f6fbffb2e20 None None] Starting request: 10.222.0.59 "GET /placement/allocation_candidates?resources=DISK_GB%3A1%2CMEMORY_MB%3A1024%2CVCPU%3A1&root_required=%21COMPUTE_STATUS_DISABLED" {{(pid=104342) __call__ /opt/stack/placement/placement/requestlog.py:55}}
Jan 12 12:23:49.545847 n-d-824392-1 devstack@placement-api.service[104342]: DEBUG placement.objects.research_context [req-5d5358e1-a76f-4e46-b6aa-0d61e62f84ec req-02e8701b-cd71-4edf-a076-1f6fbffb2e20 service placement] getting providers with 1 DISK_GB {{(pid=104342) __init__ /opt/stack/placement/placement/objects/research_context.py:126}}
Jan 12 12:23:49.562124 n-d-824392-1 devstack@placement-api.service[104342]: DEBUG placement.objects.research_context [req-5d5358e1-a76f-4e46-b6aa-0d61e62f84ec req-02e8701b-cd71-4edf-a076-1f6fbffb2e20 service placement] getting providers with 1024 MEMORY_MB {{(pid=104342) __init__ /opt/stack/placement/placement/objects/research_context.py:126}}
Jan 12 12:23:49.570040 n-d-824392-1 devstack@placement-api.service[104342]: DEBUG placement.objects.research_context [req-5d5358e1-a76f-4e46-b6aa-0d61e62f84ec req-02e8701b-cd71-4edf-a076-1f6fbffb2e20 service placement] getting providers with 1 VCPU {{(pid=104342) __init__ /opt/stack/placement/placement/objects/research_context.py:126}}
Jan 12 12:23:49.578207 n-d-824392-1 devstack@placement-api.service[104342]: DEBUG placement.objects.research_context [req-5d5358e1-a76f-4e46-b6aa-0d61e62f84ec req-02e8701b-cd71-4edf-a076-1f6fbffb2e20 service placement] found 2 providers with available 1 DISK_GB {{(pid=104342) get_provider_ids_matching /opt/stack/placement/placement/objects/research_context.py:549}}
Jan 12 12:23:49.578478 n-d-824392-1 devstack@placement-api.service[104342]: DEBUG placement.objects.research_context [req-5d5358e1-a76f-4e46-b6aa-0d61e62f84ec req-02e8701b-cd71-4edf-a076-1f6fbffb2e20 service placement] found 2 providers with available 1024 MEMORY_MB {{(pid=104342) get_provider_ids_matching /opt/stack/placement/placement/objects/research_context.py:549}}
Jan 12 12:23:49.578753 n-d-824392-1 devstack@placement-api.service[104342]: DEBUG placement.objects.research_context [req-5d5358e1-a76f-4e46-b6aa-0d61e62f84ec req-02e8701b-cd71-4edf-a076-1f6fbffb2e20 service placement] found 2 providers after filtering by previous result {{(pid=104342) get_provider_ids_matching /opt/stack/placement/placement/objects/research_context.py:580}}
Jan 12 12:23:49.579004 n-d-824392-1 devstack@placement-api.service[104342]: DEBUG placement.objects.research_context [req-5d5358e1-a76f-4e46-b6aa-0d61e62f84ec req-02e8701b-cd71-4edf-a076-1f6fbffb2e20 service placement] found 2 providers with available 1 VCPU {{(pid=104342) get_provider_ids_matching /opt/stack/placement/placement/objects/research_context.py:549}}
Jan 12 12:23:49.579326 n-d-824392-1 devstack@placement-api.service[104342]: DEBUG placement.objects.research_context [req-5d5358e1-a76f-4e46-b6aa-0d61e62f84ec req-02e8701b-cd71-4edf-a076-1f6fbffb2e20 service placement] found 2 providers after filtering by previous result {{(pid=104342) get_provider_ids_matching /opt/stack/placement/placement/objects/research_context.py:580}}
Jan 12 12:23:49.590062 n-d-824392-1 devstack@placement-api.service[104342]: DEBUG placement.objects.allocation_candidate [req-5d5358e1-a76f-4e46-b6aa-0d61e62f84ec req-02e8701b-cd71-4edf-a076-1f6fbffb2e20 service placement] RequestGroup(use_same_provider=False, resources={DISK_GB:1, MEMORY_MB:1024, VCPU:1}, traits=[], aggregates=[]) (suffix '') returned 2 matches {{(pid=104342) _get_by_requests /opt/stack/placement/placement/objects/allocation_candidate.py:145}}
Jan 12 12:23:49.590452 n-d-824392-1 devstack@placement-api.service[104342]: DEBUG placement.objects.allocation_candidate [req-5d5358e1-a76f-4e46-b6aa-0d61e62f84ec req-02e8701b-cd71-4edf-a076-1f6fbffb2e20 service placement] Merging candidates yields 2 allocation requests and 2 provider summaries {{(pid=104342) _merge_candidates /opt/stack/placement/placement/objects/allocation_candidate.py:783}}
Jan 12 12:23:49.592632 n-d-824392-1 devstack@placement-api.service[104342]: INFO placement.requestlog [req-5d5358e1-a76f-4e46-b6aa-0d61e62f84ec req-02e8701b-cd71-4edf-a076-1f6fbffb2e20 service placement] 10.222.0.59 "GET /placement/allocation_candidates?resources=DISK_GB%3A1%2CMEMORY_MB%3A1024%2CVCPU%3A1&root_required=%21COMPUTE_STATUS_DISABLED" status: 200 len: 1309 microversion: 1.36
Jan 12 12:23:49.593814 n-d-824392-1 devstack@placement-api.service[104342]: [pid: 104342|app: 0|req: 67/134] 10.222.0.59 () {60 vars in 1484 bytes} [Wed Jan 12 12:23:49 2022] GET /placement/allocation_candidates?resources=DISK_GB%3A1%2CMEMORY_MB%3A1024%2CVCPU%3A1&root_required=%21COMPUTE_STATUS_DISABLED => generated 1309 bytes in 107 msecs (HTTP/1.1 200) 8 headers in 297 bytes (1 switches on core 0)
Jan 12 12:23:49.648655 n-d-824392-1 devstack@placement-api.service[104343]: DEBUG placement.requestlog [req-5d5358e1-a76f-4e46-b6aa-0d61e62f84ec req-53fd9d22-02c2-4cdd-9d06-99a2a7eec5e9 None None] Starting request: 10.222.0.59 "GET /placement/allocations/73265f1c-b473-4441-8b1c-576f19804906" {{(pid=104343) __call__ /opt/stack/placement/placement/requestlog.py:55}}
Jan 12 12:23:49.666178 n-d-824392-1 devstack@placement-api.service[104343]: INFO placement.requestlog [req-5d5358e1-a76f-4e46-b6aa-0d61e62f84ec req-53fd9d22-02c2-4cdd-9d06-99a2a7eec5e9 service placement] 10.222.0.59 "GET /placement/allocations/73265f1c-b473-4441-8b1c-576f19804906" status: 200 len: 19 microversion: 1.28
Jan 12 12:23:49.675146 n-d-824392-1 devstack@placement-api.service[104343]: [pid: 104343|app: 0|req: 68/135] 10.222.0.59 () {60 vars in 1380 bytes} [Wed Jan 12 12:23:49 2022] GET /placement/allocations/73265f1c-b473-4441-8b1c-576f19804906 => generated 19 bytes in 27 msecs (HTTP/1.1 200) 8 headers in 295 bytes (1 switches on core 0)
Jan 12 12:23:49.681771 n-d-824392-1 devstack@placement-api.service[104342]: DEBUG placement.requestlog [req-5d5358e1-a76f-4e46-b6aa-0d61e62f84ec req-383d6e5c-7654-4de9-b6cf-d3255380be7a None None] Starting request: 10.222.0.59 "PUT /placement/allocations/73265f1c-b473-4441-8b1c-576f19804906" {{(pid=104342) __call__ /opt/stack/placement/placement/requestlog.py:55}}
Jan 12 12:23:49.843905 n-d-824392-1 devstack@placement-api.service[104342]: DEBUG placement.handlers.allocation [req-5d5358e1-a76f-4e46-b6aa-0d61e62f84ec req-383d6e5c-7654-4de9-b6cf-d3255380be7a service placement] Successfully wrote allocations [, , ] {{(pid=104342) _update_consumers_and_create_allocations /opt/stack/placement/placement/handlers/allocation.py:462}}
Jan 12 12:23:49.897875 n-d-824392-1 devstack@placement-api.service[104342]: INFO placement.requestlog [req-5d5358e1-a76f-4e46-b6aa-0d61e62f84ec req-383d6e5c-7654-4de9-b6cf-d3255380be7a service placement] 10.222.0.59 "PUT /placement/allocations/73265f1c-b473-4441-8b1c-576f19804906" status: 204 len: 0 microversion: 1.36
Jan 12 12:23:49.899854 n-d-824392-1 devstack@placement-api.service[104342]: [pid: 104342|app: 0|req: 68/136] 10.222.0.59 () {64 vars in 1433 bytes} [Wed Jan 12 12:23:49 2022] PUT /placement/allocations/73265f1c-b473-4441-8b1c-576f19804906 => generated 0 bytes in 218 msecs (HTTP/1.1 204) 5 headers in 199 bytes (1 switches on core 0)
Jan 12 12:23:49.948914 n-d-824392-1 devstack@placement-api.service[104343]: DEBUG placement.requestlog [req-5d5358e1-a76f-4e46-b6aa-0d61e62f84ec req-bebb9dcf-36f3-48ae-93b7-f7b4735c4be4 None None] Starting request: 10.222.0.59 "GET /placement/allocations/829de059-e375-4c3b-93f9-06cddc976ea7" {{(pid=104343) __call__ /opt/stack/placement/placement/requestlog.py:55}}
Jan 12 12:23:49.962593 n-d-824392-1 devstack@placement-api.service[104343]: INFO placement.requestlog [req-5d5358e1-a76f-4e46-b6aa-0d61e62f84ec req-bebb9dcf-36f3-48ae-93b7-f7b4735c4be4 service placement] 10.222.0.59 "GET /placement/allocations/829de059-e375-4c3b-93f9-06cddc976ea7" status: 200 len: 19 microversion: 1.28
Jan 12 12:23:49.963539 n-d-824392-1 devstack@placement-api.service[104343]: [pid: 104343|app: 0|req: 69/137] 10.222.0.59 () {60 vars in 1380 bytes} [Wed Jan 12 12:23:49 2022] GET /placement/allocations/829de059-e375-4c3b-93f9-06cddc976ea7 => generated 19 bytes in 15 msecs (HTTP/1.1 200) 8 headers in 295 bytes (1 switches on core 0)
Jan 12 12:23:49.972149 n-d-824392-1 devstack@placement-api.service[104342]: DEBUG placement.requestlog [req-5d5358e1-a76f-4e46-b6aa-0d61e62f84ec req-352552f1-056a-4bfd-a07f-a2f573ba241f None None] Starting request: 10.222.0.59 "PUT /placement/allocations/829de059-e375-4c3b-93f9-06cddc976ea7" {{(pid=104342) __call__ /opt/stack/placement/placement/requestlog.py:55}}
Jan 12 12:23:50.124034 n-d-824392-1 devstack@placement-api.service[104342]: DEBUG placement.handlers.allocation [req-5d5358e1-a76f-4e46-b6aa-0d61e62f84ec req-352552f1-056a-4bfd-a07f-a2f573ba241f service placement] Successfully wrote allocations [, , ] {{(pid=104342) _update_consumers_and_create_allocations /opt/stack/placement/placement/handlers/allocation.py:462}}
Jan 12 12:23:50.178126 n-d-824392-1 devstack@placement-api.service[104342]: INFO placement.requestlog [req-5d5358e1-a76f-4e46-b6aa-0d61e62f84ec req-352552f1-056a-4bfd-a07f-a2f573ba241f service placement] 10.222.0.59 "PUT /placement/allocations/829de059-e375-4c3b-93f9-06cddc976ea7" status: 204 len: 0 microversion: 1.36
Jan 12 12:23:50.178769 n-d-824392-1 devstack@placement-api.service[104342]: [pid: 104342|app: 0|req: 69/138] 10.222.0.59 () {64 vars in 1433 bytes} [Wed Jan 12 12:23:49 2022] PUT /placement/allocations/829de059-e375-4c3b-93f9-06cddc976ea7 => generated 0 bytes in 207 msecs (HTTP/1.1 204) 5 headers in 199 bytes (1 switches on core 0)
Jan 12 12:23:51.334290 n-d-824392-1 devstack@placement-api.service[104343]: DEBUG placement.requestlog [req-5d5358e1-a76f-4e46-b6aa-0d61e62f84ec req-89c6c6b9-1b0c-48f4-a739-d9c0309c9a43 None None] Starting request: 10.222.0.69 "GET /placement/allocations/73265f1c-b473-4441-8b1c-576f19804906" {{(pid=104343) __call__ /opt/stack/placement/placement/requestlog.py:55}}
Jan 12 12:23:51.364418 n-d-824392-1 devstack@placement-api.service[104343]: INFO placement.requestlog [req-5d5358e1-a76f-4e46-b6aa-0d61e62f84ec req-89c6c6b9-1b0c-48f4-a739-d9c0309c9a43 service placement] 10.222.0.69 "GET /placement/allocations/73265f1c-b473-4441-8b1c-576f19804906" status: 200 len: 259 microversion: 1.28
Jan 12 12:23:51.365384 n-d-824392-1 devstack@placement-api.service[104343]: [pid: 104343|app: 0|req: 70/139] 10.222.0.69 () {60 vars in 1377 bytes} [Wed Jan 12 12:23:51 2022] GET /placement/allocations/73265f1c-b473-4441-8b1c-576f19804906 => generated 259 bytes in 31 msecs (HTTP/1.1 200) 8 headers in 296 bytes (1 switches on core 0)
Jan 12 12:23:51.791333 n-d-824392-1 devstack@placement-api.service[104342]: DEBUG placement.requestlog [req-5d5358e1-a76f-4e46-b6aa-0d61e62f84ec req-856e6cd3-2ef5-4963-ab6e-f5b30645b3ea None None] Starting request: 10.222.0.69 "GET /placement/allocations/829de059-e375-4c3b-93f9-06cddc976ea7" {{(pid=104342) __call__ /opt/stack/placement/placement/requestlog.py:55}}
Jan 12 12:23:51.807317 n-d-824392-1 devstack@placement-api.service[104342]: INFO placement.requestlog [req-5d5358e1-a76f-4e46-b6aa-0d61e62f84ec req-856e6cd3-2ef5-4963-ab6e-f5b30645b3ea service placement] 10.222.0.69 "GET /placement/allocations/829de059-e375-4c3b-93f9-06cddc976ea7" status: 200 len: 259 microversion: 1.28
Jan 12 12:23:51.808106 n-d-824392-1 devstack@placement-api.service[104342]: [pid: 104342|app: 0|req: 70/140] 10.222.0.69 () {60 vars in 1377 bytes} [Wed Jan 12 12:23:51 2022] GET /placement/allocations/829de059-e375-4c3b-93f9-06cddc976ea7 => generated 259 bytes in 17 msecs (HTTP/1.1 200) 8 headers in 296 bytes (1 switches on core 0)
Jan 12 12:23:57.042015 n-d-824392-1 devstack@placement-api.service[104343]: DEBUG placement.requestlog [None req-1238faaf-6681-45c8-9ac3-3b2d147364e8 None None] Starting request: 10.222.0.59 "GET /placement/" {{(pid=104343) __call__ /opt/stack/placement/placement/requestlog.py:55}}
Jan 12 12:23:57.043574 n-d-824392-1 devstack@placement-api.service[104343]: INFO placement.requestlog [None req-1238faaf-6681-45c8-9ac3-3b2d147364e8 None None] 10.222.0.59 "GET /placement/" status: 200 len: 136 microversion: 1.0
Jan 12 12:23:57.044173 n-d-824392-1 devstack@placement-api.service[104343]: [pid: 104343|app: 0|req: 71/141] 10.222.0.59 () {54 vars in 916 bytes} [Wed Jan 12 12:23:57 2022] GET /placement => generated 136 bytes in 2 msecs (HTTP/1.1 200) 6 headers in 224 bytes (1 switches on core 0)
Jan 12 12:23:57.052344 n-d-824392-1 devstack@placement-api.service[104342]: DEBUG placement.requestlog [req-ad1cff7e-367b-4d21-8072-9b117287ac19 req-a3133499-3e31-4fbb-8ab7-a938c336c51e None None] Starting request: 10.222.0.59 "GET /placement/allocations/00f21ca1-ce6a-4c91-a597-140ea9a06926" {{(pid=104342) __call__ /opt/stack/placement/placement/requestlog.py:55}}
Jan 12 12:23:57.121122 n-d-824392-1 devstack@placement-api.service[104342]: INFO placement.requestlog [req-ad1cff7e-367b-4d21-8072-9b117287ac19 req-a3133499-3e31-4fbb-8ab7-a938c336c51e service placement] 10.222.0.59 "GET /placement/allocations/00f21ca1-ce6a-4c91-a597-140ea9a06926" status: 200 len: 259 microversion: 1.28
Jan 12 12:23:57.121613 n-d-824392-1 devstack@placement-api.service[104342]: [pid: 104342|app: 0|req: 71/142] 10.222.0.59 () {60 vars in 1380 bytes} [Wed Jan 12 12:23:57 2022] GET /placement/allocations/00f21ca1-ce6a-4c91-a597-140ea9a06926 => generated 259 bytes in 70 msecs (HTTP/1.1 200) 8 headers in 296 bytes (1 switches on core 0)
Jan 12 12:23:57.127645 n-d-824392-1 devstack@placement-api.service[104343]: DEBUG placement.requestlog [req-ad1cff7e-367b-4d21-8072-9b117287ac19 req-8add9f45-ce7c-4d27-8da8-4fa5919331c2 None None] Starting request: 10.222.0.59 "GET /placement/allocations/00f21ca1-ce6a-4c91-a597-140ea9a06926" {{(pid=104343) __call__ /opt/stack/placement/placement/requestlog.py:55}}
Jan 12 12:23:57.143054 n-d-824392-1 devstack@placement-api.service[104343]: INFO placement.requestlog [req-ad1cff7e-367b-4d21-8072-9b117287ac19 req-8add9f45-ce7c-4d27-8da8-4fa5919331c2 service placement] 10.222.0.59 "GET /placement/allocations/00f21ca1-ce6a-4c91-a597-140ea9a06926" status: 200 len: 259 microversion: 1.28
Jan 12 12:23:57.148232 n-d-824392-1 devstack@placement-api.service[104343]: [pid: 104343|app: 0|req: 72/143] 10.222.0.59 () {60 vars in 1380 bytes} [Wed Jan 12 12:23:57 2022] GET /placement/allocations/00f21ca1-ce6a-4c91-a597-140ea9a06926 => generated 259 bytes in 16 msecs (HTTP/1.1 200) 8 headers in 296 bytes (1 switches on core 0)
Jan 12 12:23:57.149083 n-d-824392-1 devstack@placement-api.service[104342]: DEBUG placement.requestlog [req-ad1cff7e-367b-4d21-8072-9b117287ac19 req-6ce69e24-6f2b-414c-82f0-04d33f8cc5df None None] Starting request: 10.222.0.59 "GET /placement/allocations/47f0bef4-56f6-4f16-b0a3-61d8a16ccb3c" {{(pid=104342) __call__ /opt/stack/placement/placement/requestlog.py:55}}
Jan 12 12:23:57.160961 n-d-824392-1 devstack@placement-api.service[104342]: INFO placement.requestlog [req-ad1cff7e-367b-4d21-8072-9b117287ac19 req-6ce69e24-6f2b-414c-82f0-04d33f8cc5df service placement] 10.222.0.59 "GET /placement/allocations/47f0bef4-56f6-4f16-b0a3-61d8a16ccb3c" status: 200 len: 19 microversion: 1.28
Jan 12 12:23:57.161317 n-d-824392-1 devstack@placement-api.service[104342]: [pid: 104342|app: 0|req: 72/144] 10.222.0.59 () {60 vars in 1380 bytes} [Wed Jan 12 12:23:57 2022] GET /placement/allocations/47f0bef4-56f6-4f16-b0a3-61d8a16ccb3c => generated 19 bytes in 13 msecs (HTTP/1.1 200) 8 headers in 295 bytes (2 switches on core 0)
Jan 12 12:23:57.167198 n-d-824392-1 devstack@placement-api.service[104343]: DEBUG placement.requestlog [req-ad1cff7e-367b-4d21-8072-9b117287ac19 req-26a0390f-15fc-43fc-9709-d87531d9aff4 None None] Starting request: 10.222.0.59 "POST /placement/allocations" {{(pid=104343) __call__ /opt/stack/placement/placement/requestlog.py:55}}
Jan 12 12:23:57.285838 n-d-824392-1 devstack@placement-api.service[104343]: DEBUG placement.handlers.allocation [req-ad1cff7e-367b-4d21-8072-9b117287ac19 req-26a0390f-15fc-43fc-9709-d87531d9aff4 service placement] Successfully wrote allocations [, , , , , ] {{(pid=104343) _update_consumers_and_create_allocations /opt/stack/placement/placement/handlers/allocation.py:572}}
Jan 12 12:23:57.359524 n-d-824392-1 devstack@placement-api.service[104343]: INFO placement.requestlog [req-ad1cff7e-367b-4d21-8072-9b117287ac19 req-26a0390f-15fc-43fc-9709-d87531d9aff4 service placement] 10.222.0.59 "POST /placement/allocations" status: 204 len: 0 microversion: 1.28
Jan 12 12:23:57.359976 n-d-824392-1 devstack@placement-api.service[104343]: [pid: 104343|app: 0|req: 73/145] 10.222.0.59 () {64 vars in 1323 bytes} [Wed Jan 12 12:23:57 2022] POST /placement/allocations => generated 0 bytes in 193 msecs (HTTP/1.1 204) 5 headers in 199 bytes (1 switches on core 0)
Jan 12 12:23:57.388432 n-d-824392-1 devstack@placement-api.service[104342]: DEBUG placement.requestlog [req-ad1cff7e-367b-4d21-8072-9b117287ac19 req-fdde6bbb-ba48-41a2-8237-bd001f7b8ab0 None None] Starting request: 10.222.0.59 "GET /placement/allocations/00f21ca1-ce6a-4c91-a597-140ea9a06926" {{(pid=104342) __call__ /opt/stack/placement/placement/requestlog.py:55}}
Jan 12 12:23:57.399153 n-d-824392-1 devstack@placement-api.service[104342]: INFO placement.requestlog [req-ad1cff7e-367b-4d21-8072-9b117287ac19 req-fdde6bbb-ba48-41a2-8237-bd001f7b8ab0 service placement] 10.222.0.59 "GET /placement/allocations/00f21ca1-ce6a-4c91-a597-140ea9a06926" status: 200 len: 19 microversion: 1.28
Jan 12 12:23:57.399479 n-d-824392-1 devstack@placement-api.service[104342]: [pid: 104342|app: 0|req: 73/146] 10.222.0.59 () {60 vars in 1380 bytes} [Wed Jan 12 12:23:57 2022] GET /placement/allocations/00f21ca1-ce6a-4c91-a597-140ea9a06926 => generated 19 bytes in 11 msecs (HTTP/1.1 200) 8 headers in 295 bytes (1 switches on core 0)
Jan 12 12:23:57.405666 n-d-824392-1 devstack@placement-api.service[104343]: DEBUG placement.requestlog [req-ad1cff7e-367b-4d21-8072-9b117287ac19 req-4bc0db3a-fbec-4fd8-ac51-5636f4862e16 None None] Starting request: 10.222.0.59 "PUT /placement/allocations/00f21ca1-ce6a-4c91-a597-140ea9a06926" {{(pid=104343) __call__ /opt/stack/placement/placement/requestlog.py:55}}
Jan 12 12:23:57.526504 n-d-824392-1 devstack@placement-api.service[104343]: DEBUG placement.handlers.allocation [req-ad1cff7e-367b-4d21-8072-9b117287ac19 req-4bc0db3a-fbec-4fd8-ac51-5636f4862e16 service placement] Successfully wrote allocations [, , ] {{(pid=104343) _update_consumers_and_create_allocations /opt/stack/placement/placement/handlers/allocation.py:462}}
Jan 12 12:23:57.599729 n-d-824392-1 devstack@placement-api.service[104343]: INFO placement.requestlog [req-ad1cff7e-367b-4d21-8072-9b117287ac19 req-4bc0db3a-fbec-4fd8-ac51-5636f4862e16 service placement] 10.222.0.59 "PUT /placement/allocations/00f21ca1-ce6a-4c91-a597-140ea9a06926" status: 204 len: 0 microversion: 1.28
Jan 12 12:23:57.600187 n-d-824392-1 devstack@placement-api.service[104343]: [pid: 104343|app: 0|req: 74/147] 10.222.0.59 () {64 vars in 1433 bytes} [Wed Jan 12 12:23:57 2022] PUT /placement/allocations/00f21ca1-ce6a-4c91-a597-140ea9a06926 => generated 0 bytes in 195 msecs (HTTP/1.1 204) 5 headers in 199 bytes (2 switches on core 0)
Jan 12 12:23:57.768733 n-d-824392-1 devstack@placement-api.service[104342]: DEBUG placement.requestlog [req-ad1cff7e-367b-4d21-8072-9b117287ac19 req-b2fb1408-67d6-4fe0-96af-74b167e8240a None None] Starting request: 10.222.0.69 "GET /placement/allocations/00f21ca1-ce6a-4c91-a597-140ea9a06926" {{(pid=104342) __call__ /opt/stack/placement/placement/requestlog.py:55}}
Jan 12 12:23:57.784309 n-d-824392-1 devstack@placement-api.service[104342]: INFO placement.requestlog [req-ad1cff7e-367b-4d21-8072-9b117287ac19 req-b2fb1408-67d6-4fe0-96af-74b167e8240a service placement] 10.222.0.69 "GET /placement/allocations/00f21ca1-ce6a-4c91-a597-140ea9a06926" status: 200 len: 259 microversion: 1.28
Jan 12 12:23:57.784679 n-d-824392-1 devstack@placement-api.service[104342]: [pid: 104342|app: 0|req: 74/148] 10.222.0.69 () {60 vars in 1377 bytes} [Wed Jan 12 12:23:57 2022] GET /placement/allocations/00f21ca1-ce6a-4c91-a597-140ea9a06926 => generated 259 bytes in 16 msecs (HTTP/1.1 200) 8 headers in 296 bytes (1 switches on core 0)
Jan 12 12:23:59.601776 n-d-824392-1 devstack@placement-api.service[104343]: DEBUG placement.requestlog [None req-0755a91c-58d7-4c1a-a1bc-6921db8aa955 None None] Starting request: 10.222.0.59 "GET /placement/" {{(pid=104343) __call__ /opt/stack/placement/placement/requestlog.py:55}}
Jan 12 12:23:59.606395 n-d-824392-1 devstack@placement-api.service[104343]: INFO placement.requestlog [None req-0755a91c-58d7-4c1a-a1bc-6921db8aa955 None None] 10.222.0.59 "GET /placement/" status: 200 len: 136 microversion: 1.0
Jan 12 12:23:59.606395 n-d-824392-1 devstack@placement-api.service[104343]: [pid: 104343|app: 0|req: 75/149] 10.222.0.59 () {54 vars in 916 bytes} [Wed Jan 12 12:23:59 2022] GET /placement => generated 136 bytes in 2 msecs (HTTP/1.1 200) 6 headers in 224 bytes (1 switches on core 0)
Jan 12 12:23:59.612496 n-d-824392-1 devstack@placement-api.service[104342]: DEBUG placement.requestlog [req-f51652bb-e8d2-4a05-ae7c-33ba800dc46e req-8f0e72cb-dd1f-45fc-99ec-b0218cf1fc5d None None] Starting request: 10.222.0.59 "GET /placement/allocations/8f55acb6-cb70-40de-a6fd-7c578ef77637" {{(pid=104342) __call__ /opt/stack/placement/placement/requestlog.py:55}}
Jan 12 12:23:59.681175 n-d-824392-1 devstack@placement-api.service[104342]: INFO placement.requestlog [req-f51652bb-e8d2-4a05-ae7c-33ba800dc46e req-8f0e72cb-dd1f-45fc-99ec-b0218cf1fc5d service placement] 10.222.0.59 "GET /placement/allocations/8f55acb6-cb70-40de-a6fd-7c578ef77637" status: 200 len: 259 microversion: 1.28
Jan 12 12:23:59.681548 n-d-824392-1 devstack@placement-api.service[104342]: [pid: 104342|app: 0|req: 75/150] 10.222.0.59 () {60 vars in 1380 bytes} [Wed Jan 12 12:23:59 2022] GET /placement/allocations/8f55acb6-cb70-40de-a6fd-7c578ef77637 => generated 259 bytes in 69 msecs (HTTP/1.1 200) 8 headers in 296 bytes (2 switches on core 0)
Jan 12 12:23:59.688317 n-d-824392-1 devstack@placement-api.service[104343]: DEBUG placement.requestlog [req-f51652bb-e8d2-4a05-ae7c-33ba800dc46e req-0e7a03a6-9fd2-4307-9359-128995601c78 None None] Starting request: 10.222.0.59 "GET /placement/allocations/8f55acb6-cb70-40de-a6fd-7c578ef77637" {{(pid=104343) __call__ /opt/stack/placement/placement/requestlog.py:55}}
Jan 12 12:23:59.707549 n-d-824392-1 devstack@placement-api.service[104343]: INFO placement.requestlog [req-f51652bb-e8d2-4a05-ae7c-33ba800dc46e req-0e7a03a6-9fd2-4307-9359-128995601c78 service placement] 10.222.0.59 "GET /placement/allocations/8f55acb6-cb70-40de-a6fd-7c578ef77637" status: 200 len: 259 microversion: 1.28
Jan 12 12:23:59.707549 n-d-824392-1 devstack@placement-api.service[104343]: [pid: 104343|app: 0|req: 76/151] 10.222.0.59 () {60 vars in 1380 bytes} [Wed Jan 12 12:23:59 2022] GET /placement/allocations/8f55acb6-cb70-40de-a6fd-7c578ef77637 => generated 259 bytes in 17 msecs (HTTP/1.1 200) 8 headers in 296 bytes (1 switches on core 0)
Jan 12 12:23:59.710684 n-d-824392-1 devstack@placement-api.service[104342]: DEBUG placement.requestlog [req-f51652bb-e8d2-4a05-ae7c-33ba800dc46e req-8ee8f3e3-5afc-47f4-a756-bfa5e3909962 None None] Starting request: 10.222.0.59 "GET /placement/allocations/ffd7e149-3ee5-403f-96c2-e37ae2265bba" {{(pid=104342) __call__ /opt/stack/placement/placement/requestlog.py:55}}
Jan 12 12:23:59.737362 n-d-824392-1 devstack@placement-api.service[104342]: INFO placement.requestlog [req-f51652bb-e8d2-4a05-ae7c-33ba800dc46e req-8ee8f3e3-5afc-47f4-a756-bfa5e3909962 service placement] 10.222.0.59 "GET /placement/allocations/ffd7e149-3ee5-403f-96c2-e37ae2265bba" status: 200 len: 19 microversion: 1.28
Jan 12 12:23:59.738026 n-d-824392-1 devstack@placement-api.service[104342]: [pid: 104342|app: 0|req: 76/152] 10.222.0.59 () {60 vars in 1380 bytes} [Wed Jan 12 12:23:59 2022] GET /placement/allocations/ffd7e149-3ee5-403f-96c2-e37ae2265bba => generated 19 bytes in 28 msecs (HTTP/1.1 200) 8 headers in 295 bytes (1 switches on core 0)
Jan 12 12:23:59.743926 n-d-824392-1 devstack@placement-api.service[104343]: DEBUG placement.requestlog [req-f51652bb-e8d2-4a05-ae7c-33ba800dc46e req-64aef6d0-b8ad-4980-9831-a97b51d4d11e None None] Starting request: 10.222.0.59 "POST /placement/allocations" {{(pid=104343) __call__ /opt/stack/placement/placement/requestlog.py:55}}
Jan 12 12:23:59.956972 n-d-824392-1 devstack@placement-api.service[104343]: DEBUG placement.handlers.allocation [req-f51652bb-e8d2-4a05-ae7c-33ba800dc46e req-64aef6d0-b8ad-4980-9831-a97b51d4d11e service placement] Successfully wrote allocations [, , , , , ] {{(pid=104343) _update_consumers_and_create_allocations /opt/stack/placement/placement/handlers/allocation.py:572}}
Jan 12 12:24:00.006708 n-d-824392-1 devstack@placement-api.service[104343]: INFO placement.requestlog [req-f51652bb-e8d2-4a05-ae7c-33ba800dc46e req-64aef6d0-b8ad-4980-9831-a97b51d4d11e service placement] 10.222.0.59 "POST /placement/allocations" status: 204 len: 0 microversion: 1.28
Jan 12 12:24:00.007113 n-d-824392-1 devstack@placement-api.service[104343]: [pid: 104343|app: 0|req: 77/153] 10.222.0.59 () {64 vars in 1323 bytes} [Wed Jan 12 12:23:59 2022] POST /placement/allocations => generated 0 bytes in 263 msecs (HTTP/1.1 204) 5 headers in 199 bytes (1 switches on core 0)
Jan 12 12:24:00.040585 n-d-824392-1 devstack@placement-api.service[104342]: DEBUG placement.requestlog [req-f51652bb-e8d2-4a05-ae7c-33ba800dc46e req-c0878f5a-9f47-4277-a380-38df227f9e7b None None] Starting request: 10.222.0.59 "GET /placement/allocations/8f55acb6-cb70-40de-a6fd-7c578ef77637" {{(pid=104342) __call__ /opt/stack/placement/placement/requestlog.py:55}}
Jan 12 12:24:00.053364 n-d-824392-1 devstack@placement-api.service[104342]: INFO placement.requestlog [req-f51652bb-e8d2-4a05-ae7c-33ba800dc46e req-c0878f5a-9f47-4277-a380-38df227f9e7b service placement] 10.222.0.59 "GET /placement/allocations/8f55acb6-cb70-40de-a6fd-7c578ef77637" status: 200 len: 19 microversion: 1.28
Jan 12 12:24:00.053731 n-d-824392-1 devstack@placement-api.service[104342]: [pid: 104342|app: 0|req: 77/154] 10.222.0.59 () {60 vars in 1380 bytes} [Wed Jan 12 12:24:00 2022] GET /placement/allocations/8f55acb6-cb70-40de-a6fd-7c578ef77637 => generated 19 bytes in 13 msecs (HTTP/1.1 200) 8 headers in 295 bytes (1 switches on core 0)
Jan 12 12:24:00.066926 n-d-824392-1 devstack@placement-api.service[104343]: DEBUG placement.requestlog [req-f51652bb-e8d2-4a05-ae7c-33ba800dc46e req-2bf61922-c020-4a85-83da-e460995cf28a None None] Starting request: 10.222.0.59 "PUT /placement/allocations/8f55acb6-cb70-40de-a6fd-7c578ef77637" {{(pid=104343) __call__ /opt/stack/placement/placement/requestlog.py:55}}
Jan 12 12:24:00.191085 n-d-824392-1 devstack@placement-api.service[104343]: DEBUG placement.handlers.allocation [req-f51652bb-e8d2-4a05-ae7c-33ba800dc46e req-2bf61922-c020-4a85-83da-e460995cf28a service placement] Successfully wrote allocations [, , ] {{(pid=104343) _update_consumers_and_create_allocations /opt/stack/placement/placement/handlers/allocation.py:462}}
Jan 12 12:24:00.263416 n-d-824392-1 devstack@placement-api.service[104343]: INFO placement.requestlog [req-f51652bb-e8d2-4a05-ae7c-33ba800dc46e req-2bf61922-c020-4a85-83da-e460995cf28a service placement] 10.222.0.59 "PUT /placement/allocations/8f55acb6-cb70-40de-a6fd-7c578ef77637" status: 204 len: 0 microversion: 1.28
Jan 12 12:24:00.263885 n-d-824392-1 devstack@placement-api.service[104343]: [pid: 104343|app: 0|req: 78/155] 10.222.0.59 () {64 vars in 1433 bytes} [Wed Jan 12 12:24:00 2022] PUT /placement/allocations/8f55acb6-cb70-40de-a6fd-7c578ef77637 => generated 0 bytes in 197 msecs (HTTP/1.1 204) 5 headers in 199 bytes (1 switches on core 0)
Jan 12 12:24:00.508506 n-d-824392-1 devstack@placement-api.service[104342]: DEBUG placement.requestlog [req-f51652bb-e8d2-4a05-ae7c-33ba800dc46e req-9d07cff0-cdfc-46f6-b53c-abc0ef6ec716 None None] Starting request: 10.222.0.69 "GET /placement/allocations/8f55acb6-cb70-40de-a6fd-7c578ef77637" {{(pid=104342) __call__ /opt/stack/placement/placement/requestlog.py:55}}
Jan 12 12:24:00.543810 n-d-824392-1 devstack@placement-api.service[104342]: INFO placement.requestlog [req-f51652bb-e8d2-4a05-ae7c-33ba800dc46e req-9d07cff0-cdfc-46f6-b53c-abc0ef6ec716 service placement] 10.222.0.69 "GET /placement/allocations/8f55acb6-cb70-40de-a6fd-7c578ef77637" status: 200 len: 259 microversion: 1.28
Jan 12 12:24:00.544787 n-d-824392-1 devstack@placement-api.service[104342]: [pid: 104342|app: 0|req: 78/156] 10.222.0.69 () {60 vars in 1377 bytes} [Wed Jan 12 12:24:00 2022] GET /placement/allocations/8f55acb6-cb70-40de-a6fd-7c578ef77637 => generated 259 bytes in 37 msecs (HTTP/1.1 200) 8 headers in 296 bytes (1 switches on core 0)
Jan 12 12:24:03.773700 n-d-824392-1 devstack@placement-api.service[104343]: DEBUG placement.requestlog [req-e4f3d374-b7dc-4646-a690-61160afb828b req-10086484-313c-4704-aee7-b224baf4c1e1 None None] Starting request: 10.222.0.59 "GET /placement/allocation_candidates?limit=1000&resources=DISK_GB%3A1%2CMEMORY_MB%3A1024%2CVCPU%3A1&root_required=%21COMPUTE_STATUS_DISABLED" {{(pid=104343) __call__ /opt/stack/placement/placement/requestlog.py:55}}
Jan 12 12:24:03.809980 n-d-824392-1 devstack@placement-api.service[104343]: DEBUG placement.objects.research_context [req-e4f3d374-b7dc-4646-a690-61160afb828b req-10086484-313c-4704-aee7-b224baf4c1e1 service placement] getting providers with 1 DISK_GB {{(pid=104343) __init__ /opt/stack/placement/placement/objects/research_context.py:126}}
Jan 12 12:24:03.815882 n-d-824392-1 devstack@placement-api.service[104343]: DEBUG placement.objects.research_context [req-e4f3d374-b7dc-4646-a690-61160afb828b req-10086484-313c-4704-aee7-b224baf4c1e1 service placement] getting providers with 1024 MEMORY_MB {{(pid=104343) __init__ /opt/stack/placement/placement/objects/research_context.py:126}}
Jan 12 12:24:03.822937 n-d-824392-1 devstack@placement-api.service[104343]: DEBUG placement.objects.research_context [req-e4f3d374-b7dc-4646-a690-61160afb828b req-10086484-313c-4704-aee7-b224baf4c1e1 service placement] getting providers with 1 VCPU {{(pid=104343) __init__ /opt/stack/placement/placement/objects/research_context.py:126}}
Jan 12 12:24:03.830373 n-d-824392-1 devstack@placement-api.service[104343]: DEBUG placement.objects.research_context [req-e4f3d374-b7dc-4646-a690-61160afb828b req-10086484-313c-4704-aee7-b224baf4c1e1 service placement] found 2 providers with available 1 DISK_GB {{(pid=104343) get_provider_ids_matching /opt/stack/placement/placement/objects/research_context.py:549}}
Jan 12 12:24:03.830756 n-d-824392-1 devstack@placement-api.service[104343]: DEBUG placement.objects.research_context [req-e4f3d374-b7dc-4646-a690-61160afb828b req-10086484-313c-4704-aee7-b224baf4c1e1 service placement] found 2 providers with available 1024 MEMORY_MB {{(pid=104343) get_provider_ids_matching /opt/stack/placement/placement/objects/research_context.py:549}}
Jan 12 12:24:03.831245 n-d-824392-1 devstack@placement-api.service[104343]: DEBUG placement.objects.research_context [req-e4f3d374-b7dc-4646-a690-61160afb828b req-10086484-313c-4704-aee7-b224baf4c1e1 service placement] found 2 providers after filtering by previous result {{(pid=104343) get_provider_ids_matching /opt/stack/placement/placement/objects/research_context.py:580}}
Jan 12 12:24:03.831510 n-d-824392-1 devstack@placement-api.service[104343]: DEBUG placement.objects.research_context [req-e4f3d374-b7dc-4646-a690-61160afb828b req-10086484-313c-4704-aee7-b224baf4c1e1 service placement] found 2 providers with available 1 VCPU {{(pid=104343) get_provider_ids_matching /opt/stack/placement/placement/objects/research_context.py:549}}
Jan 12 12:24:03.831779 n-d-824392-1 devstack@placement-api.service[104343]: DEBUG placement.objects.research_context [req-e4f3d374-b7dc-4646-a690-61160afb828b req-10086484-313c-4704-aee7-b224baf4c1e1 service placement] found 2 providers after filtering by previous result {{(pid=104343) get_provider_ids_matching /opt/stack/placement/placement/objects/research_context.py:580}}
Jan 12 12:24:03.843143 n-d-824392-1 devstack@placement-api.service[104343]: DEBUG placement.objects.allocation_candidate [req-e4f3d374-b7dc-4646-a690-61160afb828b req-10086484-313c-4704-aee7-b224baf4c1e1 service placement] RequestGroup(use_same_provider=False, resources={DISK_GB:1, MEMORY_MB:1024, VCPU:1}, traits=[], aggregates=[]) (suffix '') returned 2 matches {{(pid=104343) _get_by_requests /opt/stack/placement/placement/objects/allocation_candidate.py:145}}
Jan 12 12:24:03.843785 n-d-824392-1 devstack@placement-api.service[104343]: DEBUG placement.objects.allocation_candidate [req-e4f3d374-b7dc-4646-a690-61160afb828b req-10086484-313c-4704-aee7-b224baf4c1e1 service placement] Merging candidates yields 2 allocation requests and 2 provider summaries {{(pid=104343) _merge_candidates /opt/stack/placement/placement/objects/allocation_candidate.py:783}}
Jan 12 12:24:03.846719 n-d-824392-1 devstack@placement-api.service[104343]: INFO placement.requestlog [req-e4f3d374-b7dc-4646-a690-61160afb828b req-10086484-313c-4704-aee7-b224baf4c1e1 service placement] 10.222.0.59 "GET /placement/allocation_candidates?limit=1000&resources=DISK_GB%3A1%2CMEMORY_MB%3A1024%2CVCPU%3A1&root_required=%21COMPUTE_STATUS_DISABLED" status: 200 len: 1309 microversion: 1.36
