Feb 11 07:12:28.737299 n-d-824358-9 devstack@placement-api.service[104363]: [pid: 104363|app: 0|req: 152/302] 10.222.0.93 () {64 vars in 1433 bytes} [Fri Feb 11 07:12:28 2022] PUT /placement/allocations/62a77c65-9a3a-44e7-8ef2-ac2494850ef4 => generated 0 bytes in 224 msecs (HTTP/1.1 204) 5 headers in 199 bytes (1 switches on core 0)
Feb 11 07:12:29.543340 n-d-824358-9 devstack@placement-api.service[104362]: DEBUG placement.requestlog [req-8d0a3c32-f96c-4d49-895e-b6cc331d8bd2 req-bde839cb-2864-43ff-a93a-6202fe1a0588 None None] Starting request: 10.222.0.82 "GET /placement/allocations/c86036a0-7cef-477e-8af6-360df3169935" {{(pid=104362) __call__ /opt/stack/placement/placement/requestlog.py:55}}
Feb 11 07:12:29.583055 n-d-824358-9 devstack@placement-api.service[104362]: INFO placement.requestlog [req-8d0a3c32-f96c-4d49-895e-b6cc331d8bd2 req-bde839cb-2864-43ff-a93a-6202fe1a0588 service placement] 10.222.0.82 "GET /placement/allocations/c86036a0-7cef-477e-8af6-360df3169935" status: 200 len: 258 microversion: 1.28
Feb 11 07:12:29.583617 n-d-824358-9 devstack@placement-api.service[104362]: [pid: 104362|app: 0|req: 151/303] 10.222.0.82 () {60 vars in 1377 bytes} [Fri Feb 11 07:12:29 2022] GET /placement/allocations/c86036a0-7cef-477e-8af6-360df3169935 => generated 258 bytes in 40 msecs (HTTP/1.1 200) 8 headers in 296 bytes (1 switches on core 0)
Feb 11 07:12:29.711621 n-d-824358-9 devstack@placement-api.service[104363]: DEBUG placement.requestlog [req-ea4c271c-75e6-4e06-9655-1a6fb9c721f0 req-6e6d80f5-e2c5-4e2b-a673-d5b7c3baa810 None None] Starting request: 10.222.0.82 "GET /placement/allocations/62a77c65-9a3a-44e7-8ef2-ac2494850ef4" {{(pid=104363) __call__ /opt/stack/placement/placement/requestlog.py:55}}
Feb 11 07:12:29.732475 n-d-824358-9 devstack@placement-api.service[104363]: INFO placement.requestlog [req-ea4c271c-75e6-4e06-9655-1a6fb9c721f0 req-6e6d80f5-e2c5-4e2b-a673-d5b7c3baa810 service placement] 10.222.0.82 "GET /placement/allocations/62a77c65-9a3a-44e7-8ef2-ac2494850ef4" status: 200 len: 258 microversion: 1.28
Feb 11 07:12:29.733470 n-d-824358-9 devstack@placement-api.service[104363]: [pid: 104363|app: 0|req: 153/304] 10.222.0.82 () {60 vars in 1377 bytes} [Fri Feb 11 07:12:29 2022] GET /placement/allocations/62a77c65-9a3a-44e7-8ef2-ac2494850ef4 => generated 258 bytes in 23 msecs (HTTP/1.1 200) 8 headers in 296 bytes (1 switches on core 0)
Feb 11 07:12:32.268341 n-d-824358-9 devstack@placement-api.service[104362]: DEBUG placement.requestlog [req-3a7a4e30-ef5d-4a7f-8e66-d6bc72568fa6 req-5451b6f3-0b82-4c6a-95d2-26f8e3d4fc45 None None] Starting request: 10.222.0.93 "GET /placement/allocation_candidates?limit=1000&resources=DISK_GB%3A1%2CMEMORY_MB%3A1024%2CVCPU%3A1&root_required=%21COMPUTE_STATUS_DISABLED" {{(pid=104362) __call__ /opt/stack/placement/placement/requestlog.py:55}}
Feb 11 07:12:32.384190 n-d-824358-9 devstack@placement-api.service[104362]: DEBUG placement.objects.research_context [req-3a7a4e30-ef5d-4a7f-8e66-d6bc72568fa6 req-5451b6f3-0b82-4c6a-95d2-26f8e3d4fc45 service placement] getting providers with 1 DISK_GB {{(pid=104362) __init__ /opt/stack/placement/placement/objects/research_context.py:126}}
Feb 11 07:12:32.400560 n-d-824358-9 devstack@placement-api.service[104362]: DEBUG placement.objects.research_context [req-3a7a4e30-ef5d-4a7f-8e66-d6bc72568fa6 req-5451b6f3-0b82-4c6a-95d2-26f8e3d4fc45 service placement] getting providers with 1024 MEMORY_MB {{(pid=104362) __init__ /opt/stack/placement/placement/objects/research_context.py:126}}
Feb 11 07:12:32.425940 n-d-824358-9 devstack@placement-api.service[104362]: DEBUG placement.objects.research_context [req-3a7a4e30-ef5d-4a7f-8e66-d6bc72568fa6 req-5451b6f3-0b82-4c6a-95d2-26f8e3d4fc45 service placement] getting providers with 1 VCPU {{(pid=104362) __init__ /opt/stack/placement/placement/objects/research_context.py:126}}
Feb 11 07:12:32.440661 n-d-824358-9 devstack@placement-api.service[104362]: DEBUG placement.objects.research_context [req-3a7a4e30-ef5d-4a7f-8e66-d6bc72568fa6 req-5451b6f3-0b82-4c6a-95d2-26f8e3d4fc45 service placement] found 2 providers with available 1 DISK_GB {{(pid=104362) get_provider_ids_matching /opt/stack/placement/placement/objects/research_context.py:549}}
Feb 11 07:12:32.441612 n-d-824358-9 devstack@placement-api.service[104362]: DEBUG placement.objects.research_context [req-3a7a4e30-ef5d-4a7f-8e66-d6bc72568fa6 req-5451b6f3-0b82-4c6a-95d2-26f8e3d4fc45 service placement] found 2 providers with available 1024 MEMORY_MB {{(pid=104362) get_provider_ids_matching /opt/stack/placement/placement/objects/research_context.py:549}}
Feb 11 07:12:32.441884 n-d-824358-9 devstack@placement-api.service[104362]: DEBUG placement.objects.research_context [req-3a7a4e30-ef5d-4a7f-8e66-d6bc72568fa6 req-5451b6f3-0b82-4c6a-95d2-26f8e3d4fc45 service placement] found 2 providers after filtering by previous result {{(pid=104362) get_provider_ids_matching /opt/stack/placement/placement/objects/research_context.py:580}}
Feb 11 07:12:32.453369 n-d-824358-9 devstack@placement-api.service[104362]: DEBUG placement.objects.research_context [req-3a7a4e30-ef5d-4a7f-8e66-d6bc72568fa6 req-5451b6f3-0b82-4c6a-95d2-26f8e3d4fc45 service placement] found 2 providers with available 1 VCPU {{(pid=104362) get_provider_ids_matching /opt/stack/placement/placement/objects/research_context.py:549}}
Feb 11 07:12:32.453369 n-d-824358-9 devstack@placement-api.service[104362]: DEBUG placement.objects.research_context [req-3a7a4e30-ef5d-4a7f-8e66-d6bc72568fa6 req-5451b6f3-0b82-4c6a-95d2-26f8e3d4fc45 service placement] found 2 providers after filtering by previous result {{(pid=104362) get_provider_ids_matching /opt/stack/placement/placement/objects/research_context.py:580}}
Feb 11 07:12:32.474284 n-d-824358-9 devstack@placement-api.service[104362]: DEBUG placement.objects.allocation_candidate [req-3a7a4e30-ef5d-4a7f-8e66-d6bc72568fa6 req-5451b6f3-0b82-4c6a-95d2-26f8e3d4fc45 service placement] RequestGroup(use_same_provider=False, resources={DISK_GB:1, MEMORY_MB:1024, VCPU:1}, traits=[], aggregates=[]) (suffix '') returned 2 matches {{(pid=104362) _get_by_requests /opt/stack/placement/placement/objects/allocation_candidate.py:145}}
Feb 11 07:12:32.474657 n-d-824358-9 devstack@placement-api.service[104362]: DEBUG placement.objects.allocation_candidate [req-3a7a4e30-ef5d-4a7f-8e66-d6bc72568fa6 req-5451b6f3-0b82-4c6a-95d2-26f8e3d4fc45 service placement] Merging candidates yields 2 allocation requests and 2 provider summaries {{(pid=104362) _merge_candidates /opt/stack/placement/placement/objects/allocation_candidate.py:783}}
Feb 11 07:12:32.478124 n-d-824358-9 devstack@placement-api.service[104362]: INFO placement.requestlog [req-3a7a4e30-ef5d-4a7f-8e66-d6bc72568fa6 req-5451b6f3-0b82-4c6a-95d2-26f8e3d4fc45 service placement] 10.222.0.93 "GET /placement/allocation_candidates?limit=1000&resources=DISK_GB%3A1%2CMEMORY_MB%3A1024%2CVCPU%3A1&root_required=%21COMPUTE_STATUS_DISABLED" status: 200 len: 1309 microversion: 1.36
Feb 11 07:12:32.481915 n-d-824358-9 devstack@placement-api.service[104362]: [pid: 104362|app: 0|req: 152/305] 10.222.0.93 () {60 vars in 1506 bytes} [Fri Feb 11 07:12:32 2022] GET /placement/allocation_candidates?limit=1000&resources=DISK_GB%3A1%2CMEMORY_MB%3A1024%2CVCPU%3A1&root_required=%21COMPUTE_STATUS_DISABLED => generated 1309 bytes in 214 msecs (HTTP/1.1 200) 8 headers in 297 bytes (1 switches on core 0)
Feb 11 07:12:32.627545 n-d-824358-9 devstack@placement-api.service[104363]: DEBUG placement.requestlog [req-3a7a4e30-ef5d-4a7f-8e66-d6bc72568fa6 req-34a1d229-75e7-4642-a29c-c7b1bcc098a4 None None] Starting request: 10.222.0.93 "GET /placement/allocations/2eb69bf1-9bf9-4655-a87c-b99241ffc331" {{(pid=104363) __call__ /opt/stack/placement/placement/requestlog.py:55}}
Feb 11 07:12:32.647312 n-d-824358-9 devstack@placement-api.service[104363]: INFO placement.requestlog [req-3a7a4e30-ef5d-4a7f-8e66-d6bc72568fa6 req-34a1d229-75e7-4642-a29c-c7b1bcc098a4 service placement] 10.222.0.93 "GET /placement/allocations/2eb69bf1-9bf9-4655-a87c-b99241ffc331" status: 200 len: 19 microversion: 1.28
Feb 11 07:12:32.650136 n-d-824358-9 devstack@placement-api.service[104363]: [pid: 104363|app: 0|req: 154/306] 10.222.0.93 () {60 vars in 1380 bytes} [Fri Feb 11 07:12:32 2022] GET /placement/allocations/2eb69bf1-9bf9-4655-a87c-b99241ffc331 => generated 19 bytes in 21 msecs (HTTP/1.1 200) 8 headers in 295 bytes (1 switches on core 0)
Feb 11 07:12:32.654811 n-d-824358-9 devstack@placement-api.service[104362]: DEBUG placement.requestlog [req-3a7a4e30-ef5d-4a7f-8e66-d6bc72568fa6 req-9af3371e-c476-4a00-9dd9-f276ec0b9eb3 None None] Starting request: 10.222.0.93 "PUT /placement/allocations/2eb69bf1-9bf9-4655-a87c-b99241ffc331" {{(pid=104362) __call__ /opt/stack/placement/placement/requestlog.py:55}}
Feb 11 07:12:32.862470 n-d-824358-9 devstack@placement-api.service[104362]: DEBUG placement.handlers.allocation [req-3a7a4e30-ef5d-4a7f-8e66-d6bc72568fa6 req-9af3371e-c476-4a00-9dd9-f276ec0b9eb3 service placement] Successfully wrote allocations [, , ] {{(pid=104362) _update_consumers_and_create_allocations /opt/stack/placement/placement/handlers/allocation.py:462}}
Feb 11 07:12:32.951025 n-d-824358-9 devstack@placement-api.service[104362]: INFO placement.requestlog [req-3a7a4e30-ef5d-4a7f-8e66-d6bc72568fa6 req-9af3371e-c476-4a00-9dd9-f276ec0b9eb3 service placement] 10.222.0.93 "PUT /placement/allocations/2eb69bf1-9bf9-4655-a87c-b99241ffc331" status: 204 len: 0 microversion: 1.36
Feb 11 07:12:32.951439 n-d-824358-9 devstack@placement-api.service[104362]: [pid: 104362|app: 0|req: 153/307] 10.222.0.93 () {64 vars in 1433 bytes} [Fri Feb 11 07:12:32 2022] PUT /placement/allocations/2eb69bf1-9bf9-4655-a87c-b99241ffc331 => generated 0 bytes in 297 msecs (HTTP/1.1 204) 5 headers in 199 bytes (2 switches on core 0)
Feb 11 07:12:34.243073 n-d-824358-9 devstack@placement-api.service[104363]: DEBUG placement.requestlog [req-3a7a4e30-ef5d-4a7f-8e66-d6bc72568fa6 req-13d4ba78-0040-46f1-8784-b499ab70750f None None] Starting request: 10.222.0.82 "GET /placement/allocations/2eb69bf1-9bf9-4655-a87c-b99241ffc331" {{(pid=104363) __call__ /opt/stack/placement/placement/requestlog.py:55}}
Feb 11 07:12:34.270134 n-d-824358-9 devstack@placement-api.service[104363]: INFO placement.requestlog [req-3a7a4e30-ef5d-4a7f-8e66-d6bc72568fa6 req-13d4ba78-0040-46f1-8784-b499ab70750f service placement] 10.222.0.82 "GET /placement/allocations/2eb69bf1-9bf9-4655-a87c-b99241ffc331" status: 200 len: 259 microversion: 1.28
Feb 11 07:12:34.276066 n-d-824358-9 devstack@placement-api.service[104363]: [pid: 104363|app: 0|req: 155/308] 10.222.0.82 () {60 vars in 1377 bytes} [Fri Feb 11 07:12:34 2022] GET /placement/allocations/2eb69bf1-9bf9-4655-a87c-b99241ffc331 => generated 259 bytes in 28 msecs (HTTP/1.1 200) 8 headers in 296 bytes (1 switches on core 0)
Feb 11 07:12:34.993410 n-d-824358-9 devstack@placement-api.service[104362]: DEBUG placement.requestlog [req-074242c0-b652-4408-acdb-624a2eb72921 req-fc23b436-9c6f-4354-bc46-7176ce022578 None None] Starting request: 10.222.0.82 "GET /placement/resource_providers/77427181-b0e3-4e60-bb3c-55774a382904/allocations" {{(pid=104362) __call__ /opt/stack/placement/placement/requestlog.py:55}}
Feb 11 07:12:35.038992 n-d-824358-9 devstack@placement-api.service[104362]: INFO placement.requestlog [req-074242c0-b652-4408-acdb-624a2eb72921 req-fc23b436-9c6f-4354-bc46-7176ce022578 service placement] 10.222.0.82 "GET /placement/resource_providers/77427181-b0e3-4e60-bb3c-55774a382904/allocations" status: 200 len: 859 microversion: 1.0
Feb 11 07:12:35.040183 n-d-824358-9 devstack@placement-api.service[104362]: [pid: 104362|app: 0|req: 154/309] 10.222.0.82 () {58 vars in 1390 bytes} [Fri Feb 11 07:12:34 2022] GET /placement/resource_providers/77427181-b0e3-4e60-bb3c-55774a382904/allocations => generated 859 bytes in 47 msecs (HTTP/1.1 200) 6 headers in 224 bytes (1 switches on core 0)
Feb 11 07:12:35.578050 n-d-824358-9 devstack@placement-api.service[104363]: DEBUG placement.requestlog [req-074242c0-b652-4408-acdb-624a2eb72921 req-8224f425-064b-475d-a19a-ab84ad2ab049 None None] Starting request: 10.222.0.82 "GET /placement/allocations/2948dcbf-ec52-43b2-a70b-b9e0b559bf74" {{(pid=104363) __call__ /opt/stack/placement/placement/requestlog.py:55}}
Feb 11 07:12:35.623497 n-d-824358-9 devstack@placement-api.service[104363]: INFO placement.requestlog [req-074242c0-b652-4408-acdb-624a2eb72921 req-8224f425-064b-475d-a19a-ab84ad2ab049 service placement] 10.222.0.82 "GET /placement/allocations/2948dcbf-ec52-43b2-a70b-b9e0b559bf74" status: 200 len: 259 microversion: 1.28
Feb 11 07:12:35.624222 n-d-824358-9 devstack@placement-api.service[104363]: [pid: 104363|app: 0|req: 156/310] 10.222.0.82 () {60 vars in 1377 bytes} [Fri Feb 11 07:12:35 2022] GET /placement/allocations/2948dcbf-ec52-43b2-a70b-b9e0b559bf74 => generated 259 bytes in 47 msecs (HTTP/1.1 200) 8 headers in 296 bytes (1 switches on core 0)
Feb 11 07:12:35.631107 n-d-824358-9 devstack@placement-api.service[104362]: DEBUG placement.requestlog [req-074242c0-b652-4408-acdb-624a2eb72921 req-cfe71fd4-0494-4eab-9e7f-824e65a7e1b1 None None] Starting request: 10.222.0.82 "PUT /placement/allocations/2948dcbf-ec52-43b2-a70b-b9e0b559bf74" {{(pid=104362) __call__ /opt/stack/placement/placement/requestlog.py:55}}
Feb 11 07:12:35.745541 n-d-824358-9 devstack@placement-api.service[104362]: DEBUG placement.handlers.allocation [req-074242c0-b652-4408-acdb-624a2eb72921 req-cfe71fd4-0494-4eab-9e7f-824e65a7e1b1 service placement] Successfully wrote allocations [, , ] {{(pid=104362) _update_consumers_and_create_allocations /opt/stack/placement/placement/handlers/allocation.py:462}}
Feb 11 07:12:35.791097 n-d-824358-9 devstack@placement-api.service[104362]: INFO placement.requestlog [req-074242c0-b652-4408-acdb-624a2eb72921 req-cfe71fd4-0494-4eab-9e7f-824e65a7e1b1 service placement] 10.222.0.82 "PUT /placement/allocations/2948dcbf-ec52-43b2-a70b-b9e0b559bf74" status: 204 len: 0 microversion: 1.28
Feb 11 07:12:35.792146 n-d-824358-9 devstack@placement-api.service[104362]: [pid: 104362|app: 0|req: 155/311] 10.222.0.82 () {64 vars in 1430 bytes} [Fri Feb 11 07:12:35 2022] PUT /placement/allocations/2948dcbf-ec52-43b2-a70b-b9e0b559bf74 => generated 0 bytes in 161 msecs (HTTP/1.1 204) 5 headers in 199 bytes (2 switches on core 0)
Feb 11 07:12:38.588825 n-d-824358-9 devstack@placement-api.service[104363]: DEBUG placement.requestlog [req-d823801c-c784-4ad6-a449-66cc21233ec4 req-b93416c4-4968-48fb-b800-f318b670d979 None None] Starting request: 10.222.0.93 "GET /placement/allocation_candidates?limit=1000&resources=DISK_GB%3A1%2CMEMORY_MB%3A1024%2CVCPU%3A1&root_required=%21COMPUTE_STATUS_DISABLED" {{(pid=104363) __call__ /opt/stack/placement/placement/requestlog.py:55}}
Feb 11 07:12:38.666965 n-d-824358-9 devstack@placement-api.service[104363]: DEBUG placement.objects.research_context [req-d823801c-c784-4ad6-a449-66cc21233ec4 req-b93416c4-4968-48fb-b800-f318b670d979 service placement] getting providers with 1 DISK_GB {{(pid=104363) __init__ /opt/stack/placement/placement/objects/research_context.py:126}}
Feb 11 07:12:38.679462 n-d-824358-9 devstack@placement-api.service[104363]: DEBUG placement.objects.research_context [req-d823801c-c784-4ad6-a449-66cc21233ec4 req-b93416c4-4968-48fb-b800-f318b670d979 service placement] getting providers with 1024 MEMORY_MB {{(pid=104363) __init__ /opt/stack/placement/placement/objects/research_context.py:126}}
Feb 11 07:12:38.689782 n-d-824358-9 devstack@placement-api.service[104363]: DEBUG placement.objects.research_context [req-d823801c-c784-4ad6-a449-66cc21233ec4 req-b93416c4-4968-48fb-b800-f318b670d979 service placement] getting providers with 1 VCPU {{(pid=104363) __init__ /opt/stack/placement/placement/objects/research_context.py:126}}
Feb 11 07:12:38.711439 n-d-824358-9 devstack@placement-api.service[104363]: DEBUG placement.objects.research_context [req-d823801c-c784-4ad6-a449-66cc21233ec4 req-b93416c4-4968-48fb-b800-f318b670d979 service placement] found 2 providers with available 1 DISK_GB {{(pid=104363) get_provider_ids_matching /opt/stack/placement/placement/objects/research_context.py:549}}
Feb 11 07:12:38.712115 n-d-824358-9 devstack@placement-api.service[104363]: DEBUG placement.objects.research_context [req-d823801c-c784-4ad6-a449-66cc21233ec4 req-b93416c4-4968-48fb-b800-f318b670d979 service placement] found 2 providers with available 1024 MEMORY_MB {{(pid=104363) get_provider_ids_matching /opt/stack/placement/placement/objects/research_context.py:549}}
Feb 11 07:12:38.712590 n-d-824358-9 devstack@placement-api.service[104363]: DEBUG placement.objects.research_context [req-d823801c-c784-4ad6-a449-66cc21233ec4 req-b93416c4-4968-48fb-b800-f318b670d979 service placement] found 2 providers after filtering by previous result {{(pid=104363) get_provider_ids_matching /opt/stack/placement/placement/objects/research_context.py:580}}
Feb 11 07:12:38.713035 n-d-824358-9 devstack@placement-api.service[104363]: DEBUG placement.objects.research_context [req-d823801c-c784-4ad6-a449-66cc21233ec4 req-b93416c4-4968-48fb-b800-f318b670d979 service placement] found 2 providers with available 1 VCPU {{(pid=104363) get_provider_ids_matching /opt/stack/placement/placement/objects/research_context.py:549}}
Feb 11 07:12:38.713746 n-d-824358-9 devstack@placement-api.service[104363]: DEBUG placement.objects.research_context [req-d823801c-c784-4ad6-a449-66cc21233ec4 req-b93416c4-4968-48fb-b800-f318b670d979 service placement] found 2 providers after filtering by previous result {{(pid=104363) get_provider_ids_matching /opt/stack/placement/placement/objects/research_context.py:580}}
Feb 11 07:12:38.744909 n-d-824358-9 devstack@placement-api.service[104363]: DEBUG placement.objects.allocation_candidate [req-d823801c-c784-4ad6-a449-66cc21233ec4 req-b93416c4-4968-48fb-b800-f318b670d979 service placement] RequestGroup(use_same_provider=False, resources={DISK_GB:1, MEMORY_MB:1024, VCPU:1}, traits=[], aggregates=[]) (suffix '') returned 2 matches {{(pid=104363) _get_by_requests /opt/stack/placement/placement/objects/allocation_candidate.py:145}}
Feb 11 07:12:38.746318 n-d-824358-9 devstack@placement-api.service[104363]: DEBUG placement.objects.allocation_candidate [req-d823801c-c784-4ad6-a449-66cc21233ec4 req-b93416c4-4968-48fb-b800-f318b670d979 service placement] Merging candidates yields 2 allocation requests and 2 provider summaries {{(pid=104363) _merge_candidates /opt/stack/placement/placement/objects/allocation_candidate.py:783}}
Feb 11 07:12:38.748398 n-d-824358-9 devstack@placement-api.service[104363]: INFO placement.requestlog [req-d823801c-c784-4ad6-a449-66cc21233ec4 req-b93416c4-4968-48fb-b800-f318b670d979 service placement] 10.222.0.93 "GET /placement/allocation_candidates?limit=1000&resources=DISK_GB%3A1%2CMEMORY_MB%3A1024%2CVCPU%3A1&root_required=%21COMPUTE_STATUS_DISABLED" status: 200 len: 1309 microversion: 1.36
Feb 11 07:12:38.754544 n-d-824358-9 devstack@placement-api.service[104363]: [pid: 104363|app: 0|req: 157/312] 10.222.0.93 () {60 vars in 1506 bytes} [Fri Feb 11 07:12:38 2022] GET /placement/allocation_candidates?limit=1000&resources=DISK_GB%3A1%2CMEMORY_MB%3A1024%2CVCPU%3A1&root_required=%21COMPUTE_STATUS_DISABLED => generated 1309 bytes in 165 msecs (HTTP/1.1 200) 8 headers in 297 bytes (1 switches on core 0)
Feb 11 07:12:38.762986 n-d-824358-9 devstack@placement-api.service[104362]: DEBUG placement.requestlog [req-8b1d21fb-9149-48f2-b063-234abd42ddf6 req-260ab6e2-418a-4072-b82c-81458078af3c None None] Starting request: 10.222.0.82 "GET /placement/allocations/61c877be-c6bb-4fbe-ab3a-e3448b6aa3bf" {{(pid=104362) __call__ /opt/stack/placement/placement/requestlog.py:55}}
Feb 11 07:12:38.799268 n-d-824358-9 devstack@placement-api.service[104362]: INFO placement.requestlog [req-8b1d21fb-9149-48f2-b063-234abd42ddf6 req-260ab6e2-418a-4072-b82c-81458078af3c service placement] 10.222.0.82 "GET /placement/allocations/61c877be-c6bb-4fbe-ab3a-e3448b6aa3bf" status: 200 len: 259 microversion: 1.28
Feb 11 07:12:38.804454 n-d-824358-9 devstack@placement-api.service[104362]: [pid: 104362|app: 0|req: 156/313] 10.222.0.82 () {60 vars in 1377 bytes} [Fri Feb 11 07:12:38 2022] GET /placement/allocations/61c877be-c6bb-4fbe-ab3a-e3448b6aa3bf => generated 259 bytes in 42 msecs (HTTP/1.1 200) 8 headers in 296 bytes (1 switches on core 0)
Feb 11 07:12:38.813857 n-d-824358-9 devstack@placement-api.service[104363]: DEBUG placement.requestlog [req-8b1d21fb-9149-48f2-b063-234abd42ddf6 req-4b708188-3b4f-4c92-bcf9-5635090dc8ad None None] Starting request: 10.222.0.82 "PUT /placement/allocations/61c877be-c6bb-4fbe-ab3a-e3448b6aa3bf" {{(pid=104363) __call__ /opt/stack/placement/placement/requestlog.py:55}}
Feb 11 07:12:38.944076 n-d-824358-9 devstack@placement-api.service[104362]: DEBUG placement.requestlog [req-d823801c-c784-4ad6-a449-66cc21233ec4 req-4e510da5-3e5d-4d74-a735-6a4174a7249f None None] Starting request: 10.222.0.93 "GET /placement/allocations/044d4033-5954-495c-9e65-dd500464f555" {{(pid=104362) __call__ /opt/stack/placement/placement/requestlog.py:55}}
Feb 11 07:12:38.949727 n-d-824358-9 devstack@placement-api.service[104363]: DEBUG placement.handlers.allocation [req-8b1d21fb-9149-48f2-b063-234abd42ddf6 req-4b708188-3b4f-4c92-bcf9-5635090dc8ad service placement] Successfully wrote allocations [, , ] {{(pid=104363) _update_consumers_and_create_allocations /opt/stack/placement/placement/handlers/allocation.py:462}}
Feb 11 07:12:38.964227 n-d-824358-9 devstack@placement-api.service[104362]: INFO placement.requestlog [req-d823801c-c784-4ad6-a449-66cc21233ec4 req-4e510da5-3e5d-4d74-a735-6a4174a7249f service placement] 10.222.0.93 "GET /placement/allocations/044d4033-5954-495c-9e65-dd500464f555" status: 200 len: 19 microversion: 1.28
Feb 11 07:12:38.964696 n-d-824358-9 devstack@placement-api.service[104362]: [pid: 104362|app: 0|req: 157/314] 10.222.0.93 () {60 vars in 1380 bytes} [Fri Feb 11 07:12:38 2022] GET /placement/allocations/044d4033-5954-495c-9e65-dd500464f555 => generated 19 bytes in 23 msecs (HTTP/1.1 200) 8 headers in 295 bytes (1 switches on core 0)
Feb 11 07:12:38.972545 n-d-824358-9 devstack@placement-api.service[104362]: DEBUG placement.requestlog [req-d823801c-c784-4ad6-a449-66cc21233ec4 req-9bce395d-e580-47d0-9f76-424d9a12c1ef None None] Starting request: 10.222.0.93 "PUT /placement/allocations/044d4033-5954-495c-9e65-dd500464f555" {{(pid=104362) __call__ /opt/stack/placement/placement/requestlog.py:55}}
Feb 11 07:12:39.042866 n-d-824358-9 devstack@placement-api.service[104363]: INFO placement.requestlog [req-8b1d21fb-9149-48f2-b063-234abd42ddf6 req-4b708188-3b4f-4c92-bcf9-5635090dc8ad service placement] 10.222.0.82 "PUT /placement/allocations/61c877be-c6bb-4fbe-ab3a-e3448b6aa3bf" status: 204 len: 0 microversion: 1.28
Feb 11 07:12:39.043363 n-d-824358-9 devstack@placement-api.service[104363]: [pid: 104363|app: 0|req: 158/315] 10.222.0.82 () {64 vars in 1430 bytes} [Fri Feb 11 07:12:38 2022] PUT /placement/allocations/61c877be-c6bb-4fbe-ab3a-e3448b6aa3bf => generated 0 bytes in 231 msecs (HTTP/1.1 204) 5 headers in 199 bytes (2 switches on core 0)
Feb 11 07:12:39.206053 n-d-824358-9 devstack@placement-api.service[104362]: DEBUG placement.handlers.allocation [req-d823801c-c784-4ad6-a449-66cc21233ec4 req-9bce395d-e580-47d0-9f76-424d9a12c1ef service placement] Successfully wrote allocations [, , ] {{(pid=104362) _update_consumers_and_create_allocations /opt/stack/placement/placement/handlers/allocation.py:462}}
Feb 11 07:12:39.323614 n-d-824358-9 devstack@placement-api.service[104362]: INFO placement.requestlog [req-d823801c-c784-4ad6-a449-66cc21233ec4 req-9bce395d-e580-47d0-9f76-424d9a12c1ef service placement] 10.222.0.93 "PUT /placement/allocations/044d4033-5954-495c-9e65-dd500464f555" status: 204 len: 0 microversion: 1.36
Feb 11 07:12:39.325277 n-d-824358-9 devstack@placement-api.service[104362]: [pid: 104362|app: 0|req: 158/316] 10.222.0.93 () {64 vars in 1433 bytes} [Fri Feb 11 07:12:38 2022] PUT /placement/allocations/044d4033-5954-495c-9e65-dd500464f555 => generated 0 bytes in 353 msecs (HTTP/1.1 204) 5 headers in 199 bytes (1 switches on core 0)
Feb 11 07:12:40.466160 n-d-824358-9 devstack@placement-api.service[104363]: DEBUG placement.requestlog [req-d823801c-c784-4ad6-a449-66cc21233ec4 req-7b1dc3a5-ed18-454a-b59f-b1e50ac4435d None None] Starting request: 10.222.0.82 "GET /placement/allocations/044d4033-5954-495c-9e65-dd500464f555" {{(pid=104363) __call__ /opt/stack/placement/placement/requestlog.py:55}}
Feb 11 07:12:40.498248 n-d-824358-9 devstack@placement-api.service[104363]: INFO placement.requestlog [req-d823801c-c784-4ad6-a449-66cc21233ec4 req-7b1dc3a5-ed18-454a-b59f-b1e50ac4435d service placement] 10.222.0.82 "GET /placement/allocations/044d4033-5954-495c-9e65-dd500464f555" status: 200 len: 259 microversion: 1.28
Feb 11 07:12:40.499449 n-d-824358-9 devstack@placement-api.service[104363]: [pid: 104363|app: 0|req: 159/317] 10.222.0.82 () {60 vars in 1377 bytes} [Fri Feb 11 07:12:40 2022] GET /placement/allocations/044d4033-5954-495c-9e65-dd500464f555 => generated 259 bytes in 36 msecs (HTTP/1.1 200) 8 headers in 296 bytes (1 switches on core 0)
Feb 11 07:12:41.862380 n-d-824358-9 devstack@placement-api.service[104362]: DEBUG placement.requestlog [req-d67b354a-bc25-4513-834e-85ebf492ef5d req-d76259c4-97ba-4cd4-94d5-c2d1bde4c698 None None] Starting request: 10.222.0.82 "GET /placement/resource_providers/77427181-b0e3-4e60-bb3c-55774a382904/allocations" {{(pid=104362) __call__ /opt/stack/placement/placement/requestlog.py:55}}
Feb 11 07:12:41.935675 n-d-824358-9 devstack@placement-api.service[104362]: INFO placement.requestlog [req-d67b354a-bc25-4513-834e-85ebf492ef5d req-d76259c4-97ba-4cd4-94d5-c2d1bde4c698 service placement] 10.222.0.82 "GET /placement/resource_providers/77427181-b0e3-4e60-bb3c-55774a382904/allocations" status: 200 len: 758 microversion: 1.0
Feb 11 07:12:41.937160 n-d-824358-9 devstack@placement-api.service[104362]: [pid: 104362|app: 0|req: 159/318] 10.222.0.82 () {58 vars in 1390 bytes} [Fri Feb 11 07:12:41 2022] GET /placement/resource_providers/77427181-b0e3-4e60-bb3c-55774a382904/allocations => generated 758 bytes in 75 msecs (HTTP/1.1 200) 6 headers in 224 bytes (1 switches on core 0)
Feb 11 07:12:44.317579 n-d-824358-9 devstack@placement-api.service[104363]: DEBUG placement.requestlog [req-38f0412c-a43a-471c-bf42-0fe6834284a8 req-3ebb6f4d-c7d2-4a0d-a87b-2deda2d8ed22 None None] Starting request: 10.222.0.93 "GET /placement/allocation_candidates?limit=1000&resources=DISK_GB%3A1%2CMEMORY_MB%3A1024%2CVCPU%3A1&root_required=%21COMPUTE_STATUS_DISABLED" {{(pid=104363) __call__ /opt/stack/placement/placement/requestlog.py:55}}
Feb 11 07:12:44.412020 n-d-824358-9 devstack@placement-api.service[104363]: DEBUG placement.objects.research_context [req-38f0412c-a43a-471c-bf42-0fe6834284a8 req-3ebb6f4d-c7d2-4a0d-a87b-2deda2d8ed22 service placement] getting providers with 1 DISK_GB {{(pid=104363) __init__ /opt/stack/placement/placement/objects/research_context.py:126}}
Feb 11 07:12:44.440368 n-d-824358-9 devstack@placement-api.service[104363]: DEBUG placement.objects.research_context [req-38f0412c-a43a-471c-bf42-0fe6834284a8 req-3ebb6f4d-c7d2-4a0d-a87b-2deda2d8ed22 service placement] getting providers with 1024 MEMORY_MB {{(pid=104363) __init__ /opt/stack/placement/placement/objects/research_context.py:126}}
Feb 11 07:12:44.455411 n-d-824358-9 devstack@placement-api.service[104363]: DEBUG placement.objects.research_context [req-38f0412c-a43a-471c-bf42-0fe6834284a8 req-3ebb6f4d-c7d2-4a0d-a87b-2deda2d8ed22 service placement] getting providers with 1 VCPU {{(pid=104363) __init__ /opt/stack/placement/placement/objects/research_context.py:126}}
Feb 11 07:12:44.473048 n-d-824358-9 devstack@placement-api.service[104363]: DEBUG placement.objects.research_context [req-38f0412c-a43a-471c-bf42-0fe6834284a8 req-3ebb6f4d-c7d2-4a0d-a87b-2deda2d8ed22 service placement] found 2 providers with available 1 DISK_GB {{(pid=104363) get_provider_ids_matching /opt/stack/placement/placement/objects/research_context.py:549}}
Feb 11 07:12:44.473476 n-d-824358-9 devstack@placement-api.service[104363]: DEBUG placement.objects.research_context [req-38f0412c-a43a-471c-bf42-0fe6834284a8 req-3ebb6f4d-c7d2-4a0d-a87b-2deda2d8ed22 service placement] found 2 providers with available 1024 MEMORY_MB {{(pid=104363) get_provider_ids_matching /opt/stack/placement/placement/objects/research_context.py:549}}
Feb 11 07:12:44.473757 n-d-824358-9 devstack@placement-api.service[104363]: DEBUG placement.objects.research_context [req-38f0412c-a43a-471c-bf42-0fe6834284a8 req-3ebb6f4d-c7d2-4a0d-a87b-2deda2d8ed22 service placement] found 2 providers after filtering by previous result {{(pid=104363) get_provider_ids_matching /opt/stack/placement/placement/objects/research_context.py:580}}
Feb 11 07:12:44.474005 n-d-824358-9 devstack@placement-api.service[104363]: DEBUG placement.objects.research_context [req-38f0412c-a43a-471c-bf42-0fe6834284a8 req-3ebb6f4d-c7d2-4a0d-a87b-2deda2d8ed22 service placement] found 2 providers with available 1 VCPU {{(pid=104363) get_provider_ids_matching /opt/stack/placement/placement/objects/research_context.py:549}}
Feb 11 07:12:44.476156 n-d-824358-9 devstack@placement-api.service[104363]: DEBUG placement.objects.research_context [req-38f0412c-a43a-471c-bf42-0fe6834284a8 req-3ebb6f4d-c7d2-4a0d-a87b-2deda2d8ed22 service placement] found 2 providers after filtering by previous result {{(pid=104363) get_provider_ids_matching /opt/stack/placement/placement/objects/research_context.py:580}}
Feb 11 07:12:44.511139 n-d-824358-9 devstack@placement-api.service[104363]: DEBUG placement.objects.allocation_candidate [req-38f0412c-a43a-471c-bf42-0fe6834284a8 req-3ebb6f4d-c7d2-4a0d-a87b-2deda2d8ed22 service placement] RequestGroup(use_same_provider=False, resources={DISK_GB:1, MEMORY_MB:1024, VCPU:1}, traits=[], aggregates=[]) (suffix '') returned 2 matches {{(pid=104363) _get_by_requests /opt/stack/placement/placement/objects/allocation_candidate.py:145}}
Feb 11 07:12:44.511543 n-d-824358-9 devstack@placement-api.service[104363]: DEBUG placement.objects.allocation_candidate [req-38f0412c-a43a-471c-bf42-0fe6834284a8 req-3ebb6f4d-c7d2-4a0d-a87b-2deda2d8ed22 service placement] Merging candidates yields 2 allocation requests and 2 provider summaries {{(pid=104363) _merge_candidates /opt/stack/placement/placement/objects/allocation_candidate.py:783}}
Feb 11 07:12:44.515267 n-d-824358-9 devstack@placement-api.service[104363]: INFO placement.requestlog [req-38f0412c-a43a-471c-bf42-0fe6834284a8 req-3ebb6f4d-c7d2-4a0d-a87b-2deda2d8ed22 service placement] 10.222.0.93 "GET /placement/allocation_candidates?limit=1000&resources=DISK_GB%3A1%2CMEMORY_MB%3A1024%2CVCPU%3A1&root_required=%21COMPUTE_STATUS_DISABLED" status: 200 len: 1309 microversion: 1.36
Feb 11 07:12:44.525578 n-d-824358-9 devstack@placement-api.service[104363]: [pid: 104363|app: 0|req: 160/319] 10.222.0.93 () {60 vars in 1506 bytes} [Fri Feb 11 07:12:44 2022] GET /placement/allocation_candidates?limit=1000&resources=DISK_GB%3A1%2CMEMORY_MB%3A1024%2CVCPU%3A1&root_required=%21COMPUTE_STATUS_DISABLED => generated 1309 bytes in 204 msecs (HTTP/1.1 200) 8 headers in 297 bytes (1 switches on core 0)
Feb 11 07:12:44.624994 n-d-824358-9 devstack@placement-api.service[104362]: DEBUG placement.requestlog [req-38f0412c-a43a-471c-bf42-0fe6834284a8 req-cbf52fb4-eda1-428f-b47f-b56698cf4386 None None] Starting request: 10.222.0.93 "GET /placement/allocations/e0fa3fa0-9e5b-417f-b93b-73f56d7d1ed0" {{(pid=104362) __call__ /opt/stack/placement/placement/requestlog.py:55}}
Feb 11 07:12:44.660074 n-d-824358-9 devstack@placement-api.service[104362]: INFO placement.requestlog [req-38f0412c-a43a-471c-bf42-0fe6834284a8 req-cbf52fb4-eda1-428f-b47f-b56698cf4386 service placement] 10.222.0.93 "GET /placement/allocations/e0fa3fa0-9e5b-417f-b93b-73f56d7d1ed0" status: 200 len: 19 microversion: 1.28
Feb 11 07:12:44.660074 n-d-824358-9 devstack@placement-api.service[104362]: [pid: 104362|app: 0|req: 160/320] 10.222.0.93 () {60 vars in 1380 bytes} [Fri Feb 11 07:12:44 2022] GET /placement/allocations/e0fa3fa0-9e5b-417f-b93b-73f56d7d1ed0 => generated 19 bytes in 23 msecs (HTTP/1.1 200) 8 headers in 295 bytes (1 switches on core 0)
Feb 11 07:12:44.661390 n-d-824358-9 devstack@placement-api.service[104363]: DEBUG placement.requestlog [req-38f0412c-a43a-471c-bf42-0fe6834284a8 req-807114ab-29c9-4a80-a157-b658877a8667 None None] Starting request: 10.222.0.93 "PUT /placement/allocations/e0fa3fa0-9e5b-417f-b93b-73f56d7d1ed0" {{(pid=104363) __call__ /opt/stack/placement/placement/requestlog.py:55}}
Feb 11 07:12:44.857465 n-d-824358-9 devstack@placement-api.service[104363]: DEBUG placement.handlers.allocation [req-38f0412c-a43a-471c-bf42-0fe6834284a8 req-807114ab-29c9-4a80-a157-b658877a8667 service placement] Successfully wrote allocations [, , ] {{(pid=104363) _update_consumers_and_create_allocations /opt/stack/placement/placement/handlers/allocation.py:462}}
Feb 11 07:12:44.964587 n-d-824358-9 devstack@placement-api.service[104363]: INFO placement.requestlog [req-38f0412c-a43a-471c-bf42-0fe6834284a8 req-807114ab-29c9-4a80-a157-b658877a8667 service placement] 10.222.0.93 "PUT /placement/allocations/e0fa3fa0-9e5b-417f-b93b-73f56d7d1ed0" status: 204 len: 0 microversion: 1.36
Feb 11 07:12:44.966191 n-d-824358-9 devstack@placement-api.service[104363]: [pid: 104363|app: 0|req: 161/321] 10.222.0.93 () {64 vars in 1433 bytes} [Fri Feb 11 07:12:44 2022] PUT /placement/allocations/e0fa3fa0-9e5b-417f-b93b-73f56d7d1ed0 => generated 0 bytes in 314 msecs (HTTP/1.1 204) 5 headers in 199 bytes (2 switches on core 0)
Feb 11 07:12:45.124434 n-d-824358-9 devstack@placement-api.service[104362]: DEBUG placement.requestlog [req-8408602c-4909-4e3a-aa09-16fd6ee59e4b req-c61af364-fe8f-4210-b2fc-b232ed9124d6 None None] Starting request: 10.222.0.102 "GET /placement/resource_providers/008ec8eb-f890-4066-ba4e-4da4378b5fcc/allocations" {{(pid=104362) __call__ /opt/stack/placement/placement/requestlog.py:55}}
Feb 11 07:12:45.191230 n-d-824358-9 devstack@placement-api.service[104362]: INFO placement.requestlog [req-8408602c-4909-4e3a-aa09-16fd6ee59e4b req-c61af364-fe8f-4210-b2fc-b232ed9124d6 service placement] 10.222.0.102 "GET /placement/resource_providers/008ec8eb-f890-4066-ba4e-4da4378b5fcc/allocations" status: 200 len: 847 microversion: 1.0
Feb 11 07:12:45.193398 n-d-824358-9 devstack@placement-api.service[104362]: [pid: 104362|app: 0|req: 161/322] 10.222.0.102 () {58 vars in 1391 bytes} [Fri Feb 11 07:12:45 2022] GET /placement/resource_providers/008ec8eb-f890-4066-ba4e-4da4378b5fcc/allocations => generated 847 bytes in 70 msecs (HTTP/1.1 200) 6 headers in 224 bytes (1 switches on core 0)
Feb 11 07:12:46.235817 n-d-824358-9 devstack@placement-api.service[104363]: DEBUG placement.requestlog [req-38f0412c-a43a-471c-bf42-0fe6834284a8 req-08044ad7-7ef9-4cfa-acd0-14ff569c289c None None] Starting request: 10.222.0.82 "GET /placement/allocations/e0fa3fa0-9e5b-417f-b93b-73f56d7d1ed0" {{(pid=104363) __call__ /opt/stack/placement/placement/requestlog.py:55}}
Feb 11 07:12:46.264116 n-d-824358-9 devstack@placement-api.service[104363]: INFO placement.requestlog [req-38f0412c-a43a-471c-bf42-0fe6834284a8 req-08044ad7-7ef9-4cfa-acd0-14ff569c289c service placement] 10.222.0.82 "GET /placement/allocations/e0fa3fa0-9e5b-417f-b93b-73f56d7d1ed0" status: 200 len: 259 microversion: 1.28
Feb 11 07:12:46.264844 n-d-824358-9 devstack@placement-api.service[104363]: [pid: 104363|app: 0|req: 162/323] 10.222.0.82 () {60 vars in 1377 bytes} [Fri Feb 11 07:12:46 2022] GET /placement/allocations/e0fa3fa0-9e5b-417f-b93b-73f56d7d1ed0 => generated 259 bytes in 29 msecs (HTTP/1.1 200) 8 headers in 296 bytes (1 switches on core 0)
Feb 11 07:12:49.588528 n-d-824358-9 devstack@placement-api.service[104362]: DEBUG placement.requestlog [req-7120f347-ca37-4f28-a962-35f42fc8a58a req-41d16003-e319-4c4b-ac77-18495256f58b None None] Starting request: 10.222.0.93 "GET /placement/allocation_candidates?limit=1000&resources=DISK_GB%3A1%2CMEMORY_MB%3A1024%2CVCPU%3A1&root_required=%21COMPUTE_STATUS_DISABLED" {{(pid=104362) __call__ /opt/stack/placement/placement/requestlog.py:55}}
Feb 11 07:12:49.667578 n-d-824358-9 devstack@placement-api.service[104362]: DEBUG placement.objects.research_context [req-7120f347-ca37-4f28-a962-35f42fc8a58a req-41d16003-e319-4c4b-ac77-18495256f58b service placement] getting providers with 1 DISK_GB {{(pid=104362) __init__ /opt/stack/placement/placement/objects/research_context.py:126}}
Feb 11 07:12:49.677028 n-d-824358-9 devstack@placement-api.service[104362]: DEBUG placement.objects.research_context [req-7120f347-ca37-4f28-a962-35f42fc8a58a req-41d16003-e319-4c4b-ac77-18495256f58b service placement] getting providers with 1024 MEMORY_MB {{(pid=104362) __init__ /opt/stack/placement/placement/objects/research_context.py:126}}
Feb 11 07:12:49.686912 n-d-824358-9 devstack@placement-api.service[104362]: DEBUG placement.objects.research_context [req-7120f347-ca37-4f28-a962-35f42fc8a58a req-41d16003-e319-4c4b-ac77-18495256f58b service placement] getting providers with 1 VCPU {{(pid=104362) __init__ /opt/stack/placement/placement/objects/research_context.py:126}}
Feb 11 07:12:49.696460 n-d-824358-9 devstack@placement-api.service[104362]: DEBUG placement.objects.research_context [req-7120f347-ca37-4f28-a962-35f42fc8a58a req-41d16003-e319-4c4b-ac77-18495256f58b service placement] found 2 providers with available 1 DISK_GB {{(pid=104362) get_provider_ids_matching /opt/stack/placement/placement/objects/research_context.py:549}}
Feb 11 07:12:49.697107 n-d-824358-9 devstack@placement-api.service[104362]: DEBUG placement.objects.research_context [req-7120f347-ca37-4f28-a962-35f42fc8a58a req-41d16003-e319-4c4b-ac77-18495256f58b service placement] found 2 providers with available 1024 MEMORY_MB {{(pid=104362) get_provider_ids_matching /opt/stack/placement/placement/objects/research_context.py:549}}
Feb 11 07:12:49.697545 n-d-824358-9 devstack@placement-api.service[104362]: DEBUG placement.objects.research_context [req-7120f347-ca37-4f28-a962-35f42fc8a58a req-41d16003-e319-4c4b-ac77-18495256f58b service placement] found 2 providers after filtering by previous result {{(pid=104362) get_provider_ids_matching /opt/stack/placement/placement/objects/research_context.py:580}}
Feb 11 07:12:49.697804 n-d-824358-9 devstack@placement-api.service[104362]: DEBUG placement.objects.research_context [req-7120f347-ca37-4f28-a962-35f42fc8a58a req-41d16003-e319-4c4b-ac77-18495256f58b service placement] found 2 providers with available 1 VCPU {{(pid=104362) get_provider_ids_matching /opt/stack/placement/placement/objects/research_context.py:549}}
Feb 11 07:12:49.698066 n-d-824358-9 devstack@placement-api.service[104362]: DEBUG placement.objects.research_context [req-7120f347-ca37-4f28-a962-35f42fc8a58a req-41d16003-e319-4c4b-ac77-18495256f58b service placement] found 2 providers after filtering by previous result {{(pid=104362) get_provider_ids_matching /opt/stack/placement/placement/objects/research_context.py:580}}
Feb 11 07:12:49.723713 n-d-824358-9 devstack@placement-api.service[104362]: DEBUG placement.objects.allocation_candidate [req-7120f347-ca37-4f28-a962-35f42fc8a58a req-41d16003-e319-4c4b-ac77-18495256f58b service placement] RequestGroup(use_same_provider=False, resources={DISK_GB:1, MEMORY_MB:1024, VCPU:1}, traits=[], aggregates=[]) (suffix '') returned 2 matches {{(pid=104362) _get_by_requests /opt/stack/placement/placement/objects/allocation_candidate.py:145}}
Feb 11 07:12:49.724011 n-d-824358-9 devstack@placement-api.service[104362]: DEBUG placement.objects.allocation_candidate [req-7120f347-ca37-4f28-a962-35f42fc8a58a req-41d16003-e319-4c4b-ac77-18495256f58b service placement] Merging candidates yields 2 allocation requests and 2 provider summaries {{(pid=104362) _merge_candidates /opt/stack/placement/placement/objects/allocation_candidate.py:783}}
Feb 11 07:12:49.725803 n-d-824358-9 devstack@placement-api.service[104362]: INFO placement.requestlog [req-7120f347-ca37-4f28-a962-35f42fc8a58a req-41d16003-e319-4c4b-ac77-18495256f58b service placement] 10.222.0.93 "GET /placement/allocation_candidates?limit=1000&resources=DISK_GB%3A1%2CMEMORY_MB%3A1024%2CVCPU%3A1&root_required=%21COMPUTE_STATUS_DISABLED" status: 200 len: 1309 microversion: 1.36
Feb 11 07:12:49.726702 n-d-824358-9 devstack@placement-api.service[104362]: [pid: 104362|app: 0|req: 162/324] 10.222.0.93 () {60 vars in 1506 bytes} [Fri Feb 11 07:12:49 2022] GET /placement/allocation_candidates?limit=1000&resources=DISK_GB%3A1%2CMEMORY_MB%3A1024%2CVCPU%3A1&root_required=%21COMPUTE_STATUS_DISABLED => generated 1309 bytes in 138 msecs (HTTP/1.1 200) 8 headers in 297 bytes (1 switches on core 0)
Feb 11 07:12:49.820758 n-d-824358-9 devstack@placement-api.service[104363]: DEBUG placement.requestlog [req-7120f347-ca37-4f28-a962-35f42fc8a58a req-153985c3-b41d-425a-aae6-652c5b94dcae None None] Starting request: 10.222.0.93 "GET /placement/allocations/f92cd095-65e8-443f-b84f-4c5066dd3c61" {{(pid=104363) __call__ /opt/stack/placement/placement/requestlog.py:55}}
Feb 11 07:12:49.835522 n-d-824358-9 devstack@placement-api.service[104363]: INFO placement.requestlog [req-7120f347-ca37-4f28-a962-35f42fc8a58a req-153985c3-b41d-425a-aae6-652c5b94dcae service placement] 10.222.0.93 "GET /placement/allocations/f92cd095-65e8-443f-b84f-4c5066dd3c61" status: 200 len: 19 microversion: 1.28
Feb 11 07:12:49.842647 n-d-824358-9 devstack@placement-api.service[104362]: DEBUG placement.requestlog [req-7120f347-ca37-4f28-a962-35f42fc8a58a req-3ce9473c-6093-4551-add2-a28c39cd309f None None] Starting request: 10.222.0.93 "PUT /placement/allocations/f92cd095-65e8-443f-b84f-4c5066dd3c61" {{(pid=104362) __call__ /opt/stack/placement/placement/requestlog.py:55}}
Feb 11 07:12:49.853667 n-d-824358-9 devstack@placement-api.service[104363]: [pid: 104363|app: 0|req: 163/325] 10.222.0.93 () {60 vars in 1380 bytes} [Fri Feb 11 07:12:49 2022] GET /placement/allocations/f92cd095-65e8-443f-b84f-4c5066dd3c61 => generated 19 bytes in 26 msecs (HTTP/1.1 200) 8 headers in 295 bytes (1 switches on core 0)
Feb 11 07:12:50.219448 n-d-824358-9 devstack@placement-api.service[104362]: DEBUG placement.handlers.allocation [req-7120f347-ca37-4f28-a962-35f42fc8a58a req-3ce9473c-6093-4551-add2-a28c39cd309f service placement] Successfully wrote allocations [, , ] {{(pid=104362) _update_consumers_and_create_allocations /opt/stack/placement/placement/handlers/allocation.py:462}}
Feb 11 07:12:50.317596 n-d-824358-9 devstack@placement-api.service[104362]: INFO placement.requestlog [req-7120f347-ca37-4f28-a962-35f42fc8a58a req-3ce9473c-6093-4551-add2-a28c39cd309f service placement] 10.222.0.93 "PUT /placement/allocations/f92cd095-65e8-443f-b84f-4c5066dd3c61" status: 204 len: 0 microversion: 1.36
Feb 11 07:12:50.318410 n-d-824358-9 devstack@placement-api.service[104362]: [pid: 104362|app: 0|req: 163/326] 10.222.0.93 () {64 vars in 1433 bytes} [Fri Feb 11 07:12:49 2022] PUT /placement/allocations/f92cd095-65e8-443f-b84f-4c5066dd3c61 => generated 0 bytes in 476 msecs (HTTP/1.1 204) 5 headers in 199 bytes (2 switches on core 0)
Feb 11 07:12:51.488041 n-d-824358-9 devstack@placement-api.service[104363]: DEBUG placement.requestlog [req-7120f347-ca37-4f28-a962-35f42fc8a58a req-5877cec6-2532-43d9-b433-b262800713f8 None None] Starting request: 10.222.0.102 "GET /placement/allocations/f92cd095-65e8-443f-b84f-4c5066dd3c61" {{(pid=104363) __call__ /opt/stack/placement/placement/requestlog.py:55}}
Feb 11 07:12:51.508428 n-d-824358-9 devstack@placement-api.service[104363]: INFO placement.requestlog [req-7120f347-ca37-4f28-a962-35f42fc8a58a req-5877cec6-2532-43d9-b433-b262800713f8 service placement] 10.222.0.102 "GET /placement/allocations/f92cd095-65e8-443f-b84f-4c5066dd3c61" status: 200 len: 259 microversion: 1.28
Feb 11 07:12:51.515746 n-d-824358-9 devstack@placement-api.service[104363]: [pid: 104363|app: 0|req: 164/327] 10.222.0.102 () {60 vars in 1378 bytes} [Fri Feb 11 07:12:51 2022] GET /placement/allocations/f92cd095-65e8-443f-b84f-4c5066dd3c61 => generated 259 bytes in 30 msecs (HTTP/1.1 200) 8 headers in 296 bytes (1 switches on core 0)
Feb 11 07:13:01.464039 n-d-824358-9 devstack@placement-api.service[104362]: DEBUG placement.requestlog [None req-ab98f5f5-f3ee-45e7-90ae-e239698ff4fb None None] Starting request: 10.222.0.93 "GET /placement/" {{(pid=104362) __call__ /opt/stack/placement/placement/requestlog.py:55}}
Feb 11 07:13:01.465145 n-d-824358-9 devstack@placement-api.service[104362]: INFO placement.requestlog [None req-ab98f5f5-f3ee-45e7-90ae-e239698ff4fb None None] 10.222.0.93 "GET /placement/" status: 200 len: 136 microversion: 1.0
Feb 11 07:13:01.465717 n-d-824358-9 devstack@placement-api.service[104362]: [pid: 104362|app: 0|req: 164/328] 10.222.0.93 () {54 vars in 916 bytes} [Fri Feb 11 07:13:01 2022] GET /placement => generated 136 bytes in 2 msecs (HTTP/1.1 200) 6 headers in 224 bytes (1 switches on core 0)
Feb 11 07:13:01.476316 n-d-824358-9 devstack@placement-api.service[104363]: DEBUG placement.requestlog [req-59e385ff-2c20-4bff-9467-096d835a9a07 req-8e03dc28-6aed-4712-a0e0-2737f09cefff None None] Starting request: 10.222.0.93 "GET /placement/allocations/044d4033-5954-495c-9e65-dd500464f555" {{(pid=104363) __call__ /opt/stack/placement/placement/requestlog.py:55}}
Feb 11 07:13:01.553442 n-d-824358-9 devstack@placement-api.service[104363]: INFO placement.requestlog [req-59e385ff-2c20-4bff-9467-096d835a9a07 req-8e03dc28-6aed-4712-a0e0-2737f09cefff service placement] 10.222.0.93 "GET /placement/allocations/044d4033-5954-495c-9e65-dd500464f555" status: 200 len: 259 microversion: 1.28
Feb 11 07:13:01.553791 n-d-824358-9 devstack@placement-api.service[104363]: [pid: 104363|app: 0|req: 165/329] 10.222.0.93 () {60 vars in 1380 bytes} [Fri Feb 11 07:13:01 2022] GET /placement/allocations/044d4033-5954-495c-9e65-dd500464f555 => generated 259 bytes in 78 msecs (HTTP/1.1 200) 8 headers in 296 bytes (1 switches on core 0)
Feb 11 07:13:01.560538 n-d-824358-9 devstack@placement-api.service[104362]: DEBUG placement.requestlog [req-59e385ff-2c20-4bff-9467-096d835a9a07 req-336a6b49-f1b8-4a43-b9ed-d5ab9c795241 None None] Starting request: 10.222.0.93 "GET /placement/allocations/044d4033-5954-495c-9e65-dd500464f555" {{(pid=104362) __call__ /opt/stack/placement/placement/requestlog.py:55}}
Feb 11 07:13:01.577826 n-d-824358-9 devstack@placement-api.service[104362]: INFO placement.requestlog [req-59e385ff-2c20-4bff-9467-096d835a9a07 req-336a6b49-f1b8-4a43-b9ed-d5ab9c795241 service placement] 10.222.0.93 "GET /placement/allocations/044d4033-5954-495c-9e65-dd500464f555" status: 200 len: 259 microversion: 1.28
Feb 11 07:13:01.584186 n-d-824358-9 devstack@placement-api.service[104362]: [pid: 104362|app: 0|req: 165/330] 10.222.0.93 () {60 vars in 1380 bytes} [Fri Feb 11 07:13:01 2022] GET /placement/allocations/044d4033-5954-495c-9e65-dd500464f555 => generated 259 bytes in 24 msecs (HTTP/1.1 200) 8 headers in 296 bytes (1 switches on core 0)
Feb 11 07:13:01.585131 n-d-824358-9 devstack@placement-api.service[104363]: DEBUG placement.requestlog [req-59e385ff-2c20-4bff-9467-096d835a9a07 req-d5dd0ba1-6fbd-4f40-a8f5-207b18b18538 None None] Starting request: 10.222.0.93 "GET /placement/allocations/b90bf8aa-ff31-4cb7-abff-5b9a74411de7" {{(pid=104363) __call__ /opt/stack/placement/placement/requestlog.py:55}}
Feb 11 07:13:01.600476 n-d-824358-9 devstack@placement-api.service[104363]: INFO placement.requestlog [req-59e385ff-2c20-4bff-9467-096d835a9a07 req-d5dd0ba1-6fbd-4f40-a8f5-207b18b18538 service placement] 10.222.0.93 "GET /placement/allocations/b90bf8aa-ff31-4cb7-abff-5b9a74411de7" status: 200 len: 19 microversion: 1.28
Feb 11 07:13:01.601233 n-d-824358-9 devstack@placement-api.service[104363]: [pid: 104363|app: 0|req: 166/331] 10.222.0.93 () {60 vars in 1380 bytes} [Fri Feb 11 07:13:01 2022] GET /placement/allocations/b90bf8aa-ff31-4cb7-abff-5b9a74411de7 => generated 19 bytes in 16 msecs (HTTP/1.1 200) 8 headers in 295 bytes (1 switches on core 0)
Feb 11 07:13:01.609004 n-d-824358-9 devstack@placement-api.service[104362]: DEBUG placement.requestlog [req-59e385ff-2c20-4bff-9467-096d835a9a07 req-fd53e50d-f89b-4ecf-b794-7a479b85f276 None None] Starting request: 10.222.0.93 "POST /placement/allocations" {{(pid=104362) __call__ /opt/stack/placement/placement/requestlog.py:55}}
Feb 11 07:13:01.796988 n-d-824358-9 devstack@placement-api.service[104362]: DEBUG placement.handlers.allocation [req-59e385ff-2c20-4bff-9467-096d835a9a07 req-fd53e50d-f89b-4ecf-b794-7a479b85f276 service placement] Successfully wrote allocations [, , , , , ] {{(pid=104362) _update_consumers_and_create_allocations /opt/stack/placement/placement/handlers/allocation.py:572}}
Feb 11 07:13:01.883517 n-d-824358-9 devstack@placement-api.service[104362]: INFO placement.requestlog [req-59e385ff-2c20-4bff-9467-096d835a9a07 req-fd53e50d-f89b-4ecf-b794-7a479b85f276 service placement] 10.222.0.93 "POST /placement/allocations" status: 204 len: 0 microversion: 1.28
Feb 11 07:13:01.883853 n-d-824358-9 devstack@placement-api.service[104362]: [pid: 104362|app: 0|req: 166/332] 10.222.0.93 () {64 vars in 1323 bytes} [Fri Feb 11 07:13:01 2022] POST /placement/allocations => generated 0 bytes in 275 msecs (HTTP/1.1 204) 5 headers in 199 bytes (1 switches on core 0)
Feb 11 07:13:01.915854 n-d-824358-9 devstack@placement-api.service[104363]: DEBUG placement.requestlog [req-59e385ff-2c20-4bff-9467-096d835a9a07 req-3e3a10b9-728b-4512-bb04-8610000df0ae None None] Starting request: 10.222.0.93 "GET /placement/allocations/044d4033-5954-495c-9e65-dd500464f555" {{(pid=104363) __call__ /opt/stack/placement/placement/requestlog.py:55}}
