Jan 14 01:38:58.793896 n-d-824358-4 neutron-server[103354]: DEBUG neutron.plugins.ml2.drivers.mech_agent [req-f49cb6fb-23da-47db-b243-c8232779b299 req-f0391131-62e9-4e06-b4be-d58c0093ea27 service neutron] Bound using segment: {'id': '73de15b7-b457-4acd-b4f4-07744b8f9343', 'network_type': 'vlan', 'physical_network': 'physnet1', 'segmentation_id': 180, 'network_id': '61934a89-e7c0-4c0c-b87e-9b0f2dc593bb'} {{(pid=103354) bind_port /opt/stack/neutron/neutron/plugins/ml2/drivers/mech_agent.py:120}}
Jan 14 01:38:58.794186 n-d-824358-4 neutron-server[103353]: DEBUG neutron.pecan_wsgi.hooks.policy_enforcement [req-ab132125-637b-4989-b97f-f79e3d011457 req-9125cc41-dafb-4b7f-ac27-83994b021b6b service neutron] Attributes excluded by policy engine: ['standard_attr_id'] {{(pid=103353) _exclude_attributes_by_policy /opt/stack/neutron/neutron/pecan_wsgi/hooks/policy_enforcement.py:255}}
Jan 14 01:38:58.794308 n-d-824358-4 neutron-server[103354]: DEBUG neutron.plugins.ml2.managers [req-f49cb6fb-23da-47db-b243-c8232779b299 req-f0391131-62e9-4e06-b4be-d58c0093ea27 service neutron] Bound port: 4a366cd5-345b-42a2-967e-ac258c0e21b1, host: n-h2-824358-4, vif_type: hyperv, vif_details: {"connectivity": "legacy", "port_filter": false}, binding_levels: [{'bound_driver': 'hyperv', 'bound_segment': {'id': '73de15b7-b457-4acd-b4f4-07744b8f9343', 'network_type': 'vlan', 'physical_network': 'physnet1', 'segmentation_id': 180, 'network_id': '61934a89-e7c0-4c0c-b87e-9b0f2dc593bb'}}] {{(pid=103354) _bind_port_level /opt/stack/neutron/neutron/plugins/ml2/managers.py:932}}
Jan 14 01:38:58.794683 n-d-824358-4 neutron-server[103354]: DEBUG neutron_lib.callbacks.manager [req-f49cb6fb-23da-47db-b243-c8232779b299 req-f0391131-62e9-4e06-b4be-d58c0093ea27 service neutron] Publish callbacks ['neutron.plugins.ml2.plugin.SecurityGroupDbMixin._ensure_default_security_group_handler-1471024'] for port (4a366cd5-345b-42a2-967e-ac258c0e21b1), before_update {{(pid=103354) _notify_loop /usr/local/lib/python3.8/dist-packages/neutron_lib/callbacks/manager.py:176}}
Jan 14 01:38:58.795700 n-d-824358-4 neutron-server[103353]: INFO neutron.wsgi [req-ab132125-637b-4989-b97f-f79e3d011457 req-9125cc41-dafb-4b7f-ac27-83994b021b6b service neutron] 10.222.0.36 "GET /v2.0/ports?tenant_id=03c02436d299493cbfe1f452f2da5c1c&device_id=ef9bab7e-cc08-4947-ae18-419009484883 HTTP/1.1" status: 200 len: 1099 time: 0.1405551
Jan 14 01:38:58.802963 n-d-824358-4 neutron-server[103354]: DEBUG neutron.api.v2.base [req-f56a1996-27a7-42f1-b838-3ea933a6180e req-2b9760d3-1117-448e-98b3-8b6b49154d6b tempest-ServersAdminNegativeTestJSON-1999858429 tempest-ServersAdminNegativeTestJSON-1999858429-project] Request body: {'port': {'device_id': '47b5cf0e-bc4b-418c-8664-a0a894462152', 'network_id': '51139d4a-e68d-4e3d-a688-2e86c777447a', 'admin_state_up': True, 'tenant_id': '2950b316bbf74bffa77aa4146c9c7869'}} {{(pid=103354) prepare_request_body /opt/stack/neutron/neutron/api/v2/base.py:729}}
Jan 14 01:38:58.899012 n-d-824358-4 neutron-server[103354]: DEBUG neutron_lib.callbacks.manager [None req-8a284c6c-f102-4aaf-adf2-ae67179ad0bf admin admin] Publish callbacks ['neutron.plugins.ml2.ovo_rpc._ObjectChangeHandler.handle_event-1579594'] for security_group (90380230-9207-4793-85ea-73677fb93d10), after_delete {{(pid=103354) _notify_loop /usr/local/lib/python3.8/dist-packages/neutron_lib/callbacks/manager.py:176}}
Jan 14 01:38:58.901503 n-d-824358-4 neutron-server[103354]: DEBUG neutron_lib.callbacks.manager [None req-8a284c6c-f102-4aaf-adf2-ae67179ad0bf admin admin] Publish callbacks [] for security_group (None), before_response {{(pid=103354) _notify_loop /usr/local/lib/python3.8/dist-packages/neutron_lib/callbacks/manager.py:176}}
Jan 14 01:38:58.902845 n-d-824358-4 neutron-server[103354]: INFO neutron.wsgi [None req-8a284c6c-f102-4aaf-adf2-ae67179ad0bf admin admin] 10.222.0.26 "DELETE /v2.0/security-groups/90380230-9207-4793-85ea-73677fb93d10 HTTP/1.1" status: 204 len: 168 time: 0.3937049
Jan 14 01:38:58.920021 n-d-824358-4 neutron-server[103354]: DEBUG neutron.api.rpc.handlers.resources_rpc [None req-8a284c6c-f102-4aaf-adf2-ae67179ad0bf admin admin] Pushing event deleted for resources: {'SecurityGroup': ['ID=90380230-9207-4793-85ea-73677fb93d10,revision_number=None']} {{(pid=103354) push /opt/stack/neutron/neutron/api/rpc/handlers/resources_rpc.py:237}}
Jan 14 01:38:58.945754 n-d-824358-4 neutron-server[103353]: INFO neutron.wsgi [req-ab132125-637b-4989-b97f-f79e3d011457 req-17bdd1d8-564c-42b6-836b-87eaa881b2d6 service neutron] 10.222.0.36 "GET /v2.0/floatingips?fixed_ip_address=192.168.233.107&port_id=0e2d3264-1c45-4a2a-8de5-05c0fe050406 HTTP/1.1" status: 200 len: 217 time: 0.1115661
Jan 14 01:38:58.959065 n-d-824358-4 neutron-server[103353]: DEBUG neutron_lib.callbacks.manager [None req-96100165-5c7b-458d-a46f-c898dd5eeb7d admin admin] Publish callbacks [] for security_group (599f3a47-c67e-4691-80a4-52f9d0143b36), precommit_create {{(pid=103353) _notify_loop /usr/local/lib/python3.8/dist-packages/neutron_lib/callbacks/manager.py:176}}
Jan 14 01:38:58.964786 n-d-824358-4 neutron-server[103354]: DEBUG neutron.plugins.ml2.db [req-f49cb6fb-23da-47db-b243-c8232779b299 req-f0391131-62e9-4e06-b4be-d58c0093ea27 service neutron] For port 4a366cd5-345b-42a2-967e-ac258c0e21b1, host n-h2-824358-4, cleared binding levels {{(pid=103354) clear_binding_levels /opt/stack/neutron/neutron/plugins/ml2/db.py:87}}
Jan 14 01:38:58.985607 n-d-824358-4 neutron-server[103354]: DEBUG neutron.plugins.ml2.db [req-f49cb6fb-23da-47db-b243-c8232779b299 req-f0391131-62e9-4e06-b4be-d58c0093ea27 service neutron] For port 4a366cd5-345b-42a2-967e-ac258c0e21b1, host n-h2-824358-4, set binding levels [PortBindingLevel(driver='hyperv',host='n-h2-824358-4',level=0,port_id=4a366cd5-345b-42a2-967e-ac258c0e21b1,segment=NetworkSegment(73de15b7-b457-4acd-b4f4-07744b8f9343),segment_id=73de15b7-b457-4acd-b4f4-07744b8f9343)] {{(pid=103354) set_binding_levels /opt/stack/neutron/neutron/plugins/ml2/db.py:59}}
Jan 14 01:38:58.988276 n-d-824358-4 neutron-server[103353]: DEBUG neutron_lib.callbacks.manager [None req-96100165-5c7b-458d-a46f-c898dd5eeb7d admin admin] Publish callbacks ['neutron.plugins.ml2.ovo_rpc._ObjectChangeHandler.handle_event-1579594'] for security_group (599f3a47-c67e-4691-80a4-52f9d0143b36), after_create {{(pid=103353) _notify_loop /usr/local/lib/python3.8/dist-packages/neutron_lib/callbacks/manager.py:176}}
Jan 14 01:38:58.999895 n-d-824358-4 neutron-server[103354]: DEBUG neutron_lib.callbacks.manager [req-f49cb6fb-23da-47db-b243-c8232779b299 req-f0391131-62e9-4e06-b4be-d58c0093ea27 service neutron] Publish callbacks ['neutron.plugins.ml2.plugin.SecurityGroupServerNotifierRpcMixin._notify_sg_on_port_change-1471479', 'neutron.plugins.ml2.ovo_rpc._ObjectChangeHandler.handle_event-1946209', 'neutron.api.rpc.agentnotifiers.dhcp_rpc_agent_api.DhcpAgentNotifyAPI._native_event_send_dhcp_notification-1693493', 'neutron.db.l3_db.L3RpcNotifierMixin._notify_gateway_port_ip_changed-8788831694668', 'neutron.db.l3_dvrscheduler_db._notify_l3_agent_port_update-8788831115295', 'neutron.db.l3_hascheduler_db._notify_l3_agent_ha_port_update-8788831115313', 'neutron.services.segments.plugin.NovaSegmentNotifier._notify_port_updated-26537427'] for port (4a366cd5-345b-42a2-967e-ac258c0e21b1), after_update {{(pid=103354) _notify_loop /usr/local/lib/python3.8/dist-packages/neutron_lib/callbacks/manager.py:176}}
Jan 14 01:38:59.032436 n-d-824358-4 neutron-server[103353]: INFO neutron.wsgi [req-c16768af-c3b3-4311-9c90-315cdaa7cf9e req-0b63e59d-9921-4fed-9df1-e310ee8c9bd7 tempest-FloatingIPsAssociationTestJSON-1003380301 tempest-FloatingIPsAssociationTestJSON-1003380301-project] 10.222.0.26 "GET /v2.0/security-groups?id=0dabb881-2d9f-456e-8bcd-86cf97c962b8&fields=id&fields=name HTTP/1.1" status: 200 len: 286 time: 0.2338171
Jan 14 01:38:59.048336 n-d-824358-4 neutron-server[103354]: DEBUG neutron.pecan_wsgi.hooks.policy_enforcement [req-f49cb6fb-23da-47db-b243-c8232779b299 req-f0391131-62e9-4e06-b4be-d58c0093ea27 service neutron] Attributes excluded by policy engine: ['standard_attr_id'] {{(pid=103354) _exclude_attributes_by_policy /opt/stack/neutron/neutron/pecan_wsgi/hooks/policy_enforcement.py:255}}
Jan 14 01:38:59.048947 n-d-824358-4 neutron-server[103354]: DEBUG neutron_lib.callbacks.manager [req-f49cb6fb-23da-47db-b243-c8232779b299 req-f0391131-62e9-4e06-b4be-d58c0093ea27 service neutron] Publish callbacks ['neutron.notifiers.nova.Notifier._send_nova_notification-42049'] for port (None), before_response {{(pid=103354) _notify_loop /usr/local/lib/python3.8/dist-packages/neutron_lib/callbacks/manager.py:176}}
Jan 14 01:38:59.051034 n-d-824358-4 neutron-server[103354]: INFO neutron.wsgi [req-f49cb6fb-23da-47db-b243-c8232779b299 req-f0391131-62e9-4e06-b4be-d58c0093ea27 service neutron] 10.222.0.36 "PUT /v2.0/ports/4a366cd5-345b-42a2-967e-ac258c0e21b1 HTTP/1.1" status: 200 len: 1091 time: 1.9214187
Jan 14 01:38:59.053641 n-d-824358-4 neutron-server[103353]: INFO neutron.wsgi [req-719e1af7-b1fc-4d21-99b9-0a68574c6736 req-086ebfbc-e984-45f6-a0f2-53d44159a1f8 tempest-ServersWithSpecificFlavorTestJSON-1643256533 tempest-ServersWithSpecificFlavorTestJSON-1643256533-project] 10.222.0.26 "GET /v2.0/security-groups?id=8788fce7-64bf-447e-b5da-db1a86d811a7&fields=id&fields=name HTTP/1.1" status: 200 len: 312 time: 0.2915823
Jan 14 01:38:59.055640 n-d-824358-4 neutron-server[103354]: DEBUG neutron.notifiers.nova [-] Sending events: [{'name': 'network-changed', 'server_uuid': '54420223-dda6-4c95-90e5-aadabd2695da', 'tag': '4a366cd5-345b-42a2-967e-ac258c0e21b1'}] {{(pid=103354) send_events /opt/stack/neutron/neutron/notifiers/nova.py:262}}
Jan 14 01:38:59.058000 n-d-824358-4 neutron-server[103354]: DEBUG novaclient.v2.client [-] REQ: curl -g -i --cacert "/opt/stack/data/ca-bundle.pem" -X POST http://10.222.0.26/compute/v2.1/os-server-external-events -H "Accept: application/json" -H "Content-Type: application/json" -H "User-Agent: python-novaclient" -H "X-Auth-Token: {SHA256}57a47c2598e094e28a7421ed9a4cd00cf668901b3ec6d63c91c9b565c7a197c5" -H "X-OpenStack-Nova-API-Version: 2.1" -H "X-OpenStack-Request-ID: req-7f8e011a-56bf-4954-9503-61b3f3b5e0b1" -d '{"events": [{"name": "network-changed", "server_uuid": "54420223-dda6-4c95-90e5-aadabd2695da", "tag": "4a366cd5-345b-42a2-967e-ac258c0e21b1"}]}' {{(pid=103354) _http_log_request /usr/local/lib/python3.8/dist-packages/keystoneauth1/session.py:519}}
Jan 14 01:38:59.084954 n-d-824358-4 neutron-server[103353]: INFO neutron.wsgi [None req-96100165-5c7b-458d-a46f-c898dd5eeb7d admin admin] 10.222.0.26 "GET /v2.0/security-groups?tenant_id=184f08301a9c4fc8a6d47e9e201c2c33&name=default HTTP/1.1" status: 200 len: 2996 time: 0.8670776
Jan 14 01:38:59.085719 n-d-824358-4 neutron-server[103353]: DEBUG neutron.wsgi [-] (103353) accepted ('10.222.0.26', 45902) {{(pid=103353) server /usr/local/lib/python3.8/dist-packages/eventlet/wsgi.py:1004}}
Jan 14 01:38:59.097209 n-d-824358-4 neutron-server[103353]: DEBUG neutron.api.rpc.handlers.resources_rpc [None req-96100165-5c7b-458d-a46f-c898dd5eeb7d admin admin] Pushing event updated for resources: {'SecurityGroup': ['ID=599f3a47-c67e-4691-80a4-52f9d0143b36,revision_number=1']} {{(pid=103353) push /opt/stack/neutron/neutron/api/rpc/handlers/resources_rpc.py:237}}
Jan 14 01:38:59.100487 n-d-824358-4 neutron-server[103354]: DEBUG neutron.pecan_wsgi.hooks.quota_enforcement [req-f56a1996-27a7-42f1-b838-3ea933a6180e req-2b9760d3-1117-448e-98b3-8b6b49154d6b tempest-ServersAdminNegativeTestJSON-1999858429 tempest-ServersAdminNegativeTestJSON-1999858429-project] Made reservation on behalf of 2950b316bbf74bffa77aa4146c9c7869 for: {'port': 1} {{(pid=103354) before /opt/stack/neutron/neutron/pecan_wsgi/hooks/quota_enforcement.py:53}}
Jan 14 01:38:59.106053 n-d-824358-4 neutron-server[103354]: DEBUG neutron_lib.callbacks.manager [req-f56a1996-27a7-42f1-b838-3ea933a6180e req-2b9760d3-1117-448e-98b3-8b6b49154d6b tempest-ServersAdminNegativeTestJSON-1999858429 tempest-ServersAdminNegativeTestJSON-1999858429-project] Publish callbacks ['neutron.plugins.ml2.plugin.SecurityGroupDbMixin._ensure_default_security_group_handler-1471024'] for port (None), before_create {{(pid=103354) _notify_loop /usr/local/lib/python3.8/dist-packages/neutron_lib/callbacks/manager.py:176}}
Jan 14 01:38:59.109482 n-d-824358-4 neutron-server[103353]: DEBUG neutron.pecan_wsgi.hooks.policy_enforcement [req-ab132125-637b-4989-b97f-f79e3d011457 req-fe888d7e-7487-4a74-9d3a-380995856de9 service neutron] Attributes excluded by policy engine: ['standard_attr_id', 'shared', 'segment_id'] {{(pid=103353) _exclude_attributes_by_policy /opt/stack/neutron/neutron/pecan_wsgi/hooks/policy_enforcement.py:255}}
Jan 14 01:38:59.110945 n-d-824358-4 neutron-server[103353]: INFO neutron.wsgi [req-ab132125-637b-4989-b97f-f79e3d011457 req-fe888d7e-7487-4a74-9d3a-380995856de9 service neutron] 10.222.0.36 "GET /v2.0/subnets?id=5382286c-1f83-4793-836d-bbb5398b58b0 HTTP/1.1" status: 200 len: 843 time: 0.1470933
Jan 14 01:38:59.136872 n-d-824358-4 neutron-server[103353]: DEBUG novaclient.v2.client [-] RESP: [200] Connection: close Content-Length: 179 Content-Type: application/json Date: Fri, 14 Jan 2022 01:38:58 GMT OpenStack-API-Version: compute 2.1 Server: Apache/2.4.41 (Ubuntu) Vary: OpenStack-API-Version,X-OpenStack-Nova-API-Version X-OpenStack-Nova-API-Version: 2.1 x-compute-request-id: req-ec263369-4a10-4173-b114-75745d7b5f23 x-openstack-request-id: req-ec263369-4a10-4173-b114-75745d7b5f23 {{(pid=103353) _http_log_response /usr/local/lib/python3.8/dist-packages/keystoneauth1/session.py:550}}
Jan 14 01:38:59.137053 n-d-824358-4 neutron-server[103354]: DEBUG neutron.api.rpc.handlers.resources_rpc [None req-f0391131-62e9-4e06-b4be-d58c0093ea27 service neutron] Pushing event updated for resources: {'Port': ['ID=4a366cd5-345b-42a2-967e-ac258c0e21b1,revision_number=3']} {{(pid=103354) push /opt/stack/neutron/neutron/api/rpc/handlers/resources_rpc.py:237}}
Jan 14 01:38:59.137419 n-d-824358-4 neutron-server[103353]: DEBUG novaclient.v2.client [-] RESP BODY: {"events": [{"name": "network-changed", "server_uuid": "ef9bab7e-cc08-4947-ae18-419009484883", "tag": "0e2d3264-1c45-4a2a-8de5-05c0fe050406", "status": "completed", "code": 200}]} {{(pid=103353) _http_log_response /usr/local/lib/python3.8/dist-packages/keystoneauth1/session.py:582}}
Jan 14 01:38:59.137554 n-d-824358-4 neutron-server[103353]: DEBUG novaclient.v2.client [-] POST call to compute for http://10.222.0.26/compute/v2.1/os-server-external-events used request id req-ec263369-4a10-4173-b114-75745d7b5f23 {{(pid=103353) request /usr/local/lib/python3.8/dist-packages/keystoneauth1/session.py:954}}
Jan 14 01:38:59.137925 n-d-824358-4 neutron-server[103353]: INFO neutron.notifiers.nova [-] Nova event response: {'name': 'network-changed', 'server_uuid': 'ef9bab7e-cc08-4947-ae18-419009484883', 'tag': '0e2d3264-1c45-4a2a-8de5-05c0fe050406', 'status': 'completed', 'code': 200}
Jan 14 01:38:59.195522 n-d-824358-4 neutron-server[103353]: DEBUG neutron_lib.callbacks.manager [None req-aba7aeed-3aec-41e0-b5a2-32fd1f712b40 admin admin] Publish callbacks [] for security_group (599f3a47-c67e-4691-80a4-52f9d0143b36), before_delete {{(pid=103353) _notify_loop /usr/local/lib/python3.8/dist-packages/neutron_lib/callbacks/manager.py:176}}
Jan 14 01:38:59.202598 n-d-824358-4 neutron-server[103353]: DEBUG neutron.pecan_wsgi.hooks.policy_enforcement [req-ab132125-637b-4989-b97f-f79e3d011457 req-ca428b68-b219-4537-83af-e504bd728672 service neutron] Attributes excluded by policy engine: ['standard_attr_id'] {{(pid=103353) _exclude_attributes_by_policy /opt/stack/neutron/neutron/pecan_wsgi/hooks/policy_enforcement.py:255}}
Jan 14 01:38:59.204878 n-d-824358-4 neutron-server[103353]: INFO neutron.wsgi [req-ab132125-637b-4989-b97f-f79e3d011457 req-ca428b68-b219-4537-83af-e504bd728672 service neutron] 10.222.0.36 "GET /v2.0/ports?network_id=51139d4a-e68d-4e3d-a688-2e86c777447a&device_owner=network%3Adhcp HTTP/1.1" status: 200 len: 1166 time: 0.0796540
Jan 14 01:38:59.229973 n-d-824358-4 neutron-server[103354]: DEBUG novaclient.v2.client [-] RESP: [200] Connection: close Content-Length: 179 Content-Type: application/json Date: Fri, 14 Jan 2022 01:38:59 GMT OpenStack-API-Version: compute 2.1 Server: Apache/2.4.41 (Ubuntu) Vary: OpenStack-API-Version,X-OpenStack-Nova-API-Version X-OpenStack-Nova-API-Version: 2.1 x-compute-request-id: req-5cac1a20-1f79-47f5-b11e-240fef9b1dbf x-openstack-request-id: req-5cac1a20-1f79-47f5-b11e-240fef9b1dbf {{(pid=103354) _http_log_response /usr/local/lib/python3.8/dist-packages/keystoneauth1/session.py:550}}
Jan 14 01:38:59.230797 n-d-824358-4 neutron-server[103354]: DEBUG novaclient.v2.client [-] RESP BODY: {"events": [{"name": "network-changed", "server_uuid": "54420223-dda6-4c95-90e5-aadabd2695da", "tag": "4a366cd5-345b-42a2-967e-ac258c0e21b1", "status": "completed", "code": 200}]} {{(pid=103354) _http_log_response /usr/local/lib/python3.8/dist-packages/keystoneauth1/session.py:582}}
Jan 14 01:38:59.231205 n-d-824358-4 neutron-server[103354]: DEBUG novaclient.v2.client [-] POST call to compute for http://10.222.0.26/compute/v2.1/os-server-external-events used request id req-5cac1a20-1f79-47f5-b11e-240fef9b1dbf {{(pid=103354) request /usr/local/lib/python3.8/dist-packages/keystoneauth1/session.py:954}}
Jan 14 01:38:59.231733 n-d-824358-4 neutron-server[103354]: INFO neutron.notifiers.nova [-] Nova event response: {'name': 'network-changed', 'server_uuid': '54420223-dda6-4c95-90e5-aadabd2695da', 'tag': '4a366cd5-345b-42a2-967e-ac258c0e21b1', 'status': 'completed', 'code': 200}
Jan 14 01:38:59.236345 n-d-824358-4 neutron-server[103353]: DEBUG neutron_lib.callbacks.manager [None req-aba7aeed-3aec-41e0-b5a2-32fd1f712b40 admin admin] Publish callbacks [] for security_group (599f3a47-c67e-4691-80a4-52f9d0143b36), precommit_delete {{(pid=103353) _notify_loop /usr/local/lib/python3.8/dist-packages/neutron_lib/callbacks/manager.py:176}}
Jan 14 01:38:59.288106 n-d-824358-4 neutron-server[103354]: DEBUG neutron.pecan_wsgi.hooks.policy_enforcement [req-f49cb6fb-23da-47db-b243-c8232779b299 req-3137d153-5380-4edc-a7df-24cd4a3e9639 service neutron] Attributes excluded by policy engine: ['standard_attr_id'] {{(pid=103354) _exclude_attributes_by_policy /opt/stack/neutron/neutron/pecan_wsgi/hooks/policy_enforcement.py:255}}
Jan 14 01:38:59.290614 n-d-824358-4 neutron-server[103354]: INFO neutron.wsgi [req-f49cb6fb-23da-47db-b243-c8232779b299 req-3137d153-5380-4edc-a7df-24cd4a3e9639 service neutron] 10.222.0.36 "GET /v2.0/ports?tenant_id=fb29aaab805049d786bf79e89fb9efca&device_id=54420223-dda6-4c95-90e5-aadabd2695da HTTP/1.1" status: 200 len: 1094 time: 0.1313214
Jan 14 01:38:59.362866 n-d-824358-4 neutron-server[103354]: INFO neutron.wsgi [req-f49cb6fb-23da-47db-b243-c8232779b299 req-28c0a0b2-01a4-4d4a-9530-52ab9bbee057 service neutron] 10.222.0.36 "GET /v2.0/floatingips?fixed_ip_address=172.20.0.6&port_id=4a366cd5-345b-42a2-967e-ac258c0e21b1 HTTP/1.1" status: 200 len: 217 time: 0.0529742
Jan 14 01:38:59.438705 n-d-824358-4 neutron-server[103354]: DEBUG neutron.db.db_base_plugin_common [req-f56a1996-27a7-42f1-b838-3ea933a6180e req-2b9760d3-1117-448e-98b3-8b6b49154d6b tempest-ServersAdminNegativeTestJSON-1999858429 tempest-ServersAdminNegativeTestJSON-1999858429-project] Allocated IP 192.168.233.80 (51139d4a-e68d-4e3d-a688-2e86c777447a/5382286c-1f83-4793-836d-bbb5398b58b0/ed72ac1c-6ad1-4b26-8b23-451a21c5b94f) {{(pid=103354) _store_ip_allocation /opt/stack/neutron/neutron/db/db_base_plugin_common.py:131}}
Jan 14 01:38:59.461663 n-d-824358-4 neutron-server[103354]: DEBUG neutron.pecan_wsgi.hooks.policy_enforcement [req-f49cb6fb-23da-47db-b243-c8232779b299 req-be1c89e4-4774-4b50-b084-ab06dfbc4d22 service neutron] Attributes excluded by policy engine: ['standard_attr_id', 'shared', 'segment_id'] {{(pid=103354) _exclude_attributes_by_policy /opt/stack/neutron/neutron/pecan_wsgi/hooks/policy_enforcement.py:255}}
Jan 14 01:38:59.463678 n-d-824358-4 neutron-server[103354]: INFO neutron.wsgi [req-f49cb6fb-23da-47db-b243-c8232779b299 req-be1c89e4-4774-4b50-b084-ab06dfbc4d22 service neutron] 10.222.0.36 "GET /v2.0/subnets?id=d2dc1ec0-b4e3-4416-992a-c3607b086cec HTTP/1.1" status: 200 len: 860 time: 0.0925610
Jan 14 01:38:59.509970 n-d-824358-4 neutron-server[103354]: INFO neutron.wsgi [req-f49cb6fb-23da-47db-b243-c8232779b299 req-dc5f6015-07b3-4d59-9896-2609fb42b3bb service neutron] 10.222.0.36 "GET /v2.0/ports?network_id=61934a89-e7c0-4c0c-b87e-9b0f2dc593bb&device_owner=network%3Adhcp HTTP/1.1" status: 200 len: 210 time: 0.0378687
Jan 14 01:38:59.523397 n-d-824358-4 neutron-server[103355]: DEBUG neutron.notifiers.nova [-] Sending events: [{'server_uuid': '15704941-b342-4c65-92d2-bb32b28b3648', 'name': 'network-vif-plugged', 'status': 'completed', 'tag': 'd6e19b37-028f-4bd8-b332-962e0c07a042'}] {{(pid=103355) send_events /opt/stack/neutron/neutron/notifiers/nova.py:262}}
Jan 14 01:38:59.528156 n-d-824358-4 neutron-server[103355]: DEBUG novaclient.v2.client [-] REQ: curl -g -i --cacert "/opt/stack/data/ca-bundle.pem" -X POST http://10.222.0.26/compute/v2.1/os-server-external-events -H "Accept: application/json" -H "Content-Type: application/json" -H "User-Agent: python-novaclient" -H "X-Auth-Token: {SHA256}fa31239041b8f31627501801b3e7c903104101ee0553cdb1fb7f8c356c0d3f6c" -H "X-OpenStack-Nova-API-Version: 2.1" -H "X-OpenStack-Request-ID: req-ed812585-fa62-4482-a484-f86d2276bdaf" -d '{"events": [{"server_uuid": "15704941-b342-4c65-92d2-bb32b28b3648", "name": "network-vif-plugged", "status": "completed", "tag": "d6e19b37-028f-4bd8-b332-962e0c07a042"}]}' {{(pid=103355) _http_log_request /usr/local/lib/python3.8/dist-packages/keystoneauth1/session.py:519}}
Jan 14 01:38:59.639452 n-d-824358-4 neutron-server[103353]: INFO neutron.wsgi [req-3869a814-63df-4efa-b8f6-83adb970a349 req-824408cf-7c11-495f-b3d0-650846c93e15 tempest-ServersAdminNegativeTestJSON-1999858429 tempest-ServersAdminNegativeTestJSON-1999858429-project] 10.222.0.26 "GET /v2.0/ports?device_id=47b5cf0e-bc4b-418c-8664-a0a894462152 HTTP/1.1" status: 200 len: 210 time: 0.0485272
Jan 14 01:38:59.757672 n-d-824358-4 neutron-server[103353]: DEBUG neutron.pecan_wsgi.hooks.policy_enforcement [req-8a48201b-8fd9-43c6-9c06-72e6ffdaadb7 req-8d02ade8-ee75-4b84-adff-31831038f96b tempest-LiveAutoBlockMigrationV225Test-15386159 tempest-LiveAutoBlockMigrationV225Test-15386159-project] Attributes excluded by policy engine: ['standard_attr_id', 'binding:profile', 'binding:host_id', 'binding:vif_type', 'binding:vif_details'] {{(pid=103353) _exclude_attributes_by_policy /opt/stack/neutron/neutron/pecan_wsgi/hooks/policy_enforcement.py:255}}
Jan 14 01:38:59.759181 n-d-824358-4 neutron-server[103353]: INFO neutron.wsgi [req-8a48201b-8fd9-43c6-9c06-72e6ffdaadb7 req-8d02ade8-ee75-4b84-adff-31831038f96b tempest-LiveAutoBlockMigrationV225Test-15386159 tempest-LiveAutoBlockMigrationV225Test-15386159-project] 10.222.0.26 "GET /v2.0/ports?device_id=54420223-dda6-4c95-90e5-aadabd2695da HTTP/1.1" status: 200 len: 943 time: 0.5209682
Jan 14 01:38:59.788104 n-d-824358-4 neutron-server[103353]: INFO neutron.wsgi [req-ab132125-637b-4989-b97f-f79e3d011457 req-97b80723-574c-49fc-a95d-b807dc2f458a service neutron] 10.222.0.36 "GET /v2.0/networks/51139d4a-e68d-4e3d-a688-2e86c777447a?fields=segments HTTP/1.1" status: 200 len: 212 time: 0.5655875
Jan 14 01:38:59.793817 n-d-824358-4 neutron-server[103354]: INFO neutron.wsgi [req-f49cb6fb-23da-47db-b243-c8232779b299 req-c346ba8d-9567-4831-a04d-20a7b1a27e59 service neutron] 10.222.0.36 "GET /v2.0/networks/61934a89-e7c0-4c0c-b87e-9b0f2dc593bb?fields=segments HTTP/1.1" status: 200 len: 212 time: 0.2775495
Jan 14 01:38:59.814516 n-d-824358-4 neutron-server[103353]: DEBUG neutron_lib.callbacks.manager [None req-aba7aeed-3aec-41e0-b5a2-32fd1f712b40 admin admin] Publish callbacks ['neutron.plugins.ml2.ovo_rpc._ObjectChangeHandler.handle_event-1579594'] for security_group (599f3a47-c67e-4691-80a4-52f9d0143b36), after_delete {{(pid=103353) _notify_loop /usr/local/lib/python3.8/dist-packages/neutron_lib/callbacks/manager.py:176}}
Jan 14 01:38:59.816933 n-d-824358-4 neutron-server[103353]: DEBUG neutron_lib.callbacks.manager [None req-aba7aeed-3aec-41e0-b5a2-32fd1f712b40 admin admin] Publish callbacks [] for security_group (None), before_response {{(pid=103353) _notify_loop /usr/local/lib/python3.8/dist-packages/neutron_lib/callbacks/manager.py:176}}
Jan 14 01:38:59.821155 n-d-824358-4 neutron-server[103353]: INFO neutron.wsgi [None req-aba7aeed-3aec-41e0-b5a2-32fd1f712b40 admin admin] 10.222.0.26 "DELETE /v2.0/security-groups/599f3a47-c67e-4691-80a4-52f9d0143b36 HTTP/1.1" status: 204 len: 168 time: 0.7322698
Jan 14 01:38:59.880541 n-d-824358-4 neutron-server[103353]: DEBUG neutron.api.rpc.handlers.resources_rpc [None req-aba7aeed-3aec-41e0-b5a2-32fd1f712b40 admin admin] Pushing event deleted for resources: {'SecurityGroup': ['ID=599f3a47-c67e-4691-80a4-52f9d0143b36,revision_number=None']} {{(pid=103353) push /opt/stack/neutron/neutron/api/rpc/handlers/resources_rpc.py:237}}
Jan 14 01:38:59.909640 n-d-824358-4 neutron-server[103353]: DEBUG neutron.pecan_wsgi.hooks.policy_enforcement [req-b879f06b-2953-46f2-9acb-3ca2c4c4349c req-e16d455f-727d-4994-90f7-3fc1f7adc03d tempest-DeleteServersAdminTestJSON-1165337330 tempest-DeleteServersAdminTestJSON-1165337330-project] Attributes excluded by policy engine: ['standard_attr_id', 'binding:profile', 'binding:host_id', 'binding:vif_type', 'binding:vif_details'] {{(pid=103353) _exclude_attributes_by_policy /opt/stack/neutron/neutron/pecan_wsgi/hooks/policy_enforcement.py:255}}
Jan 14 01:38:59.916743 n-d-824358-4 neutron-server[103353]: INFO neutron.wsgi [req-b879f06b-2953-46f2-9acb-3ca2c4c4349c req-e16d455f-727d-4994-90f7-3fc1f7adc03d tempest-DeleteServersAdminTestJSON-1165337330 tempest-DeleteServersAdminTestJSON-1165337330-project] 10.222.0.26 "GET /v2.0/ports?device_id=ef9bab7e-cc08-4947-ae18-419009484883 HTTP/1.1" status: 200 len: 948 time: 0.1848278
Jan 14 01:38:59.930550 n-d-824358-4 neutron-server[103353]: INFO neutron.wsgi [req-8a48201b-8fd9-43c6-9c06-72e6ffdaadb7 req-6fa6b402-f0fc-4cda-bf00-478feed1f20c tempest-LiveAutoBlockMigrationV225Test-15386159 tempest-LiveAutoBlockMigrationV225Test-15386159-project] 10.222.0.26 "GET /v2.0/security-groups?id=9178d236-2866-4248-9bf5-f0cb039344b9&fields=id&fields=name HTTP/1.1" status: 200 len: 286 time: 0.1516020
Jan 14 01:38:59.930711 n-d-824358-4 neutron-server[103354]: DEBUG neutron_lib.callbacks.manager [req-f56a1996-27a7-42f1-b838-3ea933a6180e req-2b9760d3-1117-448e-98b3-8b6b49154d6b tempest-ServersAdminNegativeTestJSON-1999858429 tempest-ServersAdminNegativeTestJSON-1999858429-project] Publish callbacks [] for port (ed72ac1c-6ad1-4b26-8b23-451a21c5b94f), precommit_create {{(pid=103354) _notify_loop /usr/local/lib/python3.8/dist-packages/neutron_lib/callbacks/manager.py:176}}
Jan 14 01:38:59.991970 n-d-824358-4 neutron-server[103354]: INFO neutron.wsgi [req-f49cb6fb-23da-47db-b243-c8232779b299 req-5c96dd96-0fa1-4b1b-9c18-03c6ac65aae1 service neutron] 10.222.0.36 "GET /v2.0/networks/61934a89-e7c0-4c0c-b87e-9b0f2dc593bb?fields=provider%3Aphysical_network&fields=provider%3Anetwork_type HTTP/1.1" status: 200 len: 281 time: 0.1617289
Jan 14 01:38:59.997397 n-d-824358-4 neutron-server[103353]: INFO neutron.wsgi [req-ab132125-637b-4989-b97f-f79e3d011457 req-b4bd1f52-42d5-4932-bd4d-886780a927cb service neutron] 10.222.0.36 "GET /v2.0/networks/51139d4a-e68d-4e3d-a688-2e86c777447a?fields=provider%3Aphysical_network&fields=provider%3Anetwork_type HTTP/1.1" status: 200 len: 281 time: 0.1950159
Jan 14 01:39:00.005365 n-d-824358-4 neutron-server[103354]: DEBUG neutron_lib.callbacks.manager [req-f56a1996-27a7-42f1-b838-3ea933a6180e req-2b9760d3-1117-448e-98b3-8b6b49154d6b tempest-ServersAdminNegativeTestJSON-1999858429 tempest-ServersAdminNegativeTestJSON-1999858429-project] Publish callbacks ['neutron.plugins.ml2.plugin.SecurityGroupServerNotifierRpcMixin._notify_sg_on_port_change-1471479', 'neutron.plugins.ml2.ovo_rpc._ObjectChangeHandler.handle_event-1946209', 'neutron.api.rpc.agentnotifiers.dhcp_rpc_agent_api.DhcpAgentNotifyAPI._native_event_send_dhcp_notification-1693493', 'neutron.db.l3_dvrscheduler_db._notify_l3_agent_new_port-8788831115277', 'neutron.services.segments.plugin.NovaSegmentNotifier._notify_port_created_or_deleted-26537434'] for port (ed72ac1c-6ad1-4b26-8b23-451a21c5b94f), after_create {{(pid=103354) _notify_loop /usr/local/lib/python3.8/dist-packages/neutron_lib/callbacks/manager.py:176}}
Jan 14 01:39:00.032141 n-d-824358-4 neutron-server[103353]: INFO neutron.wsgi [req-b879f06b-2953-46f2-9acb-3ca2c4c4349c req-e208f75d-6c4b-46be-8bec-e9e2a9955105 tempest-DeleteServersAdminTestJSON-1165337330 tempest-DeleteServersAdminTestJSON-1165337330-project] 10.222.0.26 "GET /v2.0/security-groups?id=e714d006-4785-4a96-8670-e2d0b931aca5&fields=id&fields=name HTTP/1.1" status: 200 len: 286 time: 0.1108105
Jan 14 01:39:00.047266 n-d-824358-4 neutron-server[103355]: DEBUG neutron.plugins.ml2.db [None req-659f6283-c419-4dcc-8260-bc27719d708e None None] get_ports_and_sgs() called for port_ids ['d62c58fe-adc0-485d-9a83-39297cd2a7c0'] {{(pid=103355) get_ports_and_sgs /opt/stack/neutron/neutron/plugins/ml2/db.py:156}}
Jan 14 01:39:00.051711 n-d-824358-4 neutron-server[103355]: DEBUG novaclient.v2.client [-] RESP: [200] Connection: close Content-Length: 183 Content-Type: application/json Date: Fri, 14 Jan 2022 01:38:59 GMT OpenStack-API-Version: compute 2.1 Server: Apache/2.4.41 (Ubuntu) Vary: OpenStack-API-Version,X-OpenStack-Nova-API-Version X-OpenStack-Nova-API-Version: 2.1 x-compute-request-id: req-5192e0eb-b096-4529-b6c9-0b86138bee43 x-openstack-request-id: req-5192e0eb-b096-4529-b6c9-0b86138bee43 {{(pid=103355) _http_log_response /usr/local/lib/python3.8/dist-packages/keystoneauth1/session.py:550}}
Jan 14 01:39:00.051866 n-d-824358-4 neutron-server[103355]: DEBUG novaclient.v2.client [-] RESP BODY: {"events": [{"server_uuid": "15704941-b342-4c65-92d2-bb32b28b3648", "name": "network-vif-plugged", "status": "completed", "tag": "d6e19b37-028f-4bd8-b332-962e0c07a042", "code": 200}]} {{(pid=103355) _http_log_response /usr/local/lib/python3.8/dist-packages/keystoneauth1/session.py:582}}
Jan 14 01:39:00.052133 n-d-824358-4 neutron-server[103355]: DEBUG novaclient.v2.client [-] POST call to compute for http://10.222.0.26/compute/v2.1/os-server-external-events used request id req-5192e0eb-b096-4529-b6c9-0b86138bee43 {{(pid=103355) request /usr/local/lib/python3.8/dist-packages/keystoneauth1/session.py:954}}
Jan 14 01:39:00.052513 n-d-824358-4 neutron-server[103355]: INFO neutron.notifiers.nova [-] Nova event response: {'server_uuid': '15704941-b342-4c65-92d2-bb32b28b3648', 'name': 'network-vif-plugged', 'status': 'completed', 'tag': 'd6e19b37-028f-4bd8-b332-962e0c07a042', 'code': 200}
Jan 14 01:39:00.084418 n-d-824358-4 neutron-server[103354]: DEBUG neutron.scheduler.dhcp_agent_scheduler [req-f56a1996-27a7-42f1-b838-3ea933a6180e req-2b9760d3-1117-448e-98b3-8b6b49154d6b tempest-ServersAdminNegativeTestJSON-1999858429 tempest-ServersAdminNegativeTestJSON-1999858429-project] Network 51139d4a-e68d-4e3d-a688-2e86c777447a is already hosted by enough agents. {{(pid=103354) _get_dhcp_agents_hosting_network /opt/stack/neutron/neutron/scheduler/dhcp_agent_scheduler.py:275}}
Jan 14 01:39:00.099546 n-d-824358-4 neutron-server[103354]: DEBUG neutron.scheduler.base_scheduler [req-f56a1996-27a7-42f1-b838-3ea933a6180e req-2b9760d3-1117-448e-98b3-8b6b49154d6b tempest-ServersAdminNegativeTestJSON-1999858429 tempest-ServersAdminNegativeTestJSON-1999858429-project] Resources bound (agent type, host, resource id): {{(pid=103354) schedule /opt/stack/neutron/neutron/scheduler/base_scheduler.py:57}}
Jan 14 01:39:00.105891 n-d-824358-4 neutron-server[103354]: DEBUG neutron.db.l3_dvrscheduler_db [req-f56a1996-27a7-42f1-b838-3ea933a6180e req-2b9760d3-1117-448e-98b3-8b6b49154d6b tempest-ServersAdminNegativeTestJSON-1999858429 tempest-ServersAdminNegativeTestJSON-1999858429-project] Received port after_create {{(pid=103354) _notify_l3_agent_new_port /opt/stack/neutron/neutron/db/l3_dvrscheduler_db.py:535}}
Jan 14 01:39:00.197229 n-d-824358-4 neutron-server[103354]: DEBUG neutron.api.rpc.handlers.resources_rpc [None req-2b9760d3-1117-448e-98b3-8b6b49154d6b tempest-ServersAdminNegativeTestJSON-1999858429 tempest-ServersAdminNegativeTestJSON-1999858429-project] Pushing event updated for resources: {'Port': ['ID=ed72ac1c-6ad1-4b26-8b23-451a21c5b94f,revision_number=1']} {{(pid=103354) push /opt/stack/neutron/neutron/api/rpc/handlers/resources_rpc.py:237}}
Jan 14 01:39:00.277324 n-d-824358-4 neutron-server[103354]: DEBUG neutron.pecan_wsgi.hooks.policy_enforcement [req-f56a1996-27a7-42f1-b838-3ea933a6180e req-2b9760d3-1117-448e-98b3-8b6b49154d6b tempest-ServersAdminNegativeTestJSON-1999858429 tempest-ServersAdminNegativeTestJSON-1999858429-project] Attributes excluded by policy engine: ['standard_attr_id', 'binding:profile', 'binding:host_id', 'binding:vif_type', 'binding:vif_details', 'network'] {{(pid=103354) _exclude_attributes_by_policy /opt/stack/neutron/neutron/pecan_wsgi/hooks/policy_enforcement.py:255}}
Jan 14 01:39:00.277976 n-d-824358-4 neutron-server[103354]: DEBUG neutron_lib.callbacks.manager [req-f56a1996-27a7-42f1-b838-3ea933a6180e req-2b9760d3-1117-448e-98b3-8b6b49154d6b tempest-ServersAdminNegativeTestJSON-1999858429 tempest-ServersAdminNegativeTestJSON-1999858429-project] Publish callbacks ['neutron.notifiers.nova.Notifier._send_nova_notification-42049'] for port (None), before_response {{(pid=103354) _notify_loop /usr/local/lib/python3.8/dist-packages/neutron_lib/callbacks/manager.py:176}}
Jan 14 01:39:00.308360 n-d-824358-4 neutron-server[103354]: DEBUG neutron.pecan_wsgi.hooks.policy_enforcement [req-1ed3c8f9-68af-43e4-a8ef-340a969cbbc5 req-68a8128d-6d7a-4400-bd5b-092b2b5c0eaf service neutron] Attributes excluded by policy engine: ['standard_attr_id'] {{(pid=103354) _exclude_attributes_by_policy /opt/stack/neutron/neutron/pecan_wsgi/hooks/policy_enforcement.py:255}}
Jan 14 01:39:00.309930 n-d-824358-4 neutron-server[103354]: INFO neutron.wsgi [req-1ed3c8f9-68af-43e4-a8ef-340a969cbbc5 req-68a8128d-6d7a-4400-bd5b-092b2b5c0eaf service neutron] 10.222.0.46 "GET /v2.0/ports?device_id=15704941-b342-4c65-92d2-bb32b28b3648 HTTP/1.1" status: 200 len: 1097 time: 0.1552122
Jan 14 01:39:00.319261 n-d-824358-4 neutron-server[103354]: DEBUG neutron.pecan_wsgi.hooks.policy_enforcement [req-7f8e011a-56bf-4954-9503-61b3f3b5e0b1 req-802a0561-d6ca-43df-8432-9b19c9107017 service neutron] Attributes excluded by policy engine: ['standard_attr_id'] {{(pid=103354) _exclude_attributes_by_policy /opt/stack/neutron/neutron/pecan_wsgi/hooks/policy_enforcement.py:255}}
Jan 14 01:39:00.321032 n-d-824358-4 neutron-server[103354]: INFO neutron.wsgi [req-7f8e011a-56bf-4954-9503-61b3f3b5e0b1 req-802a0561-d6ca-43df-8432-9b19c9107017 service neutron] 10.222.0.36 "GET /v2.0/ports?tenant_id=fb29aaab805049d786bf79e89fb9efca&device_id=54420223-dda6-4c95-90e5-aadabd2695da HTTP/1.1" status: 200 len: 1094 time: 0.1246316
Jan 14 01:39:00.324019 n-d-824358-4 neutron-server[103354]: INFO neutron.wsgi [req-f56a1996-27a7-42f1-b838-3ea933a6180e req-2b9760d3-1117-448e-98b3-8b6b49154d6b tempest-ServersAdminNegativeTestJSON-1999858429 tempest-ServersAdminNegativeTestJSON-1999858429-project] 10.222.0.46 "POST /v2.0/ports HTTP/1.1" status: 201 len: 937 time: 1.5271888
Jan 14 01:39:00.376255 n-d-824358-4 neutron-server[103353]: DEBUG neutron.pecan_wsgi.hooks.policy_enforcement [req-864027f2-804e-4d8d-a002-a4bb5fc7a3f1 req-0757c0df-a339-4e8c-ab4d-bba3d84b9443 tempest-FloatingIPsAssociationTestJSON-1003380301 tempest-FloatingIPsAssociationTestJSON-1003380301-project] Attributes excluded by policy engine: ['standard_attr_id', 'binding:profile', 'binding:host_id', 'binding:vif_type', 'binding:vif_details'] {{(pid=103353) _exclude_attributes_by_policy /opt/stack/neutron/neutron/pecan_wsgi/hooks/policy_enforcement.py:255}}
Jan 14 01:39:00.377773 n-d-824358-4 neutron-server[103353]: INFO neutron.wsgi [req-864027f2-804e-4d8d-a002-a4bb5fc7a3f1 req-0757c0df-a339-4e8c-ab4d-bba3d84b9443 tempest-FloatingIPsAssociationTestJSON-1003380301 tempest-FloatingIPsAssociationTestJSON-1003380301-project] 10.222.0.26 "GET /v2.0/ports?device_id=15704941-b342-4c65-92d2-bb32b28b3648 HTTP/1.1" status: 200 len: 946 time: 0.1674402
Jan 14 01:39:00.380968 n-d-824358-4 neutron-server[103353]: DEBUG neutron.pecan_wsgi.hooks.policy_enforcement [req-5d8a8231-bc0e-4c82-b23c-5d19acde3879 req-383610f7-6b49-4dcd-8c0e-f7fd12e530c0 service neutron] Attributes excluded by policy engine: ['standard_attr_id'] {{(pid=103353) _exclude_attributes_by_policy /opt/stack/neutron/neutron/pecan_wsgi/hooks/policy_enforcement.py:255}}
Jan 14 01:39:00.382408 n-d-824358-4 neutron-server[103353]: INFO neutron.wsgi [req-5d8a8231-bc0e-4c82-b23c-5d19acde3879 req-383610f7-6b49-4dcd-8c0e-f7fd12e530c0 service neutron] 10.222.0.36 "GET /v2.0/ports?tenant_id=03c02436d299493cbfe1f452f2da5c1c&device_id=ef9bab7e-cc08-4947-ae18-419009484883 HTTP/1.1" status: 200 len: 1099 time: 0.1976347
Jan 14 01:39:00.490630 n-d-824358-4 neutron-server[103354]: DEBUG neutron.api.v2.base [req-f56a1996-27a7-42f1-b838-3ea933a6180e req-f0a2a41a-64b1-4ce6-8093-2123180ef2a6 service neutron] Request body: {'port': {'device_id': '47b5cf0e-bc4b-418c-8664-a0a894462152', 'device_owner': 'compute:nova', 'binding:host_id': 'n-h1-824358-4'}} {{(pid=103354) prepare_request_body /opt/stack/neutron/neutron/api/v2/base.py:729}}
Jan 14 01:39:00.528949 n-d-824358-4 neutron-server[103355]: DEBUG neutron.db.provisioning_blocks [None req-2a2d5573-0873-4d59-9b3b-74846189ba45 None None] Provisioning complete for port ed72ac1c-6ad1-4b26-8b23-451a21c5b94f triggered by entity DHCP. {{(pid=103355) provisioning_complete /opt/stack/neutron/neutron/db/provisioning_blocks.py:139}}
Jan 14 01:39:00.529745 n-d-824358-4 neutron-server[103355]: DEBUG neutron_lib.callbacks.manager [None req-2a2d5573-0873-4d59-9b3b-74846189ba45 None None] Publish callbacks ['neutron.plugins.ml2.plugin.Ml2Plugin._port_provisioned-1485981'] for port (ed72ac1c-6ad1-4b26-8b23-451a21c5b94f), provisioning_complete {{(pid=103355) _notify_loop /usr/local/lib/python3.8/dist-packages/neutron_lib/callbacks/manager.py:176}}
Jan 14 01:39:00.565298 n-d-824358-4 neutron-server[103354]: DEBUG neutron.pecan_wsgi.hooks.policy_enforcement [req-7f8e011a-56bf-4954-9503-61b3f3b5e0b1 req-5df5fe3e-1e86-4366-8ec5-77367df4a563 service neutron] Attributes excluded by policy engine: ['standard_attr_id', 'vlan_transparent'] {{(pid=103354) _exclude_attributes_by_policy /opt/stack/neutron/neutron/pecan_wsgi/hooks/policy_enforcement.py:255}}
Jan 14 01:39:00.567082 n-d-824358-4 neutron-server[103354]: INFO neutron.wsgi [req-7f8e011a-56bf-4954-9503-61b3f3b5e0b1 req-5df5fe3e-1e86-4366-8ec5-77367df4a563 service neutron] 10.222.0.36 "GET /v2.0/networks?id=61934a89-e7c0-4c0c-b87e-9b0f2dc593bb HTTP/1.1" status: 200 len: 921 time: 0.2356687
Jan 14 01:39:00.570365 n-d-824358-4 neutron-server[103353]: INFO neutron.wsgi [req-864027f2-804e-4d8d-a002-a4bb5fc7a3f1 req-2eacadf0-04e5-4946-b8bb-19efcd255ed4 tempest-FloatingIPsAssociationTestJSON-1003380301 tempest-FloatingIPsAssociationTestJSON-1003380301-project] 10.222.0.26 "GET /v2.0/security-groups?id=0dabb881-2d9f-456e-8bcd-86cf97c962b8&fields=id&fields=name HTTP/1.1" status: 200 len: 286 time: 0.1862299
Jan 14 01:39:00.587832 n-d-824358-4 neutron-server[103353]: DEBUG neutron.wsgi [-] (103353) accepted ('10.222.0.26', 45952) {{(pid=103353) server /usr/local/lib/python3.8/dist-packages/eventlet/wsgi.py:1004}}
Jan 14 01:39:00.601394 n-d-824358-4 neutron-server[103355]: DEBUG neutron.plugins.ml2.plugin [None req-2a2d5573-0873-4d59-9b3b-74846189ba45 None None] Port ed72ac1c-6ad1-4b26-8b23-451a21c5b94f cannot update to ACTIVE because it is not bound. {{(pid=103355) _port_provisioned /opt/stack/neutron/neutron/plugins/ml2/plugin.py:342}}
Jan 14 01:39:00.620214 n-d-824358-4 neutron-server[103354]: INFO neutron.wsgi [req-1ed3c8f9-68af-43e4-a8ef-340a969cbbc5 req-b3c5f6c1-ec70-4d72-956e-1c1c4461602d service neutron] 10.222.0.46 "GET /v2.0/security-groups?id=0dabb881-2d9f-456e-8bcd-86cf97c962b8&fields=id&fields=name HTTP/1.1" status: 200 len: 286 time: 0.3024559
Jan 14 01:39:00.634609 n-d-824358-4 neutron-server[103353]: DEBUG neutron_lib.callbacks.manager [None req-1df73e8f-c5f5-45da-b66b-05c7b3d57109 admin admin] Publish callbacks [] for security_group (None), before_create {{(pid=103353) _notify_loop /usr/local/lib/python3.8/dist-packages/neutron_lib/callbacks/manager.py:176}}
Jan 14 01:39:00.653491 n-d-824358-4 neutron-server[103353]: DEBUG neutron.pecan_wsgi.hooks.policy_enforcement [req-5d8a8231-bc0e-4c82-b23c-5d19acde3879 req-08561812-1f7e-487f-8718-22e7ce5ecffc service neutron] Attributes excluded by policy engine: ['standard_attr_id', 'vlan_transparent'] {{(pid=103353) _exclude_attributes_by_policy /opt/stack/neutron/neutron/pecan_wsgi/hooks/policy_enforcement.py:255}}
Jan 14 01:39:00.654976 n-d-824358-4 neutron-server[103353]: INFO neutron.wsgi [req-5d8a8231-bc0e-4c82-b23c-5d19acde3879 req-08561812-1f7e-487f-8718-22e7ce5ecffc service neutron] 10.222.0.36 "GET /v2.0/networks?id=51139d4a-e68d-4e3d-a688-2e86c777447a HTTP/1.1" status: 200 len: 870 time: 0.2518194
Jan 14 01:39:00.670507 n-d-824358-4 neutron-server[103354]: INFO neutron.wsgi [req-7f8e011a-56bf-4954-9503-61b3f3b5e0b1 req-dc51e106-772f-49b5-b49c-710f28ad0e45 service neutron] 10.222.0.36 "GET /v2.0/floatingips?fixed_ip_address=172.20.0.6&port_id=4a366cd5-345b-42a2-967e-ac258c0e21b1 HTTP/1.1" status: 200 len: 217 time: 0.0866127
Jan 14 01:39:00.720506 n-d-824358-4 neutron-server[103353]: DEBUG neutron.pecan_wsgi.hooks.policy_enforcement [req-b89818f0-e5be-48eb-a02b-c979b0fd46f7 req-a9108f8b-7767-4558-8465-1d0666129c56 tempest-ServersWithSpecificFlavorTestJSON-1643256533 tempest-ServersWithSpecificFlavorTestJSON-1643256533-project] Attributes excluded by policy engine: ['standard_attr_id', 'binding:profile', 'binding:host_id', 'binding:vif_type', 'binding:vif_details'] {{(pid=103353) _exclude_attributes_by_policy /opt/stack/neutron/neutron/pecan_wsgi/hooks/policy_enforcement.py:255}}
Jan 14 01:39:00.729232 n-d-824358-4 neutron-server[103353]: INFO neutron.wsgi [req-b89818f0-e5be-48eb-a02b-c979b0fd46f7 req-a9108f8b-7767-4558-8465-1d0666129c56 tempest-ServersWithSpecificFlavorTestJSON-1643256533 tempest-ServersWithSpecificFlavorTestJSON-1643256533-project] 10.222.0.26 "GET /v2.0/ports?device_id=7e26e927-9e4c-4f5e-b932-ee91583b4d2d HTTP/1.1" status: 200 len: 945 time: 0.1485736
Jan 14 01:39:00.736745 n-d-824358-4 neutron-server[103353]: INFO neutron.wsgi [req-5d8a8231-bc0e-4c82-b23c-5d19acde3879 req-29a4f5f4-b57f-4425-86b0-d5a765679ec7 service neutron] 10.222.0.36 "GET /v2.0/floatingips?fixed_ip_address=192.168.233.107&port_id=0e2d3264-1c45-4a2a-8de5-05c0fe050406 HTTP/1.1" status: 200 len: 217 time: 0.0718501
Jan 14 01:39:00.746123 n-d-824358-4 neutron-server[103354]: DEBUG neutron_lib.callbacks.manager [req-f56a1996-27a7-42f1-b838-3ea933a6180e req-f0a2a41a-64b1-4ce6-8093-2123180ef2a6 service neutron] Publish callbacks ['neutron.plugins.ml2.plugin.SecurityGroupDbMixin._ensure_default_security_group_handler-1471024'] for port (ed72ac1c-6ad1-4b26-8b23-451a21c5b94f), before_update {{(pid=103354) _notify_loop /usr/local/lib/python3.8/dist-packages/neutron_lib/callbacks/manager.py:176}}
Jan 14 01:39:00.759093 n-d-824358-4 neutron-server[103354]: DEBUG neutron.pecan_wsgi.hooks.policy_enforcement [req-7f8e011a-56bf-4954-9503-61b3f3b5e0b1 req-0357098b-ea0e-446a-a985-2e34ee32f7da service neutron] Attributes excluded by policy engine: ['standard_attr_id', 'shared', 'segment_id'] {{(pid=103354) _exclude_attributes_by_policy /opt/stack/neutron/neutron/pecan_wsgi/hooks/policy_enforcement.py:255}}
Jan 14 01:39:00.760703 n-d-824358-4 neutron-server[103354]: INFO neutron.wsgi [req-7f8e011a-56bf-4954-9503-61b3f3b5e0b1 req-0357098b-ea0e-446a-a985-2e34ee32f7da service neutron] 10.222.0.36 "GET /v2.0/subnets?id=d2dc1ec0-b4e3-4416-992a-c3607b086cec HTTP/1.1" status: 200 len: 860 time: 0.0823524
Jan 14 01:39:00.810585 n-d-824358-4 neutron-server[103354]: INFO neutron.wsgi [req-7f8e011a-56bf-4954-9503-61b3f3b5e0b1 req-fdbfa3e3-d686-48aa-9e73-3f98b0b06a5e service neutron] 10.222.0.36 "GET /v2.0/ports?network_id=61934a89-e7c0-4c0c-b87e-9b0f2dc593bb&device_owner=network%3Adhcp HTTP/1.1" status: 200 len: 210 time: 0.0425525
Jan 14 01:39:00.868463 n-d-824358-4 neutron-server[103353]: DEBUG neutron.pecan_wsgi.hooks.policy_enforcement [req-5d8a8231-bc0e-4c82-b23c-5d19acde3879 req-78c44eaa-3a27-4a6a-b734-0bab984fbf89 service neutron] Attributes excluded by policy engine: ['standard_attr_id', 'shared', 'segment_id'] {{(pid=103353) _exclude_attributes_by_policy /opt/stack/neutron/neutron/pecan_wsgi/hooks/policy_enforcement.py:255}}
Jan 14 01:39:00.870549 n-d-824358-4 neutron-server[103353]: INFO neutron.wsgi [req-5d8a8231-bc0e-4c82-b23c-5d19acde3879 req-78c44eaa-3a27-4a6a-b734-0bab984fbf89 service neutron] 10.222.0.36 "GET /v2.0/subnets?id=5382286c-1f83-4793-836d-bbb5398b58b0 HTTP/1.1" status: 200 len: 843 time: 0.1259971
Jan 14 01:39:00.881533 n-d-824358-4 neutron-server[103353]: INFO neutron.wsgi [req-b89818f0-e5be-48eb-a02b-c979b0fd46f7 req-d0e13b5f-9e91-4ace-8a95-b16c6aaa0267 tempest-ServersWithSpecificFlavorTestJSON-1643256533 tempest-ServersWithSpecificFlavorTestJSON-1643256533-project] 10.222.0.26 "GET /v2.0/security-groups?id=8788fce7-64bf-447e-b5da-db1a86d811a7&fields=id&fields=name HTTP/1.1" status: 200 len: 312 time: 0.1517608
Jan 14 01:39:00.909063 n-d-824358-4 neutron-server[103353]: DEBUG neutron.pecan_wsgi.hooks.policy_enforcement [req-c8468ecb-341c-42e8-8b5e-74e96e28bcc8 req-ac932621-7ff0-4d31-a894-46a8375527fa tempest-ServersAdminNegativeTestJSON-1999858429 tempest-ServersAdminNegativeTestJSON-1999858429-project] Attributes excluded by policy engine: ['standard_attr_id', 'binding:profile', 'binding:host_id', 'binding:vif_type', 'binding:vif_details'] {{(pid=103353) _exclude_attributes_by_policy /opt/stack/neutron/neutron/pecan_wsgi/hooks/policy_enforcement.py:255}}
Jan 14 01:39:00.910560 n-d-824358-4 neutron-server[103353]: INFO neutron.wsgi [req-c8468ecb-341c-42e8-8b5e-74e96e28bcc8 req-ac932621-7ff0-4d31-a894-46a8375527fa tempest-ServersAdminNegativeTestJSON-1999858429 tempest-ServersAdminNegativeTestJSON-1999858429-project] 10.222.0.26 "GET /v2.0/ports?device_id=47b5cf0e-bc4b-418c-8664-a0a894462152 HTTP/1.1" status: 200 len: 935 time: 0.1687868
Jan 14 01:39:00.952416 n-d-824358-4 neutron-server[103353]: DEBUG neutron_lib.callbacks.manager [None req-1df73e8f-c5f5-45da-b66b-05c7b3d57109 admin admin] Publish callbacks [] for security_group (c71a30ef-1080-4b39-a548-2094a96e6769), precommit_create {{(pid=103353) _notify_loop /usr/local/lib/python3.8/dist-packages/neutron_lib/callbacks/manager.py:176}}
Jan 14 01:39:00.978203 n-d-824358-4 neutron-server[103353]: DEBUG neutron_lib.callbacks.manager [None req-1df73e8f-c5f5-45da-b66b-05c7b3d57109 admin admin] Publish callbacks ['neutron.plugins.ml2.ovo_rpc._ObjectChangeHandler.handle_event-1579594'] for security_group (c71a30ef-1080-4b39-a548-2094a96e6769), after_create {{(pid=103353) _notify_loop /usr/local/lib/python3.8/dist-packages/neutron_lib/callbacks/manager.py:176}}
Jan 14 01:39:01.038313 n-d-824358-4 neutron-server[103354]: INFO neutron.wsgi [req-7f8e011a-56bf-4954-9503-61b3f3b5e0b1 req-880a54b0-0fee-4a5b-a27e-5be3d740589f service neutron] 10.222.0.36 "GET /v2.0/networks/61934a89-e7c0-4c0c-b87e-9b0f2dc593bb?fields=segments HTTP/1.1" status: 200 len: 212 time: 0.2194822
Jan 14 01:39:01.067419 n-d-824358-4 neutron-server[103353]: DEBUG neutron.pecan_wsgi.hooks.policy_enforcement [req-5d8a8231-bc0e-4c82-b23c-5d19acde3879 req-59212a6b-54e4-403e-8258-dbe9e47ea36d service neutron] Attributes excluded by policy engine: ['standard_attr_id'] {{(pid=103353) _exclude_attributes_by_policy /opt/stack/neutron/neutron/pecan_wsgi/hooks/policy_enforcement.py:255}}
Jan 14 01:39:01.069561 n-d-824358-4 neutron-server[103353]: INFO neutron.wsgi [req-5d8a8231-bc0e-4c82-b23c-5d19acde3879 req-59212a6b-54e4-403e-8258-dbe9e47ea36d service neutron] 10.222.0.36 "GET /v2.0/ports?network_id=51139d4a-e68d-4e3d-a688-2e86c777447a&device_owner=network%3Adhcp HTTP/1.1" status: 200 len: 1166 time: 0.1852925
Jan 14 01:39:01.096500 n-d-824358-4 neutron-server[103353]: INFO neutron.wsgi [None req-1df73e8f-c5f5-45da-b66b-05c7b3d57109 admin admin] 10.222.0.26 "GET /v2.0/security-groups?tenant_id=69a0d03de6194ed9b84263f70ffbf2ba&name=default HTTP/1.1" status: 200 len: 2996 time: 0.5035331
Jan 14 01:39:01.096823 n-d-824358-4 neutron-server[103354]: DEBUG neutron.wsgi [-] (103354) accepted ('10.222.0.26', 45974) {{(pid=103354) server /usr/local/lib/python3.8/dist-packages/eventlet/wsgi.py:1004}}
Jan 14 01:39:01.098881 n-d-824358-4 neutron-server[103353]: INFO neutron.wsgi [req-c8468ecb-341c-42e8-8b5e-74e96e28bcc8 req-1cbdfbb5-d467-4f8c-830d-f98b3e3329f0 tempest-ServersAdminNegativeTestJSON-1999858429 tempest-ServersAdminNegativeTestJSON-1999858429-project] 10.222.0.26 "GET /v2.0/security-groups?id=fc71ae2a-675f-4381-9c65-d43e6bc015c3&fields=id&fields=name HTTP/1.1" status: 200 len: 286 time: 0.1726196
Jan 14 01:39:01.103853 n-d-824358-4 neutron-server[103353]: DEBUG neutron.api.rpc.handlers.resources_rpc [None req-1df73e8f-c5f5-45da-b66b-05c7b3d57109 admin admin] Pushing event updated for resources: {'SecurityGroup': ['ID=c71a30ef-1080-4b39-a548-2094a96e6769,revision_number=1']} {{(pid=103353) push /opt/stack/neutron/neutron/api/rpc/handlers/resources_rpc.py:237}}
