Jan 10 19:43:56.516524 n-d-824048-1 devstack@placement-api.service[104165]: DEBUG placement.requestlog [req-ee31f5b6-17d8-46a8-8bcc-5f3e83c346ee req-39154ff5-4f71-46da-8447-acb19cd58bd2 None None] Starting request: 10.222.0.20 "GET /placement/allocation_candidates?limit=1000&resources=DISK_GB%3A1%2CMEMORY_MB%3A1024%2CVCPU%3A1&root_required=%21COMPUTE_STATUS_DISABLED" {{(pid=104165) __call__ /opt/stack/placement/placement/requestlog.py:55}}
Jan 10 19:43:56.557715 n-d-824048-1 devstack@placement-api.service[104165]: DEBUG placement.objects.research_context [req-ee31f5b6-17d8-46a8-8bcc-5f3e83c346ee req-39154ff5-4f71-46da-8447-acb19cd58bd2 service placement] getting providers with 1 DISK_GB {{(pid=104165) __init__ /opt/stack/placement/placement/objects/research_context.py:126}}
Jan 10 19:43:56.565047 n-d-824048-1 devstack@placement-api.service[104165]: DEBUG placement.objects.research_context [req-ee31f5b6-17d8-46a8-8bcc-5f3e83c346ee req-39154ff5-4f71-46da-8447-acb19cd58bd2 service placement] getting providers with 1024 MEMORY_MB {{(pid=104165) __init__ /opt/stack/placement/placement/objects/research_context.py:126}}
Jan 10 19:43:56.571417 n-d-824048-1 devstack@placement-api.service[104165]: DEBUG placement.objects.research_context [req-ee31f5b6-17d8-46a8-8bcc-5f3e83c346ee req-39154ff5-4f71-46da-8447-acb19cd58bd2 service placement] getting providers with 1 VCPU {{(pid=104165) __init__ /opt/stack/placement/placement/objects/research_context.py:126}}
Jan 10 19:43:56.592968 n-d-824048-1 devstack@placement-api.service[104165]: DEBUG placement.objects.research_context [req-ee31f5b6-17d8-46a8-8bcc-5f3e83c346ee req-39154ff5-4f71-46da-8447-acb19cd58bd2 service placement] found 2 providers with available 1 DISK_GB {{(pid=104165) get_provider_ids_matching /opt/stack/placement/placement/objects/research_context.py:549}}
Jan 10 19:43:56.593345 n-d-824048-1 devstack@placement-api.service[104165]: DEBUG placement.objects.research_context [req-ee31f5b6-17d8-46a8-8bcc-5f3e83c346ee req-39154ff5-4f71-46da-8447-acb19cd58bd2 service placement] found 2 providers with available 1024 MEMORY_MB {{(pid=104165) get_provider_ids_matching /opt/stack/placement/placement/objects/research_context.py:549}}
Jan 10 19:43:56.594201 n-d-824048-1 devstack@placement-api.service[104165]: DEBUG placement.objects.research_context [req-ee31f5b6-17d8-46a8-8bcc-5f3e83c346ee req-39154ff5-4f71-46da-8447-acb19cd58bd2 service placement] found 2 providers after filtering by previous result {{(pid=104165) get_provider_ids_matching /opt/stack/placement/placement/objects/research_context.py:580}}
Jan 10 19:43:56.594680 n-d-824048-1 devstack@placement-api.service[104165]: DEBUG placement.objects.research_context [req-ee31f5b6-17d8-46a8-8bcc-5f3e83c346ee req-39154ff5-4f71-46da-8447-acb19cd58bd2 service placement] found 2 providers with available 1 VCPU {{(pid=104165) get_provider_ids_matching /opt/stack/placement/placement/objects/research_context.py:549}}
Jan 10 19:43:56.595038 n-d-824048-1 devstack@placement-api.service[104165]: DEBUG placement.objects.research_context [req-ee31f5b6-17d8-46a8-8bcc-5f3e83c346ee req-39154ff5-4f71-46da-8447-acb19cd58bd2 service placement] found 2 providers after filtering by previous result {{(pid=104165) get_provider_ids_matching /opt/stack/placement/placement/objects/research_context.py:580}}
Jan 10 19:43:56.607484 n-d-824048-1 devstack@placement-api.service[104165]: DEBUG placement.objects.allocation_candidate [req-ee31f5b6-17d8-46a8-8bcc-5f3e83c346ee req-39154ff5-4f71-46da-8447-acb19cd58bd2 service placement] RequestGroup(use_same_provider=False, resources={DISK_GB:1, MEMORY_MB:1024, VCPU:1}, traits=[], aggregates=[]) (suffix '') returned 2 matches {{(pid=104165) _get_by_requests /opt/stack/placement/placement/objects/allocation_candidate.py:145}}
Jan 10 19:43:56.607847 n-d-824048-1 devstack@placement-api.service[104165]: DEBUG placement.objects.allocation_candidate [req-ee31f5b6-17d8-46a8-8bcc-5f3e83c346ee req-39154ff5-4f71-46da-8447-acb19cd58bd2 service placement] Merging candidates yields 2 allocation requests and 2 provider summaries {{(pid=104165) _merge_candidates /opt/stack/placement/placement/objects/allocation_candidate.py:783}}
Jan 10 19:43:56.624128 n-d-824048-1 devstack@placement-api.service[104165]: INFO placement.requestlog [req-ee31f5b6-17d8-46a8-8bcc-5f3e83c346ee req-39154ff5-4f71-46da-8447-acb19cd58bd2 service placement] 10.222.0.20 "GET /placement/allocation_candidates?limit=1000&resources=DISK_GB%3A1%2CMEMORY_MB%3A1024%2CVCPU%3A1&root_required=%21COMPUTE_STATUS_DISABLED" status: 200 len: 1309 microversion: 1.36
Jan 10 19:43:56.624545 n-d-824048-1 devstack@placement-api.service[104165]: [pid: 104165|app: 0|req: 266/531] 10.222.0.20 () {60 vars in 1506 bytes} [Mon Jan 10 19:43:56 2022] GET /placement/allocation_candidates?limit=1000&resources=DISK_GB%3A1%2CMEMORY_MB%3A1024%2CVCPU%3A1&root_required=%21COMPUTE_STATUS_DISABLED => generated 1309 bytes in 109 msecs (HTTP/1.1 200) 8 headers in 297 bytes (1 switches on core 0)
Jan 10 19:43:56.696201 n-d-824048-1 devstack@placement-api.service[104164]: DEBUG placement.requestlog [req-ee31f5b6-17d8-46a8-8bcc-5f3e83c346ee req-af43e0ef-bbde-441e-8482-8a2f8d2efed0 None None] Starting request: 10.222.0.20 "GET /placement/allocations/b573d208-3984-452a-ada5-22b6beeb537e" {{(pid=104164) __call__ /opt/stack/placement/placement/requestlog.py:55}}
Jan 10 19:43:56.707639 n-d-824048-1 devstack@placement-api.service[104164]: INFO placement.requestlog [req-ee31f5b6-17d8-46a8-8bcc-5f3e83c346ee req-af43e0ef-bbde-441e-8482-8a2f8d2efed0 service placement] 10.222.0.20 "GET /placement/allocations/b573d208-3984-452a-ada5-22b6beeb537e" status: 200 len: 19 microversion: 1.28
Jan 10 19:43:56.708303 n-d-824048-1 devstack@placement-api.service[104164]: [pid: 104164|app: 0|req: 266/532] 10.222.0.20 () {60 vars in 1380 bytes} [Mon Jan 10 19:43:56 2022] GET /placement/allocations/b573d208-3984-452a-ada5-22b6beeb537e => generated 19 bytes in 12 msecs (HTTP/1.1 200) 8 headers in 295 bytes (1 switches on core 0)
Jan 10 19:43:56.715487 n-d-824048-1 devstack@placement-api.service[104165]: DEBUG placement.requestlog [req-ee31f5b6-17d8-46a8-8bcc-5f3e83c346ee req-b765a129-973e-4747-81d9-2215d7960011 None None] Starting request: 10.222.0.20 "PUT /placement/allocations/b573d208-3984-452a-ada5-22b6beeb537e" {{(pid=104165) __call__ /opt/stack/placement/placement/requestlog.py:55}}
Jan 10 19:43:57.002596 n-d-824048-1 devstack@placement-api.service[104165]: DEBUG placement.handlers.allocation [req-ee31f5b6-17d8-46a8-8bcc-5f3e83c346ee req-b765a129-973e-4747-81d9-2215d7960011 service placement] Successfully wrote allocations [, , ] {{(pid=104165) _update_consumers_and_create_allocations /opt/stack/placement/placement/handlers/allocation.py:462}}
Jan 10 19:43:57.083514 n-d-824048-1 devstack@placement-api.service[104165]: INFO placement.requestlog [req-ee31f5b6-17d8-46a8-8bcc-5f3e83c346ee req-b765a129-973e-4747-81d9-2215d7960011 service placement] 10.222.0.20 "PUT /placement/allocations/b573d208-3984-452a-ada5-22b6beeb537e" status: 204 len: 0 microversion: 1.36
Jan 10 19:43:57.084068 n-d-824048-1 devstack@placement-api.service[104165]: [pid: 104165|app: 0|req: 267/533] 10.222.0.20 () {64 vars in 1433 bytes} [Mon Jan 10 19:43:56 2022] PUT /placement/allocations/b573d208-3984-452a-ada5-22b6beeb537e => generated 0 bytes in 369 msecs (HTTP/1.1 204) 5 headers in 199 bytes (1 switches on core 0)
Jan 10 19:43:58.054490 n-d-824048-1 devstack@placement-api.service[104164]: DEBUG placement.requestlog [req-ee31f5b6-17d8-46a8-8bcc-5f3e83c346ee req-9398f1a2-13f3-43e7-9a4c-0f781188969b None None] Starting request: 10.222.0.41 "GET /placement/allocations/b573d208-3984-452a-ada5-22b6beeb537e" {{(pid=104164) __call__ /opt/stack/placement/placement/requestlog.py:55}}
Jan 10 19:43:58.070697 n-d-824048-1 devstack@placement-api.service[104164]: INFO placement.requestlog [req-ee31f5b6-17d8-46a8-8bcc-5f3e83c346ee req-9398f1a2-13f3-43e7-9a4c-0f781188969b service placement] 10.222.0.41 "GET /placement/allocations/b573d208-3984-452a-ada5-22b6beeb537e" status: 200 len: 259 microversion: 1.28
Jan 10 19:43:58.071132 n-d-824048-1 devstack@placement-api.service[104164]: [pid: 104164|app: 0|req: 267/534] 10.222.0.41 () {60 vars in 1377 bytes} [Mon Jan 10 19:43:58 2022] GET /placement/allocations/b573d208-3984-452a-ada5-22b6beeb537e => generated 259 bytes in 18 msecs (HTTP/1.1 200) 8 headers in 296 bytes (1 switches on core 0)
Jan 10 19:44:00.516628 n-d-824048-1 devstack@placement-api.service[104165]: DEBUG placement.requestlog [req-b49c2665-611c-4623-8388-9de4a041d329 req-ea876a8e-8cfb-4073-a4ff-b8fec1da7457 None None] Starting request: 10.222.0.35 "DELETE /placement/allocations/b7e2daf1-c66a-4629-924b-3c3cbb869250" {{(pid=104165) __call__ /opt/stack/placement/placement/requestlog.py:55}}
Jan 10 19:44:00.696031 n-d-824048-1 devstack@placement-api.service[104165]: DEBUG placement.handlers.allocation [req-b49c2665-611c-4623-8388-9de4a041d329 req-ea876a8e-8cfb-4073-a4ff-b8fec1da7457 service placement] Successfully deleted allocations [, , ] {{(pid=104165) delete_allocations /opt/stack/placement/placement/handlers/allocation.py:627}}
Jan 10 19:44:00.700402 n-d-824048-1 devstack@placement-api.service[104165]: INFO placement.requestlog [req-b49c2665-611c-4623-8388-9de4a041d329 req-ea876a8e-8cfb-4073-a4ff-b8fec1da7457 service placement] 10.222.0.35 "DELETE /placement/allocations/b7e2daf1-c66a-4629-924b-3c3cbb869250" status: 204 len: 0 microversion: 1.0
Jan 10 19:44:00.704637 n-d-824048-1 devstack@placement-api.service[104165]: [pid: 104165|app: 0|req: 268/535] 10.222.0.35 () {60 vars in 1355 bytes} [Mon Jan 10 19:44:00 2022] DELETE /placement/allocations/b7e2daf1-c66a-4629-924b-3c3cbb869250 => generated 0 bytes in 185 msecs (HTTP/1.1 204) 5 headers in 198 bytes (2 switches on core 0)
Jan 10 19:44:01.216501 n-d-824048-1 devstack@placement-api.service[104164]: DEBUG placement.requestlog [req-bbd4b08a-4e18-4a67-b6f4-6268cacc0e54 req-0299368b-5a67-4c83-be25-6bfecab34672 None None] Starting request: 10.222.0.41 "DELETE /placement/allocations/8c3714d2-6745-4ffd-877e-e1d5ed1ded00" {{(pid=104164) __call__ /opt/stack/placement/placement/requestlog.py:55}}
Jan 10 19:44:01.414702 n-d-824048-1 devstack@placement-api.service[104164]: DEBUG placement.handlers.allocation [req-bbd4b08a-4e18-4a67-b6f4-6268cacc0e54 req-0299368b-5a67-4c83-be25-6bfecab34672 service placement] Successfully deleted allocations [, , ] {{(pid=104164) delete_allocations /opt/stack/placement/placement/handlers/allocation.py:627}}
Jan 10 19:44:01.415173 n-d-824048-1 devstack@placement-api.service[104164]: INFO placement.requestlog [req-bbd4b08a-4e18-4a67-b6f4-6268cacc0e54 req-0299368b-5a67-4c83-be25-6bfecab34672 service placement] 10.222.0.41 "DELETE /placement/allocations/8c3714d2-6745-4ffd-877e-e1d5ed1ded00" status: 204 len: 0 microversion: 1.0
Jan 10 19:44:01.416023 n-d-824048-1 devstack@placement-api.service[104164]: [pid: 104164|app: 0|req: 268/536] 10.222.0.41 () {60 vars in 1355 bytes} [Mon Jan 10 19:44:01 2022] DELETE /placement/allocations/8c3714d2-6745-4ffd-877e-e1d5ed1ded00 => generated 0 bytes in 200 msecs (HTTP/1.1 204) 5 headers in 198 bytes (1 switches on core 0)
Jan 10 19:44:06.257879 n-d-824048-1 devstack@placement-api.service[104165]: DEBUG placement.requestlog [req-1c32ddad-ffa2-47ff-b30a-eb4781e39f5d req-fc84a6fd-e23c-4403-b86c-a4d9708c508b None None] Starting request: 10.222.0.35 "DELETE /placement/allocations/395cfe43-abf3-4ae6-b4cc-27fc71da4966" {{(pid=104165) __call__ /opt/stack/placement/placement/requestlog.py:55}}
Jan 10 19:44:06.471513 n-d-824048-1 devstack@placement-api.service[104165]: DEBUG placement.handlers.allocation [req-1c32ddad-ffa2-47ff-b30a-eb4781e39f5d req-fc84a6fd-e23c-4403-b86c-a4d9708c508b service placement] Successfully deleted allocations [, , ] {{(pid=104165) delete_allocations /opt/stack/placement/placement/handlers/allocation.py:627}}
Jan 10 19:44:06.472293 n-d-824048-1 devstack@placement-api.service[104165]: INFO placement.requestlog [req-1c32ddad-ffa2-47ff-b30a-eb4781e39f5d req-fc84a6fd-e23c-4403-b86c-a4d9708c508b service placement] 10.222.0.35 "DELETE /placement/allocations/395cfe43-abf3-4ae6-b4cc-27fc71da4966" status: 204 len: 0 microversion: 1.0
Jan 10 19:44:06.480433 n-d-824048-1 devstack@placement-api.service[104165]: [pid: 104165|app: 0|req: 269/537] 10.222.0.35 () {60 vars in 1355 bytes} [Mon Jan 10 19:44:06 2022] DELETE /placement/allocations/395cfe43-abf3-4ae6-b4cc-27fc71da4966 => generated 0 bytes in 215 msecs (HTTP/1.1 204) 5 headers in 198 bytes (1 switches on core 0)
Jan 10 19:44:06.987816 n-d-824048-1 devstack@placement-api.service[104164]: DEBUG placement.requestlog [req-0aa43cc3-9a57-444c-9f22-5f9f0a6a43c8 req-bf77d701-97c1-4bab-975d-f6630a60f380 None None] Starting request: 10.222.0.20 "GET /placement/allocation_candidates?limit=1000&resources=DISK_GB%3A1%2CMEMORY_MB%3A1024%2CVCPU%3A1&root_required=%21COMPUTE_STATUS_DISABLED" {{(pid=104164) __call__ /opt/stack/placement/placement/requestlog.py:55}}
Jan 10 19:44:07.107932 n-d-824048-1 devstack@placement-api.service[104164]: DEBUG placement.objects.research_context [req-0aa43cc3-9a57-444c-9f22-5f9f0a6a43c8 req-bf77d701-97c1-4bab-975d-f6630a60f380 service placement] getting providers with 1 DISK_GB {{(pid=104164) __init__ /opt/stack/placement/placement/objects/research_context.py:126}}
Jan 10 19:44:07.121237 n-d-824048-1 devstack@placement-api.service[104164]: DEBUG placement.objects.research_context [req-0aa43cc3-9a57-444c-9f22-5f9f0a6a43c8 req-bf77d701-97c1-4bab-975d-f6630a60f380 service placement] getting providers with 1024 MEMORY_MB {{(pid=104164) __init__ /opt/stack/placement/placement/objects/research_context.py:126}}
Jan 10 19:44:07.133272 n-d-824048-1 devstack@placement-api.service[104164]: DEBUG placement.objects.research_context [req-0aa43cc3-9a57-444c-9f22-5f9f0a6a43c8 req-bf77d701-97c1-4bab-975d-f6630a60f380 service placement] getting providers with 1 VCPU {{(pid=104164) __init__ /opt/stack/placement/placement/objects/research_context.py:126}}
Jan 10 19:44:07.151751 n-d-824048-1 devstack@placement-api.service[104164]: DEBUG placement.objects.research_context [req-0aa43cc3-9a57-444c-9f22-5f9f0a6a43c8 req-bf77d701-97c1-4bab-975d-f6630a60f380 service placement] found 2 providers with available 1 DISK_GB {{(pid=104164) get_provider_ids_matching /opt/stack/placement/placement/objects/research_context.py:549}}
Jan 10 19:44:07.152034 n-d-824048-1 devstack@placement-api.service[104164]: DEBUG placement.objects.research_context [req-0aa43cc3-9a57-444c-9f22-5f9f0a6a43c8 req-bf77d701-97c1-4bab-975d-f6630a60f380 service placement] found 2 providers with available 1024 MEMORY_MB {{(pid=104164) get_provider_ids_matching /opt/stack/placement/placement/objects/research_context.py:549}}
Jan 10 19:44:07.152338 n-d-824048-1 devstack@placement-api.service[104164]: DEBUG placement.objects.research_context [req-0aa43cc3-9a57-444c-9f22-5f9f0a6a43c8 req-bf77d701-97c1-4bab-975d-f6630a60f380 service placement] found 2 providers after filtering by previous result {{(pid=104164) get_provider_ids_matching /opt/stack/placement/placement/objects/research_context.py:580}}
Jan 10 19:44:07.152599 n-d-824048-1 devstack@placement-api.service[104164]: DEBUG placement.objects.research_context [req-0aa43cc3-9a57-444c-9f22-5f9f0a6a43c8 req-bf77d701-97c1-4bab-975d-f6630a60f380 service placement] found 2 providers with available 1 VCPU {{(pid=104164) get_provider_ids_matching /opt/stack/placement/placement/objects/research_context.py:549}}
Jan 10 19:44:07.152935 n-d-824048-1 devstack@placement-api.service[104164]: DEBUG placement.objects.research_context [req-0aa43cc3-9a57-444c-9f22-5f9f0a6a43c8 req-bf77d701-97c1-4bab-975d-f6630a60f380 service placement] found 2 providers after filtering by previous result {{(pid=104164) get_provider_ids_matching /opt/stack/placement/placement/objects/research_context.py:580}}
Jan 10 19:44:07.174339 n-d-824048-1 devstack@placement-api.service[104164]: DEBUG placement.objects.allocation_candidate [req-0aa43cc3-9a57-444c-9f22-5f9f0a6a43c8 req-bf77d701-97c1-4bab-975d-f6630a60f380 service placement] RequestGroup(use_same_provider=False, resources={DISK_GB:1, MEMORY_MB:1024, VCPU:1}, traits=[], aggregates=[]) (suffix '') returned 2 matches {{(pid=104164) _get_by_requests /opt/stack/placement/placement/objects/allocation_candidate.py:145}}
Jan 10 19:44:07.174719 n-d-824048-1 devstack@placement-api.service[104164]: DEBUG placement.objects.allocation_candidate [req-0aa43cc3-9a57-444c-9f22-5f9f0a6a43c8 req-bf77d701-97c1-4bab-975d-f6630a60f380 service placement] Merging candidates yields 2 allocation requests and 2 provider summaries {{(pid=104164) _merge_candidates /opt/stack/placement/placement/objects/allocation_candidate.py:783}}
Jan 10 19:44:07.177129 n-d-824048-1 devstack@placement-api.service[104164]: INFO placement.requestlog [req-0aa43cc3-9a57-444c-9f22-5f9f0a6a43c8 req-bf77d701-97c1-4bab-975d-f6630a60f380 service placement] 10.222.0.20 "GET /placement/allocation_candidates?limit=1000&resources=DISK_GB%3A1%2CMEMORY_MB%3A1024%2CVCPU%3A1&root_required=%21COMPUTE_STATUS_DISABLED" status: 200 len: 1309 microversion: 1.36
Jan 10 19:44:07.177499 n-d-824048-1 devstack@placement-api.service[104164]: [pid: 104164|app: 0|req: 269/538] 10.222.0.20 () {60 vars in 1506 bytes} [Mon Jan 10 19:44:06 2022] GET /placement/allocation_candidates?limit=1000&resources=DISK_GB%3A1%2CMEMORY_MB%3A1024%2CVCPU%3A1&root_required=%21COMPUTE_STATUS_DISABLED => generated 1309 bytes in 190 msecs (HTTP/1.1 200) 8 headers in 297 bytes (1 switches on core 0)
Jan 10 19:44:07.240627 n-d-824048-1 devstack@placement-api.service[104165]: DEBUG placement.requestlog [req-0aa43cc3-9a57-444c-9f22-5f9f0a6a43c8 req-c3cfef43-7d3e-45ff-ba02-1b0f06e1b8d5 None None] Starting request: 10.222.0.20 "GET /placement/allocations/84db9c82-abbe-44d2-9909-fbec1886e958" {{(pid=104165) __call__ /opt/stack/placement/placement/requestlog.py:55}}
Jan 10 19:44:07.254610 n-d-824048-1 devstack@placement-api.service[104165]: INFO placement.requestlog [req-0aa43cc3-9a57-444c-9f22-5f9f0a6a43c8 req-c3cfef43-7d3e-45ff-ba02-1b0f06e1b8d5 service placement] 10.222.0.20 "GET /placement/allocations/84db9c82-abbe-44d2-9909-fbec1886e958" status: 200 len: 19 microversion: 1.28
Jan 10 19:44:07.261078 n-d-824048-1 devstack@placement-api.service[104165]: [pid: 104165|app: 0|req: 270/539] 10.222.0.20 () {60 vars in 1380 bytes} [Mon Jan 10 19:44:07 2022] GET /placement/allocations/84db9c82-abbe-44d2-9909-fbec1886e958 => generated 19 bytes in 21 msecs (HTTP/1.1 200) 8 headers in 295 bytes (1 switches on core 0)
Jan 10 19:44:07.265790 n-d-824048-1 devstack@placement-api.service[104164]: DEBUG placement.requestlog [req-0aa43cc3-9a57-444c-9f22-5f9f0a6a43c8 req-ac1b7164-e7d1-47ee-8b29-35084870e114 None None] Starting request: 10.222.0.20 "PUT /placement/allocations/84db9c82-abbe-44d2-9909-fbec1886e958" {{(pid=104164) __call__ /opt/stack/placement/placement/requestlog.py:55}}
Jan 10 19:44:07.621675 n-d-824048-1 devstack@placement-api.service[104164]: DEBUG placement.handlers.allocation [req-0aa43cc3-9a57-444c-9f22-5f9f0a6a43c8 req-ac1b7164-e7d1-47ee-8b29-35084870e114 service placement] Successfully wrote allocations [, , ] {{(pid=104164) _update_consumers_and_create_allocations /opt/stack/placement/placement/handlers/allocation.py:462}}
Jan 10 19:44:07.745921 n-d-824048-1 devstack@placement-api.service[104164]: INFO placement.requestlog [req-0aa43cc3-9a57-444c-9f22-5f9f0a6a43c8 req-ac1b7164-e7d1-47ee-8b29-35084870e114 service placement] 10.222.0.20 "PUT /placement/allocations/84db9c82-abbe-44d2-9909-fbec1886e958" status: 204 len: 0 microversion: 1.36
Jan 10 19:44:07.750087 n-d-824048-1 devstack@placement-api.service[104164]: [pid: 104164|app: 0|req: 270/540] 10.222.0.20 () {64 vars in 1433 bytes} [Mon Jan 10 19:44:07 2022] PUT /placement/allocations/84db9c82-abbe-44d2-9909-fbec1886e958 => generated 0 bytes in 482 msecs (HTTP/1.1 204) 5 headers in 199 bytes (1 switches on core 0)
Jan 10 19:44:08.606334 n-d-824048-1 devstack@placement-api.service[104165]: DEBUG placement.requestlog [req-490a2d24-6db4-4139-8715-f895cb4049b5 req-80404550-d032-4287-9955-72f4cb80617f None None] Starting request: 10.222.0.20 "GET /placement/allocation_candidates?limit=1000&resources=DISK_GB%3A1%2CMEMORY_MB%3A1024%2CVCPU%3A1&root_required=%21COMPUTE_STATUS_DISABLED" {{(pid=104165) __call__ /opt/stack/placement/placement/requestlog.py:55}}
Jan 10 19:44:08.672342 n-d-824048-1 devstack@placement-api.service[104165]: DEBUG placement.objects.research_context [req-490a2d24-6db4-4139-8715-f895cb4049b5 req-80404550-d032-4287-9955-72f4cb80617f service placement] getting providers with 1 DISK_GB {{(pid=104165) __init__ /opt/stack/placement/placement/objects/research_context.py:126}}
Jan 10 19:44:08.688529 n-d-824048-1 devstack@placement-api.service[104165]: DEBUG placement.objects.research_context [req-490a2d24-6db4-4139-8715-f895cb4049b5 req-80404550-d032-4287-9955-72f4cb80617f service placement] getting providers with 1024 MEMORY_MB {{(pid=104165) __init__ /opt/stack/placement/placement/objects/research_context.py:126}}
Jan 10 19:44:08.698178 n-d-824048-1 devstack@placement-api.service[104165]: DEBUG placement.objects.research_context [req-490a2d24-6db4-4139-8715-f895cb4049b5 req-80404550-d032-4287-9955-72f4cb80617f service placement] getting providers with 1 VCPU {{(pid=104165) __init__ /opt/stack/placement/placement/objects/research_context.py:126}}
Jan 10 19:44:08.704762 n-d-824048-1 devstack@placement-api.service[104165]: DEBUG placement.objects.research_context [req-490a2d24-6db4-4139-8715-f895cb4049b5 req-80404550-d032-4287-9955-72f4cb80617f service placement] found 2 providers with available 1 DISK_GB {{(pid=104165) get_provider_ids_matching /opt/stack/placement/placement/objects/research_context.py:549}}
Jan 10 19:44:08.705150 n-d-824048-1 devstack@placement-api.service[104165]: DEBUG placement.objects.research_context [req-490a2d24-6db4-4139-8715-f895cb4049b5 req-80404550-d032-4287-9955-72f4cb80617f service placement] found 2 providers with available 1024 MEMORY_MB {{(pid=104165) get_provider_ids_matching /opt/stack/placement/placement/objects/research_context.py:549}}
Jan 10 19:44:08.711430 n-d-824048-1 devstack@placement-api.service[104165]: DEBUG placement.objects.research_context [req-490a2d24-6db4-4139-8715-f895cb4049b5 req-80404550-d032-4287-9955-72f4cb80617f service placement] found 2 providers after filtering by previous result {{(pid=104165) get_provider_ids_matching /opt/stack/placement/placement/objects/research_context.py:580}}
Jan 10 19:44:08.711430 n-d-824048-1 devstack@placement-api.service[104165]: DEBUG placement.objects.research_context [req-490a2d24-6db4-4139-8715-f895cb4049b5 req-80404550-d032-4287-9955-72f4cb80617f service placement] found 2 providers with available 1 VCPU {{(pid=104165) get_provider_ids_matching /opt/stack/placement/placement/objects/research_context.py:549}}
Jan 10 19:44:08.711430 n-d-824048-1 devstack@placement-api.service[104165]: DEBUG placement.objects.research_context [req-490a2d24-6db4-4139-8715-f895cb4049b5 req-80404550-d032-4287-9955-72f4cb80617f service placement] found 2 providers after filtering by previous result {{(pid=104165) get_provider_ids_matching /opt/stack/placement/placement/objects/research_context.py:580}}
Jan 10 19:44:08.717093 n-d-824048-1 devstack@placement-api.service[104165]: DEBUG placement.objects.allocation_candidate [req-490a2d24-6db4-4139-8715-f895cb4049b5 req-80404550-d032-4287-9955-72f4cb80617f service placement] RequestGroup(use_same_provider=False, resources={DISK_GB:1, MEMORY_MB:1024, VCPU:1}, traits=[], aggregates=[]) (suffix '') returned 2 matches {{(pid=104165) _get_by_requests /opt/stack/placement/placement/objects/allocation_candidate.py:145}}
Jan 10 19:44:08.717460 n-d-824048-1 devstack@placement-api.service[104165]: DEBUG placement.objects.allocation_candidate [req-490a2d24-6db4-4139-8715-f895cb4049b5 req-80404550-d032-4287-9955-72f4cb80617f service placement] Merging candidates yields 2 allocation requests and 2 provider summaries {{(pid=104165) _merge_candidates /opt/stack/placement/placement/objects/allocation_candidate.py:783}}
Jan 10 19:44:08.719157 n-d-824048-1 devstack@placement-api.service[104165]: INFO placement.requestlog [req-490a2d24-6db4-4139-8715-f895cb4049b5 req-80404550-d032-4287-9955-72f4cb80617f service placement] 10.222.0.20 "GET /placement/allocation_candidates?limit=1000&resources=DISK_GB%3A1%2CMEMORY_MB%3A1024%2CVCPU%3A1&root_required=%21COMPUTE_STATUS_DISABLED" status: 200 len: 1309 microversion: 1.36
Jan 10 19:44:08.719541 n-d-824048-1 devstack@placement-api.service[104165]: [pid: 104165|app: 0|req: 271/541] 10.222.0.20 () {60 vars in 1506 bytes} [Mon Jan 10 19:44:08 2022] GET /placement/allocation_candidates?limit=1000&resources=DISK_GB%3A1%2CMEMORY_MB%3A1024%2CVCPU%3A1&root_required=%21COMPUTE_STATUS_DISABLED => generated 1309 bytes in 113 msecs (HTTP/1.1 200) 8 headers in 297 bytes (1 switches on core 0)
Jan 10 19:44:08.803795 n-d-824048-1 devstack@placement-api.service[104164]: DEBUG placement.requestlog [req-490a2d24-6db4-4139-8715-f895cb4049b5 req-07bd6849-0e85-49dd-8498-adee53f902ee None None] Starting request: 10.222.0.20 "GET /placement/allocations/e2b569f8-9222-4e4b-8e38-bb372bd6a5c1" {{(pid=104164) __call__ /opt/stack/placement/placement/requestlog.py:55}}
Jan 10 19:44:08.814923 n-d-824048-1 devstack@placement-api.service[104164]: INFO placement.requestlog [req-490a2d24-6db4-4139-8715-f895cb4049b5 req-07bd6849-0e85-49dd-8498-adee53f902ee service placement] 10.222.0.20 "GET /placement/allocations/e2b569f8-9222-4e4b-8e38-bb372bd6a5c1" status: 200 len: 19 microversion: 1.28
Jan 10 19:44:08.815385 n-d-824048-1 devstack@placement-api.service[104164]: [pid: 104164|app: 0|req: 271/542] 10.222.0.20 () {60 vars in 1380 bytes} [Mon Jan 10 19:44:08 2022] GET /placement/allocations/e2b569f8-9222-4e4b-8e38-bb372bd6a5c1 => generated 19 bytes in 12 msecs (HTTP/1.1 200) 8 headers in 295 bytes (1 switches on core 0)
Jan 10 19:44:08.837637 n-d-824048-1 devstack@placement-api.service[104165]: DEBUG placement.requestlog [req-490a2d24-6db4-4139-8715-f895cb4049b5 req-e0e87208-33a9-4977-a814-f1b124508be1 None None] Starting request: 10.222.0.20 "PUT /placement/allocations/e2b569f8-9222-4e4b-8e38-bb372bd6a5c1" {{(pid=104165) __call__ /opt/stack/placement/placement/requestlog.py:55}}
Jan 10 19:44:08.904408 n-d-824048-1 devstack@placement-api.service[104164]: DEBUG placement.requestlog [req-0aa43cc3-9a57-444c-9f22-5f9f0a6a43c8 req-a4907e36-0129-4338-8366-a071262ebb28 None None] Starting request: 10.222.0.35 "GET /placement/allocations/84db9c82-abbe-44d2-9909-fbec1886e958" {{(pid=104164) __call__ /opt/stack/placement/placement/requestlog.py:55}}
Jan 10 19:44:08.926586 n-d-824048-1 devstack@placement-api.service[104164]: INFO placement.requestlog [req-0aa43cc3-9a57-444c-9f22-5f9f0a6a43c8 req-a4907e36-0129-4338-8366-a071262ebb28 service placement] 10.222.0.35 "GET /placement/allocations/84db9c82-abbe-44d2-9909-fbec1886e958" status: 200 len: 259 microversion: 1.28
Jan 10 19:44:08.927973 n-d-824048-1 devstack@placement-api.service[104164]: [pid: 104164|app: 0|req: 272/543] 10.222.0.35 () {60 vars in 1377 bytes} [Mon Jan 10 19:44:08 2022] GET /placement/allocations/84db9c82-abbe-44d2-9909-fbec1886e958 => generated 259 bytes in 24 msecs (HTTP/1.1 200) 8 headers in 296 bytes (2 switches on core 0)
Jan 10 19:44:09.201290 n-d-824048-1 devstack@placement-api.service[104165]: DEBUG placement.handlers.allocation [req-490a2d24-6db4-4139-8715-f895cb4049b5 req-e0e87208-33a9-4977-a814-f1b124508be1 service placement] Successfully wrote allocations [, , ] {{(pid=104165) _update_consumers_and_create_allocations /opt/stack/placement/placement/handlers/allocation.py:462}}
Jan 10 19:44:09.288442 n-d-824048-1 devstack@placement-api.service[104165]: INFO placement.requestlog [req-490a2d24-6db4-4139-8715-f895cb4049b5 req-e0e87208-33a9-4977-a814-f1b124508be1 service placement] 10.222.0.20 "PUT /placement/allocations/e2b569f8-9222-4e4b-8e38-bb372bd6a5c1" status: 204 len: 0 microversion: 1.36
Jan 10 19:44:09.288862 n-d-824048-1 devstack@placement-api.service[104165]: [pid: 104165|app: 0|req: 272/544] 10.222.0.20 () {64 vars in 1433 bytes} [Mon Jan 10 19:44:08 2022] PUT /placement/allocations/e2b569f8-9222-4e4b-8e38-bb372bd6a5c1 => generated 0 bytes in 452 msecs (HTTP/1.1 204) 5 headers in 199 bytes (2 switches on core 0)
Jan 10 19:44:09.301425 n-d-824048-1 devstack@placement-api.service[104164]: DEBUG placement.requestlog [req-490a2d24-6db4-4139-8715-f895cb4049b5 req-4e65e8f3-76cd-4d0d-84e5-3333ac4c6613 None None] Starting request: 10.222.0.20 "GET /placement/allocations/3bd802a5-66ae-491f-b311-ba85edb7d0d0" {{(pid=104164) __call__ /opt/stack/placement/placement/requestlog.py:55}}
Jan 10 19:44:09.333801 n-d-824048-1 devstack@placement-api.service[104164]: INFO placement.requestlog [req-490a2d24-6db4-4139-8715-f895cb4049b5 req-4e65e8f3-76cd-4d0d-84e5-3333ac4c6613 service placement] 10.222.0.20 "GET /placement/allocations/3bd802a5-66ae-491f-b311-ba85edb7d0d0" status: 200 len: 19 microversion: 1.28
Jan 10 19:44:09.335238 n-d-824048-1 devstack@placement-api.service[104164]: [pid: 104164|app: 0|req: 273/545] 10.222.0.20 () {60 vars in 1380 bytes} [Mon Jan 10 19:44:09 2022] GET /placement/allocations/3bd802a5-66ae-491f-b311-ba85edb7d0d0 => generated 19 bytes in 35 msecs (HTTP/1.1 200) 8 headers in 295 bytes (1 switches on core 0)
Jan 10 19:44:09.341923 n-d-824048-1 devstack@placement-api.service[104165]: DEBUG placement.requestlog [req-490a2d24-6db4-4139-8715-f895cb4049b5 req-4c641e55-0693-456b-92c1-80098d3c2c15 None None] Starting request: 10.222.0.20 "PUT /placement/allocations/3bd802a5-66ae-491f-b311-ba85edb7d0d0" {{(pid=104165) __call__ /opt/stack/placement/placement/requestlog.py:55}}
Jan 10 19:44:09.498466 n-d-824048-1 devstack@placement-api.service[104165]: DEBUG placement.handlers.allocation [req-490a2d24-6db4-4139-8715-f895cb4049b5 req-4c641e55-0693-456b-92c1-80098d3c2c15 service placement] Successfully wrote allocations [, , ] {{(pid=104165) _update_consumers_and_create_allocations /opt/stack/placement/placement/handlers/allocation.py:462}}
Jan 10 19:44:09.586028 n-d-824048-1 devstack@placement-api.service[104165]: INFO placement.requestlog [req-490a2d24-6db4-4139-8715-f895cb4049b5 req-4c641e55-0693-456b-92c1-80098d3c2c15 service placement] 10.222.0.20 "PUT /placement/allocations/3bd802a5-66ae-491f-b311-ba85edb7d0d0" status: 204 len: 0 microversion: 1.36
Jan 10 19:44:09.586756 n-d-824048-1 devstack@placement-api.service[104165]: [pid: 104165|app: 0|req: 273/546] 10.222.0.20 () {64 vars in 1433 bytes} [Mon Jan 10 19:44:09 2022] PUT /placement/allocations/3bd802a5-66ae-491f-b311-ba85edb7d0d0 => generated 0 bytes in 245 msecs (HTTP/1.1 204) 5 headers in 199 bytes (2 switches on core 0)
Jan 10 19:44:10.159193 n-d-824048-1 devstack@placement-api.service[104164]: DEBUG placement.requestlog [req-b09d5a43-8d4a-4971-bf20-6678c9afd9fb req-c1e65c05-1a0e-4dfd-8d3f-e4eeca034afe None None] Starting request: 10.222.0.35 "DELETE /placement/allocations/e75bc2e1-ef87-4765-8dad-000c3e7fe8ee" {{(pid=104164) __call__ /opt/stack/placement/placement/requestlog.py:55}}
Jan 10 19:44:10.425824 n-d-824048-1 devstack@placement-api.service[104164]: DEBUG placement.handlers.allocation [req-b09d5a43-8d4a-4971-bf20-6678c9afd9fb req-c1e65c05-1a0e-4dfd-8d3f-e4eeca034afe service placement] Successfully deleted allocations [, , ] {{(pid=104164) delete_allocations /opt/stack/placement/placement/handlers/allocation.py:627}}
Jan 10 19:44:10.426244 n-d-824048-1 devstack@placement-api.service[104164]: INFO placement.requestlog [req-b09d5a43-8d4a-4971-bf20-6678c9afd9fb req-c1e65c05-1a0e-4dfd-8d3f-e4eeca034afe service placement] 10.222.0.35 "DELETE /placement/allocations/e75bc2e1-ef87-4765-8dad-000c3e7fe8ee" status: 204 len: 0 microversion: 1.0
Jan 10 19:44:10.426777 n-d-824048-1 devstack@placement-api.service[104164]: [pid: 104164|app: 0|req: 274/547] 10.222.0.35 () {60 vars in 1355 bytes} [Mon Jan 10 19:44:10 2022] DELETE /placement/allocations/e75bc2e1-ef87-4765-8dad-000c3e7fe8ee => generated 0 bytes in 269 msecs (HTTP/1.1 204) 5 headers in 198 bytes (2 switches on core 0)
Jan 10 19:44:11.190701 n-d-824048-1 devstack@placement-api.service[104165]: DEBUG placement.requestlog [req-490a2d24-6db4-4139-8715-f895cb4049b5 req-0b60a593-66af-415e-a0fd-623fc485791c None None] Starting request: 10.222.0.35 "GET /placement/allocations/e2b569f8-9222-4e4b-8e38-bb372bd6a5c1" {{(pid=104165) __call__ /opt/stack/placement/placement/requestlog.py:55}}
Jan 10 19:44:11.215226 n-d-824048-1 devstack@placement-api.service[104165]: INFO placement.requestlog [req-490a2d24-6db4-4139-8715-f895cb4049b5 req-0b60a593-66af-415e-a0fd-623fc485791c service placement] 10.222.0.35 "GET /placement/allocations/e2b569f8-9222-4e4b-8e38-bb372bd6a5c1" status: 200 len: 259 microversion: 1.28
Jan 10 19:44:11.216042 n-d-824048-1 devstack@placement-api.service[104165]: [pid: 104165|app: 0|req: 274/548] 10.222.0.35 () {60 vars in 1377 bytes} [Mon Jan 10 19:44:11 2022] GET /placement/allocations/e2b569f8-9222-4e4b-8e38-bb372bd6a5c1 => generated 259 bytes in 26 msecs (HTTP/1.1 200) 8 headers in 296 bytes (1 switches on core 0)
Jan 10 19:44:11.711320 n-d-824048-1 devstack@placement-api.service[104164]: DEBUG placement.requestlog [req-490a2d24-6db4-4139-8715-f895cb4049b5 req-19d03c1e-651b-408f-b509-b252980d7f06 None None] Starting request: 10.222.0.35 "GET /placement/allocations/3bd802a5-66ae-491f-b311-ba85edb7d0d0" {{(pid=104164) __call__ /opt/stack/placement/placement/requestlog.py:55}}
Jan 10 19:44:11.743260 n-d-824048-1 devstack@placement-api.service[104164]: INFO placement.requestlog [req-490a2d24-6db4-4139-8715-f895cb4049b5 req-19d03c1e-651b-408f-b509-b252980d7f06 service placement] 10.222.0.35 "GET /placement/allocations/3bd802a5-66ae-491f-b311-ba85edb7d0d0" status: 200 len: 259 microversion: 1.28
Jan 10 19:44:11.747243 n-d-824048-1 devstack@placement-api.service[104164]: [pid: 104164|app: 0|req: 275/549] 10.222.0.35 () {60 vars in 1377 bytes} [Mon Jan 10 19:44:11 2022] GET /placement/allocations/3bd802a5-66ae-491f-b311-ba85edb7d0d0 => generated 259 bytes in 33 msecs (HTTP/1.1 200) 8 headers in 296 bytes (1 switches on core 0)
Jan 10 19:44:18.842129 n-d-824048-1 devstack@placement-api.service[104165]: DEBUG placement.requestlog [req-45419d72-82d4-4f54-9a0d-ef96404bd54e req-f90513e8-3e68-4e42-8fa7-38c561d5ceae None None] Starting request: 10.222.0.20 "GET /placement/allocation_candidates?limit=1000&resources=DISK_GB%3A1%2CMEMORY_MB%3A1024%2CVCPU%3A1&root_required=%21COMPUTE_STATUS_DISABLED" {{(pid=104165) __call__ /opt/stack/placement/placement/requestlog.py:55}}
Jan 10 19:44:18.903618 n-d-824048-1 devstack@placement-api.service[104165]: DEBUG placement.objects.research_context [req-45419d72-82d4-4f54-9a0d-ef96404bd54e req-f90513e8-3e68-4e42-8fa7-38c561d5ceae service placement] getting providers with 1 DISK_GB {{(pid=104165) __init__ /opt/stack/placement/placement/objects/research_context.py:126}}
Jan 10 19:44:18.924959 n-d-824048-1 devstack@placement-api.service[104165]: DEBUG placement.objects.research_context [req-45419d72-82d4-4f54-9a0d-ef96404bd54e req-f90513e8-3e68-4e42-8fa7-38c561d5ceae service placement] getting providers with 1024 MEMORY_MB {{(pid=104165) __init__ /opt/stack/placement/placement/objects/research_context.py:126}}
Jan 10 19:44:18.935649 n-d-824048-1 devstack@placement-api.service[104165]: DEBUG placement.objects.research_context [req-45419d72-82d4-4f54-9a0d-ef96404bd54e req-f90513e8-3e68-4e42-8fa7-38c561d5ceae service placement] getting providers with 1 VCPU {{(pid=104165) __init__ /opt/stack/placement/placement/objects/research_context.py:126}}
Jan 10 19:44:18.949251 n-d-824048-1 devstack@placement-api.service[104165]: DEBUG placement.objects.research_context [req-45419d72-82d4-4f54-9a0d-ef96404bd54e req-f90513e8-3e68-4e42-8fa7-38c561d5ceae service placement] found 2 providers with available 1 DISK_GB {{(pid=104165) get_provider_ids_matching /opt/stack/placement/placement/objects/research_context.py:549}}
Jan 10 19:44:18.949518 n-d-824048-1 devstack@placement-api.service[104165]: DEBUG placement.objects.research_context [req-45419d72-82d4-4f54-9a0d-ef96404bd54e req-f90513e8-3e68-4e42-8fa7-38c561d5ceae service placement] found 2 providers with available 1024 MEMORY_MB {{(pid=104165) get_provider_ids_matching /opt/stack/placement/placement/objects/research_context.py:549}}
Jan 10 19:44:18.949788 n-d-824048-1 devstack@placement-api.service[104165]: DEBUG placement.objects.research_context [req-45419d72-82d4-4f54-9a0d-ef96404bd54e req-f90513e8-3e68-4e42-8fa7-38c561d5ceae service placement] found 2 providers after filtering by previous result {{(pid=104165) get_provider_ids_matching /opt/stack/placement/placement/objects/research_context.py:580}}
Jan 10 19:44:18.950054 n-d-824048-1 devstack@placement-api.service[104165]: DEBUG placement.objects.research_context [req-45419d72-82d4-4f54-9a0d-ef96404bd54e req-f90513e8-3e68-4e42-8fa7-38c561d5ceae service placement] found 2 providers with available 1 VCPU {{(pid=104165) get_provider_ids_matching /opt/stack/placement/placement/objects/research_context.py:549}}
Jan 10 19:44:18.950295 n-d-824048-1 devstack@placement-api.service[104165]: DEBUG placement.objects.research_context [req-45419d72-82d4-4f54-9a0d-ef96404bd54e req-f90513e8-3e68-4e42-8fa7-38c561d5ceae service placement] found 2 providers after filtering by previous result {{(pid=104165) get_provider_ids_matching /opt/stack/placement/placement/objects/research_context.py:580}}
Jan 10 19:44:18.980800 n-d-824048-1 devstack@placement-api.service[104165]: DEBUG placement.objects.allocation_candidate [req-45419d72-82d4-4f54-9a0d-ef96404bd54e req-f90513e8-3e68-4e42-8fa7-38c561d5ceae service placement] RequestGroup(use_same_provider=False, resources={DISK_GB:1, MEMORY_MB:1024, VCPU:1}, traits=[], aggregates=[]) (suffix '') returned 2 matches {{(pid=104165) _get_by_requests /opt/stack/placement/placement/objects/allocation_candidate.py:145}}
Jan 10 19:44:18.991528 n-d-824048-1 devstack@placement-api.service[104165]: DEBUG placement.objects.allocation_candidate [req-45419d72-82d4-4f54-9a0d-ef96404bd54e req-f90513e8-3e68-4e42-8fa7-38c561d5ceae service placement] Merging candidates yields 2 allocation requests and 2 provider summaries {{(pid=104165) _merge_candidates /opt/stack/placement/placement/objects/allocation_candidate.py:783}}
Jan 10 19:44:18.993797 n-d-824048-1 devstack@placement-api.service[104165]: INFO placement.requestlog [req-45419d72-82d4-4f54-9a0d-ef96404bd54e req-f90513e8-3e68-4e42-8fa7-38c561d5ceae service placement] 10.222.0.20 "GET /placement/allocation_candidates?limit=1000&resources=DISK_GB%3A1%2CMEMORY_MB%3A1024%2CVCPU%3A1&root_required=%21COMPUTE_STATUS_DISABLED" status: 200 len: 1309 microversion: 1.36
Jan 10 19:44:18.996350 n-d-824048-1 devstack@placement-api.service[104165]: [pid: 104165|app: 0|req: 275/550] 10.222.0.20 () {60 vars in 1506 bytes} [Mon Jan 10 19:44:18 2022] GET /placement/allocation_candidates?limit=1000&resources=DISK_GB%3A1%2CMEMORY_MB%3A1024%2CVCPU%3A1&root_required=%21COMPUTE_STATUS_DISABLED => generated 1309 bytes in 154 msecs (HTTP/1.1 200) 8 headers in 297 bytes (1 switches on core 0)
Jan 10 19:44:19.053423 n-d-824048-1 devstack@placement-api.service[104164]: DEBUG placement.requestlog [req-45419d72-82d4-4f54-9a0d-ef96404bd54e req-a60fa424-fc60-49c6-8b44-b7b10708bf56 None None] Starting request: 10.222.0.20 "GET /placement/allocations/e510c631-97af-4dd0-ba68-6aff04fdb8ed" {{(pid=104164) __call__ /opt/stack/placement/placement/requestlog.py:55}}
Jan 10 19:44:19.081758 n-d-824048-1 devstack@placement-api.service[104164]: INFO placement.requestlog [req-45419d72-82d4-4f54-9a0d-ef96404bd54e req-a60fa424-fc60-49c6-8b44-b7b10708bf56 service placement] 10.222.0.20 "GET /placement/allocations/e510c631-97af-4dd0-ba68-6aff04fdb8ed" status: 200 len: 19 microversion: 1.28
Jan 10 19:44:19.082538 n-d-824048-1 devstack@placement-api.service[104164]: [pid: 104164|app: 0|req: 276/551] 10.222.0.20 () {60 vars in 1380 bytes} [Mon Jan 10 19:44:19 2022] GET /placement/allocations/e510c631-97af-4dd0-ba68-6aff04fdb8ed => generated 19 bytes in 29 msecs (HTTP/1.1 200) 8 headers in 295 bytes (1 switches on core 0)
Jan 10 19:44:19.085068 n-d-824048-1 devstack@placement-api.service[104165]: DEBUG placement.requestlog [req-45419d72-82d4-4f54-9a0d-ef96404bd54e req-8055043d-feea-49ce-956a-cff71e315c8b None None] Starting request: 10.222.0.20 "PUT /placement/allocations/e510c631-97af-4dd0-ba68-6aff04fdb8ed" {{(pid=104165) __call__ /opt/stack/placement/placement/requestlog.py:55}}
Jan 10 19:44:19.133561 n-d-824048-1 devstack@placement-api.service[104164]: DEBUG placement.requestlog [req-452b567c-7b66-4e42-a245-b813f187ac1c req-3a913c07-b461-4098-9819-5eb498844f7a None None] Starting request: 10.222.0.41 "DELETE /placement/allocations/b573d208-3984-452a-ada5-22b6beeb537e" {{(pid=104164) __call__ /opt/stack/placement/placement/requestlog.py:55}}
Jan 10 19:44:19.488394 n-d-824048-1 devstack@placement-api.service[104164]: DEBUG placement.handlers.allocation [req-452b567c-7b66-4e42-a245-b813f187ac1c req-3a913c07-b461-4098-9819-5eb498844f7a service placement] Successfully deleted allocations [, , ] {{(pid=104164) delete_allocations /opt/stack/placement/placement/handlers/allocation.py:627}}
Jan 10 19:44:19.491550 n-d-824048-1 devstack@placement-api.service[104164]: INFO placement.requestlog [req-452b567c-7b66-4e42-a245-b813f187ac1c req-3a913c07-b461-4098-9819-5eb498844f7a service placement] 10.222.0.41 "DELETE /placement/allocations/b573d208-3984-452a-ada5-22b6beeb537e" status: 204 len: 0 microversion: 1.0
Jan 10 19:44:19.493066 n-d-824048-1 devstack@placement-api.service[104164]: [pid: 104164|app: 0|req: 277/552] 10.222.0.41 () {60 vars in 1355 bytes} [Mon Jan 10 19:44:19 2022] DELETE /placement/allocations/b573d208-3984-452a-ada5-22b6beeb537e => generated 0 bytes in 359 msecs (HTTP/1.1 204) 5 headers in 198 bytes (2 switches on core 0)
Jan 10 19:44:19.493997 n-d-824048-1 devstack@placement-api.service[104164]: DEBUG placement.requestlog [req-5d64322c-f2b3-4b3a-8c1c-88c48b4d36b4 req-9b437b79-8ebe-47aa-bfc6-8c3267f8961b None None] Starting request: 10.222.0.20 "GET /placement/allocation_candidates?limit=1000&resources=DISK_GB%3A1%2CMEMORY_MB%3A1024%2CVCPU%3A1&root_required=%21COMPUTE_STATUS_DISABLED" {{(pid=104164) __call__ /opt/stack/placement/placement/requestlog.py:55}}
Jan 10 19:44:19.566165 n-d-824048-1 devstack@placement-api.service[104165]: DEBUG placement.handlers.allocation [req-45419d72-82d4-4f54-9a0d-ef96404bd54e req-8055043d-feea-49ce-956a-cff71e315c8b service placement] Successfully wrote allocations [, , ] {{(pid=104165) _update_consumers_and_create_allocations /opt/stack/placement/placement/handlers/allocation.py:462}}
Jan 10 19:44:19.602887 n-d-824048-1 devstack@placement-api.service[104164]: DEBUG placement.objects.research_context [req-5d64322c-f2b3-4b3a-8c1c-88c48b4d36b4 req-9b437b79-8ebe-47aa-bfc6-8c3267f8961b service placement] getting providers with 1 DISK_GB {{(pid=104164) __init__ /opt/stack/placement/placement/objects/research_context.py:126}}
Jan 10 19:44:19.626043 n-d-824048-1 devstack@placement-api.service[104164]: DEBUG placement.objects.research_context [req-5d64322c-f2b3-4b3a-8c1c-88c48b4d36b4 req-9b437b79-8ebe-47aa-bfc6-8c3267f8961b service placement] getting providers with 1024 MEMORY_MB {{(pid=104164) __init__ /opt/stack/placement/placement/objects/research_context.py:126}}
Jan 10 19:44:19.640853 n-d-824048-1 devstack@placement-api.service[104165]: INFO placement.requestlog [req-45419d72-82d4-4f54-9a0d-ef96404bd54e req-8055043d-feea-49ce-956a-cff71e315c8b service placement] 10.222.0.20 "PUT /placement/allocations/e510c631-97af-4dd0-ba68-6aff04fdb8ed" status: 204 len: 0 microversion: 1.36
Jan 10 19:44:19.640853 n-d-824048-1 devstack@placement-api.service[104165]: [pid: 104165|app: 0|req: 276/553] 10.222.0.20 () {64 vars in 1433 bytes} [Mon Jan 10 19:44:19 2022] PUT /placement/allocations/e510c631-97af-4dd0-ba68-6aff04fdb8ed => generated 0 bytes in 556 msecs (HTTP/1.1 204) 5 headers in 199 bytes (1 switches on core 0)
Jan 10 19:44:19.650972 n-d-824048-1 devstack@placement-api.service[104164]: DEBUG placement.objects.research_context [req-5d64322c-f2b3-4b3a-8c1c-88c48b4d36b4 req-9b437b79-8ebe-47aa-bfc6-8c3267f8961b service placement] getting providers with 1 VCPU {{(pid=104164) __init__ /opt/stack/placement/placement/objects/research_context.py:126}}
Jan 10 19:44:19.680982 n-d-824048-1 devstack@placement-api.service[104164]: DEBUG placement.objects.research_context [req-5d64322c-f2b3-4b3a-8c1c-88c48b4d36b4 req-9b437b79-8ebe-47aa-bfc6-8c3267f8961b service placement] found 2 providers with available 1 DISK_GB {{(pid=104164) get_provider_ids_matching /opt/stack/placement/placement/objects/research_context.py:549}}
Jan 10 19:44:19.681589 n-d-824048-1 devstack@placement-api.service[104164]: DEBUG placement.objects.research_context [req-5d64322c-f2b3-4b3a-8c1c-88c48b4d36b4 req-9b437b79-8ebe-47aa-bfc6-8c3267f8961b service placement] found 2 providers with available 1024 MEMORY_MB {{(pid=104164) get_provider_ids_matching /opt/stack/placement/placement/objects/research_context.py:549}}
Jan 10 19:44:19.682032 n-d-824048-1 devstack@placement-api.service[104164]: DEBUG placement.objects.research_context [req-5d64322c-f2b3-4b3a-8c1c-88c48b4d36b4 req-9b437b79-8ebe-47aa-bfc6-8c3267f8961b service placement] found 2 providers after filtering by previous result {{(pid=104164) get_provider_ids_matching /opt/stack/placement/placement/objects/research_context.py:580}}
Jan 10 19:44:19.683347 n-d-824048-1 devstack@placement-api.service[104164]: DEBUG placement.objects.research_context [req-5d64322c-f2b3-4b3a-8c1c-88c48b4d36b4 req-9b437b79-8ebe-47aa-bfc6-8c3267f8961b service placement] found 2 providers with available 1 VCPU {{(pid=104164) get_provider_ids_matching /opt/stack/placement/placement/objects/research_context.py:549}}
Jan 10 19:44:19.683835 n-d-824048-1 devstack@placement-api.service[104164]: DEBUG placement.objects.research_context [req-5d64322c-f2b3-4b3a-8c1c-88c48b4d36b4 req-9b437b79-8ebe-47aa-bfc6-8c3267f8961b service placement] found 2 providers after filtering by previous result {{(pid=104164) get_provider_ids_matching /opt/stack/placement/placement/objects/research_context.py:580}}
Jan 10 19:44:19.713191 n-d-824048-1 devstack@placement-api.service[104164]: DEBUG placement.objects.allocation_candidate [req-5d64322c-f2b3-4b3a-8c1c-88c48b4d36b4 req-9b437b79-8ebe-47aa-bfc6-8c3267f8961b service placement] RequestGroup(use_same_provider=False, resources={DISK_GB:1, MEMORY_MB:1024, VCPU:1}, traits=[], aggregates=[]) (suffix '') returned 2 matches {{(pid=104164) _get_by_requests /opt/stack/placement/placement/objects/allocation_candidate.py:145}}
Jan 10 19:44:19.716504 n-d-824048-1 devstack@placement-api.service[104164]: DEBUG placement.objects.allocation_candidate [req-5d64322c-f2b3-4b3a-8c1c-88c48b4d36b4 req-9b437b79-8ebe-47aa-bfc6-8c3267f8961b service placement] Merging candidates yields 2 allocation requests and 2 provider summaries {{(pid=104164) _merge_candidates /opt/stack/placement/placement/objects/allocation_candidate.py:783}}
Jan 10 19:44:19.716504 n-d-824048-1 devstack@placement-api.service[104164]: INFO placement.requestlog [req-5d64322c-f2b3-4b3a-8c1c-88c48b4d36b4 req-9b437b79-8ebe-47aa-bfc6-8c3267f8961b service placement] 10.222.0.20 "GET /placement/allocation_candidates?limit=1000&resources=DISK_GB%3A1%2CMEMORY_MB%3A1024%2CVCPU%3A1&root_required=%21COMPUTE_STATUS_DISABLED" status: 200 len: 1309 microversion: 1.36
Jan 10 19:44:19.716504 n-d-824048-1 devstack@placement-api.service[104164]: [pid: 104164|app: 0|req: 278/554] 10.222.0.20 () {60 vars in 1506 bytes} [Mon Jan 10 19:44:19 2022] GET /placement/allocation_candidates?limit=1000&resources=DISK_GB%3A1%2CMEMORY_MB%3A1024%2CVCPU%3A1&root_required=%21COMPUTE_STATUS_DISABLED => generated 1309 bytes in 222 msecs (HTTP/1.1 200) 8 headers in 297 bytes (1 switches on core 0)
Jan 10 19:44:19.815971 n-d-824048-1 devstack@placement-api.service[104165]: DEBUG placement.requestlog [req-5d64322c-f2b3-4b3a-8c1c-88c48b4d36b4 req-4e7bbddf-d08c-4bd1-bc55-b186f3d7e4de None None] Starting request: 10.222.0.20 "GET /placement/allocations/582d0ee0-dee8-4175-8b86-d889b6af275b" {{(pid=104165) __call__ /opt/stack/placement/placement/requestlog.py:55}}
Jan 10 19:44:19.847403 n-d-824048-1 devstack@placement-api.service[104165]: INFO placement.requestlog [req-5d64322c-f2b3-4b3a-8c1c-88c48b4d36b4 req-4e7bbddf-d08c-4bd1-bc55-b186f3d7e4de service placement] 10.222.0.20 "GET /placement/allocations/582d0ee0-dee8-4175-8b86-d889b6af275b" status: 200 len: 19 microversion: 1.28
Jan 10 19:44:19.848796 n-d-824048-1 devstack@placement-api.service[104165]: [pid: 104165|app: 0|req: 277/555] 10.222.0.20 () {60 vars in 1380 bytes} [Mon Jan 10 19:44:19 2022] GET /placement/allocations/582d0ee0-dee8-4175-8b86-d889b6af275b => generated 19 bytes in 34 msecs (HTTP/1.1 200) 8 headers in 295 bytes (1 switches on core 0)
Jan 10 19:44:19.854788 n-d-824048-1 devstack@placement-api.service[104164]: DEBUG placement.requestlog [req-5d64322c-f2b3-4b3a-8c1c-88c48b4d36b4 req-e26dd032-1b24-4644-a9e0-936ce15f73c5 None None] Starting request: 10.222.0.20 "PUT /placement/allocations/582d0ee0-dee8-4175-8b86-d889b6af275b" {{(pid=104164) __call__ /opt/stack/placement/placement/requestlog.py:55}}
Jan 10 19:44:20.213526 n-d-824048-1 devstack@placement-api.service[104164]: DEBUG placement.handlers.allocation [req-5d64322c-f2b3-4b3a-8c1c-88c48b4d36b4 req-e26dd032-1b24-4644-a9e0-936ce15f73c5 service placement] Successfully wrote allocations [, , ] {{(pid=104164) _update_consumers_and_create_allocations /opt/stack/placement/placement/handlers/allocation.py:462}}
