Feb 09 17:01:28.217647 n-d-822750-3 devstack@placement-api.service[103714]: DEBUG placement.objects.allocation_candidate [req-9aca5254-12ba-4364-9f16-e8047d158faf req-c9610ad9-b476-43e8-bdfb-13e13897eed8 service placement] RequestGroup(use_same_provider=False, resources={DISK_GB:1, MEMORY_MB:1024, VCPU:1}, traits=[], aggregates=[]) (suffix '') returned 2 matches {{(pid=103714) _get_by_requests /opt/stack/placement/placement/objects/allocation_candidate.py:145}}
Feb 09 17:01:28.218948 n-d-822750-3 devstack@placement-api.service[103714]: DEBUG placement.objects.allocation_candidate [req-9aca5254-12ba-4364-9f16-e8047d158faf req-c9610ad9-b476-43e8-bdfb-13e13897eed8 service placement] Merging candidates yields 2 allocation requests and 2 provider summaries {{(pid=103714) _merge_candidates /opt/stack/placement/placement/objects/allocation_candidate.py:783}}
Feb 09 17:01:28.221325 n-d-822750-3 devstack@placement-api.service[103714]: INFO placement.requestlog [req-9aca5254-12ba-4364-9f16-e8047d158faf req-c9610ad9-b476-43e8-bdfb-13e13897eed8 service placement] 10.222.0.99 "GET /placement/allocation_candidates?limit=1000&resources=DISK_GB%3A1%2CMEMORY_MB%3A1024%2CVCPU%3A1&root_required=%21COMPUTE_STATUS_DISABLED" status: 200 len: 1309 microversion: 1.36
Feb 09 17:01:28.222251 n-d-822750-3 devstack@placement-api.service[103714]: [pid: 103714|app: 0|req: 449/894] 10.222.0.99 () {60 vars in 1506 bytes} [Wed Feb 9 17:01:28 2022] GET /placement/allocation_candidates?limit=1000&resources=DISK_GB%3A1%2CMEMORY_MB%3A1024%2CVCPU%3A1&root_required=%21COMPUTE_STATUS_DISABLED => generated 1309 bytes in 108 msecs (HTTP/1.1 200) 8 headers in 297 bytes (1 switches on core 0)
Feb 09 17:01:28.277449 n-d-822750-3 devstack@placement-api.service[103713]: DEBUG placement.requestlog [req-9aca5254-12ba-4364-9f16-e8047d158faf req-24b1fdc8-b28e-401f-a848-860bfaf8ee30 None None] Starting request: 10.222.0.99 "GET /placement/allocations/0e08e16d-7a0a-4dfe-b791-591d9011d0b6" {{(pid=103713) __call__ /opt/stack/placement/placement/requestlog.py:55}}
Feb 09 17:01:28.294740 n-d-822750-3 devstack@placement-api.service[103713]: INFO placement.requestlog [req-9aca5254-12ba-4364-9f16-e8047d158faf req-24b1fdc8-b28e-401f-a848-860bfaf8ee30 service placement] 10.222.0.99 "GET /placement/allocations/0e08e16d-7a0a-4dfe-b791-591d9011d0b6" status: 200 len: 19 microversion: 1.28
Feb 09 17:01:28.295453 n-d-822750-3 devstack@placement-api.service[103713]: [pid: 103713|app: 0|req: 446/895] 10.222.0.99 () {60 vars in 1380 bytes} [Wed Feb 9 17:01:28 2022] GET /placement/allocations/0e08e16d-7a0a-4dfe-b791-591d9011d0b6 => generated 19 bytes in 18 msecs (HTTP/1.1 200) 8 headers in 295 bytes (1 switches on core 0)
Feb 09 17:01:28.302145 n-d-822750-3 devstack@placement-api.service[103714]: DEBUG placement.requestlog [req-9aca5254-12ba-4364-9f16-e8047d158faf req-ef9feef4-c79b-4338-a3f6-6ffd456ea092 None None] Starting request: 10.222.0.99 "PUT /placement/allocations/0e08e16d-7a0a-4dfe-b791-591d9011d0b6" {{(pid=103714) __call__ /opt/stack/placement/placement/requestlog.py:55}}
Feb 09 17:01:28.405576 n-d-822750-3 devstack@placement-api.service[103714]: DEBUG placement.handlers.allocation [req-9aca5254-12ba-4364-9f16-e8047d158faf req-ef9feef4-c79b-4338-a3f6-6ffd456ea092 service placement] Successfully wrote allocations [, , ] {{(pid=103714) _update_consumers_and_create_allocations /opt/stack/placement/placement/handlers/allocation.py:462}}
Feb 09 17:01:28.414630 n-d-822750-3 devstack@placement-api.service[103714]: INFO placement.requestlog [req-9aca5254-12ba-4364-9f16-e8047d158faf req-ef9feef4-c79b-4338-a3f6-6ffd456ea092 service placement] 10.222.0.99 "PUT /placement/allocations/0e08e16d-7a0a-4dfe-b791-591d9011d0b6" status: 204 len: 0 microversion: 1.36
Feb 09 17:01:28.415582 n-d-822750-3 devstack@placement-api.service[103714]: [pid: 103714|app: 0|req: 450/896] 10.222.0.99 () {64 vars in 1433 bytes} [Wed Feb 9 17:01:28 2022] PUT /placement/allocations/0e08e16d-7a0a-4dfe-b791-591d9011d0b6 => generated 0 bytes in 114 msecs (HTTP/1.1 204) 5 headers in 199 bytes (1 switches on core 0)
Feb 09 17:01:28.905527 n-d-822750-3 devstack@placement-api.service[103713]: DEBUG placement.requestlog [req-9aca5254-12ba-4364-9f16-e8047d158faf req-1ac255ba-01db-42ce-8b52-c5420e86a4a1 None None] Starting request: 10.222.0.110 "GET /placement/allocations/0e08e16d-7a0a-4dfe-b791-591d9011d0b6" {{(pid=103713) __call__ /opt/stack/placement/placement/requestlog.py:55}}
Feb 09 17:01:28.928059 n-d-822750-3 devstack@placement-api.service[103713]: INFO placement.requestlog [req-9aca5254-12ba-4364-9f16-e8047d158faf req-1ac255ba-01db-42ce-8b52-c5420e86a4a1 service placement] 10.222.0.110 "GET /placement/allocations/0e08e16d-7a0a-4dfe-b791-591d9011d0b6" status: 200 len: 259 microversion: 1.28
Feb 09 17:01:28.929097 n-d-822750-3 devstack@placement-api.service[103713]: [pid: 103713|app: 0|req: 447/897] 10.222.0.110 () {60 vars in 1378 bytes} [Wed Feb 9 17:01:28 2022] GET /placement/allocations/0e08e16d-7a0a-4dfe-b791-591d9011d0b6 => generated 259 bytes in 24 msecs (HTTP/1.1 200) 8 headers in 296 bytes (1 switches on core 0)
Feb 09 17:01:29.822975 n-d-822750-3 devstack@placement-api.service[103714]: DEBUG placement.requestlog [req-69d3c278-0b7d-4455-8523-ba4026b5b5d1 req-8af81d40-237a-492e-892a-afb6c92ab701 None None] Starting request: 10.222.0.99 "GET /placement/allocation_candidates?limit=1000&resources=DISK_GB%3A1%2CMEMORY_MB%3A1024%2CVCPU%3A1&root_required=%21COMPUTE_STATUS_DISABLED" {{(pid=103714) __call__ /opt/stack/placement/placement/requestlog.py:55}}
Feb 09 17:01:29.855088 n-d-822750-3 devstack@placement-api.service[103714]: DEBUG placement.objects.research_context [req-69d3c278-0b7d-4455-8523-ba4026b5b5d1 req-8af81d40-237a-492e-892a-afb6c92ab701 service placement] getting providers with 1 DISK_GB {{(pid=103714) __init__ /opt/stack/placement/placement/objects/research_context.py:126}}
Feb 09 17:01:29.862277 n-d-822750-3 devstack@placement-api.service[103714]: DEBUG placement.objects.research_context [req-69d3c278-0b7d-4455-8523-ba4026b5b5d1 req-8af81d40-237a-492e-892a-afb6c92ab701 service placement] getting providers with 1024 MEMORY_MB {{(pid=103714) __init__ /opt/stack/placement/placement/objects/research_context.py:126}}
Feb 09 17:01:29.868304 n-d-822750-3 devstack@placement-api.service[103714]: DEBUG placement.objects.research_context [req-69d3c278-0b7d-4455-8523-ba4026b5b5d1 req-8af81d40-237a-492e-892a-afb6c92ab701 service placement] getting providers with 1 VCPU {{(pid=103714) __init__ /opt/stack/placement/placement/objects/research_context.py:126}}
Feb 09 17:01:29.877362 n-d-822750-3 devstack@placement-api.service[103714]: DEBUG placement.objects.research_context [req-69d3c278-0b7d-4455-8523-ba4026b5b5d1 req-8af81d40-237a-492e-892a-afb6c92ab701 service placement] found 2 providers with available 1 DISK_GB {{(pid=103714) get_provider_ids_matching /opt/stack/placement/placement/objects/research_context.py:549}}
Feb 09 17:01:29.878110 n-d-822750-3 devstack@placement-api.service[103714]: DEBUG placement.objects.research_context [req-69d3c278-0b7d-4455-8523-ba4026b5b5d1 req-8af81d40-237a-492e-892a-afb6c92ab701 service placement] found 2 providers with available 1024 MEMORY_MB {{(pid=103714) get_provider_ids_matching /opt/stack/placement/placement/objects/research_context.py:549}}
Feb 09 17:01:29.878622 n-d-822750-3 devstack@placement-api.service[103714]: DEBUG placement.objects.research_context [req-69d3c278-0b7d-4455-8523-ba4026b5b5d1 req-8af81d40-237a-492e-892a-afb6c92ab701 service placement] found 2 providers after filtering by previous result {{(pid=103714) get_provider_ids_matching /opt/stack/placement/placement/objects/research_context.py:580}}
Feb 09 17:01:29.879104 n-d-822750-3 devstack@placement-api.service[103714]: DEBUG placement.objects.research_context [req-69d3c278-0b7d-4455-8523-ba4026b5b5d1 req-8af81d40-237a-492e-892a-afb6c92ab701 service placement] found 2 providers with available 1 VCPU {{(pid=103714) get_provider_ids_matching /opt/stack/placement/placement/objects/research_context.py:549}}
Feb 09 17:01:29.879558 n-d-822750-3 devstack@placement-api.service[103714]: DEBUG placement.objects.research_context [req-69d3c278-0b7d-4455-8523-ba4026b5b5d1 req-8af81d40-237a-492e-892a-afb6c92ab701 service placement] found 2 providers after filtering by previous result {{(pid=103714) get_provider_ids_matching /opt/stack/placement/placement/objects/research_context.py:580}}
Feb 09 17:01:29.901141 n-d-822750-3 devstack@placement-api.service[103714]: DEBUG placement.objects.allocation_candidate [req-69d3c278-0b7d-4455-8523-ba4026b5b5d1 req-8af81d40-237a-492e-892a-afb6c92ab701 service placement] RequestGroup(use_same_provider=False, resources={DISK_GB:1, MEMORY_MB:1024, VCPU:1}, traits=[], aggregates=[]) (suffix '') returned 2 matches {{(pid=103714) _get_by_requests /opt/stack/placement/placement/objects/allocation_candidate.py:145}}
Feb 09 17:01:29.901141 n-d-822750-3 devstack@placement-api.service[103714]: DEBUG placement.objects.allocation_candidate [req-69d3c278-0b7d-4455-8523-ba4026b5b5d1 req-8af81d40-237a-492e-892a-afb6c92ab701 service placement] Merging candidates yields 2 allocation requests and 2 provider summaries {{(pid=103714) _merge_candidates /opt/stack/placement/placement/objects/allocation_candidate.py:783}}
Feb 09 17:01:29.902106 n-d-822750-3 devstack@placement-api.service[103714]: INFO placement.requestlog [req-69d3c278-0b7d-4455-8523-ba4026b5b5d1 req-8af81d40-237a-492e-892a-afb6c92ab701 service placement] 10.222.0.99 "GET /placement/allocation_candidates?limit=1000&resources=DISK_GB%3A1%2CMEMORY_MB%3A1024%2CVCPU%3A1&root_required=%21COMPUTE_STATUS_DISABLED" status: 200 len: 1309 microversion: 1.36
Feb 09 17:01:29.904115 n-d-822750-3 devstack@placement-api.service[103714]: [pid: 103714|app: 0|req: 451/898] 10.222.0.99 () {60 vars in 1506 bytes} [Wed Feb 9 17:01:29 2022] GET /placement/allocation_candidates?limit=1000&resources=DISK_GB%3A1%2CMEMORY_MB%3A1024%2CVCPU%3A1&root_required=%21COMPUTE_STATUS_DISABLED => generated 1309 bytes in 81 msecs (HTTP/1.1 200) 8 headers in 297 bytes (1 switches on core 0)
Feb 09 17:01:29.955241 n-d-822750-3 devstack@placement-api.service[103713]: DEBUG placement.requestlog [req-69d3c278-0b7d-4455-8523-ba4026b5b5d1 req-07d0690a-c935-4b62-916a-5e40ec076be2 None None] Starting request: 10.222.0.99 "GET /placement/allocations/c6d31b36-abb0-4d1c-a24e-bf195e3ceeaf" {{(pid=103713) __call__ /opt/stack/placement/placement/requestlog.py:55}}
Feb 09 17:01:29.969523 n-d-822750-3 devstack@placement-api.service[103713]: INFO placement.requestlog [req-69d3c278-0b7d-4455-8523-ba4026b5b5d1 req-07d0690a-c935-4b62-916a-5e40ec076be2 service placement] 10.222.0.99 "GET /placement/allocations/c6d31b36-abb0-4d1c-a24e-bf195e3ceeaf" status: 200 len: 19 microversion: 1.28
Feb 09 17:01:29.969890 n-d-822750-3 devstack@placement-api.service[103713]: [pid: 103713|app: 0|req: 448/899] 10.222.0.99 () {60 vars in 1380 bytes} [Wed Feb 9 17:01:29 2022] GET /placement/allocations/c6d31b36-abb0-4d1c-a24e-bf195e3ceeaf => generated 19 bytes in 15 msecs (HTTP/1.1 200) 8 headers in 295 bytes (1 switches on core 0)
Feb 09 17:01:29.976323 n-d-822750-3 devstack@placement-api.service[103714]: DEBUG placement.requestlog [req-69d3c278-0b7d-4455-8523-ba4026b5b5d1 req-ec608e42-5dc0-4220-9fc2-1ac2e280d99c None None] Starting request: 10.222.0.99 "PUT /placement/allocations/c6d31b36-abb0-4d1c-a24e-bf195e3ceeaf" {{(pid=103714) __call__ /opt/stack/placement/placement/requestlog.py:55}}
Feb 09 17:01:30.035976 n-d-822750-3 devstack@placement-api.service[103714]: DEBUG placement.handlers.allocation [req-69d3c278-0b7d-4455-8523-ba4026b5b5d1 req-ec608e42-5dc0-4220-9fc2-1ac2e280d99c service placement] Successfully wrote allocations [, , ] {{(pid=103714) _update_consumers_and_create_allocations /opt/stack/placement/placement/handlers/allocation.py:462}}
Feb 09 17:01:30.041474 n-d-822750-3 devstack@placement-api.service[103714]: INFO placement.requestlog [req-69d3c278-0b7d-4455-8523-ba4026b5b5d1 req-ec608e42-5dc0-4220-9fc2-1ac2e280d99c service placement] 10.222.0.99 "PUT /placement/allocations/c6d31b36-abb0-4d1c-a24e-bf195e3ceeaf" status: 204 len: 0 microversion: 1.36
Feb 09 17:01:30.041982 n-d-822750-3 devstack@placement-api.service[103714]: [pid: 103714|app: 0|req: 452/900] 10.222.0.99 () {64 vars in 1433 bytes} [Wed Feb 9 17:01:29 2022] PUT /placement/allocations/c6d31b36-abb0-4d1c-a24e-bf195e3ceeaf => generated 0 bytes in 66 msecs (HTTP/1.1 204) 5 headers in 199 bytes (2 switches on core 0)
Feb 09 17:01:30.454274 n-d-822750-3 devstack@placement-api.service[103713]: DEBUG placement.requestlog [req-69d3c278-0b7d-4455-8523-ba4026b5b5d1 req-01cf005d-9234-4e4b-860a-469eb423dcaf None None] Starting request: 10.222.0.71 "GET /placement/allocations/c6d31b36-abb0-4d1c-a24e-bf195e3ceeaf" {{(pid=103713) __call__ /opt/stack/placement/placement/requestlog.py:55}}
Feb 09 17:01:30.477564 n-d-822750-3 devstack@placement-api.service[103713]: INFO placement.requestlog [req-69d3c278-0b7d-4455-8523-ba4026b5b5d1 req-01cf005d-9234-4e4b-860a-469eb423dcaf service placement] 10.222.0.71 "GET /placement/allocations/c6d31b36-abb0-4d1c-a24e-bf195e3ceeaf" status: 200 len: 259 microversion: 1.28
Feb 09 17:01:30.478247 n-d-822750-3 devstack@placement-api.service[103713]: [pid: 103713|app: 0|req: 449/901] 10.222.0.71 () {60 vars in 1377 bytes} [Wed Feb 9 17:01:30 2022] GET /placement/allocations/c6d31b36-abb0-4d1c-a24e-bf195e3ceeaf => generated 259 bytes in 25 msecs (HTTP/1.1 200) 8 headers in 296 bytes (1 switches on core 0)
Feb 09 17:01:49.836073 n-d-822750-3 devstack@placement-api.service[103714]: DEBUG placement.requestlog [req-0680fab5-c9f7-4e2e-8f0f-51cc847d5c76 req-cea9a45f-c67d-444e-9be6-f99179dc97cd None None] Starting request: 10.222.0.110 "DELETE /placement/allocations/0e08e16d-7a0a-4dfe-b791-591d9011d0b6" {{(pid=103714) __call__ /opt/stack/placement/placement/requestlog.py:55}}
Feb 09 17:01:49.882061 n-d-822750-3 devstack@placement-api.service[103714]: DEBUG placement.handlers.allocation [req-0680fab5-c9f7-4e2e-8f0f-51cc847d5c76 req-cea9a45f-c67d-444e-9be6-f99179dc97cd service placement] Successfully deleted allocations [, , ] {{(pid=103714) delete_allocations /opt/stack/placement/placement/handlers/allocation.py:627}}
Feb 09 17:01:49.882596 n-d-822750-3 devstack@placement-api.service[103714]: INFO placement.requestlog [req-0680fab5-c9f7-4e2e-8f0f-51cc847d5c76 req-cea9a45f-c67d-444e-9be6-f99179dc97cd service placement] 10.222.0.110 "DELETE /placement/allocations/0e08e16d-7a0a-4dfe-b791-591d9011d0b6" status: 204 len: 0 microversion: 1.0
Feb 09 17:01:49.883205 n-d-822750-3 devstack@placement-api.service[103714]: [pid: 103714|app: 0|req: 453/902] 10.222.0.110 () {60 vars in 1356 bytes} [Wed Feb 9 17:01:49 2022] DELETE /placement/allocations/0e08e16d-7a0a-4dfe-b791-591d9011d0b6 => generated 0 bytes in 48 msecs (HTTP/1.1 204) 5 headers in 198 bytes (1 switches on core 0)
Feb 09 17:01:50.748345 n-d-822750-3 devstack@placement-api.service[103713]: DEBUG placement.requestlog [req-499715bc-7d5a-45c4-83a9-e2fad9d4d247 req-05ec3b18-9d71-45ce-8489-6f8eeb299b51 None None] Starting request: 10.222.0.99 "GET /placement/allocation_candidates?limit=1000&resources=DISK_GB%3A1%2CMEMORY_MB%3A1024%2CVCPU%3A1&root_required=%21COMPUTE_STATUS_DISABLED" {{(pid=103713) __call__ /opt/stack/placement/placement/requestlog.py:55}}
Feb 09 17:01:50.796305 n-d-822750-3 devstack@placement-api.service[103713]: DEBUG placement.objects.research_context [req-499715bc-7d5a-45c4-83a9-e2fad9d4d247 req-05ec3b18-9d71-45ce-8489-6f8eeb299b51 service placement] getting providers with 1 DISK_GB {{(pid=103713) __init__ /opt/stack/placement/placement/objects/research_context.py:126}}
Feb 09 17:01:50.803689 n-d-822750-3 devstack@placement-api.service[103713]: DEBUG placement.objects.research_context [req-499715bc-7d5a-45c4-83a9-e2fad9d4d247 req-05ec3b18-9d71-45ce-8489-6f8eeb299b51 service placement] getting providers with 1024 MEMORY_MB {{(pid=103713) __init__ /opt/stack/placement/placement/objects/research_context.py:126}}
Feb 09 17:01:50.815512 n-d-822750-3 devstack@placement-api.service[103713]: DEBUG placement.objects.research_context [req-499715bc-7d5a-45c4-83a9-e2fad9d4d247 req-05ec3b18-9d71-45ce-8489-6f8eeb299b51 service placement] getting providers with 1 VCPU {{(pid=103713) __init__ /opt/stack/placement/placement/objects/research_context.py:126}}
Feb 09 17:01:50.824437 n-d-822750-3 devstack@placement-api.service[103713]: DEBUG placement.objects.research_context [req-499715bc-7d5a-45c4-83a9-e2fad9d4d247 req-05ec3b18-9d71-45ce-8489-6f8eeb299b51 service placement] found 2 providers with available 1 DISK_GB {{(pid=103713) get_provider_ids_matching /opt/stack/placement/placement/objects/research_context.py:549}}
Feb 09 17:01:50.824920 n-d-822750-3 devstack@placement-api.service[103713]: DEBUG placement.objects.research_context [req-499715bc-7d5a-45c4-83a9-e2fad9d4d247 req-05ec3b18-9d71-45ce-8489-6f8eeb299b51 service placement] found 2 providers with available 1024 MEMORY_MB {{(pid=103713) get_provider_ids_matching /opt/stack/placement/placement/objects/research_context.py:549}}
Feb 09 17:01:50.825506 n-d-822750-3 devstack@placement-api.service[103713]: DEBUG placement.objects.research_context [req-499715bc-7d5a-45c4-83a9-e2fad9d4d247 req-05ec3b18-9d71-45ce-8489-6f8eeb299b51 service placement] found 2 providers after filtering by previous result {{(pid=103713) get_provider_ids_matching /opt/stack/placement/placement/objects/research_context.py:580}}
Feb 09 17:01:50.825878 n-d-822750-3 devstack@placement-api.service[103713]: DEBUG placement.objects.research_context [req-499715bc-7d5a-45c4-83a9-e2fad9d4d247 req-05ec3b18-9d71-45ce-8489-6f8eeb299b51 service placement] found 2 providers with available 1 VCPU {{(pid=103713) get_provider_ids_matching /opt/stack/placement/placement/objects/research_context.py:549}}
Feb 09 17:01:50.826273 n-d-822750-3 devstack@placement-api.service[103713]: DEBUG placement.objects.research_context [req-499715bc-7d5a-45c4-83a9-e2fad9d4d247 req-05ec3b18-9d71-45ce-8489-6f8eeb299b51 service placement] found 2 providers after filtering by previous result {{(pid=103713) get_provider_ids_matching /opt/stack/placement/placement/objects/research_context.py:580}}
Feb 09 17:01:50.855168 n-d-822750-3 devstack@placement-api.service[103713]: DEBUG placement.objects.allocation_candidate [req-499715bc-7d5a-45c4-83a9-e2fad9d4d247 req-05ec3b18-9d71-45ce-8489-6f8eeb299b51 service placement] RequestGroup(use_same_provider=False, resources={DISK_GB:1, MEMORY_MB:1024, VCPU:1}, traits=[], aggregates=[]) (suffix '') returned 2 matches {{(pid=103713) _get_by_requests /opt/stack/placement/placement/objects/allocation_candidate.py:145}}
Feb 09 17:01:50.855918 n-d-822750-3 devstack@placement-api.service[103713]: DEBUG placement.objects.allocation_candidate [req-499715bc-7d5a-45c4-83a9-e2fad9d4d247 req-05ec3b18-9d71-45ce-8489-6f8eeb299b51 service placement] Merging candidates yields 2 allocation requests and 2 provider summaries {{(pid=103713) _merge_candidates /opt/stack/placement/placement/objects/allocation_candidate.py:783}}
Feb 09 17:01:50.857816 n-d-822750-3 devstack@placement-api.service[103713]: INFO placement.requestlog [req-499715bc-7d5a-45c4-83a9-e2fad9d4d247 req-05ec3b18-9d71-45ce-8489-6f8eeb299b51 service placement] 10.222.0.99 "GET /placement/allocation_candidates?limit=1000&resources=DISK_GB%3A1%2CMEMORY_MB%3A1024%2CVCPU%3A1&root_required=%21COMPUTE_STATUS_DISABLED" status: 200 len: 1309 microversion: 1.36
Feb 09 17:01:50.858851 n-d-822750-3 devstack@placement-api.service[103713]: [pid: 103713|app: 0|req: 450/903] 10.222.0.99 () {60 vars in 1506 bytes} [Wed Feb 9 17:01:50 2022] GET /placement/allocation_candidates?limit=1000&resources=DISK_GB%3A1%2CMEMORY_MB%3A1024%2CVCPU%3A1&root_required=%21COMPUTE_STATUS_DISABLED => generated 1309 bytes in 111 msecs (HTTP/1.1 200) 8 headers in 297 bytes (1 switches on core 0)
Feb 09 17:01:50.970042 n-d-822750-3 devstack@placement-api.service[103714]: DEBUG placement.requestlog [req-499715bc-7d5a-45c4-83a9-e2fad9d4d247 req-e38a2770-abf0-4620-ad8d-adbe8c7e9b61 None None] Starting request: 10.222.0.99 "GET /placement/allocations/5fa87105-23f2-492a-8b91-500b25852753" {{(pid=103714) __call__ /opt/stack/placement/placement/requestlog.py:55}}
Feb 09 17:01:50.992398 n-d-822750-3 devstack@placement-api.service[103714]: INFO placement.requestlog [req-499715bc-7d5a-45c4-83a9-e2fad9d4d247 req-e38a2770-abf0-4620-ad8d-adbe8c7e9b61 service placement] 10.222.0.99 "GET /placement/allocations/5fa87105-23f2-492a-8b91-500b25852753" status: 200 len: 19 microversion: 1.28
Feb 09 17:01:50.999030 n-d-822750-3 devstack@placement-api.service[103714]: [pid: 103714|app: 0|req: 454/904] 10.222.0.99 () {60 vars in 1380 bytes} [Wed Feb 9 17:01:50 2022] GET /placement/allocations/5fa87105-23f2-492a-8b91-500b25852753 => generated 19 bytes in 29 msecs (HTTP/1.1 200) 8 headers in 295 bytes (1 switches on core 0)
Feb 09 17:01:51.012313 n-d-822750-3 devstack@placement-api.service[103713]: DEBUG placement.requestlog [req-499715bc-7d5a-45c4-83a9-e2fad9d4d247 req-cd88a595-2e20-4146-978f-f55cef61fa13 None None] Starting request: 10.222.0.99 "PUT /placement/allocations/5fa87105-23f2-492a-8b91-500b25852753" {{(pid=103713) __call__ /opt/stack/placement/placement/requestlog.py:55}}
Feb 09 17:01:51.074028 n-d-822750-3 devstack@placement-api.service[103713]: DEBUG placement.handlers.allocation [req-499715bc-7d5a-45c4-83a9-e2fad9d4d247 req-cd88a595-2e20-4146-978f-f55cef61fa13 service placement] Successfully wrote allocations [, , ] {{(pid=103713) _update_consumers_and_create_allocations /opt/stack/placement/placement/handlers/allocation.py:462}}
Feb 09 17:01:51.080386 n-d-822750-3 devstack@placement-api.service[103713]: INFO placement.requestlog [req-499715bc-7d5a-45c4-83a9-e2fad9d4d247 req-cd88a595-2e20-4146-978f-f55cef61fa13 service placement] 10.222.0.99 "PUT /placement/allocations/5fa87105-23f2-492a-8b91-500b25852753" status: 204 len: 0 microversion: 1.36
Feb 09 17:01:51.085571 n-d-822750-3 devstack@placement-api.service[103713]: [pid: 103713|app: 0|req: 451/905] 10.222.0.99 () {64 vars in 1433 bytes} [Wed Feb 9 17:01:51 2022] PUT /placement/allocations/5fa87105-23f2-492a-8b91-500b25852753 => generated 0 bytes in 74 msecs (HTTP/1.1 204) 5 headers in 199 bytes (1 switches on core 0)
Feb 09 17:01:51.520692 n-d-822750-3 devstack@placement-api.service[103714]: DEBUG placement.requestlog [req-499715bc-7d5a-45c4-83a9-e2fad9d4d247 req-b79bfaa7-9352-4812-bb6e-ea0b7ac7e03b None None] Starting request: 10.222.0.110 "GET /placement/allocations/5fa87105-23f2-492a-8b91-500b25852753" {{(pid=103714) __call__ /opt/stack/placement/placement/requestlog.py:55}}
Feb 09 17:01:51.539669 n-d-822750-3 devstack@placement-api.service[103714]: INFO placement.requestlog [req-499715bc-7d5a-45c4-83a9-e2fad9d4d247 req-b79bfaa7-9352-4812-bb6e-ea0b7ac7e03b service placement] 10.222.0.110 "GET /placement/allocations/5fa87105-23f2-492a-8b91-500b25852753" status: 200 len: 259 microversion: 1.28
Feb 09 17:01:51.540565 n-d-822750-3 devstack@placement-api.service[103714]: [pid: 103714|app: 0|req: 455/906] 10.222.0.110 () {60 vars in 1378 bytes} [Wed Feb 9 17:01:51 2022] GET /placement/allocations/5fa87105-23f2-492a-8b91-500b25852753 => generated 259 bytes in 20 msecs (HTTP/1.1 200) 8 headers in 296 bytes (1 switches on core 0)
Feb 09 17:02:00.600659 n-d-822750-3 devstack@placement-api.service[103713]: DEBUG placement.requestlog [req-01377de8-c534-45a4-8db8-9abaca92f954 req-5b0fa13d-d0b8-4d1b-95a2-2997c936c368 None None] Starting request: 10.222.0.110 "GET /placement/resource_providers/e52afff4-b1ba-4a7e-9971-360a2cb275b9/allocations" {{(pid=103713) __call__ /opt/stack/placement/placement/requestlog.py:55}}
Feb 09 17:02:00.642812 n-d-822750-3 devstack@placement-api.service[103713]: INFO placement.requestlog [req-01377de8-c534-45a4-8db8-9abaca92f954 req-5b0fa13d-d0b8-4d1b-95a2-2997c936c368 service placement] 10.222.0.110 "GET /placement/resource_providers/e52afff4-b1ba-4a7e-9971-360a2cb275b9/allocations" status: 200 len: 356 microversion: 1.0
Feb 09 17:02:00.643891 n-d-822750-3 devstack@placement-api.service[103713]: [pid: 103713|app: 0|req: 452/907] 10.222.0.110 () {58 vars in 1391 bytes} [Wed Feb 9 17:02:00 2022] GET /placement/resource_providers/e52afff4-b1ba-4a7e-9971-360a2cb275b9/allocations => generated 356 bytes in 44 msecs (HTTP/1.1 200) 6 headers in 224 bytes (1 switches on core 0)
Feb 09 17:02:06.907443 n-d-822750-3 devstack@placement-api.service[103714]: DEBUG placement.requestlog [req-d31490c8-6397-414f-8bcf-f6d16040339b req-535e38fe-eaf1-4dc5-b6ac-7dc4e4b7324c None None] Starting request: 10.222.0.71 "GET /placement/resource_providers/435152e8-f972-44be-a3bf-1948d310ec6b/allocations" {{(pid=103714) __call__ /opt/stack/placement/placement/requestlog.py:55}}
Feb 09 17:02:06.952997 n-d-822750-3 devstack@placement-api.service[103714]: INFO placement.requestlog [req-d31490c8-6397-414f-8bcf-f6d16040339b req-535e38fe-eaf1-4dc5-b6ac-7dc4e4b7324c service placement] 10.222.0.71 "GET /placement/resource_providers/435152e8-f972-44be-a3bf-1948d310ec6b/allocations" status: 200 len: 457 microversion: 1.0
Feb 09 17:02:06.953826 n-d-822750-3 devstack@placement-api.service[103714]: [pid: 103714|app: 0|req: 456/908] 10.222.0.71 () {58 vars in 1390 bytes} [Wed Feb 9 17:02:06 2022] GET /placement/resource_providers/435152e8-f972-44be-a3bf-1948d310ec6b/allocations => generated 457 bytes in 46 msecs (HTTP/1.1 200) 6 headers in 224 bytes (1 switches on core 0)
Feb 09 17:02:41.639370 n-d-822750-3 devstack@placement-api.service[103713]: DEBUG placement.requestlog [req-5cf82bb2-16fd-44b4-a7d3-395e1c040cd8 req-bc48e43c-8b6f-4f0f-862d-a09eefc61c5b None None] Starting request: 10.222.0.71 "DELETE /placement/allocations/88d1d716-57b6-44eb-b25c-b5ae9c831992" {{(pid=103713) __call__ /opt/stack/placement/placement/requestlog.py:55}}
Feb 09 17:02:41.686502 n-d-822750-3 devstack@placement-api.service[103713]: DEBUG placement.handlers.allocation [req-5cf82bb2-16fd-44b4-a7d3-395e1c040cd8 req-bc48e43c-8b6f-4f0f-862d-a09eefc61c5b service placement] Successfully deleted allocations [, , ] {{(pid=103713) delete_allocations /opt/stack/placement/placement/handlers/allocation.py:627}}
Feb 09 17:02:41.687377 n-d-822750-3 devstack@placement-api.service[103713]: INFO placement.requestlog [req-5cf82bb2-16fd-44b4-a7d3-395e1c040cd8 req-bc48e43c-8b6f-4f0f-862d-a09eefc61c5b service placement] 10.222.0.71 "DELETE /placement/allocations/88d1d716-57b6-44eb-b25c-b5ae9c831992" status: 204 len: 0 microversion: 1.0
Feb 09 17:02:41.687945 n-d-822750-3 devstack@placement-api.service[103713]: [pid: 103713|app: 0|req: 453/909] 10.222.0.71 () {60 vars in 1355 bytes} [Wed Feb 9 17:02:41 2022] DELETE /placement/allocations/88d1d716-57b6-44eb-b25c-b5ae9c831992 => generated 0 bytes in 49 msecs (HTTP/1.1 204) 5 headers in 198 bytes (2 switches on core 0)
Feb 09 17:02:48.440828 n-d-822750-3 devstack@placement-api.service[103714]: DEBUG placement.requestlog [req-d8674bea-e4ec-4af4-9926-7bffdf61640f req-a28ff13e-fffe-45c2-add7-6237e6924254 None None] Starting request: 10.222.0.110 "DELETE /placement/allocations/5fa87105-23f2-492a-8b91-500b25852753" {{(pid=103714) __call__ /opt/stack/placement/placement/requestlog.py:55}}
Feb 09 17:02:48.514617 n-d-822750-3 devstack@placement-api.service[103714]: DEBUG placement.handlers.allocation [req-d8674bea-e4ec-4af4-9926-7bffdf61640f req-a28ff13e-fffe-45c2-add7-6237e6924254 service placement] Successfully deleted allocations [, , ] {{(pid=103714) delete_allocations /opt/stack/placement/placement/handlers/allocation.py:627}}
Feb 09 17:02:48.520660 n-d-822750-3 devstack@placement-api.service[103714]: INFO placement.requestlog [req-d8674bea-e4ec-4af4-9926-7bffdf61640f req-a28ff13e-fffe-45c2-add7-6237e6924254 service placement] 10.222.0.110 "DELETE /placement/allocations/5fa87105-23f2-492a-8b91-500b25852753" status: 204 len: 0 microversion: 1.0
Feb 09 17:02:48.521504 n-d-822750-3 devstack@placement-api.service[103714]: [pid: 103714|app: 0|req: 457/910] 10.222.0.110 () {60 vars in 1356 bytes} [Wed Feb 9 17:02:48 2022] DELETE /placement/allocations/5fa87105-23f2-492a-8b91-500b25852753 => generated 0 bytes in 81 msecs (HTTP/1.1 204) 5 headers in 198 bytes (2 switches on core 0)
Feb 09 17:02:49.611681 n-d-822750-3 devstack@placement-api.service[103713]: DEBUG placement.requestlog [req-023ff3ec-3983-43a5-8e46-1341038e3330 req-f02cc611-956b-44b1-a27d-50ad17cfdb55 None None] Starting request: 10.222.0.71 "DELETE /placement/allocations/196eddad-9c18-42a8-ae69-663e24263559" {{(pid=103713) __call__ /opt/stack/placement/placement/requestlog.py:55}}
Feb 09 17:02:49.660206 n-d-822750-3 devstack@placement-api.service[103713]: DEBUG placement.handlers.allocation [req-023ff3ec-3983-43a5-8e46-1341038e3330 req-f02cc611-956b-44b1-a27d-50ad17cfdb55 service placement] Successfully deleted allocations [, , ] {{(pid=103713) delete_allocations /opt/stack/placement/placement/handlers/allocation.py:627}}
Feb 09 17:02:49.660709 n-d-822750-3 devstack@placement-api.service[103713]: INFO placement.requestlog [req-023ff3ec-3983-43a5-8e46-1341038e3330 req-f02cc611-956b-44b1-a27d-50ad17cfdb55 service placement] 10.222.0.71 "DELETE /placement/allocations/196eddad-9c18-42a8-ae69-663e24263559" status: 204 len: 0 microversion: 1.0
Feb 09 17:02:49.661527 n-d-822750-3 devstack@placement-api.service[103713]: [pid: 103713|app: 0|req: 454/911] 10.222.0.71 () {60 vars in 1355 bytes} [Wed Feb 9 17:02:49 2022] DELETE /placement/allocations/196eddad-9c18-42a8-ae69-663e24263559 => generated 0 bytes in 50 msecs (HTTP/1.1 204) 5 headers in 198 bytes (2 switches on core 0)
Feb 09 17:03:01.711323 n-d-822750-3 devstack@placement-api.service[103714]: DEBUG placement.requestlog [req-d35e6e79-2138-4e37-aef2-9bcac6f79cf9 req-d54d82b9-88d5-474f-9c06-ba0c57a8e0ea None None] Starting request: 10.222.0.110 "GET /placement/resource_providers/e52afff4-b1ba-4a7e-9971-360a2cb275b9/allocations" {{(pid=103714) __call__ /opt/stack/placement/placement/requestlog.py:55}}
Feb 09 17:03:01.760548 n-d-822750-3 devstack@placement-api.service[103714]: INFO placement.requestlog [req-d35e6e79-2138-4e37-aef2-9bcac6f79cf9 req-d54d82b9-88d5-474f-9c06-ba0c57a8e0ea service placement] 10.222.0.110 "GET /placement/resource_providers/e52afff4-b1ba-4a7e-9971-360a2cb275b9/allocations" status: 200 len: 255 microversion: 1.0
Feb 09 17:03:01.769912 n-d-822750-3 devstack@placement-api.service[103714]: [pid: 103714|app: 0|req: 458/912] 10.222.0.110 () {58 vars in 1391 bytes} [Wed Feb 9 17:03:01 2022] GET /placement/resource_providers/e52afff4-b1ba-4a7e-9971-360a2cb275b9/allocations => generated 255 bytes in 59 msecs (HTTP/1.1 200) 6 headers in 224 bytes (1 switches on core 0)
Feb 09 17:03:06.809986 n-d-822750-3 devstack@placement-api.service[103713]: DEBUG placement.requestlog [req-ef441b66-9283-400a-8803-9354000c3163 req-60a36cec-7ea0-4b3d-b819-e32d147ad287 None None] Starting request: 10.222.0.71 "GET /placement/resource_providers/435152e8-f972-44be-a3bf-1948d310ec6b/allocations" {{(pid=103713) __call__ /opt/stack/placement/placement/requestlog.py:55}}
Feb 09 17:03:06.874027 n-d-822750-3 devstack@placement-api.service[103713]: INFO placement.requestlog [req-ef441b66-9283-400a-8803-9354000c3163 req-60a36cec-7ea0-4b3d-b819-e32d147ad287 service placement] 10.222.0.71 "GET /placement/resource_providers/435152e8-f972-44be-a3bf-1948d310ec6b/allocations" status: 200 len: 255 microversion: 1.0
Feb 09 17:03:06.875004 n-d-822750-3 devstack@placement-api.service[103713]: [pid: 103713|app: 0|req: 455/913] 10.222.0.71 () {58 vars in 1390 bytes} [Wed Feb 9 17:03:06 2022] GET /placement/resource_providers/435152e8-f972-44be-a3bf-1948d310ec6b/allocations => generated 255 bytes in 65 msecs (HTTP/1.1 200) 6 headers in 224 bytes (1 switches on core 0)
Feb 09 17:03:20.604856 n-d-822750-3 devstack@placement-api.service[103714]: DEBUG placement.requestlog [req-78764c0c-2c27-4808-b670-bb94c848ef1d req-0aaf685c-64a0-4dca-a946-5e10619d4a5e None None] Starting request: 10.222.0.99 "DELETE /placement/allocations/5fa87105-23f2-492a-8b91-500b25852753" {{(pid=103714) __call__ /opt/stack/placement/placement/requestlog.py:55}}
Feb 09 17:03:20.978056 n-d-822750-3 devstack@placement-api.service[103714]: DEBUG placement.wsgi_wrapper [req-78764c0c-2c27-4808-b670-bb94c848ef1d req-0aaf685c-64a0-4dca-a946-5e10619d4a5e service placement] Placement API returning an error response: No allocations for consumer '5fa87105-23f2-492a-8b91-500b25852753' {{(pid=103714) call_func /opt/stack/placement/placement/wsgi_wrapper.py:31}}
Feb 09 17:03:20.980571 n-d-822750-3 devstack@placement-api.service[103714]: INFO placement.requestlog [req-78764c0c-2c27-4808-b670-bb94c848ef1d req-0aaf685c-64a0-4dca-a946-5e10619d4a5e service placement] 10.222.0.99 "DELETE /placement/allocations/5fa87105-23f2-492a-8b91-500b25852753" status: 404 len: 228 microversion: 1.0
Feb 09 17:03:20.981229 n-d-822750-3 devstack@placement-api.service[103714]: [pid: 103714|app: 0|req: 459/914] 10.222.0.99 () {60 vars in 1349 bytes} [Wed Feb 9 17:03:20 2022] DELETE /placement/allocations/5fa87105-23f2-492a-8b91-500b25852753 => generated 228 bytes in 376 msecs (HTTP/1.1 404) 6 headers in 231 bytes (2 switches on core 0)
Feb 09 17:03:24.772164 n-d-822750-3 devstack@placement-api.service[103713]: DEBUG placement.requestlog [req-5f335beb-8a44-453d-97ad-e3e39a3eb3eb req-d070d808-db0d-4dc7-bea9-e28a486418ae None None] Starting request: 10.222.0.71 "DELETE /placement/allocations/c6d31b36-abb0-4d1c-a24e-bf195e3ceeaf" {{(pid=103713) __call__ /opt/stack/placement/placement/requestlog.py:55}}
Feb 09 17:03:24.852784 n-d-822750-3 devstack@placement-api.service[103713]: DEBUG placement.handlers.allocation [req-5f335beb-8a44-453d-97ad-e3e39a3eb3eb req-d070d808-db0d-4dc7-bea9-e28a486418ae service placement] Successfully deleted allocations [, , ] {{(pid=103713) delete_allocations /opt/stack/placement/placement/handlers/allocation.py:627}}
Feb 09 17:03:24.853951 n-d-822750-3 devstack@placement-api.service[103713]: INFO placement.requestlog [req-5f335beb-8a44-453d-97ad-e3e39a3eb3eb req-d070d808-db0d-4dc7-bea9-e28a486418ae service placement] 10.222.0.71 "DELETE /placement/allocations/c6d31b36-abb0-4d1c-a24e-bf195e3ceeaf" status: 204 len: 0 microversion: 1.0
Feb 09 17:03:24.854787 n-d-822750-3 devstack@placement-api.service[103713]: [pid: 103713|app: 0|req: 456/915] 10.222.0.71 () {60 vars in 1355 bytes} [Wed Feb 9 17:03:24 2022] DELETE /placement/allocations/c6d31b36-abb0-4d1c-a24e-bf195e3ceeaf => generated 0 bytes in 84 msecs (HTTP/1.1 204) 5 headers in 198 bytes (1 switches on core 0)
Feb 09 17:03:28.599603 n-d-822750-3 devstack@placement-api.service[103714]: DEBUG placement.requestlog [req-9380e9d5-4345-4d49-a2ed-006559454d69 req-36ebbe25-5898-46af-aa6d-7e9492bf9564 None None] Starting request: 10.222.0.110 "DELETE /placement/allocations/3d191015-a52a-4af0-b24c-6de6e2d1dd27" {{(pid=103714) __call__ /opt/stack/placement/placement/requestlog.py:55}}
Feb 09 17:03:28.646390 n-d-822750-3 devstack@placement-api.service[103714]: DEBUG placement.handlers.allocation [req-9380e9d5-4345-4d49-a2ed-006559454d69 req-36ebbe25-5898-46af-aa6d-7e9492bf9564 service placement] Successfully deleted allocations [, , ] {{(pid=103714) delete_allocations /opt/stack/placement/placement/handlers/allocation.py:627}}
Feb 09 17:03:28.647218 n-d-822750-3 devstack@placement-api.service[103714]: INFO placement.requestlog [req-9380e9d5-4345-4d49-a2ed-006559454d69 req-36ebbe25-5898-46af-aa6d-7e9492bf9564 service placement] 10.222.0.110 "DELETE /placement/allocations/3d191015-a52a-4af0-b24c-6de6e2d1dd27" status: 204 len: 0 microversion: 1.0
Feb 09 17:03:28.647767 n-d-822750-3 devstack@placement-api.service[103714]: [pid: 103714|app: 0|req: 460/916] 10.222.0.110 () {60 vars in 1356 bytes} [Wed Feb 9 17:03:28 2022] DELETE /placement/allocations/3d191015-a52a-4af0-b24c-6de6e2d1dd27 => generated 0 bytes in 49 msecs (HTTP/1.1 204) 5 headers in 198 bytes (1 switches on core 0)
Feb 09 17:03:33.039321 n-d-822750-3 devstack@placement-api.service[103713]: DEBUG placement.requestlog [req-0fe24570-ad01-416f-9838-d2c6ecc8a914 req-c566d607-282e-4223-9e09-5e052988d838 None None] Starting request: 10.222.0.71 "DELETE /placement/allocations/147bc94a-97e4-43ec-a043-2a035567e1b2" {{(pid=103713) __call__ /opt/stack/placement/placement/requestlog.py:55}}
Feb 09 17:03:33.104407 n-d-822750-3 devstack@placement-api.service[103713]: DEBUG placement.handlers.allocation [req-0fe24570-ad01-416f-9838-d2c6ecc8a914 req-c566d607-282e-4223-9e09-5e052988d838 service placement] Successfully deleted allocations [, , ] {{(pid=103713) delete_allocations /opt/stack/placement/placement/handlers/allocation.py:627}}
Feb 09 17:03:33.105230 n-d-822750-3 devstack@placement-api.service[103713]: INFO placement.requestlog [req-0fe24570-ad01-416f-9838-d2c6ecc8a914 req-c566d607-282e-4223-9e09-5e052988d838 service placement] 10.222.0.71 "DELETE /placement/allocations/147bc94a-97e4-43ec-a043-2a035567e1b2" status: 204 len: 0 microversion: 1.0
Feb 09 17:03:33.106322 n-d-822750-3 devstack@placement-api.service[103713]: [pid: 103713|app: 0|req: 457/917] 10.222.0.71 () {60 vars in 1355 bytes} [Wed Feb 9 17:03:33 2022] DELETE /placement/allocations/147bc94a-97e4-43ec-a043-2a035567e1b2 => generated 0 bytes in 67 msecs (HTTP/1.1 204) 5 headers in 198 bytes (1 switches on core 0)
Feb 09 17:03:38.675739 n-d-822750-3 devstack@placement-api.service[103714]: DEBUG placement.requestlog [req-add4cfec-764e-4d23-a720-75e333680847 req-1e88bd03-91bd-4b43-8169-fbf78dc6a131 None None] Starting request: 10.222.0.110 "DELETE /placement/allocations/dab99f8d-8817-45eb-a0be-f7258deddca1" {{(pid=103714) __call__ /opt/stack/placement/placement/requestlog.py:55}}
Feb 09 17:03:38.712521 n-d-822750-3 devstack@placement-api.service[103714]: DEBUG placement.handlers.allocation [req-add4cfec-764e-4d23-a720-75e333680847 req-1e88bd03-91bd-4b43-8169-fbf78dc6a131 service placement] Successfully deleted allocations [, , ] {{(pid=103714) delete_allocations /opt/stack/placement/placement/handlers/allocation.py:627}}
Feb 09 17:03:38.713372 n-d-822750-3 devstack@placement-api.service[103714]: INFO placement.requestlog [req-add4cfec-764e-4d23-a720-75e333680847 req-1e88bd03-91bd-4b43-8169-fbf78dc6a131 service placement] 10.222.0.110 "DELETE /placement/allocations/dab99f8d-8817-45eb-a0be-f7258deddca1" status: 204 len: 0 microversion: 1.0
Feb 09 17:03:38.714202 n-d-822750-3 devstack@placement-api.service[103714]: [pid: 103714|app: 0|req: 461/918] 10.222.0.110 () {60 vars in 1356 bytes} [Wed Feb 9 17:03:38 2022] DELETE /placement/allocations/dab99f8d-8817-45eb-a0be-f7258deddca1 => generated 0 bytes in 39 msecs (HTTP/1.1 204) 5 headers in 198 bytes (1 switches on core 0)
Feb 09 17:03:55.939780 n-d-822750-3 devstack@placement-api.service[103713]: DEBUG placement.requestlog [req-72cbedaf-e2fe-4ea0-b7a7-aed3501a7091 req-26313346-d042-4ea9-885c-e217badbe6ae None None] Starting request: 10.222.0.99 "GET /placement/allocation_candidates?limit=1000&resources=DISK_GB%3A1%2CMEMORY_MB%3A1024%2CVCPU%3A1&root_required=%21COMPUTE_STATUS_DISABLED" {{(pid=103713) __call__ /opt/stack/placement/placement/requestlog.py:55}}
Feb 09 17:03:56.344700 n-d-822750-3 devstack@placement-api.service[103713]: DEBUG placement.objects.research_context [req-72cbedaf-e2fe-4ea0-b7a7-aed3501a7091 req-26313346-d042-4ea9-885c-e217badbe6ae service placement] getting providers with 1 DISK_GB {{(pid=103713) __init__ /opt/stack/placement/placement/objects/research_context.py:126}}
Feb 09 17:03:56.352021 n-d-822750-3 devstack@placement-api.service[103713]: DEBUG placement.objects.research_context [req-72cbedaf-e2fe-4ea0-b7a7-aed3501a7091 req-26313346-d042-4ea9-885c-e217badbe6ae service placement] getting providers with 1024 MEMORY_MB {{(pid=103713) __init__ /opt/stack/placement/placement/objects/research_context.py:126}}
Feb 09 17:03:56.360461 n-d-822750-3 devstack@placement-api.service[103713]: DEBUG placement.objects.research_context [req-72cbedaf-e2fe-4ea0-b7a7-aed3501a7091 req-26313346-d042-4ea9-885c-e217badbe6ae service placement] getting providers with 1 VCPU {{(pid=103713) __init__ /opt/stack/placement/placement/objects/research_context.py:126}}
Feb 09 17:03:56.370682 n-d-822750-3 devstack@placement-api.service[103713]: DEBUG placement.objects.research_context [req-72cbedaf-e2fe-4ea0-b7a7-aed3501a7091 req-26313346-d042-4ea9-885c-e217badbe6ae service placement] found 2 providers with available 1 DISK_GB {{(pid=103713) get_provider_ids_matching /opt/stack/placement/placement/objects/research_context.py:549}}
Feb 09 17:03:56.371564 n-d-822750-3 devstack@placement-api.service[103713]: DEBUG placement.objects.research_context [req-72cbedaf-e2fe-4ea0-b7a7-aed3501a7091 req-26313346-d042-4ea9-885c-e217badbe6ae service placement] found 2 providers with available 1024 MEMORY_MB {{(pid=103713) get_provider_ids_matching /opt/stack/placement/placement/objects/research_context.py:549}}
Feb 09 17:03:56.372292 n-d-822750-3 devstack@placement-api.service[103713]: DEBUG placement.objects.research_context [req-72cbedaf-e2fe-4ea0-b7a7-aed3501a7091 req-26313346-d042-4ea9-885c-e217badbe6ae service placement] found 2 providers after filtering by previous result {{(pid=103713) get_provider_ids_matching /opt/stack/placement/placement/objects/research_context.py:580}}
Feb 09 17:03:56.372853 n-d-822750-3 devstack@placement-api.service[103713]: DEBUG placement.objects.research_context [req-72cbedaf-e2fe-4ea0-b7a7-aed3501a7091 req-26313346-d042-4ea9-885c-e217badbe6ae service placement] found 2 providers with available 1 VCPU {{(pid=103713) get_provider_ids_matching /opt/stack/placement/placement/objects/research_context.py:549}}
Feb 09 17:03:56.373877 n-d-822750-3 devstack@placement-api.service[103713]: DEBUG placement.objects.research_context [req-72cbedaf-e2fe-4ea0-b7a7-aed3501a7091 req-26313346-d042-4ea9-885c-e217badbe6ae service placement] found 2 providers after filtering by previous result {{(pid=103713) get_provider_ids_matching /opt/stack/placement/placement/objects/research_context.py:580}}
Feb 09 17:03:56.402501 n-d-822750-3 devstack@placement-api.service[103713]: DEBUG placement.objects.allocation_candidate [req-72cbedaf-e2fe-4ea0-b7a7-aed3501a7091 req-26313346-d042-4ea9-885c-e217badbe6ae service placement] RequestGroup(use_same_provider=False, resources={DISK_GB:1, MEMORY_MB:1024, VCPU:1}, traits=[], aggregates=[]) (suffix '') returned 2 matches {{(pid=103713) _get_by_requests /opt/stack/placement/placement/objects/allocation_candidate.py:145}}
Feb 09 17:03:56.403300 n-d-822750-3 devstack@placement-api.service[103713]: DEBUG placement.objects.allocation_candidate [req-72cbedaf-e2fe-4ea0-b7a7-aed3501a7091 req-26313346-d042-4ea9-885c-e217badbe6ae service placement] Merging candidates yields 2 allocation requests and 2 provider summaries {{(pid=103713) _merge_candidates /opt/stack/placement/placement/objects/allocation_candidate.py:783}}
Feb 09 17:03:56.406305 n-d-822750-3 devstack@placement-api.service[103713]: INFO placement.requestlog [req-72cbedaf-e2fe-4ea0-b7a7-aed3501a7091 req-26313346-d042-4ea9-885c-e217badbe6ae service placement] 10.222.0.99 "GET /placement/allocation_candidates?limit=1000&resources=DISK_GB%3A1%2CMEMORY_MB%3A1024%2CVCPU%3A1&root_required=%21COMPUTE_STATUS_DISABLED" status: 200 len: 1303 microversion: 1.36
Feb 09 17:03:56.412618 n-d-822750-3 devstack@placement-api.service[103713]: [pid: 103713|app: 0|req: 458/919] 10.222.0.99 () {60 vars in 1506 bytes} [Wed Feb 9 17:03:55 2022] GET /placement/allocation_candidates?limit=1000&resources=DISK_GB%3A1%2CMEMORY_MB%3A1024%2CVCPU%3A1&root_required=%21COMPUTE_STATUS_DISABLED => generated 1303 bytes in 473 msecs (HTTP/1.1 200) 8 headers in 297 bytes (1 switches on core 0)
Feb 09 17:03:56.479112 n-d-822750-3 devstack@placement-api.service[103714]: DEBUG placement.requestlog [req-72cbedaf-e2fe-4ea0-b7a7-aed3501a7091 req-32d6bb23-c295-4daa-8900-3e53ddf0b958 None None] Starting request: 10.222.0.99 "GET /placement/allocations/214b19c3-9590-474b-8e09-6ac323d2683c" {{(pid=103714) __call__ /opt/stack/placement/placement/requestlog.py:55}}
Feb 09 17:03:56.491249 n-d-822750-3 devstack@placement-api.service[103714]: INFO placement.requestlog [req-72cbedaf-e2fe-4ea0-b7a7-aed3501a7091 req-32d6bb23-c295-4daa-8900-3e53ddf0b958 service placement] 10.222.0.99 "GET /placement/allocations/214b19c3-9590-474b-8e09-6ac323d2683c" status: 200 len: 19 microversion: 1.28
Feb 09 17:03:56.492193 n-d-822750-3 devstack@placement-api.service[103714]: [pid: 103714|app: 0|req: 462/920] 10.222.0.99 () {60 vars in 1380 bytes} [Wed Feb 9 17:03:56 2022] GET /placement/allocations/214b19c3-9590-474b-8e09-6ac323d2683c => generated 19 bytes in 14 msecs (HTTP/1.1 200) 8 headers in 295 bytes (1 switches on core 0)
Feb 09 17:03:56.502898 n-d-822750-3 devstack@placement-api.service[103713]: DEBUG placement.requestlog [req-72cbedaf-e2fe-4ea0-b7a7-aed3501a7091 req-8c2c11cf-3f5b-499a-80c5-779ea642172c None None] Starting request: 10.222.0.99 "PUT /placement/allocations/214b19c3-9590-474b-8e09-6ac323d2683c" {{(pid=103713) __call__ /opt/stack/placement/placement/requestlog.py:55}}
Feb 09 17:03:56.620628 n-d-822750-3 devstack@placement-api.service[103713]: DEBUG placement.handlers.allocation [req-72cbedaf-e2fe-4ea0-b7a7-aed3501a7091 req-8c2c11cf-3f5b-499a-80c5-779ea642172c service placement] Successfully wrote allocations [, , ] {{(pid=103713) _update_consumers_and_create_allocations /opt/stack/placement/placement/handlers/allocation.py:462}}
Feb 09 17:03:56.626952 n-d-822750-3 devstack@placement-api.service[103713]: INFO placement.requestlog [req-72cbedaf-e2fe-4ea0-b7a7-aed3501a7091 req-8c2c11cf-3f5b-499a-80c5-779ea642172c service placement] 10.222.0.99 "PUT /placement/allocations/214b19c3-9590-474b-8e09-6ac323d2683c" status: 204 len: 0 microversion: 1.36
Feb 09 17:03:56.627724 n-d-822750-3 devstack@placement-api.service[103713]: [pid: 103713|app: 0|req: 459/921] 10.222.0.99 () {64 vars in 1433 bytes} [Wed Feb 9 17:03:56 2022] PUT /placement/allocations/214b19c3-9590-474b-8e09-6ac323d2683c => generated 0 bytes in 125 msecs (HTTP/1.1 204) 5 headers in 199 bytes (1 switches on core 0)
Feb 09 17:03:58.175462 n-d-822750-3 devstack@placement-api.service[103714]: DEBUG placement.requestlog [req-72cbedaf-e2fe-4ea0-b7a7-aed3501a7091 req-622f8086-3cf4-4059-bf7c-f7c9ad67ef66 None None] Starting request: 10.222.0.71 "GET /placement/allocations/214b19c3-9590-474b-8e09-6ac323d2683c" {{(pid=103714) __call__ /opt/stack/placement/placement/requestlog.py:55}}
Feb 09 17:03:58.210555 n-d-822750-3 devstack@placement-api.service[103714]: INFO placement.requestlog [req-72cbedaf-e2fe-4ea0-b7a7-aed3501a7091 req-622f8086-3cf4-4059-bf7c-f7c9ad67ef66 service placement] 10.222.0.71 "GET /placement/allocations/214b19c3-9590-474b-8e09-6ac323d2683c" status: 200 len: 259 microversion: 1.28
Feb 09 17:03:58.211215 n-d-822750-3 devstack@placement-api.service[103714]: [pid: 103714|app: 0|req: 463/922] 10.222.0.71 () {60 vars in 1377 bytes} [Wed Feb 9 17:03:58 2022] GET /placement/allocations/214b19c3-9590-474b-8e09-6ac323d2683c => generated 259 bytes in 36 msecs (HTTP/1.1 200) 8 headers in 296 bytes (1 switches on core 0)
Feb 09 17:04:02.487070 n-d-822750-3 devstack@placement-api.service[103713]: DEBUG placement.requestlog [req-bfb20759-d2a6-4bcf-8c17-33a1db892411 req-f68b0812-7673-4823-92f1-76949e6521ac None None] Starting request: 10.222.0.110 "GET /placement/resource_providers/e52afff4-b1ba-4a7e-9971-360a2cb275b9/allocations" {{(pid=103713) __call__ /opt/stack/placement/placement/requestlog.py:55}}
Feb 09 17:04:02.515398 n-d-822750-3 devstack@placement-api.service[103713]: INFO placement.requestlog [req-bfb20759-d2a6-4bcf-8c17-33a1db892411 req-f68b0812-7673-4823-92f1-76949e6521ac service placement] 10.222.0.110 "GET /placement/resource_providers/e52afff4-b1ba-4a7e-9971-360a2cb275b9/allocations" status: 200 len: 55 microversion: 1.0
Feb 09 17:04:02.524212 n-d-822750-3 devstack@placement-api.service[103713]: [pid: 103713|app: 0|req: 460/923] 10.222.0.110 () {58 vars in 1391 bytes} [Wed Feb 9 17:04:02 2022] GET /placement/resource_providers/e52afff4-b1ba-4a7e-9971-360a2cb275b9/allocations => generated 55 bytes in 37 msecs (HTTP/1.1 200) 6 headers in 223 bytes (1 switches on core 0)
Feb 09 17:04:08.848997 n-d-822750-3 devstack@placement-api.service[103714]: DEBUG placement.requestlog [req-e5c7fe92-f935-4fb7-944f-548b2e4d4d11 req-09ec4987-2f10-4e94-8ac0-05e64ea940a4 None None] Starting request: 10.222.0.71 "GET /placement/resource_providers/435152e8-f972-44be-a3bf-1948d310ec6b/allocations" {{(pid=103714) __call__ /opt/stack/placement/placement/requestlog.py:55}}
Feb 09 17:04:08.888128 n-d-822750-3 devstack@placement-api.service[103714]: INFO placement.requestlog [req-e5c7fe92-f935-4fb7-944f-548b2e4d4d11 req-09ec4987-2f10-4e94-8ac0-05e64ea940a4 service placement] 10.222.0.71 "GET /placement/resource_providers/435152e8-f972-44be-a3bf-1948d310ec6b/allocations" status: 200 len: 154 microversion: 1.0
Feb 09 17:04:08.890243 n-d-822750-3 devstack@placement-api.service[103714]: [pid: 103714|app: 0|req: 464/924] 10.222.0.71 () {58 vars in 1390 bytes} [Wed Feb 9 17:04:08 2022] GET /placement/resource_providers/435152e8-f972-44be-a3bf-1948d310ec6b/allocations => generated 154 bytes in 42 msecs (HTTP/1.1 200) 6 headers in 224 bytes (1 switches on core 0)
Feb 09 17:04:17.953875 n-d-822750-3 devstack@placement-api.service[103713]: DEBUG placement.requestlog [req-b5fe469a-8b73-47b1-992e-fba7c2f920c0 req-e7a76eae-6046-48e5-b285-e031ddcf3b44 None None] Starting request: 10.222.0.71 "DELETE /placement/allocations/214b19c3-9590-474b-8e09-6ac323d2683c" {{(pid=103713) __call__ /opt/stack/placement/placement/requestlog.py:55}}
