Dec 22 18:41:44.083571 n-d-822750-1 devstack@placement-api.service[104399]: INFO placement.requestlog [req-467065cb-f14d-434e-ab44-d0b962e83b85 req-6bb66324-18be-43e4-921b-8b883c634d55 service placement] 10.222.0.76 "GET /placement/allocation_candidates?limit=1000&resources=DISK_GB%3A1%2CMEMORY_MB%3A1024%2CVCPU%3A1&root_required=%21COMPUTE_STATUS_DISABLED" status: 200 len: 1309 microversion: 1.36
Dec 22 18:41:44.084431 n-d-822750-1 devstack@placement-api.service[104399]: [pid: 104399|app: 0|req: 414/829] 10.222.0.76 () {60 vars in 1506 bytes} [Wed Dec 22 18:41:43 2021] GET /placement/allocation_candidates?limit=1000&resources=DISK_GB%3A1%2CMEMORY_MB%3A1024%2CVCPU%3A1&root_required=%21COMPUTE_STATUS_DISABLED => generated 1309 bytes in 94 msecs (HTTP/1.1 200) 8 headers in 297 bytes (1 switches on core 0)
Dec 22 18:41:44.106797 n-d-822750-1 devstack@placement-api.service[104400]: DEBUG placement.requestlog [req-c7ba41b3-4bfb-4646-af7d-4316d56ac6f0 req-079df926-3a8a-429b-a74f-1fbd6865cc45 None None] Starting request: 10.222.0.76 "GET /placement/allocation_candidates?limit=1000&resources=DISK_GB%3A1%2CMEMORY_MB%3A1024%2CVCPU%3A1&root_required=%21COMPUTE_STATUS_DISABLED" {{(pid=104400) __call__ /opt/stack/placement/placement/requestlog.py:55}}
Dec 22 18:41:44.153087 n-d-822750-1 devstack@placement-api.service[104399]: DEBUG placement.requestlog [req-467065cb-f14d-434e-ab44-d0b962e83b85 req-724109ed-eb09-4bf3-9f9d-28a3663914b5 None None] Starting request: 10.222.0.76 "GET /placement/allocations/de8354ab-cd15-421d-8074-4b1da851b875" {{(pid=104399) __call__ /opt/stack/placement/placement/requestlog.py:55}}
Dec 22 18:41:44.168534 n-d-822750-1 devstack@placement-api.service[104399]: INFO placement.requestlog [req-467065cb-f14d-434e-ab44-d0b962e83b85 req-724109ed-eb09-4bf3-9f9d-28a3663914b5 service placement] 10.222.0.76 "GET /placement/allocations/de8354ab-cd15-421d-8074-4b1da851b875" status: 200 len: 19 microversion: 1.28
Dec 22 18:41:44.169736 n-d-822750-1 devstack@placement-api.service[104399]: [pid: 104399|app: 0|req: 415/830] 10.222.0.76 () {60 vars in 1380 bytes} [Wed Dec 22 18:41:44 2021] GET /placement/allocations/de8354ab-cd15-421d-8074-4b1da851b875 => generated 19 bytes in 17 msecs (HTTP/1.1 200) 8 headers in 295 bytes (1 switches on core 0)
Dec 22 18:41:44.176656 n-d-822750-1 devstack@placement-api.service[104399]: DEBUG placement.requestlog [req-467065cb-f14d-434e-ab44-d0b962e83b85 req-75339394-256e-4a4a-9e0e-df06abbc8a0d None None] Starting request: 10.222.0.76 "PUT /placement/allocations/de8354ab-cd15-421d-8074-4b1da851b875" {{(pid=104399) __call__ /opt/stack/placement/placement/requestlog.py:55}}
Dec 22 18:41:44.180928 n-d-822750-1 devstack@placement-api.service[104400]: DEBUG placement.objects.research_context [req-c7ba41b3-4bfb-4646-af7d-4316d56ac6f0 req-079df926-3a8a-429b-a74f-1fbd6865cc45 service placement] getting providers with 1 DISK_GB {{(pid=104400) __init__ /opt/stack/placement/placement/objects/research_context.py:126}}
Dec 22 18:41:44.189823 n-d-822750-1 devstack@placement-api.service[104400]: DEBUG placement.objects.research_context [req-c7ba41b3-4bfb-4646-af7d-4316d56ac6f0 req-079df926-3a8a-429b-a74f-1fbd6865cc45 service placement] getting providers with 1024 MEMORY_MB {{(pid=104400) __init__ /opt/stack/placement/placement/objects/research_context.py:126}}
Dec 22 18:41:44.195506 n-d-822750-1 devstack@placement-api.service[104400]: DEBUG placement.objects.research_context [req-c7ba41b3-4bfb-4646-af7d-4316d56ac6f0 req-079df926-3a8a-429b-a74f-1fbd6865cc45 service placement] getting providers with 1 VCPU {{(pid=104400) __init__ /opt/stack/placement/placement/objects/research_context.py:126}}
Dec 22 18:41:44.201471 n-d-822750-1 devstack@placement-api.service[104400]: DEBUG placement.objects.research_context [req-c7ba41b3-4bfb-4646-af7d-4316d56ac6f0 req-079df926-3a8a-429b-a74f-1fbd6865cc45 service placement] found 2 providers with available 1 DISK_GB {{(pid=104400) get_provider_ids_matching /opt/stack/placement/placement/objects/research_context.py:549}}
Dec 22 18:41:44.201885 n-d-822750-1 devstack@placement-api.service[104400]: DEBUG placement.objects.research_context [req-c7ba41b3-4bfb-4646-af7d-4316d56ac6f0 req-079df926-3a8a-429b-a74f-1fbd6865cc45 service placement] found 2 providers with available 1024 MEMORY_MB {{(pid=104400) get_provider_ids_matching /opt/stack/placement/placement/objects/research_context.py:549}}
Dec 22 18:41:44.202249 n-d-822750-1 devstack@placement-api.service[104400]: DEBUG placement.objects.research_context [req-c7ba41b3-4bfb-4646-af7d-4316d56ac6f0 req-079df926-3a8a-429b-a74f-1fbd6865cc45 service placement] found 2 providers after filtering by previous result {{(pid=104400) get_provider_ids_matching /opt/stack/placement/placement/objects/research_context.py:580}}
Dec 22 18:41:44.202597 n-d-822750-1 devstack@placement-api.service[104400]: DEBUG placement.objects.research_context [req-c7ba41b3-4bfb-4646-af7d-4316d56ac6f0 req-079df926-3a8a-429b-a74f-1fbd6865cc45 service placement] found 2 providers with available 1 VCPU {{(pid=104400) get_provider_ids_matching /opt/stack/placement/placement/objects/research_context.py:549}}
Dec 22 18:41:44.202966 n-d-822750-1 devstack@placement-api.service[104400]: DEBUG placement.objects.research_context [req-c7ba41b3-4bfb-4646-af7d-4316d56ac6f0 req-079df926-3a8a-429b-a74f-1fbd6865cc45 service placement] found 2 providers after filtering by previous result {{(pid=104400) get_provider_ids_matching /opt/stack/placement/placement/objects/research_context.py:580}}
Dec 22 18:41:44.214676 n-d-822750-1 devstack@placement-api.service[104400]: DEBUG placement.objects.allocation_candidate [req-c7ba41b3-4bfb-4646-af7d-4316d56ac6f0 req-079df926-3a8a-429b-a74f-1fbd6865cc45 service placement] RequestGroup(use_same_provider=False, resources={DISK_GB:1, MEMORY_MB:1024, VCPU:1}, traits=[], aggregates=[]) (suffix '') returned 2 matches {{(pid=104400) _get_by_requests /opt/stack/placement/placement/objects/allocation_candidate.py:145}}
Dec 22 18:41:44.215002 n-d-822750-1 devstack@placement-api.service[104400]: DEBUG placement.objects.allocation_candidate [req-c7ba41b3-4bfb-4646-af7d-4316d56ac6f0 req-079df926-3a8a-429b-a74f-1fbd6865cc45 service placement] Merging candidates yields 2 allocation requests and 2 provider summaries {{(pid=104400) _merge_candidates /opt/stack/placement/placement/objects/allocation_candidate.py:783}}
Dec 22 18:41:44.216673 n-d-822750-1 devstack@placement-api.service[104400]: INFO placement.requestlog [req-c7ba41b3-4bfb-4646-af7d-4316d56ac6f0 req-079df926-3a8a-429b-a74f-1fbd6865cc45 service placement] 10.222.0.76 "GET /placement/allocation_candidates?limit=1000&resources=DISK_GB%3A1%2CMEMORY_MB%3A1024%2CVCPU%3A1&root_required=%21COMPUTE_STATUS_DISABLED" status: 200 len: 1309 microversion: 1.36
Dec 22 18:41:44.217453 n-d-822750-1 devstack@placement-api.service[104400]: [pid: 104400|app: 0|req: 416/831] 10.222.0.76 () {60 vars in 1506 bytes} [Wed Dec 22 18:41:44 2021] GET /placement/allocation_candidates?limit=1000&resources=DISK_GB%3A1%2CMEMORY_MB%3A1024%2CVCPU%3A1&root_required=%21COMPUTE_STATUS_DISABLED => generated 1309 bytes in 111 msecs (HTTP/1.1 200) 8 headers in 297 bytes (1 switches on core 0)
Dec 22 18:41:44.262926 n-d-822750-1 devstack@placement-api.service[104400]: DEBUG placement.requestlog [req-c7ba41b3-4bfb-4646-af7d-4316d56ac6f0 req-5fb3b192-fb59-4353-8d2c-f20df7311ab0 None None] Starting request: 10.222.0.76 "GET /placement/allocations/98e91065-aa09-4dda-acea-2dc382108a17" {{(pid=104400) __call__ /opt/stack/placement/placement/requestlog.py:55}}
Dec 22 18:41:44.278962 n-d-822750-1 devstack@placement-api.service[104400]: INFO placement.requestlog [req-c7ba41b3-4bfb-4646-af7d-4316d56ac6f0 req-5fb3b192-fb59-4353-8d2c-f20df7311ab0 service placement] 10.222.0.76 "GET /placement/allocations/98e91065-aa09-4dda-acea-2dc382108a17" status: 200 len: 19 microversion: 1.28
Dec 22 18:41:44.280301 n-d-822750-1 devstack@placement-api.service[104400]: [pid: 104400|app: 0|req: 417/832] 10.222.0.76 () {60 vars in 1380 bytes} [Wed Dec 22 18:41:44 2021] GET /placement/allocations/98e91065-aa09-4dda-acea-2dc382108a17 => generated 19 bytes in 17 msecs (HTTP/1.1 200) 8 headers in 295 bytes (2 switches on core 0)
Dec 22 18:41:44.287274 n-d-822750-1 devstack@placement-api.service[104400]: DEBUG placement.requestlog [req-c7ba41b3-4bfb-4646-af7d-4316d56ac6f0 req-0f6df63e-a732-47ce-b5be-3e02b63d7d89 None None] Starting request: 10.222.0.76 "PUT /placement/allocations/98e91065-aa09-4dda-acea-2dc382108a17" {{(pid=104400) __call__ /opt/stack/placement/placement/requestlog.py:55}}
Dec 22 18:41:44.328972 n-d-822750-1 devstack@placement-api.service[104399]: DEBUG placement.handlers.allocation [req-467065cb-f14d-434e-ab44-d0b962e83b85 req-75339394-256e-4a4a-9e0e-df06abbc8a0d service placement] Successfully wrote allocations [, , ] {{(pid=104399) _update_consumers_and_create_allocations /opt/stack/placement/placement/handlers/allocation.py:462}}
Dec 22 18:41:44.427471 n-d-822750-1 devstack@placement-api.service[104399]: INFO placement.requestlog [req-467065cb-f14d-434e-ab44-d0b962e83b85 req-75339394-256e-4a4a-9e0e-df06abbc8a0d service placement] 10.222.0.76 "PUT /placement/allocations/de8354ab-cd15-421d-8074-4b1da851b875" status: 204 len: 0 microversion: 1.36
Dec 22 18:41:44.428173 n-d-822750-1 devstack@placement-api.service[104399]: [pid: 104399|app: 0|req: 416/833] 10.222.0.76 () {64 vars in 1433 bytes} [Wed Dec 22 18:41:44 2021] PUT /placement/allocations/de8354ab-cd15-421d-8074-4b1da851b875 => generated 0 bytes in 252 msecs (HTTP/1.1 204) 5 headers in 199 bytes (1 switches on core 0)
Dec 22 18:41:44.570387 n-d-822750-1 devstack@placement-api.service[104400]: DEBUG placement.handlers.allocation [req-c7ba41b3-4bfb-4646-af7d-4316d56ac6f0 req-0f6df63e-a732-47ce-b5be-3e02b63d7d89 service placement] Successfully wrote allocations [, , ] {{(pid=104400) _update_consumers_and_create_allocations /opt/stack/placement/placement/handlers/allocation.py:462}}
Dec 22 18:41:44.639755 n-d-822750-1 devstack@placement-api.service[104400]: INFO placement.requestlog [req-c7ba41b3-4bfb-4646-af7d-4316d56ac6f0 req-0f6df63e-a732-47ce-b5be-3e02b63d7d89 service placement] 10.222.0.76 "PUT /placement/allocations/98e91065-aa09-4dda-acea-2dc382108a17" status: 204 len: 0 microversion: 1.36
Dec 22 18:41:44.640155 n-d-822750-1 devstack@placement-api.service[104400]: [pid: 104400|app: 0|req: 418/834] 10.222.0.76 () {64 vars in 1433 bytes} [Wed Dec 22 18:41:44 2021] PUT /placement/allocations/98e91065-aa09-4dda-acea-2dc382108a17 => generated 0 bytes in 353 msecs (HTTP/1.1 204) 5 headers in 199 bytes (1 switches on core 0)
Dec 22 18:41:44.935780 n-d-822750-1 devstack@placement-api.service[104399]: DEBUG placement.requestlog [req-2dd19c69-5010-4112-bbdb-222117426870 req-246d5a66-4fec-4fd6-9002-0bc3b2191e64 None None] Starting request: 10.222.0.76 "GET /placement/allocation_candidates?limit=1000&resources=DISK_GB%3A1%2CMEMORY_MB%3A1024%2CVCPU%3A1&root_required=%21COMPUTE_STATUS_DISABLED" {{(pid=104399) __call__ /opt/stack/placement/placement/requestlog.py:55}}
Dec 22 18:41:44.974347 n-d-822750-1 devstack@placement-api.service[104399]: DEBUG placement.objects.research_context [req-2dd19c69-5010-4112-bbdb-222117426870 req-246d5a66-4fec-4fd6-9002-0bc3b2191e64 service placement] getting providers with 1 DISK_GB {{(pid=104399) __init__ /opt/stack/placement/placement/objects/research_context.py:126}}
Dec 22 18:41:44.980598 n-d-822750-1 devstack@placement-api.service[104399]: DEBUG placement.objects.research_context [req-2dd19c69-5010-4112-bbdb-222117426870 req-246d5a66-4fec-4fd6-9002-0bc3b2191e64 service placement] getting providers with 1024 MEMORY_MB {{(pid=104399) __init__ /opt/stack/placement/placement/objects/research_context.py:126}}
Dec 22 18:41:44.994216 n-d-822750-1 devstack@placement-api.service[104399]: DEBUG placement.objects.research_context [req-2dd19c69-5010-4112-bbdb-222117426870 req-246d5a66-4fec-4fd6-9002-0bc3b2191e64 service placement] getting providers with 1 VCPU {{(pid=104399) __init__ /opt/stack/placement/placement/objects/research_context.py:126}}
Dec 22 18:41:45.000592 n-d-822750-1 devstack@placement-api.service[104399]: DEBUG placement.objects.research_context [req-2dd19c69-5010-4112-bbdb-222117426870 req-246d5a66-4fec-4fd6-9002-0bc3b2191e64 service placement] found 2 providers with available 1 DISK_GB {{(pid=104399) get_provider_ids_matching /opt/stack/placement/placement/objects/research_context.py:549}}
Dec 22 18:41:45.000873 n-d-822750-1 devstack@placement-api.service[104399]: DEBUG placement.objects.research_context [req-2dd19c69-5010-4112-bbdb-222117426870 req-246d5a66-4fec-4fd6-9002-0bc3b2191e64 service placement] found 2 providers with available 1024 MEMORY_MB {{(pid=104399) get_provider_ids_matching /opt/stack/placement/placement/objects/research_context.py:549}}
Dec 22 18:41:45.001147 n-d-822750-1 devstack@placement-api.service[104399]: DEBUG placement.objects.research_context [req-2dd19c69-5010-4112-bbdb-222117426870 req-246d5a66-4fec-4fd6-9002-0bc3b2191e64 service placement] found 2 providers after filtering by previous result {{(pid=104399) get_provider_ids_matching /opt/stack/placement/placement/objects/research_context.py:580}}
Dec 22 18:41:45.001399 n-d-822750-1 devstack@placement-api.service[104399]: DEBUG placement.objects.research_context [req-2dd19c69-5010-4112-bbdb-222117426870 req-246d5a66-4fec-4fd6-9002-0bc3b2191e64 service placement] found 2 providers with available 1 VCPU {{(pid=104399) get_provider_ids_matching /opt/stack/placement/placement/objects/research_context.py:549}}
Dec 22 18:41:45.001657 n-d-822750-1 devstack@placement-api.service[104399]: DEBUG placement.objects.research_context [req-2dd19c69-5010-4112-bbdb-222117426870 req-246d5a66-4fec-4fd6-9002-0bc3b2191e64 service placement] found 2 providers after filtering by previous result {{(pid=104399) get_provider_ids_matching /opt/stack/placement/placement/objects/research_context.py:580}}
Dec 22 18:41:45.014680 n-d-822750-1 devstack@placement-api.service[104399]: DEBUG placement.objects.allocation_candidate [req-2dd19c69-5010-4112-bbdb-222117426870 req-246d5a66-4fec-4fd6-9002-0bc3b2191e64 service placement] RequestGroup(use_same_provider=False, resources={DISK_GB:1, MEMORY_MB:1024, VCPU:1}, traits=[], aggregates=[]) (suffix '') returned 2 matches {{(pid=104399) _get_by_requests /opt/stack/placement/placement/objects/allocation_candidate.py:145}}
Dec 22 18:41:45.015055 n-d-822750-1 devstack@placement-api.service[104399]: DEBUG placement.objects.allocation_candidate [req-2dd19c69-5010-4112-bbdb-222117426870 req-246d5a66-4fec-4fd6-9002-0bc3b2191e64 service placement] Merging candidates yields 2 allocation requests and 2 provider summaries {{(pid=104399) _merge_candidates /opt/stack/placement/placement/objects/allocation_candidate.py:783}}
Dec 22 18:41:45.016564 n-d-822750-1 devstack@placement-api.service[104399]: INFO placement.requestlog [req-2dd19c69-5010-4112-bbdb-222117426870 req-246d5a66-4fec-4fd6-9002-0bc3b2191e64 service placement] 10.222.0.76 "GET /placement/allocation_candidates?limit=1000&resources=DISK_GB%3A1%2CMEMORY_MB%3A1024%2CVCPU%3A1&root_required=%21COMPUTE_STATUS_DISABLED" status: 200 len: 1309 microversion: 1.36
Dec 22 18:41:45.018042 n-d-822750-1 devstack@placement-api.service[104399]: [pid: 104399|app: 0|req: 417/835] 10.222.0.76 () {60 vars in 1506 bytes} [Wed Dec 22 18:41:44 2021] GET /placement/allocation_candidates?limit=1000&resources=DISK_GB%3A1%2CMEMORY_MB%3A1024%2CVCPU%3A1&root_required=%21COMPUTE_STATUS_DISABLED => generated 1309 bytes in 83 msecs (HTTP/1.1 200) 8 headers in 297 bytes (1 switches on core 0)
Dec 22 18:41:45.065579 n-d-822750-1 devstack@placement-api.service[104400]: DEBUG placement.requestlog [req-2dd19c69-5010-4112-bbdb-222117426870 req-b58440f2-0079-49db-b1bc-0e15f590e736 None None] Starting request: 10.222.0.76 "GET /placement/allocations/cb22a377-a0d9-4b81-b1b4-6eb388dbd493" {{(pid=104400) __call__ /opt/stack/placement/placement/requestlog.py:55}}
Dec 22 18:41:45.077997 n-d-822750-1 devstack@placement-api.service[104400]: INFO placement.requestlog [req-2dd19c69-5010-4112-bbdb-222117426870 req-b58440f2-0079-49db-b1bc-0e15f590e736 service placement] 10.222.0.76 "GET /placement/allocations/cb22a377-a0d9-4b81-b1b4-6eb388dbd493" status: 200 len: 19 microversion: 1.28
Dec 22 18:41:45.078635 n-d-822750-1 devstack@placement-api.service[104400]: [pid: 104400|app: 0|req: 419/836] 10.222.0.76 () {60 vars in 1380 bytes} [Wed Dec 22 18:41:45 2021] GET /placement/allocations/cb22a377-a0d9-4b81-b1b4-6eb388dbd493 => generated 19 bytes in 13 msecs (HTTP/1.1 200) 8 headers in 295 bytes (1 switches on core 0)
Dec 22 18:41:45.085285 n-d-822750-1 devstack@placement-api.service[104399]: DEBUG placement.requestlog [req-2dd19c69-5010-4112-bbdb-222117426870 req-2d5e4475-8537-4cc9-b1d9-5e0ab54af4ef None None] Starting request: 10.222.0.76 "PUT /placement/allocations/cb22a377-a0d9-4b81-b1b4-6eb388dbd493" {{(pid=104399) __call__ /opt/stack/placement/placement/requestlog.py:55}}
Dec 22 18:41:45.313509 n-d-822750-1 devstack@placement-api.service[104400]: DEBUG placement.requestlog [req-467065cb-f14d-434e-ab44-d0b962e83b85 req-3ef0d1b1-6d95-493c-9256-0adbd02840e9 None None] Starting request: 10.222.0.32 "GET /placement/allocations/de8354ab-cd15-421d-8074-4b1da851b875" {{(pid=104400) __call__ /opt/stack/placement/placement/requestlog.py:55}}
Dec 22 18:41:45.338359 n-d-822750-1 devstack@placement-api.service[104400]: INFO placement.requestlog [req-467065cb-f14d-434e-ab44-d0b962e83b85 req-3ef0d1b1-6d95-493c-9256-0adbd02840e9 service placement] 10.222.0.32 "GET /placement/allocations/de8354ab-cd15-421d-8074-4b1da851b875" status: 200 len: 259 microversion: 1.28
Dec 22 18:41:45.338811 n-d-822750-1 devstack@placement-api.service[104400]: [pid: 104400|app: 0|req: 420/837] 10.222.0.32 () {60 vars in 1377 bytes} [Wed Dec 22 18:41:45 2021] GET /placement/allocations/de8354ab-cd15-421d-8074-4b1da851b875 => generated 259 bytes in 26 msecs (HTTP/1.1 200) 8 headers in 296 bytes (1 switches on core 0)
Dec 22 18:41:45.386595 n-d-822750-1 devstack@placement-api.service[104399]: DEBUG placement.handlers.allocation [req-2dd19c69-5010-4112-bbdb-222117426870 req-2d5e4475-8537-4cc9-b1d9-5e0ab54af4ef service placement] Successfully wrote allocations [, , ] {{(pid=104399) _update_consumers_and_create_allocations /opt/stack/placement/placement/handlers/allocation.py:462}}
Dec 22 18:41:45.485549 n-d-822750-1 devstack@placement-api.service[104399]: INFO placement.requestlog [req-2dd19c69-5010-4112-bbdb-222117426870 req-2d5e4475-8537-4cc9-b1d9-5e0ab54af4ef service placement] 10.222.0.76 "PUT /placement/allocations/cb22a377-a0d9-4b81-b1b4-6eb388dbd493" status: 204 len: 0 microversion: 1.36
Dec 22 18:41:45.491066 n-d-822750-1 devstack@placement-api.service[104399]: [pid: 104399|app: 0|req: 418/838] 10.222.0.76 () {64 vars in 1433 bytes} [Wed Dec 22 18:41:45 2021] PUT /placement/allocations/cb22a377-a0d9-4b81-b1b4-6eb388dbd493 => generated 0 bytes in 403 msecs (HTTP/1.1 204) 5 headers in 199 bytes (1 switches on core 0)
Dec 22 18:41:45.683579 n-d-822750-1 devstack@placement-api.service[104400]: DEBUG placement.requestlog [req-c7ba41b3-4bfb-4646-af7d-4316d56ac6f0 req-4e3fecb7-fefd-4858-9b46-ca08320554f9 None None] Starting request: 10.222.0.32 "GET /placement/allocations/98e91065-aa09-4dda-acea-2dc382108a17" {{(pid=104400) __call__ /opt/stack/placement/placement/requestlog.py:55}}
Dec 22 18:41:45.699124 n-d-822750-1 devstack@placement-api.service[104400]: INFO placement.requestlog [req-c7ba41b3-4bfb-4646-af7d-4316d56ac6f0 req-4e3fecb7-fefd-4858-9b46-ca08320554f9 service placement] 10.222.0.32 "GET /placement/allocations/98e91065-aa09-4dda-acea-2dc382108a17" status: 200 len: 259 microversion: 1.28
Dec 22 18:41:45.699789 n-d-822750-1 devstack@placement-api.service[104400]: [pid: 104400|app: 0|req: 421/839] 10.222.0.32 () {60 vars in 1377 bytes} [Wed Dec 22 18:41:45 2021] GET /placement/allocations/98e91065-aa09-4dda-acea-2dc382108a17 => generated 259 bytes in 17 msecs (HTTP/1.1 200) 8 headers in 296 bytes (1 switches on core 0)
Dec 22 18:41:46.523365 n-d-822750-1 devstack@placement-api.service[104399]: DEBUG placement.requestlog [req-2dd19c69-5010-4112-bbdb-222117426870 req-73ebcfe4-6f91-4e93-9079-458b9ca12e9a None None] Starting request: 10.222.0.32 "GET /placement/allocations/cb22a377-a0d9-4b81-b1b4-6eb388dbd493" {{(pid=104399) __call__ /opt/stack/placement/placement/requestlog.py:55}}
Dec 22 18:41:46.552194 n-d-822750-1 devstack@placement-api.service[104399]: INFO placement.requestlog [req-2dd19c69-5010-4112-bbdb-222117426870 req-73ebcfe4-6f91-4e93-9079-458b9ca12e9a service placement] 10.222.0.32 "GET /placement/allocations/cb22a377-a0d9-4b81-b1b4-6eb388dbd493" status: 200 len: 259 microversion: 1.28
Dec 22 18:41:46.553267 n-d-822750-1 devstack@placement-api.service[104399]: [pid: 104399|app: 0|req: 419/840] 10.222.0.32 () {60 vars in 1377 bytes} [Wed Dec 22 18:41:46 2021] GET /placement/allocations/cb22a377-a0d9-4b81-b1b4-6eb388dbd493 => generated 259 bytes in 30 msecs (HTTP/1.1 200) 8 headers in 296 bytes (1 switches on core 0)
Dec 22 18:41:50.811623 n-d-822750-1 devstack@placement-api.service[104400]: DEBUG placement.requestlog [req-d87bfb18-e521-4ec8-a4aa-c0502d9b504b req-7b7d8dae-793b-4826-a6da-17b6034c0718 None None] Starting request: 10.222.0.32 "GET /placement/allocations/98e91065-aa09-4dda-acea-2dc382108a17" {{(pid=104400) __call__ /opt/stack/placement/placement/requestlog.py:55}}
Dec 22 18:41:50.832868 n-d-822750-1 devstack@placement-api.service[104400]: INFO placement.requestlog [req-d87bfb18-e521-4ec8-a4aa-c0502d9b504b req-7b7d8dae-793b-4826-a6da-17b6034c0718 service placement] 10.222.0.32 "GET /placement/allocations/98e91065-aa09-4dda-acea-2dc382108a17" status: 200 len: 259 microversion: 1.28
Dec 22 18:41:50.833330 n-d-822750-1 devstack@placement-api.service[104400]: [pid: 104400|app: 0|req: 422/841] 10.222.0.32 () {60 vars in 1377 bytes} [Wed Dec 22 18:41:50 2021] GET /placement/allocations/98e91065-aa09-4dda-acea-2dc382108a17 => generated 259 bytes in 22 msecs (HTTP/1.1 200) 8 headers in 296 bytes (1 switches on core 0)
Dec 22 18:42:05.888369 n-d-822750-1 devstack@placement-api.service[104399]: DEBUG placement.requestlog [req-ce37e2e9-164f-47d9-856b-f286982fd082 req-c4591293-81f7-4b6e-928d-441a1aea77e5 None None] Starting request: 10.222.0.76 "GET /placement/allocation_candidates?limit=1000&resources=DISK_GB%3A1%2CMEMORY_MB%3A1024%2CVCPU%3A1&root_required=%21COMPUTE_STATUS_DISABLED" {{(pid=104399) __call__ /opt/stack/placement/placement/requestlog.py:55}}
Dec 22 18:42:05.923751 n-d-822750-1 devstack@placement-api.service[104399]: DEBUG placement.objects.research_context [req-ce37e2e9-164f-47d9-856b-f286982fd082 req-c4591293-81f7-4b6e-928d-441a1aea77e5 service placement] getting providers with 1 DISK_GB {{(pid=104399) __init__ /opt/stack/placement/placement/objects/research_context.py:126}}
Dec 22 18:42:05.930790 n-d-822750-1 devstack@placement-api.service[104399]: DEBUG placement.objects.research_context [req-ce37e2e9-164f-47d9-856b-f286982fd082 req-c4591293-81f7-4b6e-928d-441a1aea77e5 service placement] getting providers with 1024 MEMORY_MB {{(pid=104399) __init__ /opt/stack/placement/placement/objects/research_context.py:126}}
Dec 22 18:42:05.937120 n-d-822750-1 devstack@placement-api.service[104399]: DEBUG placement.objects.research_context [req-ce37e2e9-164f-47d9-856b-f286982fd082 req-c4591293-81f7-4b6e-928d-441a1aea77e5 service placement] getting providers with 1 VCPU {{(pid=104399) __init__ /opt/stack/placement/placement/objects/research_context.py:126}}
Dec 22 18:42:05.943764 n-d-822750-1 devstack@placement-api.service[104399]: DEBUG placement.objects.research_context [req-ce37e2e9-164f-47d9-856b-f286982fd082 req-c4591293-81f7-4b6e-928d-441a1aea77e5 service placement] found 2 providers with available 1 DISK_GB {{(pid=104399) get_provider_ids_matching /opt/stack/placement/placement/objects/research_context.py:549}}
Dec 22 18:42:05.946146 n-d-822750-1 devstack@placement-api.service[104399]: DEBUG placement.objects.research_context [req-ce37e2e9-164f-47d9-856b-f286982fd082 req-c4591293-81f7-4b6e-928d-441a1aea77e5 service placement] found 2 providers with available 1024 MEMORY_MB {{(pid=104399) get_provider_ids_matching /opt/stack/placement/placement/objects/research_context.py:549}}
Dec 22 18:42:05.946146 n-d-822750-1 devstack@placement-api.service[104399]: DEBUG placement.objects.research_context [req-ce37e2e9-164f-47d9-856b-f286982fd082 req-c4591293-81f7-4b6e-928d-441a1aea77e5 service placement] found 2 providers after filtering by previous result {{(pid=104399) get_provider_ids_matching /opt/stack/placement/placement/objects/research_context.py:580}}
Dec 22 18:42:05.946146 n-d-822750-1 devstack@placement-api.service[104399]: DEBUG placement.objects.research_context [req-ce37e2e9-164f-47d9-856b-f286982fd082 req-c4591293-81f7-4b6e-928d-441a1aea77e5 service placement] found 2 providers with available 1 VCPU {{(pid=104399) get_provider_ids_matching /opt/stack/placement/placement/objects/research_context.py:549}}
Dec 22 18:42:05.946146 n-d-822750-1 devstack@placement-api.service[104399]: DEBUG placement.objects.research_context [req-ce37e2e9-164f-47d9-856b-f286982fd082 req-c4591293-81f7-4b6e-928d-441a1aea77e5 service placement] found 2 providers after filtering by previous result {{(pid=104399) get_provider_ids_matching /opt/stack/placement/placement/objects/research_context.py:580}}
Dec 22 18:42:05.960164 n-d-822750-1 devstack@placement-api.service[104399]: DEBUG placement.objects.allocation_candidate [req-ce37e2e9-164f-47d9-856b-f286982fd082 req-c4591293-81f7-4b6e-928d-441a1aea77e5 service placement] RequestGroup(use_same_provider=False, resources={DISK_GB:1, MEMORY_MB:1024, VCPU:1}, traits=[], aggregates=[]) (suffix '') returned 2 matches {{(pid=104399) _get_by_requests /opt/stack/placement/placement/objects/allocation_candidate.py:145}}
Dec 22 18:42:05.960609 n-d-822750-1 devstack@placement-api.service[104399]: DEBUG placement.objects.allocation_candidate [req-ce37e2e9-164f-47d9-856b-f286982fd082 req-c4591293-81f7-4b6e-928d-441a1aea77e5 service placement] Merging candidates yields 2 allocation requests and 2 provider summaries {{(pid=104399) _merge_candidates /opt/stack/placement/placement/objects/allocation_candidate.py:783}}
Dec 22 18:42:05.962355 n-d-822750-1 devstack@placement-api.service[104399]: INFO placement.requestlog [req-ce37e2e9-164f-47d9-856b-f286982fd082 req-c4591293-81f7-4b6e-928d-441a1aea77e5 service placement] 10.222.0.76 "GET /placement/allocation_candidates?limit=1000&resources=DISK_GB%3A1%2CMEMORY_MB%3A1024%2CVCPU%3A1&root_required=%21COMPUTE_STATUS_DISABLED" status: 200 len: 1309 microversion: 1.36
Dec 22 18:42:05.962738 n-d-822750-1 devstack@placement-api.service[104399]: [pid: 104399|app: 0|req: 420/842] 10.222.0.76 () {60 vars in 1506 bytes} [Wed Dec 22 18:42:05 2021] GET /placement/allocation_candidates?limit=1000&resources=DISK_GB%3A1%2CMEMORY_MB%3A1024%2CVCPU%3A1&root_required=%21COMPUTE_STATUS_DISABLED => generated 1309 bytes in 75 msecs (HTTP/1.1 200) 8 headers in 297 bytes (1 switches on core 0)
Dec 22 18:42:06.018450 n-d-822750-1 devstack@placement-api.service[104400]: DEBUG placement.requestlog [req-ce37e2e9-164f-47d9-856b-f286982fd082 req-59ee3c2b-ac8a-4cc1-bc04-b8bba176b8ff None None] Starting request: 10.222.0.76 "GET /placement/allocations/dbd03780-e5d3-46f2-8a64-0eff6743cd48" {{(pid=104400) __call__ /opt/stack/placement/placement/requestlog.py:55}}
Dec 22 18:42:06.031159 n-d-822750-1 devstack@placement-api.service[104400]: INFO placement.requestlog [req-ce37e2e9-164f-47d9-856b-f286982fd082 req-59ee3c2b-ac8a-4cc1-bc04-b8bba176b8ff service placement] 10.222.0.76 "GET /placement/allocations/dbd03780-e5d3-46f2-8a64-0eff6743cd48" status: 200 len: 19 microversion: 1.28
Dec 22 18:42:06.031583 n-d-822750-1 devstack@placement-api.service[104400]: [pid: 104400|app: 0|req: 423/843] 10.222.0.76 () {60 vars in 1380 bytes} [Wed Dec 22 18:42:06 2021] GET /placement/allocations/dbd03780-e5d3-46f2-8a64-0eff6743cd48 => generated 19 bytes in 13 msecs (HTTP/1.1 200) 8 headers in 295 bytes (2 switches on core 0)
Dec 22 18:42:06.038735 n-d-822750-1 devstack@placement-api.service[104399]: DEBUG placement.requestlog [req-ce37e2e9-164f-47d9-856b-f286982fd082 req-0848b427-4efb-4ba4-a3eb-b99586acbff1 None None] Starting request: 10.222.0.76 "PUT /placement/allocations/dbd03780-e5d3-46f2-8a64-0eff6743cd48" {{(pid=104399) __call__ /opt/stack/placement/placement/requestlog.py:55}}
Dec 22 18:42:06.140175 n-d-822750-1 devstack@placement-api.service[104399]: DEBUG placement.handlers.allocation [req-ce37e2e9-164f-47d9-856b-f286982fd082 req-0848b427-4efb-4ba4-a3eb-b99586acbff1 service placement] Successfully wrote allocations [, , ] {{(pid=104399) _update_consumers_and_create_allocations /opt/stack/placement/placement/handlers/allocation.py:462}}
Dec 22 18:42:06.201796 n-d-822750-1 devstack@placement-api.service[104399]: INFO placement.requestlog [req-ce37e2e9-164f-47d9-856b-f286982fd082 req-0848b427-4efb-4ba4-a3eb-b99586acbff1 service placement] 10.222.0.76 "PUT /placement/allocations/dbd03780-e5d3-46f2-8a64-0eff6743cd48" status: 204 len: 0 microversion: 1.36
Dec 22 18:42:06.202190 n-d-822750-1 devstack@placement-api.service[104399]: [pid: 104399|app: 0|req: 421/844] 10.222.0.76 () {64 vars in 1433 bytes} [Wed Dec 22 18:42:06 2021] PUT /placement/allocations/dbd03780-e5d3-46f2-8a64-0eff6743cd48 => generated 0 bytes in 164 msecs (HTTP/1.1 204) 5 headers in 199 bytes (1 switches on core 0)
Dec 22 18:42:07.276416 n-d-822750-1 devstack@placement-api.service[104400]: DEBUG placement.requestlog [req-ce37e2e9-164f-47d9-856b-f286982fd082 req-114621f3-0d21-4c86-918b-a5ea1c326fe4 None None] Starting request: 10.222.0.78 "GET /placement/allocations/dbd03780-e5d3-46f2-8a64-0eff6743cd48" {{(pid=104400) __call__ /opt/stack/placement/placement/requestlog.py:55}}
Dec 22 18:42:07.292551 n-d-822750-1 devstack@placement-api.service[104400]: INFO placement.requestlog [req-ce37e2e9-164f-47d9-856b-f286982fd082 req-114621f3-0d21-4c86-918b-a5ea1c326fe4 service placement] 10.222.0.78 "GET /placement/allocations/dbd03780-e5d3-46f2-8a64-0eff6743cd48" status: 200 len: 259 microversion: 1.28
Dec 22 18:42:07.293560 n-d-822750-1 devstack@placement-api.service[104400]: [pid: 104400|app: 0|req: 424/845] 10.222.0.78 () {60 vars in 1377 bytes} [Wed Dec 22 18:42:07 2021] GET /placement/allocations/dbd03780-e5d3-46f2-8a64-0eff6743cd48 => generated 259 bytes in 17 msecs (HTTP/1.1 200) 8 headers in 296 bytes (1 switches on core 0)
Dec 22 18:42:07.891633 n-d-822750-1 devstack@placement-api.service[104399]: DEBUG placement.requestlog [req-45bea5e6-8157-40ec-9856-d97f34ddd202 req-249d5cca-579a-480f-a62d-630d55b4db56 None None] Starting request: 10.222.0.32 "GET /placement/resource_providers/210b2ed2-9bbf-4848-9079-148afae3a619/allocations" {{(pid=104399) __call__ /opt/stack/placement/placement/requestlog.py:55}}
Dec 22 18:42:07.925690 n-d-822750-1 devstack@placement-api.service[104399]: INFO placement.requestlog [req-45bea5e6-8157-40ec-9856-d97f34ddd202 req-249d5cca-579a-480f-a62d-630d55b4db56 service placement] 10.222.0.32 "GET /placement/resource_providers/210b2ed2-9bbf-4848-9079-148afae3a619/allocations" status: 200 len: 645 microversion: 1.0
Dec 22 18:42:07.926424 n-d-822750-1 devstack@placement-api.service[104399]: [pid: 104399|app: 0|req: 422/846] 10.222.0.32 () {58 vars in 1390 bytes} [Wed Dec 22 18:42:07 2021] GET /placement/resource_providers/210b2ed2-9bbf-4848-9079-148afae3a619/allocations => generated 645 bytes in 35 msecs (HTTP/1.1 200) 6 headers in 224 bytes (1 switches on core 0)
Dec 22 18:42:08.142743 n-d-822750-1 devstack@placement-api.service[104400]: DEBUG placement.requestlog [req-2030d8f7-5ad5-4f0f-b180-1229c9efeb4f req-00b86c72-1efa-40c3-9658-36ccea5c538d None None] Starting request: 10.222.0.78 "GET /placement/resource_providers/1cf0106f-54c0-4fa7-970d-c8abeb4250b6/allocations" {{(pid=104400) __call__ /opt/stack/placement/placement/requestlog.py:55}}
Dec 22 18:42:08.170395 n-d-822750-1 devstack@placement-api.service[104400]: INFO placement.requestlog [req-2030d8f7-5ad5-4f0f-b180-1229c9efeb4f req-00b86c72-1efa-40c3-9658-36ccea5c538d service placement] 10.222.0.78 "GET /placement/resource_providers/1cf0106f-54c0-4fa7-970d-c8abeb4250b6/allocations" status: 200 len: 658 microversion: 1.0
Dec 22 18:42:08.171798 n-d-822750-1 devstack@placement-api.service[104400]: [pid: 104400|app: 0|req: 425/847] 10.222.0.78 () {58 vars in 1390 bytes} [Wed Dec 22 18:42:08 2021] GET /placement/resource_providers/1cf0106f-54c0-4fa7-970d-c8abeb4250b6/allocations => generated 658 bytes in 29 msecs (HTTP/1.1 200) 6 headers in 224 bytes (1 switches on core 0)
Dec 22 18:42:18.772906 n-d-822750-1 devstack@placement-api.service[104399]: DEBUG placement.requestlog [req-1b9627a9-5a4f-452d-9f08-8d4c5088a1e3 req-76d7b4e6-4a68-4da0-84d3-b210bb6a8526 None None] Starting request: 10.222.0.78 "DELETE /placement/allocations/7579b7ed-0ca4-4ed4-b1ee-09c082baec57" {{(pid=104399) __call__ /opt/stack/placement/placement/requestlog.py:55}}
Dec 22 18:42:19.014122 n-d-822750-1 devstack@placement-api.service[104399]: DEBUG placement.handlers.allocation [req-1b9627a9-5a4f-452d-9f08-8d4c5088a1e3 req-76d7b4e6-4a68-4da0-84d3-b210bb6a8526 service placement] Successfully deleted allocations [, , ] {{(pid=104399) delete_allocations /opt/stack/placement/placement/handlers/allocation.py:627}}
Dec 22 18:42:19.015829 n-d-822750-1 devstack@placement-api.service[104399]: INFO placement.requestlog [req-1b9627a9-5a4f-452d-9f08-8d4c5088a1e3 req-76d7b4e6-4a68-4da0-84d3-b210bb6a8526 service placement] 10.222.0.78 "DELETE /placement/allocations/7579b7ed-0ca4-4ed4-b1ee-09c082baec57" status: 204 len: 0 microversion: 1.0
Dec 22 18:42:19.016363 n-d-822750-1 devstack@placement-api.service[104399]: [pid: 104399|app: 0|req: 423/848] 10.222.0.78 () {60 vars in 1355 bytes} [Wed Dec 22 18:42:18 2021] DELETE /placement/allocations/7579b7ed-0ca4-4ed4-b1ee-09c082baec57 => generated 0 bytes in 245 msecs (HTTP/1.1 204) 5 headers in 198 bytes (1 switches on core 0)
Dec 22 18:42:27.345176 n-d-822750-1 devstack@placement-api.service[104400]: DEBUG placement.requestlog [req-1487682b-95b0-4459-93b7-88711eb52dfa req-d49de5c9-3362-4843-9579-b5cfa39aec4c None None] Starting request: 10.222.0.78 "DELETE /placement/allocations/12b1521c-88fe-4d55-8cc4-08cd4b02e4a9" {{(pid=104400) __call__ /opt/stack/placement/placement/requestlog.py:55}}
Dec 22 18:42:27.800768 n-d-822750-1 devstack@placement-api.service[104400]: DEBUG placement.handlers.allocation [req-1487682b-95b0-4459-93b7-88711eb52dfa req-d49de5c9-3362-4843-9579-b5cfa39aec4c service placement] Successfully deleted allocations [, , ] {{(pid=104400) delete_allocations /opt/stack/placement/placement/handlers/allocation.py:627}}
Dec 22 18:42:27.801258 n-d-822750-1 devstack@placement-api.service[104400]: INFO placement.requestlog [req-1487682b-95b0-4459-93b7-88711eb52dfa req-d49de5c9-3362-4843-9579-b5cfa39aec4c service placement] 10.222.0.78 "DELETE /placement/allocations/12b1521c-88fe-4d55-8cc4-08cd4b02e4a9" status: 204 len: 0 microversion: 1.0
Dec 22 18:42:27.801645 n-d-822750-1 devstack@placement-api.service[104400]: [pid: 104400|app: 0|req: 426/849] 10.222.0.78 () {60 vars in 1355 bytes} [Wed Dec 22 18:42:27 2021] DELETE /placement/allocations/12b1521c-88fe-4d55-8cc4-08cd4b02e4a9 => generated 0 bytes in 457 msecs (HTTP/1.1 204) 5 headers in 198 bytes (1 switches on core 0)
Dec 22 18:42:30.524192 n-d-822750-1 devstack@placement-api.service[104399]: DEBUG placement.requestlog [req-56c33223-a8e0-43e3-93e8-81d76d8a385f req-9f8d2152-84b2-4d5a-abe2-9cf6038fce62 None None] Starting request: 10.222.0.32 "DELETE /placement/allocations/98e91065-aa09-4dda-acea-2dc382108a17" {{(pid=104399) __call__ /opt/stack/placement/placement/requestlog.py:55}}
Dec 22 18:42:30.704720 n-d-822750-1 devstack@placement-api.service[104399]: DEBUG placement.handlers.allocation [req-56c33223-a8e0-43e3-93e8-81d76d8a385f req-9f8d2152-84b2-4d5a-abe2-9cf6038fce62 service placement] Successfully deleted allocations [, , ] {{(pid=104399) delete_allocations /opt/stack/placement/placement/handlers/allocation.py:627}}
Dec 22 18:42:30.706289 n-d-822750-1 devstack@placement-api.service[104399]: INFO placement.requestlog [req-56c33223-a8e0-43e3-93e8-81d76d8a385f req-9f8d2152-84b2-4d5a-abe2-9cf6038fce62 service placement] 10.222.0.32 "DELETE /placement/allocations/98e91065-aa09-4dda-acea-2dc382108a17" status: 204 len: 0 microversion: 1.0
Dec 22 18:42:30.707454 n-d-822750-1 devstack@placement-api.service[104399]: [pid: 104399|app: 0|req: 424/850] 10.222.0.32 () {60 vars in 1355 bytes} [Wed Dec 22 18:42:30 2021] DELETE /placement/allocations/98e91065-aa09-4dda-acea-2dc382108a17 => generated 0 bytes in 183 msecs (HTTP/1.1 204) 5 headers in 198 bytes (1 switches on core 0)
Dec 22 18:42:32.907934 n-d-822750-1 devstack@placement-api.service[104400]: DEBUG placement.requestlog [req-5a3a7e63-ff8c-4070-a9e2-d809d92b59b0 req-01ee97e7-fea0-4339-a1f7-6aa56e0fb3ac None None] Starting request: 10.222.0.32 "DELETE /placement/allocations/b5763d2b-9c48-47a7-8ccf-b2584062bf1e" {{(pid=104400) __call__ /opt/stack/placement/placement/requestlog.py:55}}
Dec 22 18:42:33.077646 n-d-822750-1 devstack@placement-api.service[104400]: DEBUG placement.handlers.allocation [req-5a3a7e63-ff8c-4070-a9e2-d809d92b59b0 req-01ee97e7-fea0-4339-a1f7-6aa56e0fb3ac service placement] Successfully deleted allocations [, , ] {{(pid=104400) delete_allocations /opt/stack/placement/placement/handlers/allocation.py:627}}
Dec 22 18:42:33.078171 n-d-822750-1 devstack@placement-api.service[104400]: INFO placement.requestlog [req-5a3a7e63-ff8c-4070-a9e2-d809d92b59b0 req-01ee97e7-fea0-4339-a1f7-6aa56e0fb3ac service placement] 10.222.0.32 "DELETE /placement/allocations/b5763d2b-9c48-47a7-8ccf-b2584062bf1e" status: 204 len: 0 microversion: 1.0
Dec 22 18:42:33.078557 n-d-822750-1 devstack@placement-api.service[104400]: [pid: 104400|app: 0|req: 427/851] 10.222.0.32 () {60 vars in 1355 bytes} [Wed Dec 22 18:42:32 2021] DELETE /placement/allocations/b5763d2b-9c48-47a7-8ccf-b2584062bf1e => generated 0 bytes in 171 msecs (HTTP/1.1 204) 5 headers in 198 bytes (1 switches on core 0)
Dec 22 18:42:36.601568 n-d-822750-1 devstack@placement-api.service[104399]: DEBUG placement.requestlog [req-bee94087-82ae-4996-83ff-db85bd949e49 req-f729111a-8081-4149-beeb-f6100a04df4f None None] Starting request: 10.222.0.76 "GET /placement/allocation_candidates?limit=1000&resources=DISK_GB%3A1%2CMEMORY_MB%3A1024%2CVCPU%3A1&root_required=%21COMPUTE_STATUS_DISABLED" {{(pid=104399) __call__ /opt/stack/placement/placement/requestlog.py:55}}
Dec 22 18:42:36.772257 n-d-822750-1 devstack@placement-api.service[104399]: DEBUG placement.objects.research_context [req-bee94087-82ae-4996-83ff-db85bd949e49 req-f729111a-8081-4149-beeb-f6100a04df4f service placement] getting providers with 1 DISK_GB {{(pid=104399) __init__ /opt/stack/placement/placement/objects/research_context.py:126}}
Dec 22 18:42:36.779950 n-d-822750-1 devstack@placement-api.service[104399]: DEBUG placement.objects.research_context [req-bee94087-82ae-4996-83ff-db85bd949e49 req-f729111a-8081-4149-beeb-f6100a04df4f service placement] getting providers with 1024 MEMORY_MB {{(pid=104399) __init__ /opt/stack/placement/placement/objects/research_context.py:126}}
Dec 22 18:42:36.791450 n-d-822750-1 devstack@placement-api.service[104399]: DEBUG placement.objects.research_context [req-bee94087-82ae-4996-83ff-db85bd949e49 req-f729111a-8081-4149-beeb-f6100a04df4f service placement] getting providers with 1 VCPU {{(pid=104399) __init__ /opt/stack/placement/placement/objects/research_context.py:126}}
Dec 22 18:42:36.796847 n-d-822750-1 devstack@placement-api.service[104399]: DEBUG placement.objects.research_context [req-bee94087-82ae-4996-83ff-db85bd949e49 req-f729111a-8081-4149-beeb-f6100a04df4f service placement] found 2 providers with available 1 DISK_GB {{(pid=104399) get_provider_ids_matching /opt/stack/placement/placement/objects/research_context.py:549}}
Dec 22 18:42:36.797208 n-d-822750-1 devstack@placement-api.service[104399]: DEBUG placement.objects.research_context [req-bee94087-82ae-4996-83ff-db85bd949e49 req-f729111a-8081-4149-beeb-f6100a04df4f service placement] found 2 providers with available 1024 MEMORY_MB {{(pid=104399) get_provider_ids_matching /opt/stack/placement/placement/objects/research_context.py:549}}
Dec 22 18:42:36.797540 n-d-822750-1 devstack@placement-api.service[104399]: DEBUG placement.objects.research_context [req-bee94087-82ae-4996-83ff-db85bd949e49 req-f729111a-8081-4149-beeb-f6100a04df4f service placement] found 2 providers after filtering by previous result {{(pid=104399) get_provider_ids_matching /opt/stack/placement/placement/objects/research_context.py:580}}
Dec 22 18:42:36.797868 n-d-822750-1 devstack@placement-api.service[104399]: DEBUG placement.objects.research_context [req-bee94087-82ae-4996-83ff-db85bd949e49 req-f729111a-8081-4149-beeb-f6100a04df4f service placement] found 2 providers with available 1 VCPU {{(pid=104399) get_provider_ids_matching /opt/stack/placement/placement/objects/research_context.py:549}}
Dec 22 18:42:36.798353 n-d-822750-1 devstack@placement-api.service[104399]: DEBUG placement.objects.research_context [req-bee94087-82ae-4996-83ff-db85bd949e49 req-f729111a-8081-4149-beeb-f6100a04df4f service placement] found 2 providers after filtering by previous result {{(pid=104399) get_provider_ids_matching /opt/stack/placement/placement/objects/research_context.py:580}}
Dec 22 18:42:36.811855 n-d-822750-1 devstack@placement-api.service[104399]: DEBUG placement.objects.allocation_candidate [req-bee94087-82ae-4996-83ff-db85bd949e49 req-f729111a-8081-4149-beeb-f6100a04df4f service placement] RequestGroup(use_same_provider=False, resources={DISK_GB:1, MEMORY_MB:1024, VCPU:1}, traits=[], aggregates=[]) (suffix '') returned 2 matches {{(pid=104399) _get_by_requests /opt/stack/placement/placement/objects/allocation_candidate.py:145}}
Dec 22 18:42:36.812771 n-d-822750-1 devstack@placement-api.service[104399]: DEBUG placement.objects.allocation_candidate [req-bee94087-82ae-4996-83ff-db85bd949e49 req-f729111a-8081-4149-beeb-f6100a04df4f service placement] Merging candidates yields 2 allocation requests and 2 provider summaries {{(pid=104399) _merge_candidates /opt/stack/placement/placement/objects/allocation_candidate.py:783}}
Dec 22 18:42:36.814639 n-d-822750-1 devstack@placement-api.service[104399]: INFO placement.requestlog [req-bee94087-82ae-4996-83ff-db85bd949e49 req-f729111a-8081-4149-beeb-f6100a04df4f service placement] 10.222.0.76 "GET /placement/allocation_candidates?limit=1000&resources=DISK_GB%3A1%2CMEMORY_MB%3A1024%2CVCPU%3A1&root_required=%21COMPUTE_STATUS_DISABLED" status: 200 len: 1309 microversion: 1.36
Dec 22 18:42:36.815491 n-d-822750-1 devstack@placement-api.service[104399]: [pid: 104399|app: 0|req: 425/852] 10.222.0.76 () {60 vars in 1506 bytes} [Wed Dec 22 18:42:36 2021] GET /placement/allocation_candidates?limit=1000&resources=DISK_GB%3A1%2CMEMORY_MB%3A1024%2CVCPU%3A1&root_required=%21COMPUTE_STATUS_DISABLED => generated 1309 bytes in 214 msecs (HTTP/1.1 200) 8 headers in 297 bytes (2 switches on core 0)
Dec 22 18:42:36.874452 n-d-822750-1 devstack@placement-api.service[104400]: DEBUG placement.requestlog [req-bee94087-82ae-4996-83ff-db85bd949e49 req-63daffa2-ebb9-4a4b-a761-ec005212dd70 None None] Starting request: 10.222.0.76 "GET /placement/allocations/b5763d2b-9c48-47a7-8ccf-b2584062bf1e" {{(pid=104400) __call__ /opt/stack/placement/placement/requestlog.py:55}}
Dec 22 18:42:36.885974 n-d-822750-1 devstack@placement-api.service[104400]: INFO placement.requestlog [req-bee94087-82ae-4996-83ff-db85bd949e49 req-63daffa2-ebb9-4a4b-a761-ec005212dd70 service placement] 10.222.0.76 "GET /placement/allocations/b5763d2b-9c48-47a7-8ccf-b2584062bf1e" status: 200 len: 19 microversion: 1.28
Dec 22 18:42:36.887653 n-d-822750-1 devstack@placement-api.service[104400]: [pid: 104400|app: 0|req: 428/853] 10.222.0.76 () {60 vars in 1380 bytes} [Wed Dec 22 18:42:36 2021] GET /placement/allocations/b5763d2b-9c48-47a7-8ccf-b2584062bf1e => generated 19 bytes in 13 msecs (HTTP/1.1 200) 8 headers in 295 bytes (2 switches on core 0)
Dec 22 18:42:36.896231 n-d-822750-1 devstack@placement-api.service[104399]: DEBUG placement.requestlog [req-bee94087-82ae-4996-83ff-db85bd949e49 req-bed97a21-dd07-4780-a771-1176263189f8 None None] Starting request: 10.222.0.76 "PUT /placement/allocations/b5763d2b-9c48-47a7-8ccf-b2584062bf1e" {{(pid=104399) __call__ /opt/stack/placement/placement/requestlog.py:55}}
Dec 22 18:42:37.014768 n-d-822750-1 devstack@placement-api.service[104399]: DEBUG placement.handlers.allocation [req-bee94087-82ae-4996-83ff-db85bd949e49 req-bed97a21-dd07-4780-a771-1176263189f8 service placement] Successfully wrote allocations [, , ] {{(pid=104399) _update_consumers_and_create_allocations /opt/stack/placement/placement/handlers/allocation.py:462}}
Dec 22 18:42:37.094759 n-d-822750-1 devstack@placement-api.service[104399]: INFO placement.requestlog [req-bee94087-82ae-4996-83ff-db85bd949e49 req-bed97a21-dd07-4780-a771-1176263189f8 service placement] 10.222.0.76 "PUT /placement/allocations/b5763d2b-9c48-47a7-8ccf-b2584062bf1e" status: 204 len: 0 microversion: 1.36
Dec 22 18:42:37.095268 n-d-822750-1 devstack@placement-api.service[104399]: [pid: 104399|app: 0|req: 426/854] 10.222.0.76 () {64 vars in 1433 bytes} [Wed Dec 22 18:42:36 2021] PUT /placement/allocations/b5763d2b-9c48-47a7-8ccf-b2584062bf1e => generated 0 bytes in 203 msecs (HTTP/1.1 204) 5 headers in 199 bytes (1 switches on core 0)
Dec 22 18:42:37.728765 n-d-822750-1 devstack@placement-api.service[104400]: DEBUG placement.requestlog [req-bee94087-82ae-4996-83ff-db85bd949e49 req-27d6f410-95bc-425f-b2c9-60c263fdadd8 None None] Starting request: 10.222.0.78 "GET /placement/allocations/b5763d2b-9c48-47a7-8ccf-b2584062bf1e" {{(pid=104400) __call__ /opt/stack/placement/placement/requestlog.py:55}}
Dec 22 18:42:37.744196 n-d-822750-1 devstack@placement-api.service[104400]: INFO placement.requestlog [req-bee94087-82ae-4996-83ff-db85bd949e49 req-27d6f410-95bc-425f-b2c9-60c263fdadd8 service placement] 10.222.0.78 "GET /placement/allocations/b5763d2b-9c48-47a7-8ccf-b2584062bf1e" status: 200 len: 259 microversion: 1.28
Dec 22 18:42:37.745628 n-d-822750-1 devstack@placement-api.service[104400]: [pid: 104400|app: 0|req: 429/855] 10.222.0.78 () {60 vars in 1377 bytes} [Wed Dec 22 18:42:37 2021] GET /placement/allocations/b5763d2b-9c48-47a7-8ccf-b2584062bf1e => generated 259 bytes in 17 msecs (HTTP/1.1 200) 8 headers in 296 bytes (1 switches on core 0)
Dec 22 18:42:51.975181 n-d-822750-1 devstack@placement-api.service[104399]: DEBUG placement.requestlog [req-6b86f3d5-a361-488a-b92f-7431af718d63 req-e6aa2bff-721c-49aa-b007-94cdc028fd22 None None] Starting request: 10.222.0.32 "DELETE /placement/allocations/de8354ab-cd15-421d-8074-4b1da851b875" {{(pid=104399) __call__ /opt/stack/placement/placement/requestlog.py:55}}
Dec 22 18:42:52.461068 n-d-822750-1 devstack@placement-api.service[104399]: DEBUG placement.handlers.allocation [req-6b86f3d5-a361-488a-b92f-7431af718d63 req-e6aa2bff-721c-49aa-b007-94cdc028fd22 service placement] Successfully deleted allocations [, , ] {{(pid=104399) delete_allocations /opt/stack/placement/placement/handlers/allocation.py:627}}
Dec 22 18:42:52.464363 n-d-822750-1 devstack@placement-api.service[104399]: INFO placement.requestlog [req-6b86f3d5-a361-488a-b92f-7431af718d63 req-e6aa2bff-721c-49aa-b007-94cdc028fd22 service placement] 10.222.0.32 "DELETE /placement/allocations/de8354ab-cd15-421d-8074-4b1da851b875" status: 204 len: 0 microversion: 1.0
Dec 22 18:42:52.465513 n-d-822750-1 devstack@placement-api.service[104399]: [pid: 104399|app: 0|req: 427/856] 10.222.0.32 () {60 vars in 1355 bytes} [Wed Dec 22 18:42:51 2021] DELETE /placement/allocations/de8354ab-cd15-421d-8074-4b1da851b875 => generated 0 bytes in 491 msecs (HTTP/1.1 204) 5 headers in 198 bytes (1 switches on core 0)
Dec 22 18:43:00.401683 n-d-822750-1 devstack@placement-api.service[104400]: DEBUG placement.requestlog [req-b179a44e-2143-49fe-bc80-9208137c6b67 req-c48e06eb-6f7f-48a2-a226-88b903415e16 None None] Starting request: 10.222.0.76 "GET /placement/allocation_candidates?limit=1000&resources=DISK_GB%3A1%2CMEMORY_MB%3A1024%2CVCPU%3A1&root_required=%21COMPUTE_STATUS_DISABLED" {{(pid=104400) __call__ /opt/stack/placement/placement/requestlog.py:55}}
Dec 22 18:43:00.442129 n-d-822750-1 devstack@placement-api.service[104400]: DEBUG placement.objects.research_context [req-b179a44e-2143-49fe-bc80-9208137c6b67 req-c48e06eb-6f7f-48a2-a226-88b903415e16 service placement] getting providers with 1 DISK_GB {{(pid=104400) __init__ /opt/stack/placement/placement/objects/research_context.py:126}}
Dec 22 18:43:00.452851 n-d-822750-1 devstack@placement-api.service[104400]: DEBUG placement.objects.research_context [req-b179a44e-2143-49fe-bc80-9208137c6b67 req-c48e06eb-6f7f-48a2-a226-88b903415e16 service placement] getting providers with 1024 MEMORY_MB {{(pid=104400) __init__ /opt/stack/placement/placement/objects/research_context.py:126}}
Dec 22 18:43:00.464769 n-d-822750-1 devstack@placement-api.service[104400]: DEBUG placement.objects.research_context [req-b179a44e-2143-49fe-bc80-9208137c6b67 req-c48e06eb-6f7f-48a2-a226-88b903415e16 service placement] getting providers with 1 VCPU {{(pid=104400) __init__ /opt/stack/placement/placement/objects/research_context.py:126}}
Dec 22 18:43:00.486531 n-d-822750-1 devstack@placement-api.service[104400]: DEBUG placement.objects.research_context [req-b179a44e-2143-49fe-bc80-9208137c6b67 req-c48e06eb-6f7f-48a2-a226-88b903415e16 service placement] found 2 providers with available 1 DISK_GB {{(pid=104400) get_provider_ids_matching /opt/stack/placement/placement/objects/research_context.py:549}}
