Dec 22 18:22:53.681717 n-d-822750-1 devstack@n-api.service[118217]: DEBUG oslo_concurrency.lockutils [None req-5cfc53e3-e17f-472f-a99d-bd1fe7631866 tempest-AggregatesAdminTestJSON-252978983 tempest-AggregatesAdminTestJSON-252978983-project] Lock "dffa87f4-0bef-4e8c-851f-f2299432e10a" "released" by "nova.context.set_target_cell..get_or_set_cached_cell_and_set_connections" :: held 0.004s {{(pid=118217) inner /usr/local/lib/python3.8/dist-packages/oslo_concurrency/lockutils.py:400}}
Dec 22 18:22:53.683988 n-d-822750-1 devstack@n-api.service[118217]: DEBUG oslo_concurrency.lockutils [None req-5cfc53e3-e17f-472f-a99d-bd1fe7631866 tempest-AggregatesAdminTestJSON-252978983 tempest-AggregatesAdminTestJSON-252978983-project] Lock "dffa87f4-0bef-4e8c-851f-f2299432e10a" acquired by "nova.context.set_target_cell..get_or_set_cached_cell_and_set_connections" :: waited 0.001s {{(pid=118217) inner /usr/local/lib/python3.8/dist-packages/oslo_concurrency/lockutils.py:386}}
Dec 22 18:22:53.684308 n-d-822750-1 devstack@n-api.service[118217]: DEBUG oslo_concurrency.lockutils [None req-5cfc53e3-e17f-472f-a99d-bd1fe7631866 tempest-AggregatesAdminTestJSON-252978983 tempest-AggregatesAdminTestJSON-252978983-project] Lock "dffa87f4-0bef-4e8c-851f-f2299432e10a" "released" by "nova.context.set_target_cell..get_or_set_cached_cell_and_set_connections" :: held 0.001s {{(pid=118217) inner /usr/local/lib/python3.8/dist-packages/oslo_concurrency/lockutils.py:400}}
Dec 22 18:22:53.729068 n-d-822750-1 devstack@n-api.service[118217]: DEBUG nova.compute.api [None req-5cfc53e3-e17f-472f-a99d-bd1fe7631866 tempest-AggregatesAdminTestJSON-252978983 tempest-AggregatesAdminTestJSON-252978983-project] [instance: e94cdb1a-c88f-44c3-a1df-4894626a55a8] Going to try to terminate instance {{(pid=118217) delete /opt/stack/nova/nova/compute/api.py:2614}}
Dec 22 18:22:53.798536 n-d-822750-1 devstack@n-api.service[118218]: INFO nova.api.openstack.requestlog [None req-e1435bb9-6c17-4712-9766-3f7a5f6410bb tempest-AggregatesAdminTestV241-232276224 tempest-AggregatesAdminTestV241-232276224-project-admin] 10.222.0.76 "DELETE /compute/v2.1/os-aggregates/10" status: 200 len: 0 microversion: 2.41 time: 0.131231
Dec 22 18:22:53.799295 n-d-822750-1 devstack@n-api.service[118218]: [pid: 118218|app: 0|req: 109/217] 10.222.0.76 () {60 vars in 1195 bytes} [Wed Dec 22 18:22:53 2021] DELETE /compute/v2.1/os-aggregates/10 => generated 0 bytes in 134 msecs (HTTP/1.1 200) 9 headers in 357 bytes (1 switches on core 0)
Dec 22 18:22:53.825004 n-d-822750-1 devstack@n-api.service[118218]: DEBUG nova.api.openstack.wsgi [None req-8c3deafd-7162-4e55-b245-4d410fbbf91e tempest-AggregatesAdminNegativeTestJSON-1952522618 tempest-AggregatesAdminNegativeTestJSON-1952522618-project] Action: 'create', calling method: >, body: {"aggregate": {"name": "tempest-test_aggregate-308693109"}} {{(pid=118218) _process_stack /opt/stack/nova/nova/api/openstack/wsgi.py:511}}
Dec 22 18:22:53.833166 n-d-822750-1 devstack@n-api.service[118218]: /usr/local/lib/python3.8/dist-packages/oslo_policy/policy.py:1119: UserWarning: Policy "os_compute_api:os-aggregates:create": "rule:system_admin_api" failed scope check. The token used to make the request was project scoped but the policy requires ['system'] scope. This behavior may change in the future where using the intended scope is required
Dec 22 18:22:53.833166 n-d-822750-1 devstack@n-api.service[118218]: warnings.warn(msg)
Dec 22 18:22:53.835303 n-d-822750-1 devstack@n-api.service[118218]: DEBUG nova.policy [None req-8c3deafd-7162-4e55-b245-4d410fbbf91e tempest-AggregatesAdminNegativeTestJSON-1952522618 tempest-AggregatesAdminNegativeTestJSON-1952522618-project] Policy check for os_compute_api:os-aggregates:create failed with credentials {'is_admin': False, 'user_id': 'ece915542b6b4155823567d0f2a3fa89', 'user_domain_id': 'default', 'system_scope': None, 'domain_id': None, 'project_id': '5c799505382e4e999af65ab0de4c86d4', 'project_domain_id': 'default', 'roles': ['reader', 'member'], 'is_admin_project': True, 'service_user_id': None, 'service_user_domain_id': None, 'service_project_id': None, 'service_project_domain_id': None, 'service_roles': []} {{(pid=118218) authorize /opt/stack/nova/nova/policy.py:199}}
Dec 22 18:22:53.837271 n-d-822750-1 devstack@n-api.service[118218]: DEBUG nova.api.openstack.wsgi [None req-8c3deafd-7162-4e55-b245-4d410fbbf91e tempest-AggregatesAdminNegativeTestJSON-1952522618 tempest-AggregatesAdminNegativeTestJSON-1952522618-project] Returning 403 to user: Policy doesn't allow os_compute_api:os-aggregates:create to be performed. {{(pid=118218) __call__ /opt/stack/nova/nova/api/openstack/wsgi.py:936}}
Dec 22 18:22:53.838567 n-d-822750-1 devstack@n-api.service[118218]: INFO nova.api.openstack.requestlog [None req-8c3deafd-7162-4e55-b245-4d410fbbf91e tempest-AggregatesAdminNegativeTestJSON-1952522618 tempest-AggregatesAdminNegativeTestJSON-1952522618-project] 10.222.0.76 "POST /compute/v2.1/os-aggregates" status: 403 len: 116 microversion: 2.1 time: 0.031851
Dec 22 18:22:53.849716 n-d-822750-1 devstack@n-api.service[118218]: [pid: 118218|app: 0|req: 110/218] 10.222.0.76 () {60 vars in 1163 bytes} [Wed Dec 22 18:22:53 2021] POST /compute/v2.1/os-aggregates => generated 116 bytes in 41 msecs (HTTP/1.1 403) 9 headers in 379 bytes (1 switches on core 0)
Dec 22 18:22:53.859968 n-d-822750-1 devstack@n-api.service[118218]: DEBUG nova.api.openstack.wsgi [None req-c7c4d9ac-4dff-422a-99f8-2963a1aba32a tempest-LiveAutoBlockMigrationV225Test-1620634374 tempest-LiveAutoBlockMigrationV225Test-1620634374-project] Calling method '>' {{(pid=118218) _process_stack /opt/stack/nova/nova/api/openstack/wsgi.py:513}}
Dec 22 18:22:53.861736 n-d-822750-1 devstack@n-api.service[118218]: DEBUG nova.compute.api [None req-c7c4d9ac-4dff-422a-99f8-2963a1aba32a tempest-LiveAutoBlockMigrationV225Test-1620634374 tempest-LiveAutoBlockMigrationV225Test-1620634374-project] [instance: efb6be88-6cc0-4d2a-b57b-589664b30254] Fetching instance by UUID {{(pid=118218) get /opt/stack/nova/nova/compute/api.py:2865}}
Dec 22 18:22:53.879651 n-d-822750-1 devstack@n-api.service[118218]: DEBUG oslo_concurrency.lockutils [None req-c7c4d9ac-4dff-422a-99f8-2963a1aba32a tempest-LiveAutoBlockMigrationV225Test-1620634374 tempest-LiveAutoBlockMigrationV225Test-1620634374-project] Lock "dffa87f4-0bef-4e8c-851f-f2299432e10a" acquired by "nova.context.set_target_cell..get_or_set_cached_cell_and_set_connections" :: waited 0.000s {{(pid=118218) inner /usr/local/lib/python3.8/dist-packages/oslo_concurrency/lockutils.py:386}}
Dec 22 18:22:53.882903 n-d-822750-1 devstack@n-api.service[118218]: DEBUG oslo_concurrency.lockutils [None req-c7c4d9ac-4dff-422a-99f8-2963a1aba32a tempest-LiveAutoBlockMigrationV225Test-1620634374 tempest-LiveAutoBlockMigrationV225Test-1620634374-project] Lock "dffa87f4-0bef-4e8c-851f-f2299432e10a" "released" by "nova.context.set_target_cell..get_or_set_cached_cell_and_set_connections" :: held 0.003s {{(pid=118218) inner /usr/local/lib/python3.8/dist-packages/oslo_concurrency/lockutils.py:400}}
Dec 22 18:22:53.885292 n-d-822750-1 devstack@n-api.service[118218]: DEBUG oslo_concurrency.lockutils [None req-c7c4d9ac-4dff-422a-99f8-2963a1aba32a tempest-LiveAutoBlockMigrationV225Test-1620634374 tempest-LiveAutoBlockMigrationV225Test-1620634374-project] Lock "dffa87f4-0bef-4e8c-851f-f2299432e10a" acquired by "nova.context.set_target_cell..get_or_set_cached_cell_and_set_connections" :: waited 0.000s {{(pid=118218) inner /usr/local/lib/python3.8/dist-packages/oslo_concurrency/lockutils.py:386}}
Dec 22 18:22:53.886736 n-d-822750-1 devstack@n-api.service[118218]: DEBUG oslo_concurrency.lockutils [None req-c7c4d9ac-4dff-422a-99f8-2963a1aba32a tempest-LiveAutoBlockMigrationV225Test-1620634374 tempest-LiveAutoBlockMigrationV225Test-1620634374-project] Lock "dffa87f4-0bef-4e8c-851f-f2299432e10a" "released" by "nova.context.set_target_cell..get_or_set_cached_cell_and_set_connections" :: held 0.002s {{(pid=118218) inner /usr/local/lib/python3.8/dist-packages/oslo_concurrency/lockutils.py:400}}
Dec 22 18:22:54.169522 n-d-822750-1 devstack@n-api.service[118218]: DEBUG nova.policy [None req-c7c4d9ac-4dff-422a-99f8-2963a1aba32a tempest-LiveAutoBlockMigrationV225Test-1620634374 tempest-LiveAutoBlockMigrationV225Test-1620634374-project] Policy check for os_compute_api:os-extended-server-attributes failed with credentials {'is_admin': False, 'user_id': '43bd4c6b3eec415a8085ad029acaa178', 'user_domain_id': 'default', 'system_scope': None, 'domain_id': None, 'project_id': '2db158edfb96461ca4f36adad85786d5', 'project_domain_id': 'default', 'roles': ['reader', 'member'], 'is_admin_project': True, 'service_user_id': None, 'service_user_domain_id': None, 'service_project_id': None, 'service_project_domain_id': None, 'service_roles': []} {{(pid=118218) authorize /opt/stack/nova/nova/policy.py:199}}
Dec 22 18:22:54.180240 n-d-822750-1 devstack@n-api.service[118218]: DEBUG nova.policy [None req-c7c4d9ac-4dff-422a-99f8-2963a1aba32a tempest-LiveAutoBlockMigrationV225Test-1620634374 tempest-LiveAutoBlockMigrationV225Test-1620634374-project] Policy check for os_compute_api:servers:show:host_status failed with credentials {'is_admin': False, 'user_id': '43bd4c6b3eec415a8085ad029acaa178', 'user_domain_id': 'default', 'system_scope': None, 'domain_id': None, 'project_id': '2db158edfb96461ca4f36adad85786d5', 'project_domain_id': 'default', 'roles': ['reader', 'member'], 'is_admin_project': True, 'service_user_id': None, 'service_user_domain_id': None, 'service_project_id': None, 'service_project_domain_id': None, 'service_roles': []} {{(pid=118218) authorize /opt/stack/nova/nova/policy.py:199}}
Dec 22 18:22:54.181881 n-d-822750-1 devstack@n-api.service[118218]: DEBUG nova.policy [None req-c7c4d9ac-4dff-422a-99f8-2963a1aba32a tempest-LiveAutoBlockMigrationV225Test-1620634374 tempest-LiveAutoBlockMigrationV225Test-1620634374-project] Policy check for os_compute_api:servers:show:host_status:unknown-only failed with credentials {'is_admin': False, 'user_id': '43bd4c6b3eec415a8085ad029acaa178', 'user_domain_id': 'default', 'system_scope': None, 'domain_id': None, 'project_id': '2db158edfb96461ca4f36adad85786d5', 'project_domain_id': 'default', 'roles': ['reader', 'member'], 'is_admin_project': True, 'service_user_id': None, 'service_user_domain_id': None, 'service_project_id': None, 'service_project_domain_id': None, 'service_roles': []} {{(pid=118218) authorize /opt/stack/nova/nova/policy.py:199}}
Dec 22 18:22:54.183198 n-d-822750-1 devstack@n-api.service[118218]: INFO nova.api.openstack.requestlog [None req-c7c4d9ac-4dff-422a-99f8-2963a1aba32a tempest-LiveAutoBlockMigrationV225Test-1620634374 tempest-LiveAutoBlockMigrationV225Test-1620634374-project] 10.222.0.76 "GET /compute/v2.1/servers/efb6be88-6cc0-4d2a-b57b-589664b30254" status: 200 len: 1361 microversion: 2.25 time: 0.332177
Dec 22 18:22:54.195232 n-d-822750-1 devstack@n-api.service[118218]: [pid: 118218|app: 0|req: 111/219] 10.222.0.76 () {60 vars in 1276 bytes} [Wed Dec 22 18:22:53 2021] GET /compute/v2.1/servers/efb6be88-6cc0-4d2a-b57b-589664b30254 => generated 1361 bytes in 344 msecs (HTTP/1.1 200) 9 headers in 360 bytes (1 switches on core 0)
Dec 22 18:22:54.200084 n-d-822750-1 devstack@n-api.service[118218]: DEBUG nova.api.openstack.wsgi [req-c79b2175-e317-424a-8b88-5403a518c22c req-2f0d75a1-c6ed-40ac-a868-90522401804d service nova] Action: 'create', calling method: >, body: {"events": [{"name": "network-changed", "server_uuid": "efb6be88-6cc0-4d2a-b57b-589664b30254", "tag": "e3111b80-785c-460d-91a1-0026963c101d"}]} {{(pid=118218) _process_stack /opt/stack/nova/nova/api/openstack/wsgi.py:511}}
Dec 22 18:22:54.201635 n-d-822750-1 devstack@n-api.service[118218]: /usr/local/lib/python3.8/dist-packages/oslo_policy/policy.py:1119: UserWarning: Policy "os_compute_api:os-server-external-events:create": "rule:system_admin_api" failed scope check. The token used to make the request was project scoped but the policy requires ['system'] scope. This behavior may change in the future where using the intended scope is required
Dec 22 18:22:54.201635 n-d-822750-1 devstack@n-api.service[118218]: warnings.warn(msg)
Dec 22 18:22:54.212940 n-d-822750-1 devstack@n-api.service[118218]: DEBUG oslo_concurrency.lockutils [req-c79b2175-e317-424a-8b88-5403a518c22c req-2f0d75a1-c6ed-40ac-a868-90522401804d service nova] Lock "dffa87f4-0bef-4e8c-851f-f2299432e10a" acquired by "nova.context.set_target_cell..get_or_set_cached_cell_and_set_connections" :: waited 0.000s {{(pid=118218) inner /usr/local/lib/python3.8/dist-packages/oslo_concurrency/lockutils.py:386}}
Dec 22 18:22:54.213559 n-d-822750-1 devstack@n-api.service[118218]: DEBUG oslo_concurrency.lockutils [req-c79b2175-e317-424a-8b88-5403a518c22c req-2f0d75a1-c6ed-40ac-a868-90522401804d service nova] Lock "dffa87f4-0bef-4e8c-851f-f2299432e10a" "released" by "nova.context.set_target_cell..get_or_set_cached_cell_and_set_connections" :: held 0.001s {{(pid=118218) inner /usr/local/lib/python3.8/dist-packages/oslo_concurrency/lockutils.py:400}}
Dec 22 18:22:54.226652 n-d-822750-1 devstack@n-api.service[118218]: INFO nova.api.openstack.compute.server_external_events [req-c79b2175-e317-424a-8b88-5403a518c22c req-2f0d75a1-c6ed-40ac-a868-90522401804d service nova] Creating event network-changed:e3111b80-785c-460d-91a1-0026963c101d for instance efb6be88-6cc0-4d2a-b57b-589664b30254 on n-h2-822750-1
Dec 22 18:22:54.237307 n-d-822750-1 devstack@n-api.service[118218]: INFO nova.api.openstack.requestlog [req-c79b2175-e317-424a-8b88-5403a518c22c req-2f0d75a1-c6ed-40ac-a868-90522401804d service nova] 10.222.0.76 "POST /compute/v2.1/os-server-external-events" status: 200 len: 179 microversion: 2.1 time: 0.040775
Dec 22 18:22:54.247045 n-d-822750-1 devstack@n-api.service[118218]: [pid: 118218|app: 0|req: 112/220] 10.222.0.76 () {64 vars in 1317 bytes} [Wed Dec 22 18:22:54 2021] POST /compute/v2.1/os-server-external-events => generated 179 bytes in 42 msecs (HTTP/1.1 200) 9 headers in 357 bytes (1 switches on core 0)
Dec 22 18:22:54.259428 n-d-822750-1 devstack@n-api.service[118218]: DEBUG nova.api.openstack.wsgi [None req-dd0b86a4-7b76-4ef2-b306-e0b765dea6fd tempest-ServersWithSpecificFlavorTestJSON-203206412 tempest-ServersWithSpecificFlavorTestJSON-203206412-project] Calling method '>' {{(pid=118218) _process_stack /opt/stack/nova/nova/api/openstack/wsgi.py:513}}
Dec 22 18:22:54.260247 n-d-822750-1 devstack@n-api.service[118218]: DEBUG nova.compute.api [None req-dd0b86a4-7b76-4ef2-b306-e0b765dea6fd tempest-ServersWithSpecificFlavorTestJSON-203206412 tempest-ServersWithSpecificFlavorTestJSON-203206412-project] [instance: be54ff9e-ea4a-492d-aec5-3ecc17b1300c] Fetching instance by UUID {{(pid=118218) get /opt/stack/nova/nova/compute/api.py:2865}}
Dec 22 18:22:54.269739 n-d-822750-1 devstack@n-api.service[118217]: INFO nova.api.openstack.requestlog [None req-5cfc53e3-e17f-472f-a99d-bd1fe7631866 tempest-AggregatesAdminTestJSON-252978983 tempest-AggregatesAdminTestJSON-252978983-project] 10.222.0.76 "DELETE /compute/v2.1/servers/e94cdb1a-c88f-44c3-a1df-4894626a55a8" status: 204 len: 0 microversion: 2.1 time: 0.631147
Dec 22 18:22:54.270804 n-d-822750-1 devstack@n-api.service[118217]: [pid: 118217|app: 0|req: 109/221] 10.222.0.76 () {58 vars in 1238 bytes} [Wed Dec 22 18:22:53 2021] DELETE /compute/v2.1/servers/e94cdb1a-c88f-44c3-a1df-4894626a55a8 => generated 0 bytes in 633 msecs (HTTP/1.1 204) 9 headers in 363 bytes (1 switches on core 0)
Dec 22 18:22:54.278234 n-d-822750-1 devstack@n-api.service[118218]: DEBUG oslo_concurrency.lockutils [None req-dd0b86a4-7b76-4ef2-b306-e0b765dea6fd tempest-ServersWithSpecificFlavorTestJSON-203206412 tempest-ServersWithSpecificFlavorTestJSON-203206412-project] Lock "dffa87f4-0bef-4e8c-851f-f2299432e10a" acquired by "nova.context.set_target_cell..get_or_set_cached_cell_and_set_connections" :: waited 0.000s {{(pid=118218) inner /usr/local/lib/python3.8/dist-packages/oslo_concurrency/lockutils.py:386}}
Dec 22 18:22:54.278234 n-d-822750-1 devstack@n-api.service[118218]: DEBUG oslo_concurrency.lockutils [None req-dd0b86a4-7b76-4ef2-b306-e0b765dea6fd tempest-ServersWithSpecificFlavorTestJSON-203206412 tempest-ServersWithSpecificFlavorTestJSON-203206412-project] Lock "dffa87f4-0bef-4e8c-851f-f2299432e10a" "released" by "nova.context.set_target_cell..get_or_set_cached_cell_and_set_connections" :: held 0.001s {{(pid=118218) inner /usr/local/lib/python3.8/dist-packages/oslo_concurrency/lockutils.py:400}}
Dec 22 18:22:54.278234 n-d-822750-1 devstack@n-api.service[118218]: DEBUG oslo_concurrency.lockutils [None req-dd0b86a4-7b76-4ef2-b306-e0b765dea6fd tempest-ServersWithSpecificFlavorTestJSON-203206412 tempest-ServersWithSpecificFlavorTestJSON-203206412-project] Lock "dffa87f4-0bef-4e8c-851f-f2299432e10a" acquired by "nova.context.set_target_cell..get_or_set_cached_cell_and_set_connections" :: waited 0.000s {{(pid=118218) inner /usr/local/lib/python3.8/dist-packages/oslo_concurrency/lockutils.py:386}}
Dec 22 18:22:54.278515 n-d-822750-1 devstack@n-api.service[118218]: DEBUG oslo_concurrency.lockutils [None req-dd0b86a4-7b76-4ef2-b306-e0b765dea6fd tempest-ServersWithSpecificFlavorTestJSON-203206412 tempest-ServersWithSpecificFlavorTestJSON-203206412-project] Lock "dffa87f4-0bef-4e8c-851f-f2299432e10a" "released" by "nova.context.set_target_cell..get_or_set_cached_cell_and_set_connections" :: held 0.000s {{(pid=118218) inner /usr/local/lib/python3.8/dist-packages/oslo_concurrency/lockutils.py:400}}
Dec 22 18:22:54.278598 n-d-822750-1 devstack@n-api.service[118217]: DEBUG nova.api.openstack.wsgi [None req-75b1519b-ee3c-4707-b036-cfa3bb9341dc tempest-AggregatesAdminNegativeTestJSON-1496979113 tempest-AggregatesAdminNegativeTestJSON-1496979113-project-admin] Action: 'create', calling method: >, body: {"aggregate": {"name": "tempest-test_aggregate-862330158"}} {{(pid=118217) _process_stack /opt/stack/nova/nova/api/openstack/wsgi.py:511}}
Dec 22 18:22:54.281859 n-d-822750-1 devstack@n-api.service[118217]: /usr/local/lib/python3.8/dist-packages/oslo_policy/policy.py:1119: UserWarning: Policy "os_compute_api:os-aggregates:create": "rule:system_admin_api" failed scope check. The token used to make the request was project scoped but the policy requires ['system'] scope. This behavior may change in the future where using the intended scope is required
Dec 22 18:22:54.281859 n-d-822750-1 devstack@n-api.service[118217]: warnings.warn(msg)
Dec 22 18:22:54.285644 n-d-822750-1 devstack@n-api.service[118217]: DEBUG nova.objects.aggregate [None req-75b1519b-ee3c-4707-b036-cfa3bb9341dc tempest-AggregatesAdminNegativeTestJSON-1496979113 tempest-AggregatesAdminNegativeTestJSON-1496979113-project-admin] Generated uuid 290f8cc1-d812-4543-9dc7-263354c5e49d for aggregate {{(pid=118217) create /opt/stack/nova/nova/objects/aggregate.py:298}}
Dec 22 18:22:54.389605 n-d-822750-1 devstack@n-api.service[118217]: INFO nova.api.openstack.requestlog [None req-75b1519b-ee3c-4707-b036-cfa3bb9341dc tempest-AggregatesAdminNegativeTestJSON-1496979113 tempest-AggregatesAdminNegativeTestJSON-1496979113-project-admin] 10.222.0.76 "POST /compute/v2.1/os-aggregates" status: 200 len: 198 microversion: 2.1 time: 0.115894
Dec 22 18:22:54.391333 n-d-822750-1 devstack@n-api.service[118217]: [pid: 118217|app: 0|req: 110/222] 10.222.0.76 () {60 vars in 1163 bytes} [Wed Dec 22 18:22:54 2021] POST /compute/v2.1/os-aggregates => generated 198 bytes in 120 msecs (HTTP/1.1 200) 9 headers in 357 bytes (1 switches on core 0)
Dec 22 18:22:54.403770 n-d-822750-1 devstack@n-api.service[118217]: DEBUG nova.api.openstack.wsgi [None req-7bbf61cf-2b8b-4e66-89f5-9242548a9651 tempest-DeleteServersAdminTestJSON-188836 tempest-DeleteServersAdminTestJSON-188836-project] Calling method '>' {{(pid=118217) _process_stack /opt/stack/nova/nova/api/openstack/wsgi.py:513}}
Dec 22 18:22:54.405059 n-d-822750-1 devstack@n-api.service[118217]: DEBUG nova.compute.api [None req-7bbf61cf-2b8b-4e66-89f5-9242548a9651 tempest-DeleteServersAdminTestJSON-188836 tempest-DeleteServersAdminTestJSON-188836-project] [instance: cab3cb43-d3b7-4c77-9f02-17aa9f001240] Fetching instance by UUID {{(pid=118217) get /opt/stack/nova/nova/compute/api.py:2865}}
Dec 22 18:22:54.423107 n-d-822750-1 devstack@n-api.service[118217]: DEBUG oslo_concurrency.lockutils [None req-7bbf61cf-2b8b-4e66-89f5-9242548a9651 tempest-DeleteServersAdminTestJSON-188836 tempest-DeleteServersAdminTestJSON-188836-project] Lock "dffa87f4-0bef-4e8c-851f-f2299432e10a" acquired by "nova.context.set_target_cell..get_or_set_cached_cell_and_set_connections" :: waited 0.000s {{(pid=118217) inner /usr/local/lib/python3.8/dist-packages/oslo_concurrency/lockutils.py:386}}
Dec 22 18:22:54.426772 n-d-822750-1 devstack@n-api.service[118217]: DEBUG oslo_concurrency.lockutils [None req-7bbf61cf-2b8b-4e66-89f5-9242548a9651 tempest-DeleteServersAdminTestJSON-188836 tempest-DeleteServersAdminTestJSON-188836-project] Lock "dffa87f4-0bef-4e8c-851f-f2299432e10a" "released" by "nova.context.set_target_cell..get_or_set_cached_cell_and_set_connections" :: held 0.001s {{(pid=118217) inner /usr/local/lib/python3.8/dist-packages/oslo_concurrency/lockutils.py:400}}
Dec 22 18:22:54.426772 n-d-822750-1 devstack@n-api.service[118217]: DEBUG oslo_concurrency.lockutils [None req-7bbf61cf-2b8b-4e66-89f5-9242548a9651 tempest-DeleteServersAdminTestJSON-188836 tempest-DeleteServersAdminTestJSON-188836-project] Lock "dffa87f4-0bef-4e8c-851f-f2299432e10a" acquired by "nova.context.set_target_cell..get_or_set_cached_cell_and_set_connections" :: waited 0.000s {{(pid=118217) inner /usr/local/lib/python3.8/dist-packages/oslo_concurrency/lockutils.py:386}}
Dec 22 18:22:54.426772 n-d-822750-1 devstack@n-api.service[118217]: DEBUG oslo_concurrency.lockutils [None req-7bbf61cf-2b8b-4e66-89f5-9242548a9651 tempest-DeleteServersAdminTestJSON-188836 tempest-DeleteServersAdminTestJSON-188836-project] Lock "dffa87f4-0bef-4e8c-851f-f2299432e10a" "released" by "nova.context.set_target_cell..get_or_set_cached_cell_and_set_connections" :: held 0.000s {{(pid=118217) inner /usr/local/lib/python3.8/dist-packages/oslo_concurrency/lockutils.py:400}}
Dec 22 18:22:54.546829 n-d-822750-1 devstack@n-api.service[118217]: DEBUG nova.policy [None req-7bbf61cf-2b8b-4e66-89f5-9242548a9651 tempest-DeleteServersAdminTestJSON-188836 tempest-DeleteServersAdminTestJSON-188836-project] Policy check for os_compute_api:os-extended-server-attributes failed with credentials {'is_admin': False, 'user_id': 'b201bec2b4014605873a2fdbf294adb2', 'user_domain_id': 'default', 'system_scope': None, 'domain_id': None, 'project_id': '0b36e5c70f5e4bd49159357a7ee9179f', 'project_domain_id': 'default', 'roles': ['reader', 'member'], 'is_admin_project': True, 'service_user_id': None, 'service_user_domain_id': None, 'service_project_id': None, 'service_project_domain_id': None, 'service_roles': []} {{(pid=118217) authorize /opt/stack/nova/nova/policy.py:199}}
Dec 22 18:22:54.554854 n-d-822750-1 devstack@n-api.service[118218]: DEBUG nova.policy [None req-dd0b86a4-7b76-4ef2-b306-e0b765dea6fd tempest-ServersWithSpecificFlavorTestJSON-203206412 tempest-ServersWithSpecificFlavorTestJSON-203206412-project] Policy check for os_compute_api:os-extended-server-attributes failed with credentials {'is_admin': False, 'user_id': '75262075a77847eea6f4b33e1f8c7ff9', 'user_domain_id': 'default', 'system_scope': None, 'domain_id': None, 'project_id': 'b562490b1eea4454999621cc1cf80499', 'project_domain_id': 'default', 'roles': ['reader', 'member'], 'is_admin_project': True, 'service_user_id': None, 'service_user_domain_id': None, 'service_project_id': None, 'service_project_domain_id': None, 'service_roles': []} {{(pid=118218) authorize /opt/stack/nova/nova/policy.py:199}}
Dec 22 18:22:54.560678 n-d-822750-1 devstack@n-api.service[118217]: INFO nova.api.openstack.requestlog [None req-7bbf61cf-2b8b-4e66-89f5-9242548a9651 tempest-DeleteServersAdminTestJSON-188836 tempest-DeleteServersAdminTestJSON-188836-project] 10.222.0.76 "GET /compute/v2.1/servers/cab3cb43-d3b7-4c77-9f02-17aa9f001240" status: 200 len: 1270 microversion: 2.1 time: 0.161295
Dec 22 18:22:54.564133 n-d-822750-1 devstack@n-api.service[118218]: INFO nova.api.openstack.requestlog [None req-dd0b86a4-7b76-4ef2-b306-e0b765dea6fd tempest-ServersWithSpecificFlavorTestJSON-203206412 tempest-ServersWithSpecificFlavorTestJSON-203206412-project] 10.222.0.76 "GET /compute/v2.1/servers/be54ff9e-ea4a-492d-aec5-3ecc17b1300c" status: 200 len: 1386 microversion: 2.1 time: 0.315191
Dec 22 18:22:54.577389 n-d-822750-1 devstack@n-api.service[118217]: [pid: 118217|app: 0|req: 111/223] 10.222.0.76 () {58 vars in 1235 bytes} [Wed Dec 22 18:22:54 2021] GET /compute/v2.1/servers/cab3cb43-d3b7-4c77-9f02-17aa9f001240 => generated 1270 bytes in 180 msecs (HTTP/1.1 200) 9 headers in 358 bytes (1 switches on core 0)
Dec 22 18:22:54.580557 n-d-822750-1 devstack@n-api.service[118218]: [pid: 118218|app: 0|req: 113/224] 10.222.0.76 () {58 vars in 1235 bytes} [Wed Dec 22 18:22:54 2021] GET /compute/v2.1/servers/be54ff9e-ea4a-492d-aec5-3ecc17b1300c => generated 1386 bytes in 333 msecs (HTTP/1.1 200) 9 headers in 358 bytes (1 switches on core 0)
Dec 22 18:22:54.585080 n-d-822750-1 devstack@n-api.service[118217]: DEBUG nova.api.openstack.wsgi [None req-1be13d90-09db-47e9-b17d-c01f1e114338 tempest-AggregatesAdminTestJSON-252978983 tempest-AggregatesAdminTestJSON-252978983-project] Calling method '>' {{(pid=118217) _process_stack /opt/stack/nova/nova/api/openstack/wsgi.py:513}}
Dec 22 18:22:54.587691 n-d-822750-1 devstack@n-api.service[118217]: DEBUG nova.compute.api [None req-1be13d90-09db-47e9-b17d-c01f1e114338 tempest-AggregatesAdminTestJSON-252978983 tempest-AggregatesAdminTestJSON-252978983-project] [instance: e94cdb1a-c88f-44c3-a1df-4894626a55a8] Fetching instance by UUID {{(pid=118217) get /opt/stack/nova/nova/compute/api.py:2865}}
Dec 22 18:22:54.591481 n-d-822750-1 devstack@n-api.service[118218]: DEBUG nova.api.openstack.wsgi [None req-08b4d117-c95e-491f-8142-3c983e1f35fc tempest-AggregatesAdminNegativeTestJSON-1496979113 tempest-AggregatesAdminNegativeTestJSON-1496979113-project-admin] Action: 'create', calling method: >, body: {"aggregate": {"name": "tempest-test_aggregate-862330158"}} {{(pid=118218) _process_stack /opt/stack/nova/nova/api/openstack/wsgi.py:511}}
Dec 22 18:22:54.594011 n-d-822750-1 devstack@n-api.service[118218]: /usr/local/lib/python3.8/dist-packages/oslo_policy/policy.py:1119: UserWarning: Policy "os_compute_api:os-aggregates:create": "rule:system_admin_api" failed scope check. The token used to make the request was project scoped but the policy requires ['system'] scope. This behavior may change in the future where using the intended scope is required
Dec 22 18:22:54.594011 n-d-822750-1 devstack@n-api.service[118218]: warnings.warn(msg)
Dec 22 18:22:54.595227 n-d-822750-1 devstack@n-api.service[118218]: DEBUG nova.objects.aggregate [None req-08b4d117-c95e-491f-8142-3c983e1f35fc tempest-AggregatesAdminNegativeTestJSON-1496979113 tempest-AggregatesAdminNegativeTestJSON-1496979113-project-admin] Generated uuid d902e0ed-aee3-4395-bf27-c1427d3f91d6 for aggregate {{(pid=118218) create /opt/stack/nova/nova/objects/aggregate.py:298}}
Dec 22 18:22:54.604167 n-d-822750-1 devstack@n-api.service[118217]: DEBUG oslo_concurrency.lockutils [None req-1be13d90-09db-47e9-b17d-c01f1e114338 tempest-AggregatesAdminTestJSON-252978983 tempest-AggregatesAdminTestJSON-252978983-project] Lock "dffa87f4-0bef-4e8c-851f-f2299432e10a" acquired by "nova.context.set_target_cell..get_or_set_cached_cell_and_set_connections" :: waited 0.000s {{(pid=118217) inner /usr/local/lib/python3.8/dist-packages/oslo_concurrency/lockutils.py:386}}
Dec 22 18:22:54.608693 n-d-822750-1 devstack@n-api.service[118217]: DEBUG oslo_concurrency.lockutils [None req-1be13d90-09db-47e9-b17d-c01f1e114338 tempest-AggregatesAdminTestJSON-252978983 tempest-AggregatesAdminTestJSON-252978983-project] Lock "dffa87f4-0bef-4e8c-851f-f2299432e10a" "released" by "nova.context.set_target_cell..get_or_set_cached_cell_and_set_connections" :: held 0.001s {{(pid=118217) inner /usr/local/lib/python3.8/dist-packages/oslo_concurrency/lockutils.py:400}}
Dec 22 18:22:54.608693 n-d-822750-1 devstack@n-api.service[118217]: DEBUG oslo_concurrency.lockutils [None req-1be13d90-09db-47e9-b17d-c01f1e114338 tempest-AggregatesAdminTestJSON-252978983 tempest-AggregatesAdminTestJSON-252978983-project] Lock "dffa87f4-0bef-4e8c-851f-f2299432e10a" acquired by "nova.context.set_target_cell..get_or_set_cached_cell_and_set_connections" :: waited 0.000s {{(pid=118217) inner /usr/local/lib/python3.8/dist-packages/oslo_concurrency/lockutils.py:386}}
Dec 22 18:22:54.608693 n-d-822750-1 devstack@n-api.service[118217]: DEBUG oslo_concurrency.lockutils [None req-1be13d90-09db-47e9-b17d-c01f1e114338 tempest-AggregatesAdminTestJSON-252978983 tempest-AggregatesAdminTestJSON-252978983-project] Lock "dffa87f4-0bef-4e8c-851f-f2299432e10a" "released" by "nova.context.set_target_cell..get_or_set_cached_cell_and_set_connections" :: held 0.000s {{(pid=118217) inner /usr/local/lib/python3.8/dist-packages/oslo_concurrency/lockutils.py:400}}
Dec 22 18:22:54.622844 n-d-822750-1 devstack@n-api.service[118218]: INFO nova.api.openstack.wsgi [None req-08b4d117-c95e-491f-8142-3c983e1f35fc tempest-AggregatesAdminNegativeTestJSON-1496979113 tempest-AggregatesAdminNegativeTestJSON-1496979113-project-admin] HTTP exception thrown: Aggregate tempest-test_aggregate-862330158 already exists.
Dec 22 18:22:54.623687 n-d-822750-1 devstack@n-api.service[118218]: DEBUG nova.api.openstack.wsgi [None req-08b4d117-c95e-491f-8142-3c983e1f35fc tempest-AggregatesAdminNegativeTestJSON-1496979113 tempest-AggregatesAdminNegativeTestJSON-1496979113-project-admin] Returning 409 to user: Aggregate tempest-test_aggregate-862330158 already exists. {{(pid=118218) __call__ /opt/stack/nova/nova/api/openstack/wsgi.py:936}}
Dec 22 18:22:54.624528 n-d-822750-1 devstack@n-api.service[118218]: INFO nova.api.openstack.requestlog [None req-08b4d117-c95e-491f-8142-3c983e1f35fc tempest-AggregatesAdminNegativeTestJSON-1496979113 tempest-AggregatesAdminNegativeTestJSON-1496979113-project-admin] 10.222.0.76 "POST /compute/v2.1/os-aggregates" status: 409 len: 110 microversion: 2.1 time: 0.042609
Dec 22 18:22:54.625110 n-d-822750-1 devstack@n-api.service[118218]: [pid: 118218|app: 0|req: 114/225] 10.222.0.76 () {60 vars in 1163 bytes} [Wed Dec 22 18:22:54 2021] POST /compute/v2.1/os-aggregates => generated 110 bytes in 44 msecs (HTTP/1.1 409) 9 headers in 378 bytes (1 switches on core 0)
Dec 22 18:22:54.634414 n-d-822750-1 devstack@n-api.service[118218]: DEBUG nova.api.openstack.wsgi [None req-1ba3abae-b6da-4931-85b4-c00e47dfadfe tempest-AggregatesAdminNegativeTestJSON-1496979113 tempest-AggregatesAdminNegativeTestJSON-1496979113-project-admin] Calling method '>' {{(pid=118218) _process_stack /opt/stack/nova/nova/api/openstack/wsgi.py:513}}
Dec 22 18:22:54.638589 n-d-822750-1 devstack@n-api.service[118218]: /usr/local/lib/python3.8/dist-packages/oslo_policy/policy.py:1119: UserWarning: Policy "os_compute_api:os-aggregates:delete": "rule:system_admin_api" failed scope check. The token used to make the request was project scoped but the policy requires ['system'] scope. This behavior may change in the future where using the intended scope is required
Dec 22 18:22:54.638589 n-d-822750-1 devstack@n-api.service[118218]: warnings.warn(msg)
Dec 22 18:22:54.792337 n-d-822750-1 devstack@n-api.service[118217]: DEBUG nova.policy [None req-1be13d90-09db-47e9-b17d-c01f1e114338 tempest-AggregatesAdminTestJSON-252978983 tempest-AggregatesAdminTestJSON-252978983-project] Policy check for os_compute_api:os-extended-server-attributes failed with credentials {'is_admin': False, 'user_id': 'dc322a08f3994ef8ae93de935194af51', 'user_domain_id': 'default', 'system_scope': None, 'domain_id': None, 'project_id': '0488f81465cf431da18e63a55805e394', 'project_domain_id': 'default', 'roles': ['reader', 'member'], 'is_admin_project': True, 'service_user_id': None, 'service_user_domain_id': None, 'service_project_id': None, 'service_project_domain_id': None, 'service_roles': []} {{(pid=118217) authorize /opt/stack/nova/nova/policy.py:199}}
Dec 22 18:22:54.800340 n-d-822750-1 devstack@n-api.service[118217]: INFO nova.api.openstack.requestlog [None req-1be13d90-09db-47e9-b17d-c01f1e114338 tempest-AggregatesAdminTestJSON-252978983 tempest-AggregatesAdminTestJSON-252978983-project] 10.222.0.76 "GET /compute/v2.1/servers/e94cdb1a-c88f-44c3-a1df-4894626a55a8" status: 200 len: 1472 microversion: 2.1 time: 0.226810
Dec 22 18:22:54.801212 n-d-822750-1 devstack@n-api.service[118217]: [pid: 118217|app: 0|req: 112/226] 10.222.0.76 () {58 vars in 1235 bytes} [Wed Dec 22 18:22:54 2021] GET /compute/v2.1/servers/e94cdb1a-c88f-44c3-a1df-4894626a55a8 => generated 1472 bytes in 228 msecs (HTTP/1.1 200) 9 headers in 358 bytes (1 switches on core 0)
Dec 22 18:22:54.823205 n-d-822750-1 devstack@n-api.service[118218]: INFO nova.api.openstack.requestlog [None req-1ba3abae-b6da-4931-85b4-c00e47dfadfe tempest-AggregatesAdminNegativeTestJSON-1496979113 tempest-AggregatesAdminNegativeTestJSON-1496979113-project-admin] 10.222.0.76 "DELETE /compute/v2.1/os-aggregates/14" status: 200 len: 0 microversion: 2.1 time: 0.193779
Dec 22 18:22:54.823822 n-d-822750-1 devstack@n-api.service[118218]: [pid: 118218|app: 0|req: 115/227] 10.222.0.76 () {58 vars in 1154 bytes} [Wed Dec 22 18:22:54 2021] DELETE /compute/v2.1/os-aggregates/14 => generated 0 bytes in 195 msecs (HTTP/1.1 200) 9 headers in 355 bytes (2 switches on core 0)
Dec 22 18:22:54.845327 n-d-822750-1 devstack@n-api.service[118217]: DEBUG nova.api.openstack.wsgi [None req-ebc32799-8246-40a5-a874-5420d2580ef9 tempest-AggregatesAdminNegativeTestJSON-1496979113 tempest-AggregatesAdminNegativeTestJSON-1496979113-project-admin] Action: 'create', calling method: >, body: {"aggregate": {"name": "tempest-test_aggregate-2003066737"}} {{(pid=118217) _process_stack /opt/stack/nova/nova/api/openstack/wsgi.py:511}}
Dec 22 18:22:54.848954 n-d-822750-1 devstack@n-api.service[118217]: /usr/local/lib/python3.8/dist-packages/oslo_policy/policy.py:1119: UserWarning: Policy "os_compute_api:os-aggregates:create": "rule:system_admin_api" failed scope check. The token used to make the request was project scoped but the policy requires ['system'] scope. This behavior may change in the future where using the intended scope is required
Dec 22 18:22:54.848954 n-d-822750-1 devstack@n-api.service[118217]: warnings.warn(msg)
Dec 22 18:22:54.854938 n-d-822750-1 devstack@n-api.service[118217]: DEBUG nova.objects.aggregate [None req-ebc32799-8246-40a5-a874-5420d2580ef9 tempest-AggregatesAdminNegativeTestJSON-1496979113 tempest-AggregatesAdminNegativeTestJSON-1496979113-project-admin] Generated uuid b627d722-932b-4f69-a48f-ccc7854eaa7a for aggregate {{(pid=118217) create /opt/stack/nova/nova/objects/aggregate.py:298}}
Dec 22 18:22:54.967151 n-d-822750-1 devstack@n-api.service[118217]: INFO nova.api.openstack.requestlog [None req-ebc32799-8246-40a5-a874-5420d2580ef9 tempest-AggregatesAdminNegativeTestJSON-1496979113 tempest-AggregatesAdminNegativeTestJSON-1496979113-project-admin] 10.222.0.76 "POST /compute/v2.1/os-aggregates" status: 200 len: 199 microversion: 2.1 time: 0.137671
Dec 22 18:22:54.969004 n-d-822750-1 devstack@n-api.service[118217]: [pid: 118217|app: 0|req: 113/228] 10.222.0.76 () {60 vars in 1163 bytes} [Wed Dec 22 18:22:54 2021] POST /compute/v2.1/os-aggregates => generated 199 bytes in 140 msecs (HTTP/1.1 200) 9 headers in 357 bytes (1 switches on core 0)
Dec 22 18:22:54.980787 n-d-822750-1 devstack@n-api.service[118218]: DEBUG nova.api.openstack.wsgi [None req-bac284c0-6b23-4851-9ab4-92d2dc7205f7 tempest-AggregatesAdminNegativeTestJSON-1952522618 tempest-AggregatesAdminNegativeTestJSON-1952522618-project] Calling method '>' {{(pid=118218) _process_stack /opt/stack/nova/nova/api/openstack/wsgi.py:513}}
Dec 22 18:22:54.981652 n-d-822750-1 devstack@n-api.service[118218]: /usr/local/lib/python3.8/dist-packages/oslo_policy/policy.py:1119: UserWarning: Policy "os_compute_api:os-aggregates:delete": "rule:system_admin_api" failed scope check. The token used to make the request was project scoped but the policy requires ['system'] scope. This behavior may change in the future where using the intended scope is required
Dec 22 18:22:54.981652 n-d-822750-1 devstack@n-api.service[118218]: warnings.warn(msg)
Dec 22 18:22:54.982696 n-d-822750-1 devstack@n-api.service[118218]: DEBUG nova.policy [None req-bac284c0-6b23-4851-9ab4-92d2dc7205f7 tempest-AggregatesAdminNegativeTestJSON-1952522618 tempest-AggregatesAdminNegativeTestJSON-1952522618-project] Policy check for os_compute_api:os-aggregates:delete failed with credentials {'is_admin': False, 'user_id': 'ece915542b6b4155823567d0f2a3fa89', 'user_domain_id': 'default', 'system_scope': None, 'domain_id': None, 'project_id': '5c799505382e4e999af65ab0de4c86d4', 'project_domain_id': 'default', 'roles': ['reader', 'member'], 'is_admin_project': True, 'service_user_id': None, 'service_user_domain_id': None, 'service_project_id': None, 'service_project_domain_id': None, 'service_roles': []} {{(pid=118218) authorize /opt/stack/nova/nova/policy.py:199}}
Dec 22 18:22:54.983338 n-d-822750-1 devstack@n-api.service[118218]: DEBUG nova.api.openstack.wsgi [None req-bac284c0-6b23-4851-9ab4-92d2dc7205f7 tempest-AggregatesAdminNegativeTestJSON-1952522618 tempest-AggregatesAdminNegativeTestJSON-1952522618-project] Returning 403 to user: Policy doesn't allow os_compute_api:os-aggregates:delete to be performed. {{(pid=118218) __call__ /opt/stack/nova/nova/api/openstack/wsgi.py:936}}
Dec 22 18:22:54.985335 n-d-822750-1 devstack@n-api.service[118218]: INFO nova.api.openstack.requestlog [None req-bac284c0-6b23-4851-9ab4-92d2dc7205f7 tempest-AggregatesAdminNegativeTestJSON-1952522618 tempest-AggregatesAdminNegativeTestJSON-1952522618-project] 10.222.0.76 "DELETE /compute/v2.1/os-aggregates/15" status: 403 len: 116 microversion: 2.1 time: 0.007406
Dec 22 18:22:54.989179 n-d-822750-1 devstack@n-api.service[118218]: [pid: 118218|app: 0|req: 116/229] 10.222.0.76 () {58 vars in 1154 bytes} [Wed Dec 22 18:22:54 2021] DELETE /compute/v2.1/os-aggregates/15 => generated 116 bytes in 14 msecs (HTTP/1.1 403) 9 headers in 379 bytes (1 switches on core 0)
Dec 22 18:22:54.997881 n-d-822750-1 devstack@n-api.service[118217]: DEBUG nova.api.openstack.wsgi [None req-07f9291c-2764-4a5a-8bd3-ed35c764dbd1 tempest-AggregatesAdminNegativeTestJSON-1496979113 tempest-AggregatesAdminNegativeTestJSON-1496979113-project-admin] Calling method '>' {{(pid=118217) _process_stack /opt/stack/nova/nova/api/openstack/wsgi.py:513}}
Dec 22 18:22:54.998799 n-d-822750-1 devstack@n-api.service[118217]: /usr/local/lib/python3.8/dist-packages/oslo_policy/policy.py:1119: UserWarning: Policy "os_compute_api:os-aggregates:delete": "rule:system_admin_api" failed scope check. The token used to make the request was project scoped but the policy requires ['system'] scope. This behavior may change in the future where using the intended scope is required
Dec 22 18:22:54.998799 n-d-822750-1 devstack@n-api.service[118217]: warnings.warn(msg)
Dec 22 18:22:55.166410 n-d-822750-1 devstack@n-api.service[118217]: INFO nova.api.openstack.requestlog [None req-07f9291c-2764-4a5a-8bd3-ed35c764dbd1 tempest-AggregatesAdminNegativeTestJSON-1496979113 tempest-AggregatesAdminNegativeTestJSON-1496979113-project-admin] 10.222.0.76 "DELETE /compute/v2.1/os-aggregates/15" status: 200 len: 0 microversion: 2.1 time: 0.172173
Dec 22 18:22:55.167316 n-d-822750-1 devstack@n-api.service[118217]: [pid: 118217|app: 0|req: 114/230] 10.222.0.76 () {58 vars in 1154 bytes} [Wed Dec 22 18:22:54 2021] DELETE /compute/v2.1/os-aggregates/15 => generated 0 bytes in 176 msecs (HTTP/1.1 200) 9 headers in 355 bytes (1 switches on core 0)
Dec 22 18:22:55.182235 n-d-822750-1 devstack@n-api.service[118218]: DEBUG nova.api.openstack.wsgi [None req-e351de84-a7be-461a-9856-6897a8465cf2 tempest-AggregatesAdminNegativeTestJSON-1496979113 tempest-AggregatesAdminNegativeTestJSON-1496979113-project-admin] Calling method '>' {{(pid=118218) _process_stack /opt/stack/nova/nova/api/openstack/wsgi.py:513}}
Dec 22 18:22:55.201843 n-d-822750-1 devstack@n-api.service[118217]: DEBUG nova.api.openstack.wsgi [None req-cba2f995-750c-4779-953a-9acdc17b146c tempest-LiveAutoBlockMigrationV225Test-1620634374 tempest-LiveAutoBlockMigrationV225Test-1620634374-project] Calling method '>' {{(pid=118217) _process_stack /opt/stack/nova/nova/api/openstack/wsgi.py:513}}
Dec 22 18:22:55.208654 n-d-822750-1 devstack@n-api.service[118217]: DEBUG nova.compute.api [None req-cba2f995-750c-4779-953a-9acdc17b146c tempest-LiveAutoBlockMigrationV225Test-1620634374 tempest-LiveAutoBlockMigrationV225Test-1620634374-project] [instance: efb6be88-6cc0-4d2a-b57b-589664b30254] Fetching instance by UUID {{(pid=118217) get /opt/stack/nova/nova/compute/api.py:2865}}
Dec 22 18:22:55.225388 n-d-822750-1 devstack@n-api.service[118218]: INFO nova.api.openstack.wsgi [None req-e351de84-a7be-461a-9856-6897a8465cf2 tempest-AggregatesAdminNegativeTestJSON-1496979113 tempest-AggregatesAdminNegativeTestJSON-1496979113-project-admin] HTTP exception thrown: Aggregate -1 could not be found.
Dec 22 18:22:55.226905 n-d-822750-1 devstack@n-api.service[118217]: DEBUG oslo_concurrency.lockutils [None req-cba2f995-750c-4779-953a-9acdc17b146c tempest-LiveAutoBlockMigrationV225Test-1620634374 tempest-LiveAutoBlockMigrationV225Test-1620634374-project] Lock "dffa87f4-0bef-4e8c-851f-f2299432e10a" acquired by "nova.context.set_target_cell..get_or_set_cached_cell_and_set_connections" :: waited 0.000s {{(pid=118217) inner /usr/local/lib/python3.8/dist-packages/oslo_concurrency/lockutils.py:386}}
Dec 22 18:22:55.227334 n-d-822750-1 devstack@n-api.service[118218]: DEBUG nova.api.openstack.wsgi [None req-e351de84-a7be-461a-9856-6897a8465cf2 tempest-AggregatesAdminNegativeTestJSON-1496979113 tempest-AggregatesAdminNegativeTestJSON-1496979113-project-admin] Returning 404 to user: Aggregate -1 could not be found. {{(pid=118218) __call__ /opt/stack/nova/nova/api/openstack/wsgi.py:936}}
Dec 22 18:22:55.227452 n-d-822750-1 devstack@n-api.service[118217]: DEBUG oslo_concurrency.lockutils [None req-cba2f995-750c-4779-953a-9acdc17b146c tempest-LiveAutoBlockMigrationV225Test-1620634374 tempest-LiveAutoBlockMigrationV225Test-1620634374-project] Lock "dffa87f4-0bef-4e8c-851f-f2299432e10a" "released" by "nova.context.set_target_cell..get_or_set_cached_cell_and_set_connections" :: held 0.001s {{(pid=118217) inner /usr/local/lib/python3.8/dist-packages/oslo_concurrency/lockutils.py:400}}
Dec 22 18:22:55.228120 n-d-822750-1 devstack@n-api.service[118217]: DEBUG oslo_concurrency.lockutils [None req-cba2f995-750c-4779-953a-9acdc17b146c tempest-LiveAutoBlockMigrationV225Test-1620634374 tempest-LiveAutoBlockMigrationV225Test-1620634374-project] Lock "dffa87f4-0bef-4e8c-851f-f2299432e10a" acquired by "nova.context.set_target_cell..get_or_set_cached_cell_and_set_connections" :: waited 0.000s {{(pid=118217) inner /usr/local/lib/python3.8/dist-packages/oslo_concurrency/lockutils.py:386}}
Dec 22 18:22:55.228755 n-d-822750-1 devstack@n-api.service[118217]: DEBUG oslo_concurrency.lockutils [None req-cba2f995-750c-4779-953a-9acdc17b146c tempest-LiveAutoBlockMigrationV225Test-1620634374 tempest-LiveAutoBlockMigrationV225Test-1620634374-project] Lock "dffa87f4-0bef-4e8c-851f-f2299432e10a" "released" by "nova.context.set_target_cell..get_or_set_cached_cell_and_set_connections" :: held 0.001s {{(pid=118217) inner /usr/local/lib/python3.8/dist-packages/oslo_concurrency/lockutils.py:400}}
Dec 22 18:22:55.229007 n-d-822750-1 devstack@n-api.service[118218]: INFO nova.api.openstack.requestlog [None req-e351de84-a7be-461a-9856-6897a8465cf2 tempest-AggregatesAdminNegativeTestJSON-1496979113 tempest-AggregatesAdminNegativeTestJSON-1496979113-project-admin] 10.222.0.76 "DELETE /compute/v2.1/os-aggregates/-1" status: 404 len: 78 microversion: 2.1 time: 0.056303
Dec 22 18:22:55.230973 n-d-822750-1 devstack@n-api.service[118218]: [pid: 118218|app: 0|req: 117/231] 10.222.0.76 () {58 vars in 1154 bytes} [Wed Dec 22 18:22:55 2021] DELETE /compute/v2.1/os-aggregates/-1 => generated 78 bytes in 59 msecs (HTTP/1.1 404) 9 headers in 378 bytes (1 switches on core 0)
Dec 22 18:22:55.246873 n-d-822750-1 devstack@n-api.service[118218]: DEBUG nova.api.openstack.wsgi [None req-95b337ca-8fb4-4e6a-9153-1cbcc754fd14 tempest-AggregatesAdminNegativeTestJSON-1496979113 tempest-AggregatesAdminNegativeTestJSON-1496979113-project-admin] Action: 'create', calling method: >, body: {"aggregate": {"name": "tempest-test_aggregate-2068822449"}} {{(pid=118218) _process_stack /opt/stack/nova/nova/api/openstack/wsgi.py:511}}
Dec 22 18:22:55.248877 n-d-822750-1 devstack@n-api.service[118218]: /usr/local/lib/python3.8/dist-packages/oslo_policy/policy.py:1119: UserWarning: Policy "os_compute_api:os-aggregates:create": "rule:system_admin_api" failed scope check. The token used to make the request was project scoped but the policy requires ['system'] scope. This behavior may change in the future where using the intended scope is required
Dec 22 18:22:55.248877 n-d-822750-1 devstack@n-api.service[118218]: warnings.warn(msg)
Dec 22 18:22:55.251546 n-d-822750-1 devstack@n-api.service[118218]: DEBUG nova.objects.aggregate [None req-95b337ca-8fb4-4e6a-9153-1cbcc754fd14 tempest-AggregatesAdminNegativeTestJSON-1496979113 tempest-AggregatesAdminNegativeTestJSON-1496979113-project-admin] Generated uuid a87d82af-7121-4895-883b-51bfe258574d for aggregate {{(pid=118218) create /opt/stack/nova/nova/objects/aggregate.py:298}}
Dec 22 18:22:55.390564 n-d-822750-1 devstack@n-api.service[118218]: INFO nova.api.openstack.requestlog [None req-95b337ca-8fb4-4e6a-9153-1cbcc754fd14 tempest-AggregatesAdminNegativeTestJSON-1496979113 tempest-AggregatesAdminNegativeTestJSON-1496979113-project-admin] 10.222.0.76 "POST /compute/v2.1/os-aggregates" status: 200 len: 199 microversion: 2.1 time: 0.153645
Dec 22 18:22:55.391291 n-d-822750-1 devstack@n-api.service[118218]: [pid: 118218|app: 0|req: 118/232] 10.222.0.76 () {60 vars in 1163 bytes} [Wed Dec 22 18:22:55 2021] POST /compute/v2.1/os-aggregates => generated 199 bytes in 155 msecs (HTTP/1.1 200) 9 headers in 357 bytes (1 switches on core 0)
Dec 22 18:22:55.404809 n-d-822750-1 devstack@n-api.service[118218]: DEBUG nova.api.openstack.wsgi [None req-457f2c78-745d-40f0-ba03-fd7803c38a2a tempest-AggregatesAdminNegativeTestJSON-1952522618 tempest-AggregatesAdminNegativeTestJSON-1952522618-project] Calling method '>' {{(pid=118218) _process_stack /opt/stack/nova/nova/api/openstack/wsgi.py:513}}
Dec 22 18:22:55.406662 n-d-822750-1 devstack@n-api.service[118218]: /usr/local/lib/python3.8/dist-packages/oslo_policy/policy.py:1119: UserWarning: Policy "os_compute_api:os-aggregates:show": "rule:system_reader_api" failed scope check. The token used to make the request was project scoped but the policy requires ['system'] scope. This behavior may change in the future where using the intended scope is required
Dec 22 18:22:55.406662 n-d-822750-1 devstack@n-api.service[118218]: warnings.warn(msg)
Dec 22 18:22:55.412332 n-d-822750-1 devstack@n-api.service[118218]: DEBUG nova.policy [None req-457f2c78-745d-40f0-ba03-fd7803c38a2a tempest-AggregatesAdminNegativeTestJSON-1952522618 tempest-AggregatesAdminNegativeTestJSON-1952522618-project] Policy check for os_compute_api:os-aggregates:show failed with credentials {'is_admin': False, 'user_id': 'ece915542b6b4155823567d0f2a3fa89', 'user_domain_id': 'default', 'system_scope': None, 'domain_id': None, 'project_id': '5c799505382e4e999af65ab0de4c86d4', 'project_domain_id': 'default', 'roles': ['reader', 'member'], 'is_admin_project': True, 'service_user_id': None, 'service_user_domain_id': None, 'service_project_id': None, 'service_project_domain_id': None, 'service_roles': []} {{(pid=118218) authorize /opt/stack/nova/nova/policy.py:199}}
Dec 22 18:22:55.412332 n-d-822750-1 devstack@n-api.service[118218]: DEBUG nova.api.openstack.wsgi [None req-457f2c78-745d-40f0-ba03-fd7803c38a2a tempest-AggregatesAdminNegativeTestJSON-1952522618 tempest-AggregatesAdminNegativeTestJSON-1952522618-project] Returning 403 to user: Policy doesn't allow os_compute_api:os-aggregates:show to be performed. {{(pid=118218) __call__ /opt/stack/nova/nova/api/openstack/wsgi.py:936}}
Dec 22 18:22:55.412332 n-d-822750-1 devstack@n-api.service[118218]: INFO nova.api.openstack.requestlog [None req-457f2c78-745d-40f0-ba03-fd7803c38a2a tempest-AggregatesAdminNegativeTestJSON-1952522618 tempest-AggregatesAdminNegativeTestJSON-1952522618-project] 10.222.0.76 "GET /compute/v2.1/os-aggregates/16" status: 403 len: 114 microversion: 2.1 time: 0.013284
Dec 22 18:22:55.412332 n-d-822750-1 devstack@n-api.service[118218]: [pid: 118218|app: 0|req: 119/233] 10.222.0.76 () {58 vars in 1151 bytes} [Wed Dec 22 18:22:55 2021] GET /compute/v2.1/os-aggregates/16 => generated 114 bytes in 15 msecs (HTTP/1.1 403) 9 headers in 379 bytes (1 switches on core 0)
Dec 22 18:22:55.432240 n-d-822750-1 devstack@n-api.service[118218]: DEBUG nova.api.openstack.wsgi [None req-82fc1fb2-a8d9-456e-a3f1-d120ffddb712 tempest-AggregatesAdminNegativeTestJSON-1496979113 tempest-AggregatesAdminNegativeTestJSON-1496979113-project-admin] Calling method '>' {{(pid=118218) _process_stack /opt/stack/nova/nova/api/openstack/wsgi.py:513}}
Dec 22 18:22:55.436616 n-d-822750-1 devstack@n-api.service[118218]: /usr/local/lib/python3.8/dist-packages/oslo_policy/policy.py:1119: UserWarning: Policy "os_compute_api:os-aggregates:delete": "rule:system_admin_api" failed scope check. The token used to make the request was project scoped but the policy requires ['system'] scope. This behavior may change in the future where using the intended scope is required
