Dec 23 11:54:41.176399 n-d-822749-2 neutron-server[109686]: DEBUG novaclient.v2.client [-] REQ: curl -g -i --cacert "/opt/stack/data/ca-bundle.pem" -X POST http://10.222.0.37/compute/v2.1/os-server-external-events -H "Accept: application/json" -H "Content-Type: application/json" -H "User-Agent: python-novaclient" -H "X-Auth-Token: {SHA256}ed7b7b4a63fb55f8570488e4b61483de88703b2f066e7ac622e88eca0186a904" -H "X-OpenStack-Nova-API-Version: 2.1" -H "X-OpenStack-Request-ID: req-0ccb0d72-ea65-48fe-990c-c568512ea07a" -d '{"events": [{"server_uuid": "4bae7c25-b9d8-42a9-b24c-42437adb5eaa", "name": "network-vif-plugged", "status": "completed", "tag": "bf7e1006-cdfd-4877-89f2-19f4dd072f32"}]}' {{(pid=109686) _http_log_request /usr/local/lib/python3.8/dist-packages/keystoneauth1/session.py:519}}
Dec 23 11:54:41.194591 n-d-822749-2 neutron-server[109685]: DEBUG neutron.api.rpc.handlers.resources_rpc [None req-953a33aa-81d9-4223-8630-172cdc9d6acf admin admin] Pushing event updated for resources: {'SecurityGroup': ['ID=f46b4de0-8bbc-4713-be98-80b8d68a7f3f,revision_number=1']} {{(pid=109685) push /opt/stack/neutron/neutron/api/rpc/handlers/resources_rpc.py:237}}
Dec 23 11:54:41.222801 n-d-822749-2 neutron-server[109686]: DEBUG neutron.plugins.ml2.db [None req-1e8f6066-69d9-4695-a9b0-edb36e64f75d None None] For port f062325c-750f-44c5-8850-2fbf8c195d4a, host n-d-822749-2, got binding levels [PortBindingLevel(driver='openvswitch',host='n-d-822749-2',level=0,port_id=f062325c-750f-44c5-8850-2fbf8c195d4a,segment=NetworkSegment(8c426f15-5de5-4f40-8e7e-8cd5fadd29c7),segment_id=8c426f15-5de5-4f40-8e7e-8cd5fadd29c7)] {{(pid=109686) get_binding_level_objs /opt/stack/neutron/neutron/plugins/ml2/db.py:74}}
Dec 23 11:54:41.236974 n-d-822749-2 neutron-server[109686]: DEBUG neutron_lib.callbacks.manager [None req-1e8f6066-69d9-4695-a9b0-edb36e64f75d None None] Publish callbacks ['neutron.plugins.ml2.plugin.SecurityGroupServerNotifierRpcMixin._notify_sg_on_port_change-568315', 'neutron.plugins.ml2.ovo_rpc._ObjectChangeHandler.handle_event-43990', 'neutron.api.rpc.agentnotifiers.dhcp_rpc_agent_api.DhcpAgentNotifyAPI._native_event_send_dhcp_notification-16282184', 'neutron.db.l3_db.L3RpcNotifierMixin._notify_gateway_port_ip_changed-8746659440433', 'neutron.db.l3_dvrscheduler_db._notify_l3_agent_port_update-8746658890981', 'neutron.db.l3_hascheduler_db._notify_l3_agent_ha_port_update-8746658890999'] for port, after_update {{(pid=109686) _notify_loop /usr/local/lib/python3.8/dist-packages/neutron_lib/callbacks/manager.py:175}}
Dec 23 11:54:41.268430 n-d-822749-2 neutron-server[109686]: DEBUG neutron.db.provisioning_blocks [None req-d5da9e0a-ed85-42ab-aa76-3cf3f49dbc94 None None] Provisioning complete for port f062325c-750f-44c5-8850-2fbf8c195d4a triggered by entity L2. {{(pid=109686) provisioning_complete /opt/stack/neutron/neutron/db/provisioning_blocks.py:139}}
Dec 23 11:54:41.268903 n-d-822749-2 neutron-server[109686]: DEBUG neutron_lib.callbacks.manager [None req-d5da9e0a-ed85-42ab-aa76-3cf3f49dbc94 None None] Publish callbacks ['neutron.plugins.ml2.plugin.Ml2Plugin._port_provisioned-546299'] for port, provisioning_complete {{(pid=109686) _notify_loop /usr/local/lib/python3.8/dist-packages/neutron_lib/callbacks/manager.py:175}}
Dec 23 11:54:41.276204 n-d-822749-2 neutron-server[109685]: DEBUG neutron_lib.callbacks.manager [None req-1be4907b-29f2-42fd-a7cf-6d941a411bef admin admin] Publish callbacks [] for security_group, before_delete {{(pid=109685) _notify_loop /usr/local/lib/python3.8/dist-packages/neutron_lib/callbacks/manager.py:175}}
Dec 23 11:54:41.306271 n-d-822749-2 neutron-server[109685]: DEBUG neutron_lib.callbacks.manager [None req-1be4907b-29f2-42fd-a7cf-6d941a411bef admin admin] Publish callbacks [] for security_group, precommit_delete {{(pid=109685) _notify_loop /usr/local/lib/python3.8/dist-packages/neutron_lib/callbacks/manager.py:175}}
Dec 23 11:54:41.365776 n-d-822749-2 neutron-server[109686]: DEBUG neutron.plugins.ml2.rpc [None req-6a1f0d59-507f-4869-8613-efe24a52b0fd None None] Device 4e91efc6-ed62-4a17-b1a7-a0e07ae6e75f details requested by agent hyperv_n-h1-822749-2 with host n-h1-822749-2 {{(pid=109686) get_device_details /opt/stack/neutron/neutron/plugins/ml2/rpc.py:102}}
Dec 23 11:54:41.384367 n-d-822749-2 neutron-server[109684]: INFO neutron.wsgi [req-858aa82a-b464-4b8d-944e-5342ee73135c req-79ff25fe-085c-4757-9d74-9c57dcfdf71a tempest-AggregatesAdminTestJSON-1254228014 tempest-AggregatesAdminTestJSON-1254228014-project] 10.222.0.37 "GET /v2.0/security-groups?id=e8e23577-6e5e-40a7-8f4f-870ebb2f6823&fields=id&fields=name HTTP/1.1" status: 200 len: 286 time: 0.2387178
Dec 23 11:54:41.434178 n-d-822749-2 neutron-server[109685]: DEBUG neutron_lib.callbacks.manager [None req-1be4907b-29f2-42fd-a7cf-6d941a411bef admin admin] Publish callbacks ['neutron.plugins.ml2.ovo_rpc._ObjectChangeHandler.handle_event-16422443'] for security_group, after_delete {{(pid=109685) _notify_loop /usr/local/lib/python3.8/dist-packages/neutron_lib/callbacks/manager.py:175}}
Dec 23 11:54:41.437669 n-d-822749-2 neutron-server[109685]: DEBUG neutron_lib.callbacks.manager [None req-1be4907b-29f2-42fd-a7cf-6d941a411bef admin admin] Publish callbacks [] for security_group, before_response {{(pid=109685) _notify_loop /usr/local/lib/python3.8/dist-packages/neutron_lib/callbacks/manager.py:175}}
Dec 23 11:54:41.441571 n-d-822749-2 neutron-server[109685]: INFO neutron.wsgi [None req-1be4907b-29f2-42fd-a7cf-6d941a411bef admin admin] 10.222.0.37 "DELETE /v2.0/security-groups/f46b4de0-8bbc-4713-be98-80b8d68a7f3f HTTP/1.1" status: 204 len: 168 time: 0.3092809
Dec 23 11:54:41.450457 n-d-822749-2 neutron-server[109685]: DEBUG neutron.api.rpc.handlers.resources_rpc [None req-1be4907b-29f2-42fd-a7cf-6d941a411bef admin admin] Pushing event deleted for resources: {'SecurityGroup': ['ID=f46b4de0-8bbc-4713-be98-80b8d68a7f3f,revision_number=None']} {{(pid=109685) push /opt/stack/neutron/neutron/api/rpc/handlers/resources_rpc.py:237}}
Dec 23 11:54:41.502393 n-d-822749-2 neutron-server[109686]: DEBUG neutron.api.rpc.handlers.resources_rpc [None req-1e8f6066-69d9-4695-a9b0-edb36e64f75d None None] Pushing event updated for resources: {'Port': ['ID=f062325c-750f-44c5-8850-2fbf8c195d4a,revision_number=3']} {{(pid=109686) push /opt/stack/neutron/neutron/api/rpc/handlers/resources_rpc.py:237}}
Dec 23 11:54:41.560589 n-d-822749-2 neutron-server[109687]: DEBUG neutron_lib.callbacks.manager [None req-3fd0c5a2-404a-4932-818e-2c88e88ad63c None None] Publish callbacks [] for port, precommit_update {{(pid=109687) _notify_loop /usr/local/lib/python3.8/dist-packages/neutron_lib/callbacks/manager.py:175}}
Dec 23 11:54:41.569558 n-d-822749-2 neutron-server[109687]: DEBUG neutron_lib.callbacks.manager [None req-3fd0c5a2-404a-4932-818e-2c88e88ad63c None None] Publish callbacks ['neutron.plugins.ml2.plugin.SecurityGroupServerNotifierRpcMixin._notify_sg_on_port_change-568315', 'neutron.plugins.ml2.ovo_rpc._ObjectChangeHandler.handle_event-43990', 'neutron.api.rpc.agentnotifiers.dhcp_rpc_agent_api.DhcpAgentNotifyAPI._native_event_send_dhcp_notification-16282184', 'neutron.db.l3_db.L3RpcNotifierMixin._notify_gateway_port_ip_changed-8746659440433', 'neutron.db.l3_dvrscheduler_db._notify_l3_agent_port_update-8746658890981', 'neutron.db.l3_hascheduler_db._notify_l3_agent_ha_port_update-8746658890999'] for port, after_update {{(pid=109687) _notify_loop /usr/local/lib/python3.8/dist-packages/neutron_lib/callbacks/manager.py:175}}
Dec 23 11:54:41.629923 n-d-822749-2 neutron-server[109687]: DEBUG neutron.api.rpc.handlers.resources_rpc [None req-e739acbc-72f3-40da-80c9-ec070f72a2ec None None] Pushing event updated for resources: {'Port': ['ID=59c50247-43eb-4921-8cb3-5266264adb3f,revision_number=2']} {{(pid=109687) push /opt/stack/neutron/neutron/api/rpc/handlers/resources_rpc.py:237}}
Dec 23 11:54:41.649465 n-d-822749-2 neutron-server[109686]: DEBUG neutron.db.provisioning_blocks [None req-c526dbde-7577-4007-9463-5fea9fb1e391 None None] Provisioning complete for port f062325c-750f-44c5-8850-2fbf8c195d4a triggered by entity DHCP. {{(pid=109686) provisioning_complete /opt/stack/neutron/neutron/db/provisioning_blocks.py:139}}
Dec 23 11:54:41.649972 n-d-822749-2 neutron-server[109686]: DEBUG neutron_lib.callbacks.manager [None req-c526dbde-7577-4007-9463-5fea9fb1e391 None None] Publish callbacks ['neutron.plugins.ml2.plugin.Ml2Plugin._port_provisioned-546299'] for port, provisioning_complete {{(pid=109686) _notify_loop /usr/local/lib/python3.8/dist-packages/neutron_lib/callbacks/manager.py:175}}
Dec 23 11:54:41.652744 n-d-822749-2 neutron-server[109687]: DEBUG neutron.plugins.ml2.managers [None req-3fd0c5a2-404a-4932-818e-2c88e88ad63c None None] Attempting to bind port 59c50247-43eb-4921-8cb3-5266264adb3f on host n-d-822749-2 for vnic_type normal with profile {{(pid=109687) bind_port /opt/stack/neutron/neutron/plugins/ml2/managers.py:795}}
Dec 23 11:54:41.653370 n-d-822749-2 neutron-server[109687]: DEBUG neutron.plugins.ml2.managers [None req-3fd0c5a2-404a-4932-818e-2c88e88ad63c None None] Attempting to bind port 59c50247-43eb-4921-8cb3-5266264adb3f by drivers openvswitch,hyperv on host n-d-822749-2 at level 0 using segments [{'id': '738a8758-0047-4521-a614-53f33f622d40', 'network_type': 'flat', 'physical_network': 'physnet1', 'segmentation_id': None, 'network_id': '419d1141-3d85-4368-a1b7-a0dbb8edab75'}] {{(pid=109687) _bind_port_level /opt/stack/neutron/neutron/plugins/ml2/managers.py:820}}
Dec 23 11:54:41.653947 n-d-822749-2 neutron-server[109687]: DEBUG neutron.plugins.ml2.drivers.mech_agent [None req-3fd0c5a2-404a-4932-818e-2c88e88ad63c None None] Attempting to bind port 59c50247-43eb-4921-8cb3-5266264adb3f on network 419d1141-3d85-4368-a1b7-a0dbb8edab75 {{(pid=109687) bind_port /opt/stack/neutron/neutron/plugins/ml2/drivers/mech_agent.py:91}}
Dec 23 11:54:41.663390 n-d-822749-2 neutron-server[109687]: DEBUG neutron.plugins.ml2.drivers.mech_agent [None req-3fd0c5a2-404a-4932-818e-2c88e88ad63c None None] Checking agent: {'id': 'dd298b92-717d-4bb0-aef2-1b6681a2fbfd', 'agent_type': 'Open vSwitch agent', 'binary': 'neutron-openvswitch-agent', 'topic': 'N/A', 'host': 'n-d-822749-2', 'admin_state_up': True, 'created_at': datetime.datetime(2021, 12, 23, 11, 44, 5), 'started_at': datetime.datetime(2021, 12, 23, 11, 44, 35), 'heartbeat_timestamp': datetime.datetime(2021, 12, 23, 11, 54, 35), 'description': None, 'resources_synced': None, 'availability_zone': None, 'alive': True, 'configurations': {'arp_responder_enabled': False, 'baremetal_smartnic': False, 'bridge_mappings': {'physnet1': 'br-data'}, 'datapath_type': 'system', 'devices': 0, 'enable_distributed_routing': False, 'extensions': [], 'in_distributed_mode': False, 'integration_bridge': 'br-int', 'l2_population': False, 'log_agent_heartbeats': False, 'ovs_capabilities': {'datapath_types': ['netdev', 'system'], 'iface_types': ['erspan', 'geneve', 'gre', 'internal', 'ip6erspan', 'ip6gre', 'lisp', 'patch', 'stt', 'system', 'tap', 'vxlan']}, 'ovs_hybrid_plug': False, 'resource_provider_bandwidths': {}, 'resource_provider_hypervisors': {'br-data': 'n-d-822749-2'}, 'resource_provider_inventory_defaults': {'allocation_ratio': 1.0, 'min_unit': 1, 'step_size': 1, 'reserved': 0}, 'resource_provider_packet_processing_inventory_defaults': {'allocation_ratio': 1.0, 'min_unit': 1, 'step_size': 1, 'reserved': 0}, 'resource_provider_packet_processing_with_direction': {}, 'resource_provider_packet_processing_without_direction': {}, 'tunnel_types': [], 'tunneling_ip': None, 'vhostuser_socket_dir': '/var/run/openvswitch'}, 'resource_versions': {'AddressGroup': '1.2', 'ConntrackHelper': '1.0', 'LocalIPAssociation': '1.0', 'Log': '1.0', 'Network': '1.1', 'Port': '1.7', 'PortForwarding': '1.2', 'QosPolicy': '1.10', 'SecurityGroup': '1.5', 'SecurityGroupRule': '1.2', 'SubPort': '1.0', 'Subnet': '1.1', 'Trunk': '1.1'}} {{(pid=109687) bind_port /opt/stack/neutron/neutron/plugins/ml2/drivers/mech_agent.py:110}}
Dec 23 11:54:41.664042 n-d-822749-2 neutron-server[109687]: DEBUG neutron.plugins.ml2.drivers.mech_agent [None req-3fd0c5a2-404a-4932-818e-2c88e88ad63c None None] Checking segment: {'id': '738a8758-0047-4521-a614-53f33f622d40', 'network_type': 'flat', 'physical_network': 'physnet1', 'segmentation_id': None, 'network_id': '419d1141-3d85-4368-a1b7-a0dbb8edab75'} for mappings: {'physnet1': 'br-data'} with network types: ['local', 'flat', 'vlan'] {{(pid=109687) check_segment_for_agent /opt/stack/neutron/neutron/plugins/ml2/drivers/mech_agent.py:371}}
Dec 23 11:54:41.664817 n-d-822749-2 neutron-server[109687]: DEBUG neutron_lib.callbacks.manager [None req-3fd0c5a2-404a-4932-818e-2c88e88ad63c None None] Publish callbacks [] for ovs_bridge_name, before_read {{(pid=109687) _notify_loop /usr/local/lib/python3.8/dist-packages/neutron_lib/callbacks/manager.py:175}}
Dec 23 11:54:41.665219 n-d-822749-2 neutron-server[109687]: DEBUG neutron.plugins.ml2.drivers.mech_agent [None req-3fd0c5a2-404a-4932-818e-2c88e88ad63c None None] Bound using segment: {'id': '738a8758-0047-4521-a614-53f33f622d40', 'network_type': 'flat', 'physical_network': 'physnet1', 'segmentation_id': None, 'network_id': '419d1141-3d85-4368-a1b7-a0dbb8edab75'} {{(pid=109687) bind_port /opt/stack/neutron/neutron/plugins/ml2/drivers/mech_agent.py:120}}
Dec 23 11:54:41.665699 n-d-822749-2 neutron-server[109687]: DEBUG neutron.plugins.ml2.managers [None req-3fd0c5a2-404a-4932-818e-2c88e88ad63c None None] Bound port: 59c50247-43eb-4921-8cb3-5266264adb3f, host: n-d-822749-2, vif_type: ovs, vif_details: {"connectivity": "l2", "port_filter": true, "ovs_hybrid_plug": false, "datapath_type": "system", "bridge_name": "br-int"}, binding_levels: [{'bound_driver': 'openvswitch', 'bound_segment': {'id': '738a8758-0047-4521-a614-53f33f622d40', 'network_type': 'flat', 'physical_network': 'physnet1', 'segmentation_id': None, 'network_id': '419d1141-3d85-4368-a1b7-a0dbb8edab75'}}] {{(pid=109687) _bind_port_level /opt/stack/neutron/neutron/plugins/ml2/managers.py:932}}
Dec 23 11:54:41.666106 n-d-822749-2 neutron-server[109687]: DEBUG neutron_lib.callbacks.manager [None req-3fd0c5a2-404a-4932-818e-2c88e88ad63c None None] Publish callbacks ['neutron.plugins.ml2.plugin.SecurityGroupDbMixin._ensure_default_security_group_handler-567862'] for port, before_update {{(pid=109687) _notify_loop /usr/local/lib/python3.8/dist-packages/neutron_lib/callbacks/manager.py:175}}
Dec 23 11:54:41.692176 n-d-822749-2 neutron-server[109684]: DEBUG neutron_lib.callbacks.manager [None req-24187a8d-fb3b-4020-be72-f6de531c4020 admin admin] Publish callbacks ['neutron.plugins.ml2.plugin.SecurityGroupDbMixin._ensure_default_security_group_handler-567862'] for port, before_create {{(pid=109684) _notify_loop /usr/local/lib/python3.8/dist-packages/neutron_lib/callbacks/manager.py:175}}
Dec 23 11:54:41.748998 n-d-822749-2 neutron-server[109687]: DEBUG neutron.plugins.ml2.db [None req-3fd0c5a2-404a-4932-818e-2c88e88ad63c None None] For port 59c50247-43eb-4921-8cb3-5266264adb3f, host n-d-822749-2, cleared binding levels {{(pid=109687) clear_binding_levels /opt/stack/neutron/neutron/plugins/ml2/db.py:87}}
Dec 23 11:54:41.751458 n-d-822749-2 neutron-server[109684]: DEBUG neutron.pecan_wsgi.hooks.policy_enforcement [req-1e05090f-c0df-4762-bdc7-ff773e8f07b3 req-3772b6cc-3e09-4770-966d-ad2674e5f739 tempest-DeleteServersAdminTestJSON-344400144 tempest-DeleteServersAdminTestJSON-344400144-project] Attributes excluded by policy engine: ['standard_attr_id', 'binding:profile', 'binding:host_id', 'binding:vif_type', 'binding:vif_details'] {{(pid=109684) _exclude_attributes_by_policy /opt/stack/neutron/neutron/pecan_wsgi/hooks/policy_enforcement.py:255}}
Dec 23 11:54:41.753292 n-d-822749-2 neutron-server[109684]: INFO neutron.wsgi [req-1e05090f-c0df-4762-bdc7-ff773e8f07b3 req-3772b6cc-3e09-4770-966d-ad2674e5f739 tempest-DeleteServersAdminTestJSON-344400144 tempest-DeleteServersAdminTestJSON-344400144-project] 10.222.0.37 "GET /v2.0/ports?device_id=4bae7c25-b9d8-42a9-b24c-42437adb5eaa HTTP/1.1" status: 200 len: 950 time: 0.2651231
Dec 23 11:54:41.762740 n-d-822749-2 neutron-server[109687]: DEBUG neutron.plugins.ml2.db [None req-3fd0c5a2-404a-4932-818e-2c88e88ad63c None None] For port 59c50247-43eb-4921-8cb3-5266264adb3f, host n-d-822749-2, set binding levels [PortBindingLevel(driver='openvswitch',host='n-d-822749-2',level=0,port_id=59c50247-43eb-4921-8cb3-5266264adb3f,segment=NetworkSegment(738a8758-0047-4521-a614-53f33f622d40),segment_id=738a8758-0047-4521-a614-53f33f622d40)] {{(pid=109687) set_binding_levels /opt/stack/neutron/neutron/plugins/ml2/db.py:59}}
Dec 23 11:54:41.778001 n-d-822749-2 neutron-server[109687]: DEBUG neutron_lib.callbacks.manager [None req-3fd0c5a2-404a-4932-818e-2c88e88ad63c None None] Publish callbacks ['neutron.plugins.ml2.plugin.SecurityGroupServerNotifierRpcMixin._notify_sg_on_port_change-568315', 'neutron.plugins.ml2.ovo_rpc._ObjectChangeHandler.handle_event-43990', 'neutron.api.rpc.agentnotifiers.dhcp_rpc_agent_api.DhcpAgentNotifyAPI._native_event_send_dhcp_notification-16282184', 'neutron.db.l3_db.L3RpcNotifierMixin._notify_gateway_port_ip_changed-8746659440433', 'neutron.db.l3_dvrscheduler_db._notify_l3_agent_port_update-8746658890981', 'neutron.db.l3_hascheduler_db._notify_l3_agent_ha_port_update-8746658890999'] for port, after_update {{(pid=109687) _notify_loop /usr/local/lib/python3.8/dist-packages/neutron_lib/callbacks/manager.py:175}}
Dec 23 11:54:41.795342 n-d-822749-2 neutron-server[109686]: DEBUG neutron.plugins.ml2.db [None req-6a1f0d59-507f-4869-8613-efe24a52b0fd None None] For port 4e91efc6-ed62-4a17-b1a7-a0e07ae6e75f, host n-h1-822749-2, got binding levels [PortBindingLevel(driver='hyperv',host='n-h1-822749-2',level=0,port_id=4e91efc6-ed62-4a17-b1a7-a0e07ae6e75f,segment=NetworkSegment(51dadc5a-8f61-451a-a230-85574a9ea735),segment_id=51dadc5a-8f61-451a-a230-85574a9ea735)] {{(pid=109686) get_binding_level_objs /opt/stack/neutron/neutron/plugins/ml2/db.py:74}}
Dec 23 11:54:41.828435 n-d-822749-2 neutron-server[109686]: DEBUG neutron.plugins.ml2.rpc [None req-6a1f0d59-507f-4869-8613-efe24a52b0fd None None] Returning: {'device': '4e91efc6-ed62-4a17-b1a7-a0e07ae6e75f', 'network_id': '37134ba4-d0dd-4a27-a467-5504e955e36d', 'port_id': '4e91efc6-ed62-4a17-b1a7-a0e07ae6e75f', 'mac_address': 'fa:16:3e:a7:52:37', 'admin_state_up': True, 'network_type': 'vlan', 'segmentation_id': 208, 'physical_network': 'physnet1', 'mtu': 1500, 'fixed_ips': [{'subnet_id': 'f179f189-e232-426d-94c4-937bd2de975c', 'ip_address': '172.20.0.12'}], 'device_owner': 'compute:nova', 'allowed_address_pairs': [], 'port_security_enabled': True, 'qos_policy_id': None, 'network_qos_policy_id': None, 'profile': {}, 'propagate_uplink_status': False} {{(pid=109686) _get_device_details /opt/stack/neutron/neutron/plugins/ml2/rpc.py:184}}
Dec 23 11:54:41.846041 n-d-822749-2 neutron-server[109684]: DEBUG neutron.pecan_wsgi.hooks.policy_enforcement [req-4e73e2ea-ce40-45e6-8d9c-de070b221407 req-b0ee1808-822c-497a-8df4-00f9f8ce8268 tempest-LiveAutoBlockMigrationV225Test-432300461 tempest-LiveAutoBlockMigrationV225Test-432300461-project] Attributes excluded by policy engine: ['standard_attr_id', 'binding:profile', 'binding:host_id', 'binding:vif_type', 'binding:vif_details'] {{(pid=109684) _exclude_attributes_by_policy /opt/stack/neutron/neutron/pecan_wsgi/hooks/policy_enforcement.py:255}}
Dec 23 11:54:41.847615 n-d-822749-2 neutron-server[109684]: INFO neutron.wsgi [req-4e73e2ea-ce40-45e6-8d9c-de070b221407 req-b0ee1808-822c-497a-8df4-00f9f8ce8268 tempest-LiveAutoBlockMigrationV225Test-432300461 tempest-LiveAutoBlockMigrationV225Test-432300461-project] 10.222.0.37 "GET /v2.0/ports?device_id=adbc54d0-2eb9-4046-b860-272915bc0b37 HTTP/1.1" status: 200 len: 944 time: 0.2067053
Dec 23 11:54:41.869550 n-d-822749-2 neutron-server[109687]: DEBUG neutron.db.l3_dvrscheduler_db [None req-3fd0c5a2-404a-4932-818e-2c88e88ad63c None None] Routers {'e2a3b14f-41ba-4ac1-92d2-a4a8aab2a813'} bound to L3 agent in host n-d-822749-2 {{(pid=109687) _get_router_ids_for_agent /opt/stack/neutron/neutron/db/l3_dvrscheduler_db.py:420}}
Dec 23 11:54:41.870170 n-d-822749-2 neutron-server[109687]: DEBUG neutron.db.l3_hamode_db [None req-3fd0c5a2-404a-4932-818e-2c88e88ad63c None None] neutron.services.l3_router.l3_router_plugin.L3RouterPlugin method get_ha_sync_data_for_host called with arguments (, 'n-d-822749-2', Agent(admin_state_up=True,agent_type='L3 agent',availability_zone='nova',binary='neutron-l3-agent',configurations={"agent_mode": "legacy", "ex_gw_ports": 2, "extensions": [], "floating_ips": 0, "handle_internal_only_routers": true, "interface_driver": "openvswitch", "interfaces": 1, "log_agent_heartbeats": false, "routers": 2},created_at=2021-12-23T11:44:02Z,description=,heartbeat_timestamp=2021-12-23T11:54:32Z,host='n-d-822749-2',id=4f0e0544-1f9b-49cb-b449-e8677099a907,load=0,resource_versions=,resources_synced=,started_at=2021-12-23T11:44:02Z,topic='l3_agent')) {'router_ids': ['e2a3b14f-41ba-4ac1-92d2-a4a8aab2a813'], 'active': True} {{(pid=109687) wrapper /usr/local/lib/python3.8/dist-packages/oslo_log/helpers.py:65}}
Dec 23 11:54:41.873560 n-d-822749-2 neutron-server[109687]: DEBUG neutron.api.rpc.handlers.resources_rpc [None req-e739acbc-72f3-40da-80c9-ec070f72a2ec None None] Pushing event updated for resources: {'Port': ['ID=59c50247-43eb-4921-8cb3-5266264adb3f,revision_number=3']} {{(pid=109687) push /opt/stack/neutron/neutron/api/rpc/handlers/resources_rpc.py:237}}
Dec 23 11:54:41.896521 n-d-822749-2 neutron-server[109686]: DEBUG neutron_lib.callbacks.manager [None req-6a1f0d59-507f-4869-8613-efe24a52b0fd None None] Publish callbacks ['neutron.plugins.ml2.plugin.SecurityGroupDbMixin._ensure_default_security_group_handler-567862'] for port, before_update {{(pid=109686) _notify_loop /usr/local/lib/python3.8/dist-packages/neutron_lib/callbacks/manager.py:175}}
Dec 23 11:54:41.928329 n-d-822749-2 neutron-server[109686]: DEBUG neutron.notifiers.nova [None req-6a1f0d59-507f-4869-8613-efe24a52b0fd None None] Ignoring state change previous_port_status: DOWN current_port_status: BUILD port_id 4e91efc6-ed62-4a17-b1a7-a0e07ae6e75f {{(pid=109686) record_port_status_changed /opt/stack/neutron/neutron/notifiers/nova.py:224}}
Dec 23 11:54:41.965242 n-d-822749-2 neutron-server[109684]: INFO neutron.wsgi [req-1e05090f-c0df-4762-bdc7-ff773e8f07b3 req-3c407222-d397-4db6-b9e7-5944ae364618 tempest-DeleteServersAdminTestJSON-344400144 tempest-DeleteServersAdminTestJSON-344400144-project] 10.222.0.37 "GET /v2.0/security-groups?id=3a654e13-e792-48d1-a69f-d7a6dbdf4ad5&fields=id&fields=name HTTP/1.1" status: 200 len: 286 time: 0.1807969
Dec 23 11:54:41.972159 n-d-822749-2 neutron-server[109686]: DEBUG neutron.plugins.ml2.db [None req-6a1f0d59-507f-4869-8613-efe24a52b0fd None None] For port 4e91efc6-ed62-4a17-b1a7-a0e07ae6e75f, host n-h1-822749-2, got binding levels [PortBindingLevel(driver='hyperv',host='n-h1-822749-2',level=0,port_id=4e91efc6-ed62-4a17-b1a7-a0e07ae6e75f,segment=NetworkSegment(51dadc5a-8f61-451a-a230-85574a9ea735),segment_id=51dadc5a-8f61-451a-a230-85574a9ea735)] {{(pid=109686) get_binding_level_objs /opt/stack/neutron/neutron/plugins/ml2/db.py:74}}
Dec 23 11:54:41.978753 n-d-822749-2 neutron-server[109685]: DEBUG neutron.wsgi [-] (109685) accepted ('10.222.0.37', 59556) {{(pid=109685) server /usr/local/lib/python3.8/dist-packages/eventlet/wsgi.py:1004}}
Dec 23 11:54:41.983818 n-d-822749-2 neutron-server[109686]: DEBUG neutron_lib.callbacks.manager [None req-6a1f0d59-507f-4869-8613-efe24a52b0fd None None] Publish callbacks ['neutron.plugins.ml2.plugin.SecurityGroupServerNotifierRpcMixin._notify_sg_on_port_change-568315', 'neutron.plugins.ml2.ovo_rpc._ObjectChangeHandler.handle_event-43990', 'neutron.api.rpc.agentnotifiers.dhcp_rpc_agent_api.DhcpAgentNotifyAPI._native_event_send_dhcp_notification-16282184', 'neutron.db.l3_db.L3RpcNotifierMixin._notify_gateway_port_ip_changed-8746659440433', 'neutron.db.l3_dvrscheduler_db._notify_l3_agent_port_update-8746658890981', 'neutron.db.l3_hascheduler_db._notify_l3_agent_ha_port_update-8746658890999'] for port, after_update {{(pid=109686) _notify_loop /usr/local/lib/python3.8/dist-packages/neutron_lib/callbacks/manager.py:175}}
Dec 23 11:54:42.020535 n-d-822749-2 neutron-server[109685]: DEBUG neutron_lib.callbacks.manager [None req-eca8594d-8622-4617-8e26-0d35a7c43138 admin admin] Publish callbacks [] for security_group, before_create {{(pid=109685) _notify_loop /usr/local/lib/python3.8/dist-packages/neutron_lib/callbacks/manager.py:175}}
Dec 23 11:54:42.052385 n-d-822749-2 neutron-server[109684]: INFO neutron.wsgi [req-4e73e2ea-ce40-45e6-8d9c-de070b221407 req-1743cb2a-3a13-4c54-92ab-8884f644a945 tempest-LiveAutoBlockMigrationV225Test-432300461 tempest-LiveAutoBlockMigrationV225Test-432300461-project] 10.222.0.37 "GET /v2.0/security-groups?id=bb55b3d5-02f8-4f0b-9b88-2d45ace1f43f&fields=id&fields=name HTTP/1.1" status: 200 len: 286 time: 0.1951439
Dec 23 11:54:42.071715 n-d-822749-2 neutron-server[109687]: DEBUG neutron.db.l3_dvr_db [None req-3fd0c5a2-404a-4932-818e-2c88e88ad63c None None] Set router e2a3b14f-41ba-4ac1-92d2-a4a8aab2a813 gateway port host: n-d-822749-2 {{(pid=109687) _build_routers_list /opt/stack/neutron/neutron/db/l3_dvr_db.py:906}}
Dec 23 11:54:42.108594 n-d-822749-2 neutron-server[109686]: DEBUG neutron.api.rpc.handlers.resources_rpc [None req-6a1f0d59-507f-4869-8613-efe24a52b0fd None None] Pushing event updated for resources: {'Port': ['ID=4e91efc6-ed62-4a17-b1a7-a0e07ae6e75f,revision_number=4']} {{(pid=109686) push /opt/stack/neutron/neutron/api/rpc/handlers/resources_rpc.py:237}}
Dec 23 11:54:42.177702 n-d-822749-2 neutron-server[109684]: DEBUG neutron.db.db_base_plugin_common [None req-24187a8d-fb3b-4020-be72-f6de531c4020 admin admin] Allocated IP 172.20.0.1 (b4dfdd77-59fa-444e-a0d4-b4284861053a/24d44eac-ec15-4b5d-b321-4459ab0807a7/967ae9ad-0a0d-40cf-abb7-2f2af3e1c806) {{(pid=109684) _store_ip_allocation /opt/stack/neutron/neutron/db/db_base_plugin_common.py:131}}
Dec 23 11:54:42.204502 n-d-822749-2 neutron-server[109686]: DEBUG novaclient.v2.client [-] RESP: [200] Connection: close Content-Length: 183 Content-Type: application/json Date: Thu, 23 Dec 2021 11:54:41 GMT OpenStack-API-Version: compute 2.1 Server: Apache/2.4.41 (Ubuntu) Vary: OpenStack-API-Version,X-OpenStack-Nova-API-Version X-OpenStack-Nova-API-Version: 2.1 x-compute-request-id: req-6f192a3c-ffbe-46bf-b242-3a2c5ef003b7 x-openstack-request-id: req-6f192a3c-ffbe-46bf-b242-3a2c5ef003b7 {{(pid=109686) _http_log_response /usr/local/lib/python3.8/dist-packages/keystoneauth1/session.py:550}}
Dec 23 11:54:42.204816 n-d-822749-2 neutron-server[109686]: DEBUG novaclient.v2.client [-] RESP BODY: {"events": [{"server_uuid": "4bae7c25-b9d8-42a9-b24c-42437adb5eaa", "name": "network-vif-plugged", "status": "completed", "tag": "bf7e1006-cdfd-4877-89f2-19f4dd072f32", "code": 200}]} {{(pid=109686) _http_log_response /usr/local/lib/python3.8/dist-packages/keystoneauth1/session.py:582}}
Dec 23 11:54:42.205056 n-d-822749-2 neutron-server[109686]: DEBUG novaclient.v2.client [-] POST call to compute for http://10.222.0.37/compute/v2.1/os-server-external-events used request id req-6f192a3c-ffbe-46bf-b242-3a2c5ef003b7 {{(pid=109686) request /usr/local/lib/python3.8/dist-packages/keystoneauth1/session.py:954}}
Dec 23 11:54:42.205685 n-d-822749-2 neutron-server[109686]: INFO neutron.notifiers.nova [-] Nova event response: {'server_uuid': '4bae7c25-b9d8-42a9-b24c-42437adb5eaa', 'name': 'network-vif-plugged', 'status': 'completed', 'tag': 'bf7e1006-cdfd-4877-89f2-19f4dd072f32', 'code': 200}
Dec 23 11:54:42.207696 n-d-822749-2 neutron-server[109685]: DEBUG neutron_lib.callbacks.manager [None req-eca8594d-8622-4617-8e26-0d35a7c43138 admin admin] Publish callbacks [] for security_group, precommit_create {{(pid=109685) _notify_loop /usr/local/lib/python3.8/dist-packages/neutron_lib/callbacks/manager.py:175}}
Dec 23 11:54:42.218032 n-d-822749-2 neutron-server[109685]: DEBUG neutron_lib.callbacks.manager [None req-eca8594d-8622-4617-8e26-0d35a7c43138 admin admin] Publish callbacks ['neutron.plugins.ml2.ovo_rpc._ObjectChangeHandler.handle_event-16422443'] for security_group, after_create {{(pid=109685) _notify_loop /usr/local/lib/python3.8/dist-packages/neutron_lib/callbacks/manager.py:175}}
Dec 23 11:54:42.272166 n-d-822749-2 neutron-server[109685]: INFO neutron.wsgi [None req-eca8594d-8622-4617-8e26-0d35a7c43138 admin admin] 10.222.0.37 "GET /v2.0/security-groups?tenant_id=8afb75c40480435d972494d9cdada487&name=default HTTP/1.1" status: 200 len: 2996 time: 0.2913897
Dec 23 11:54:42.274618 n-d-822749-2 neutron-server[109685]: DEBUG neutron.wsgi [-] (109685) accepted ('10.222.0.37', 59562) {{(pid=109685) server /usr/local/lib/python3.8/dist-packages/eventlet/wsgi.py:1004}}
Dec 23 11:54:42.283335 n-d-822749-2 neutron-server[109685]: DEBUG neutron.api.rpc.handlers.resources_rpc [None req-eca8594d-8622-4617-8e26-0d35a7c43138 admin admin] Pushing event updated for resources: {'SecurityGroup': ['ID=988af4e5-cd10-46e2-8a15-5c7590219bd9,revision_number=1']} {{(pid=109685) push /opt/stack/neutron/neutron/api/rpc/handlers/resources_rpc.py:237}}
Dec 23 11:54:42.304099 n-d-822749-2 neutron-server[109686]: DEBUG neutron.plugins.ml2.db [None req-6a1f0d59-507f-4869-8613-efe24a52b0fd None None] get_ports_and_sgs() called for port_ids ['4e91efc6-ed62-4a17-b1a7-a0e07ae6e75f'] {{(pid=109686) get_ports_and_sgs /opt/stack/neutron/neutron/plugins/ml2/db.py:156}}
Dec 23 11:54:42.339148 n-d-822749-2 neutron-server[109685]: DEBUG neutron_lib.callbacks.manager [None req-3ee2424d-c13a-40e1-8077-bd00b95c8b3b admin admin] Publish callbacks [] for security_group, before_delete {{(pid=109685) _notify_loop /usr/local/lib/python3.8/dist-packages/neutron_lib/callbacks/manager.py:175}}
Dec 23 11:54:42.391028 n-d-822749-2 neutron-server[109685]: DEBUG neutron_lib.callbacks.manager [None req-3ee2424d-c13a-40e1-8077-bd00b95c8b3b admin admin] Publish callbacks [] for security_group, precommit_delete {{(pid=109685) _notify_loop /usr/local/lib/python3.8/dist-packages/neutron_lib/callbacks/manager.py:175}}
Dec 23 11:54:42.479605 n-d-822749-2 neutron-server[109685]: DEBUG neutron_lib.callbacks.manager [None req-3ee2424d-c13a-40e1-8077-bd00b95c8b3b admin admin] Publish callbacks ['neutron.plugins.ml2.ovo_rpc._ObjectChangeHandler.handle_event-16422443'] for security_group, after_delete {{(pid=109685) _notify_loop /usr/local/lib/python3.8/dist-packages/neutron_lib/callbacks/manager.py:175}}
Dec 23 11:54:42.483386 n-d-822749-2 neutron-server[109685]: DEBUG neutron_lib.callbacks.manager [None req-3ee2424d-c13a-40e1-8077-bd00b95c8b3b admin admin] Publish callbacks [] for security_group, before_response {{(pid=109685) _notify_loop /usr/local/lib/python3.8/dist-packages/neutron_lib/callbacks/manager.py:175}}
Dec 23 11:54:42.485770 n-d-822749-2 neutron-server[109685]: INFO neutron.wsgi [None req-3ee2424d-c13a-40e1-8077-bd00b95c8b3b admin admin] 10.222.0.37 "DELETE /v2.0/security-groups/988af4e5-cd10-46e2-8a15-5c7590219bd9 HTTP/1.1" status: 204 len: 168 time: 0.2089593
Dec 23 11:54:42.505056 n-d-822749-2 neutron-server[109685]: DEBUG neutron.api.rpc.handlers.resources_rpc [None req-3ee2424d-c13a-40e1-8077-bd00b95c8b3b admin admin] Pushing event deleted for resources: {'SecurityGroup': ['ID=988af4e5-cd10-46e2-8a15-5c7590219bd9,revision_number=None']} {{(pid=109685) push /opt/stack/neutron/neutron/api/rpc/handlers/resources_rpc.py:237}}
Dec 23 11:54:42.531735 n-d-822749-2 neutron-server[109684]: DEBUG neutron.pecan_wsgi.hooks.policy_enforcement [req-5bf4246d-aa37-4c6f-b1e7-678504f86562 req-76a1fdd4-159a-4ad9-a3fc-ee307695541a service neutron] Attributes excluded by policy engine: ['standard_attr_id'] {{(pid=109684) _exclude_attributes_by_policy /opt/stack/neutron/neutron/pecan_wsgi/hooks/policy_enforcement.py:255}}
Dec 23 11:54:42.533959 n-d-822749-2 neutron-server[109684]: INFO neutron.wsgi [req-5bf4246d-aa37-4c6f-b1e7-678504f86562 req-76a1fdd4-159a-4ad9-a3fc-ee307695541a service neutron] 10.222.0.48 "GET /v2.0/ports?device_id=4bae7c25-b9d8-42a9-b24c-42437adb5eaa HTTP/1.1" status: 200 len: 1101 time: 0.2149980
Dec 23 11:54:42.538575 n-d-822749-2 neutron-server[109687]: DEBUG neutron.db.l3_hamode_db [None req-3fd0c5a2-404a-4932-818e-2c88e88ad63c None None] neutron.services.l3_router.l3_router_plugin.L3RouterPlugin method _process_sync_ha_data called with arguments (, [{'id': 'e2a3b14f-41ba-4ac1-92d2-a4a8aab2a813', 'name': 'tempest-ServersWithSpecificFlavorTestJSON-1516694091-router', 'tenant_id': '4e1241f22d6743d1b88fa83023c3da43', 'admin_state_up': True, 'status': 'ACTIVE', 'external_gateway_info': {'network_id': '419d1141-3d85-4368-a1b7-a0dbb8edab75', 'external_fixed_ips': [{'subnet_id': 'a5be15cb-b541-41c4-aa09-75d27aa73a65', 'ip_address': '172.25.1.102'}], 'enable_snat': True}, 'gw_port_id': '59c50247-43eb-4921-8cb3-5266264adb3f', 'description': '', 'availability_zones': ['nova'], 'distributed': False, 'ha': False, 'ha_vr_id': 0, 'availability_zone_hints': [], 'routes': [], 'flavor_id': None, 'tags': [], 'created_at': '2021-12-23T11:54:36Z', 'updated_at': '2021-12-23T11:54:38Z', 'revision_number': 3, 'project_id': '4e1241f22d6743d1b88fa83023c3da43', 'gw_port': {'id': '59c50247-43eb-4921-8cb3-5266264adb3f', 'name': '', 'network_id': '419d1141-3d85-4368-a1b7-a0dbb8edab75', 'tenant_id': '', 'mac_address': 'fa:16:3e:85:09:27', 'admin_state_up': True, 'status': 'DOWN', 'device_id': 'e2a3b14f-41ba-4ac1-92d2-a4a8aab2a813', 'device_owner': 'network:router_gateway', 'standard_attr_id': 202, 'fixed_ips': [{'subnet_id': 'a5be15cb-b541-41c4-aa09-75d27aa73a65', 'ip_address': '172.25.1.102', 'prefixlen': 24}], 'allowed_address_pairs': [], 'extra_dhcp_opts': [], 'security_groups': [], 'description': '', 'binding:vnic_type': 'normal', 'binding:profile': {}, 'binding:host_id': 'n-d-822749-2', 'binding:vif_type': 'ovs', 'binding:vif_details': {'connectivity': 'l2', 'port_filter': True, 'ovs_hybrid_plug': False, 'datapath_type': 'system', 'bridge_name': 'br-int'}, 'port_security_enabled': False, 'tags': [], 'created_at': '2021-12-23T11:54:37Z', 'updated_at': '2021-12-23T11:54:41Z', 'revision_number': 3, 'project_id': '', 'subnets': [{'id': 'a5be15cb-b541-41c4-aa09-75d27aa73a65', 'cidr': '172.25.1.0/24', 'gateway_ip': '172.25.1.1', 'dns_nameservers': [], 'ipv6_ra_mode': None, 'subnetpool_id': None}], 'extra_subnets': [], 'address_scopes': {4: None, 6: None}, 'mtu': 1500}, 'enable_snat': True, 'gw_port_host': 'n-d-822749-2'}], 'n-d-822749-2', False) {} {{(pid=109687) wrapper /usr/local/lib/python3.8/dist-packages/oslo_log/helpers.py:65}}
Dec 23 11:54:42.591497 n-d-822749-2 neutron-server[109684]: DEBUG neutron_lib.callbacks.manager [None req-24187a8d-fb3b-4020-be72-f6de531c4020 admin admin] Publish callbacks [] for port, precommit_create {{(pid=109684) _notify_loop /usr/local/lib/python3.8/dist-packages/neutron_lib/callbacks/manager.py:175}}
Dec 23 11:54:42.623233 n-d-822749-2 neutron-server[109687]: DEBUG neutron.api.rpc.handlers.l3_rpc [None req-3fd0c5a2-404a-4932-818e-2c88e88ad63c None None] The sync data for ids ['e2a3b14f-41ba-4ac1-92d2-a4a8aab2a813'] in n-d-822749-2 is: [{'id': 'e2a3b14f-41ba-4ac1-92d2-a4a8aab2a813', 'name': 'tempest-ServersWithSpecificFlavorTestJSON-1516694091-router', 'tenant_id': '4e1241f22d6743d1b88fa83023c3da43', 'admin_state_up': True, 'status': 'ACTIVE', 'external_gateway_info': {'network_id': '419d1141-3d85-4368-a1b7-a0dbb8edab75', 'external_fixed_ips': [{'subnet_id': 'a5be15cb-b541-41c4-aa09-75d27aa73a65', 'ip_address': '172.25.1.102'}], 'enable_snat': True}, 'gw_port_id': '59c50247-43eb-4921-8cb3-5266264adb3f', 'description': '', 'availability_zones': ['nova'], 'distributed': False, 'ha': False, 'ha_vr_id': 0, 'availability_zone_hints': [], 'routes': [], 'flavor_id': None, 'tags': [], 'created_at': '2021-12-23T11:54:36Z', 'updated_at': '2021-12-23T11:54:38Z', 'revision_number': 3, 'project_id': '4e1241f22d6743d1b88fa83023c3da43', 'gw_port': {'id': '59c50247-43eb-4921-8cb3-5266264adb3f', 'name': '', 'network_id': '419d1141-3d85-4368-a1b7-a0dbb8edab75', 'tenant_id': '', 'mac_address': 'fa:16:3e:85:09:27', 'admin_state_up': True, 'status': 'DOWN', 'device_id': 'e2a3b14f-41ba-4ac1-92d2-a4a8aab2a813', 'device_owner': 'network:router_gateway', 'standard_attr_id': 202, 'fixed_ips': [{'subnet_id': 'a5be15cb-b541-41c4-aa09-75d27aa73a65', 'ip_address': '172.25.1.102', 'prefixlen': 24}], 'allowed_address_pairs': [], 'extra_dhcp_opts': [], 'security_groups': [], 'description': '', 'binding:vnic_type': 'normal', 'binding:profile': {}, 'binding:host_id': 'n-d-822749-2', 'binding:vif_type': 'ovs', 'binding:vif_details': {'connectivity': 'l2', 'port_filter': True, 'ovs_hybrid_plug': False, 'datapath_type': 'system', 'bridge_name': 'br-int'}, 'port_security_enabled': False, 'tags': [], 'created_at': '2021-12-23T11:54:37Z', 'updated_at': '2021-12-23T11:54:41Z', 'revision_number': 3, 'project_id': '', 'subnets': [{'id': 'a5be15cb-b541-41c4-aa09-75d27aa73a65', 'cidr': '172.25.1.0/24', 'gateway_ip': '172.25.1.1', 'dns_nameservers': [], 'ipv6_ra_mode': None, 'subnetpool_id': None}], 'extra_subnets': [], 'address_scopes': {4: None, 6: None}, 'mtu': 1500}, 'enable_snat': True, 'gw_port_host': 'n-d-822749-2'}] {{(pid=109687) sync_routers /opt/stack/neutron/neutron/api/rpc/handlers/l3_rpc.py:137}}
Dec 23 11:54:42.764661 n-d-822749-2 neutron-server[109684]: INFO neutron.wsgi [req-5bf4246d-aa37-4c6f-b1e7-678504f86562 req-c306b239-ce1f-4fe1-bfdd-271d83fc3b88 service neutron] 10.222.0.48 "GET /v2.0/security-groups?id=3a654e13-e792-48d1-a69f-d7a6dbdf4ad5&fields=id&fields=name HTTP/1.1" status: 200 len: 286 time: 0.2197757
Dec 23 11:54:42.828078 n-d-822749-2 neutron-server[109684]: DEBUG neutron.pecan_wsgi.hooks.policy_enforcement [req-99f7889f-0bbf-427a-866d-6b1b8aab1ed0 req-5a95bb55-53d3-44c0-bf1f-8a166f114045 tempest-AggregatesAdminTestJSON-1254228014 tempest-AggregatesAdminTestJSON-1254228014-project] Attributes excluded by policy engine: ['standard_attr_id', 'binding:profile', 'binding:host_id', 'binding:vif_type', 'binding:vif_details'] {{(pid=109684) _exclude_attributes_by_policy /opt/stack/neutron/neutron/pecan_wsgi/hooks/policy_enforcement.py:255}}
Dec 23 11:54:42.832685 n-d-822749-2 neutron-server[109685]: DEBUG neutron.wsgi [-] (109685) accepted ('10.222.0.37', 59572) {{(pid=109685) server /usr/local/lib/python3.8/dist-packages/eventlet/wsgi.py:1004}}
Dec 23 11:54:42.843436 n-d-822749-2 neutron-server[109684]: INFO neutron.wsgi [req-99f7889f-0bbf-427a-866d-6b1b8aab1ed0 req-5a95bb55-53d3-44c0-bf1f-8a166f114045 tempest-AggregatesAdminTestJSON-1254228014 tempest-AggregatesAdminTestJSON-1254228014-project] 10.222.0.37 "GET /v2.0/ports?device_id=cf434d25-004b-4b30-b6e2-72708b23e7b7 HTTP/1.1" status: 200 len: 970 time: 0.2409720
Dec 23 11:54:42.868908 n-d-822749-2 neutron-server[109686]: DEBUG neutron.plugins.ml2.rpc [None req-d5da9e0a-ed85-42ab-aa76-3cf3f49dbc94 None None] Device f062325c-750f-44c5-8850-2fbf8c195d4a up at agent ovs-agent-n-d-822749-2 {{(pid=109686) update_device_up /opt/stack/neutron/neutron/plugins/ml2/rpc.py:296}}
Dec 23 11:54:42.877754 n-d-822749-2 neutron-server[109684]: DEBUG neutron_lib.callbacks.manager [None req-24187a8d-fb3b-4020-be72-f6de531c4020 admin admin] Publish callbacks ['neutron.plugins.ml2.plugin.SecurityGroupServerNotifierRpcMixin._notify_sg_on_port_change-568315', 'neutron.plugins.ml2.ovo_rpc._ObjectChangeHandler.handle_event-43990', 'neutron.api.rpc.agentnotifiers.dhcp_rpc_agent_api.DhcpAgentNotifyAPI._native_event_send_dhcp_notification-16282184', 'neutron.db.l3_dvrscheduler_db._notify_l3_agent_new_port-8746658890963'] for port, after_create {{(pid=109684) _notify_loop /usr/local/lib/python3.8/dist-packages/neutron_lib/callbacks/manager.py:175}}
Dec 23 11:54:42.951860 n-d-822749-2 neutron-server[109684]: DEBUG neutron.scheduler.dhcp_agent_scheduler [None req-24187a8d-fb3b-4020-be72-f6de531c4020 admin admin] Network b4dfdd77-59fa-444e-a0d4-b4284861053a is already hosted by enough agents. {{(pid=109684) _get_dhcp_agents_hosting_network /opt/stack/neutron/neutron/scheduler/dhcp_agent_scheduler.py:275}}
Dec 23 11:54:42.953417 n-d-822749-2 neutron-server[109684]: DEBUG neutron.scheduler.base_scheduler [None req-24187a8d-fb3b-4020-be72-f6de531c4020 admin admin] Resources bound (agent type, host, resource id): {{(pid=109684) schedule /opt/stack/neutron/neutron/scheduler/base_scheduler.py:57}}
Dec 23 11:54:42.974697 n-d-822749-2 neutron-server[109684]: INFO neutron.wsgi [req-99f7889f-0bbf-427a-866d-6b1b8aab1ed0 req-8d4bdfac-d127-437b-8e6c-a9aa87d54641 tempest-AggregatesAdminTestJSON-1254228014 tempest-AggregatesAdminTestJSON-1254228014-project] 10.222.0.37 "GET /v2.0/security-groups?id=e8e23577-6e5e-40a7-8f4f-870ebb2f6823&fields=id&fields=name HTTP/1.1" status: 200 len: 286 time: 0.1302991
Dec 23 11:54:42.977170 n-d-822749-2 neutron-server[109684]: DEBUG neutron.db.l3_dvrscheduler_db [None req-24187a8d-fb3b-4020-be72-f6de531c4020 admin admin] Received port after_create {{(pid=109684) _notify_l3_agent_new_port /opt/stack/neutron/neutron/db/l3_dvrscheduler_db.py:535}}
Dec 23 11:54:42.977812 n-d-822749-2 neutron-server[109684]: DEBUG neutron_lib.callbacks.manager [None req-24187a8d-fb3b-4020-be72-f6de531c4020 admin admin] Publish callbacks ['neutron.services.l3_router.l3_router_plugin.DVRResourceOperationHandler._add_csnat_on_interface_create-16310492'] for router_interface, before_create {{(pid=109684) _notify_loop /usr/local/lib/python3.8/dist-packages/neutron_lib/callbacks/manager.py:175}}
Dec 23 11:54:43.068375 n-d-822749-2 neutron-server[109686]: DEBUG neutron.db.provisioning_blocks [None req-d5da9e0a-ed85-42ab-aa76-3cf3f49dbc94 None None] Provisioning complete for port f062325c-750f-44c5-8850-2fbf8c195d4a triggered by entity L2. {{(pid=109686) provisioning_complete /opt/stack/neutron/neutron/db/provisioning_blocks.py:139}}
Dec 23 11:54:43.068375 n-d-822749-2 neutron-server[109686]: DEBUG neutron_lib.callbacks.manager [None req-d5da9e0a-ed85-42ab-aa76-3cf3f49dbc94 None None] Publish callbacks ['neutron.plugins.ml2.plugin.Ml2Plugin._port_provisioned-546299'] for port, provisioning_complete {{(pid=109686) _notify_loop /usr/local/lib/python3.8/dist-packages/neutron_lib/callbacks/manager.py:175}}
Dec 23 11:54:43.132613 n-d-822749-2 neutron-server[109684]: DEBUG neutron.api.rpc.handlers.resources_rpc [None req-24187a8d-fb3b-4020-be72-f6de531c4020 admin admin] Pushing event updated for resources: {'Port': ['ID=967ae9ad-0a0d-40cf-abb7-2f2af3e1c806,revision_number=1']} {{(pid=109684) push /opt/stack/neutron/neutron/api/rpc/handlers/resources_rpc.py:237}}
Dec 23 11:54:43.215548 n-d-822749-2 neutron-server[109685]: DEBUG neutron_lib.callbacks.manager [None req-7d7cd918-357b-4d5d-a88f-71986dc5fd93 admin admin] Publish callbacks [] for security_group, before_create {{(pid=109685) _notify_loop /usr/local/lib/python3.8/dist-packages/neutron_lib/callbacks/manager.py:175}}
Dec 23 11:54:43.365192 n-d-822749-2 neutron-server[109686]: DEBUG neutron.plugins.ml2.rpc [None req-6a1f0d59-507f-4869-8613-efe24a52b0fd None None] Device 4e91efc6-ed62-4a17-b1a7-a0e07ae6e75f up at agent hyperv_n-h1-822749-2 {{(pid=109686) update_device_up /opt/stack/neutron/neutron/plugins/ml2/rpc.py:296}}
Dec 23 11:54:43.411614 n-d-822749-2 neutron-server[109685]: DEBUG neutron_lib.callbacks.manager [None req-7d7cd918-357b-4d5d-a88f-71986dc5fd93 admin admin] Publish callbacks [] for security_group, precommit_create {{(pid=109685) _notify_loop /usr/local/lib/python3.8/dist-packages/neutron_lib/callbacks/manager.py:175}}
Dec 23 11:54:43.419950 n-d-822749-2 neutron-server[109685]: DEBUG neutron_lib.callbacks.manager [None req-7d7cd918-357b-4d5d-a88f-71986dc5fd93 admin admin] Publish callbacks ['neutron.plugins.ml2.ovo_rpc._ObjectChangeHandler.handle_event-16422443'] for security_group, after_create {{(pid=109685) _notify_loop /usr/local/lib/python3.8/dist-packages/neutron_lib/callbacks/manager.py:175}}
Dec 23 11:54:43.451447 n-d-822749-2 neutron-server[109684]: DEBUG neutron.pecan_wsgi.hooks.policy_enforcement [req-5831431a-5a6c-4ed9-a681-bba601a7d3ba req-efee93c9-7952-484c-8262-30cc8ebaac09 tempest-DeleteServersAdminTestJSON-344400144 tempest-DeleteServersAdminTestJSON-344400144-project] Attributes excluded by policy engine: ['standard_attr_id', 'binding:profile', 'binding:host_id', 'binding:vif_type', 'binding:vif_details'] {{(pid=109684) _exclude_attributes_by_policy /opt/stack/neutron/neutron/pecan_wsgi/hooks/policy_enforcement.py:255}}
Dec 23 11:54:43.451447 n-d-822749-2 neutron-server[109684]: INFO neutron.wsgi [req-5831431a-5a6c-4ed9-a681-bba601a7d3ba req-efee93c9-7952-484c-8262-30cc8ebaac09 tempest-DeleteServersAdminTestJSON-344400144 tempest-DeleteServersAdminTestJSON-344400144-project] 10.222.0.37 "GET /v2.0/ports?device_id=4bae7c25-b9d8-42a9-b24c-42437adb5eaa HTTP/1.1" status: 200 len: 950 time: 0.1885583
Dec 23 11:54:43.457460 n-d-822749-2 neutron-server[109684]: DEBUG neutron_lib.callbacks.manager [None req-24187a8d-fb3b-4020-be72-f6de531c4020 admin admin] Publish callbacks ['neutron.plugins.ml2.plugin.SecurityGroupDbMixin._ensure_default_security_group_handler-567862'] for port, before_update {{(pid=109684) _notify_loop /usr/local/lib/python3.8/dist-packages/neutron_lib/callbacks/manager.py:175}}
Dec 23 11:54:43.460871 n-d-822749-2 neutron-server[109684]: DEBUG neutron.pecan_wsgi.hooks.policy_enforcement [req-5c0b6610-c813-4da7-83b4-4005da779c06 req-603865fb-4f52-45d5-8ce1-78383411e64f tempest-AggregatesAdminTestJSON-2126149418 tempest-AggregatesAdminTestJSON-2126149418-project-admin] Attributes excluded by policy engine: ['standard_attr_id'] {{(pid=109684) _exclude_attributes_by_policy /opt/stack/neutron/neutron/pecan_wsgi/hooks/policy_enforcement.py:255}}
Dec 23 11:54:43.462578 n-d-822749-2 neutron-server[109684]: INFO neutron.wsgi [req-5c0b6610-c813-4da7-83b4-4005da779c06 req-603865fb-4f52-45d5-8ce1-78383411e64f tempest-AggregatesAdminTestJSON-2126149418 tempest-AggregatesAdminTestJSON-2126149418-project-admin] 10.222.0.37 "GET /v2.0/ports?device_id=cf434d25-004b-4b30-b6e2-72708b23e7b7 HTTP/1.1" status: 200 len: 1121 time: 0.1850548
Dec 23 11:54:43.492157 n-d-822749-2 neutron-server[109685]: DEBUG neutron.api.rpc.handlers.resources_rpc [None req-7d7cd918-357b-4d5d-a88f-71986dc5fd93 admin admin] Pushing event updated for resources: {'SecurityGroup': ['ID=33b14852-c75d-4a38-831f-505ba5c2c56f,revision_number=1']} {{(pid=109685) push /opt/stack/neutron/neutron/api/rpc/handlers/resources_rpc.py:237}}
Dec 23 11:54:43.517269 n-d-822749-2 neutron-server[109684]: DEBUG neutron_lib.callbacks.manager [req-5c0b6610-c813-4da7-83b4-4005da779c06 req-05607e35-3863-4dc2-81ae-bf58d57d0434 tempest-AggregatesAdminTestJSON-2126149418 tempest-AggregatesAdminTestJSON-2126149418-project-admin] Publish callbacks [] for security_group, before_create {{(pid=109684) _notify_loop /usr/local/lib/python3.8/dist-packages/neutron_lib/callbacks/manager.py:175}}
Dec 23 11:54:43.521020 n-d-822749-2 neutron-server[109686]: DEBUG neutron.db.provisioning_blocks [None req-744f5310-b5dc-4d89-9743-b0b7eb4a0e93 None None] Provisioning complete for port 967ae9ad-0a0d-40cf-abb7-2f2af3e1c806 triggered by entity DHCP. {{(pid=109686) provisioning_complete /opt/stack/neutron/neutron/db/provisioning_blocks.py:139}}
Dec 23 11:54:43.521400 n-d-822749-2 neutron-server[109686]: DEBUG neutron_lib.callbacks.manager [None req-744f5310-b5dc-4d89-9743-b0b7eb4a0e93 None None] Publish callbacks ['neutron.plugins.ml2.plugin.Ml2Plugin._port_provisioned-546299'] for port, provisioning_complete {{(pid=109686) _notify_loop /usr/local/lib/python3.8/dist-packages/neutron_lib/callbacks/manager.py:175}}
Dec 23 11:54:43.550605 n-d-822749-2 neutron-server[109685]: INFO neutron.wsgi [None req-7d7cd918-357b-4d5d-a88f-71986dc5fd93 admin admin] 10.222.0.37 "GET /v2.0/security-groups?tenant_id=6816bc1518614938bd303bdfb2aef2a7&name=default HTTP/1.1" status: 200 len: 2996 time: 0.7161202
Dec 23 11:54:43.551771 n-d-822749-2 neutron-server[109685]: DEBUG neutron.wsgi [-] (109685) accepted ('10.222.0.37', 59596) {{(pid=109685) server /usr/local/lib/python3.8/dist-packages/eventlet/wsgi.py:1004}}
Dec 23 11:54:43.593174 n-d-822749-2 neutron-server[109686]: DEBUG neutron.db.provisioning_blocks [None req-6a1f0d59-507f-4869-8613-efe24a52b0fd None None] Provisioning for port 4e91efc6-ed62-4a17-b1a7-a0e07ae6e75f completed by entity L2. {{(pid=109686) provisioning_complete /opt/stack/neutron/neutron/db/provisioning_blocks.py:133}}
Dec 23 11:54:43.599511 n-d-822749-2 neutron-server[109686]: DEBUG neutron.db.provisioning_blocks [None req-6a1f0d59-507f-4869-8613-efe24a52b0fd None None] Provisioning complete for port 4e91efc6-ed62-4a17-b1a7-a0e07ae6e75f triggered by entity L2. {{(pid=109686) provisioning_complete /opt/stack/neutron/neutron/db/provisioning_blocks.py:139}}
Dec 23 11:54:43.600121 n-d-822749-2 neutron-server[109686]: DEBUG neutron_lib.callbacks.manager [None req-6a1f0d59-507f-4869-8613-efe24a52b0fd None None] Publish callbacks ['neutron.plugins.ml2.plugin.Ml2Plugin._port_provisioned-546299'] for port, provisioning_complete {{(pid=109686) _notify_loop /usr/local/lib/python3.8/dist-packages/neutron_lib/callbacks/manager.py:175}}
Dec 23 11:54:43.607323 n-d-822749-2 neutron-server[109684]: INFO neutron.wsgi [req-5831431a-5a6c-4ed9-a681-bba601a7d3ba req-d9737c65-eb0f-4abc-91b5-6cdcc4be9021 tempest-DeleteServersAdminTestJSON-344400144 tempest-DeleteServersAdminTestJSON-344400144-project] 10.222.0.37 "GET /v2.0/security-groups?id=3a654e13-e792-48d1-a69f-d7a6dbdf4ad5&fields=id&fields=name HTTP/1.1" status: 200 len: 286 time: 0.1358366
Dec 23 11:54:43.646653 n-d-822749-2 neutron-server[109686]: DEBUG neutron.plugins.ml2.plugin [None req-744f5310-b5dc-4d89-9743-b0b7eb4a0e93 None None] Port 967ae9ad-0a0d-40cf-abb7-2f2af3e1c806 cannot update to ACTIVE because it is not bound. {{(pid=109686) _port_provisioned /opt/stack/neutron/neutron/plugins/ml2/plugin.py:342}}
