Dec 23 11:54:07.651431 n-d-822749-2 devstack@n-api.service[124112]: DEBUG oslo_concurrency.lockutils [None req-351cce41-78e9-47ab-8134-6464be21acd2 tempest-DeleteServersAdminTestJSON-344400144 tempest-DeleteServersAdminTestJSON-344400144-project] Lock "00000000-0000-0000-0000-000000000000" "released" by "nova.context.set_target_cell..get_or_set_cached_cell_and_set_connections" :: held 0.001s {{(pid=124112) inner /usr/local/lib/python3.8/dist-packages/oslo_concurrency/lockutils.py:400}}
Dec 23 11:54:07.652459 n-d-822749-2 devstack@n-api.service[124112]: DEBUG oslo_concurrency.lockutils [None req-351cce41-78e9-47ab-8134-6464be21acd2 tempest-DeleteServersAdminTestJSON-344400144 tempest-DeleteServersAdminTestJSON-344400144-project] Lock "97e6736a-ecd4-4d34-a5c5-542400486b2f" acquired by "nova.context.set_target_cell..get_or_set_cached_cell_and_set_connections" :: waited 0.000s {{(pid=124112) inner /usr/local/lib/python3.8/dist-packages/oslo_concurrency/lockutils.py:386}}
Dec 23 11:54:07.652949 n-d-822749-2 devstack@n-api.service[124112]: DEBUG oslo_concurrency.lockutils [None req-351cce41-78e9-47ab-8134-6464be21acd2 tempest-DeleteServersAdminTestJSON-344400144 tempest-DeleteServersAdminTestJSON-344400144-project] Lock "97e6736a-ecd4-4d34-a5c5-542400486b2f" "released" by "nova.context.set_target_cell..get_or_set_cached_cell_and_set_connections" :: held 0.001s {{(pid=124112) inner /usr/local/lib/python3.8/dist-packages/oslo_concurrency/lockutils.py:400}}
Dec 23 11:54:07.659611 n-d-822749-2 devstack@n-api.service[124111]: INFO nova.api.openstack.requestlog [None req-920c0bf6-1ab8-45d1-9566-fd5e02595ea4 tempest-AggregatesAdminTestV241-1204377352 tempest-AggregatesAdminTestV241-1204377352-project-admin] 10.222.0.37 "POST /compute/v2.1/os-aggregates/1/action" status: 200 len: 314 microversion: 2.41 time: 0.345190
Dec 23 11:54:07.660459 n-d-822749-2 devstack@n-api.service[124111]: [pid: 124111|app: 0|req: 14/20] 10.222.0.37 () {62 vars in 1231 bytes} [Thu Dec 23 11:54:07 2021] POST /compute/v2.1/os-aggregates/1/action => generated 314 bytes in 347 msecs (HTTP/1.1 200) 9 headers in 359 bytes (1 switches on core 0)
Dec 23 11:54:07.667747 n-d-822749-2 devstack@n-api.service[124111]: DEBUG nova.api.openstack.wsgi [None req-6c77fa4e-b4a5-4e1e-8a1b-a2d174d985d2 tempest-FlavorsAccessTestJSON-790951125 tempest-FlavorsAccessTestJSON-790951125-project-admin] Action: 'action', calling method: >, body: {"removeTenantAccess": {"tenant": "07d99e469e1c4032b6aede10fe148b1e"}} {{(pid=124111) _process_stack /opt/stack/nova/nova/api/openstack/wsgi.py:511}}
Dec 23 11:54:07.669353 n-d-822749-2 devstack@n-api.service[124111]: /usr/local/lib/python3.8/dist-packages/oslo_policy/policy.py:1119: UserWarning: Policy "os_compute_api:os-flavor-access:remove_tenant_access": "rule:system_admin_api" failed scope check. The token used to make the request was project scoped but the policy requires ['system'] scope. This behavior may change in the future where using the intended scope is required
Dec 23 11:54:07.669353 n-d-822749-2 devstack@n-api.service[124111]: warnings.warn(msg)
Dec 23 11:54:07.689151 n-d-822749-2 devstack@n-api.service[124112]: DEBUG nova.quota [None req-351cce41-78e9-47ab-8134-6464be21acd2 tempest-DeleteServersAdminTestJSON-344400144 tempest-DeleteServersAdminTestJSON-344400144-project] Getting quotas for project d48b9c009ac74e75b1ff99edf29ddc65. Resources: {'ram', 'cores', 'instances'} {{(pid=124112) _get_quotas /opt/stack/nova/nova/quota.py:387}}
Dec 23 11:54:07.701092 n-d-822749-2 devstack@n-api.service[124112]: DEBUG nova.quota [None req-351cce41-78e9-47ab-8134-6464be21acd2 tempest-DeleteServersAdminTestJSON-344400144 tempest-DeleteServersAdminTestJSON-344400144-project] Getting quotas for user f0f0e8cd9d6b4ad4a04c3216765dba0d and project d48b9c009ac74e75b1ff99edf29ddc65. Resources: {'ram', 'cores', 'instances'} {{(pid=124112) _get_quotas /opt/stack/nova/nova/quota.py:377}}
Dec 23 11:54:07.714708 n-d-822749-2 devstack@n-api.service[124112]: DEBUG nova.compute.api [None req-351cce41-78e9-47ab-8134-6464be21acd2 tempest-DeleteServersAdminTestJSON-344400144 tempest-DeleteServersAdminTestJSON-344400144-project] Going to run 1 instances... {{(pid=124112) _provision_instances /opt/stack/nova/nova/compute/api.py:1350}}
Dec 23 11:54:07.716413 n-d-822749-2 devstack@n-api.service[124112]: DEBUG nova.compute.api [None req-351cce41-78e9-47ab-8134-6464be21acd2 tempest-DeleteServersAdminTestJSON-344400144 tempest-DeleteServersAdminTestJSON-344400144-project] [instance: 4bae7c25-b9d8-42a9-b24c-42437adb5eaa] block_device_mapping [BlockDeviceMapping(attachment_id=,boot_index=0,connection_info=None,created_at=,delete_on_termination=True,deleted=,deleted_at=,destination_type='local',device_name=None,device_type='disk',disk_bus=None,guest_format=None,id=,image_id='e3a7e76b-1772-4456-81d9-0e4148964c7d',instance=,instance_uuid=,no_device=False,snapshot_id=None,source_type='image',tag=None,updated_at=,uuid=,volume_id=None,volume_size=None,volume_type=None)] {{(pid=124112) _bdm_validate_set_size_and_instance /opt/stack/nova/nova/compute/api.py:1757}}
Dec 23 11:54:07.859375 n-d-822749-2 devstack@n-api.service[124112]: INFO nova.api.openstack.requestlog [None req-351cce41-78e9-47ab-8134-6464be21acd2 tempest-DeleteServersAdminTestJSON-344400144 tempest-DeleteServersAdminTestJSON-344400144-project] 10.222.0.37 "POST /compute/v2.1/servers" status: 202 len: 380 microversion: 2.1 time: 1.254956
Dec 23 11:54:07.862919 n-d-822749-2 devstack@n-api.service[124111]: INFO nova.api.openstack.requestlog [None req-6c77fa4e-b4a5-4e1e-8a1b-a2d174d985d2 tempest-FlavorsAccessTestJSON-790951125 tempest-FlavorsAccessTestJSON-790951125-project-admin] 10.222.0.37 "POST /compute/v2.1/flavors/1584326777/action" status: 200 len: 21 microversion: 2.1 time: 0.200405
Dec 23 11:54:07.863091 n-d-822749-2 devstack@n-api.service[124112]: [pid: 124112|app: 0|req: 7/21] 10.222.0.37 () {60 vars in 1146 bytes} [Thu Dec 23 11:54:06 2021] POST /compute/v2.1/servers => generated 380 bytes in 1259 msecs (HTTP/1.1 202) 10 headers in 451 bytes (1 switches on core 0)
Dec 23 11:54:07.869109 n-d-822749-2 devstack@n-api.service[124111]: [pid: 124111|app: 0|req: 15/22] 10.222.0.37 () {60 vars in 1199 bytes} [Thu Dec 23 11:54:07 2021] POST /compute/v2.1/flavors/1584326777/action => generated 21 bytes in 208 msecs (HTTP/1.1 200) 9 headers in 356 bytes (1 switches on core 0)
Dec 23 11:54:07.870150 n-d-822749-2 devstack@n-api.service[124112]: DEBUG nova.api.openstack.wsgi [None req-582071c8-2db1-43fa-bac4-03b45792b894 tempest-FlavorsV255TestJSON-1283887812 tempest-FlavorsV255TestJSON-1283887812-project-admin] Calling method '>' {{(pid=124112) _process_stack /opt/stack/nova/nova/api/openstack/wsgi.py:513}}
Dec 23 11:54:07.875219 n-d-822749-2 devstack@n-api.service[124111]: DEBUG nova.api.openstack.wsgi [None req-c7d056c5-38f0-491f-89b2-c6ba86b5522d tempest-HypervisorAdminUnderV252Test-1058655952 tempest-HypervisorAdminUnderV252Test-1058655952-project-admin] Calling method '.version_select at 0x7f4d4c159c10>' {{(pid=124111) _process_stack /opt/stack/nova/nova/api/openstack/wsgi.py:513}}
Dec 23 11:54:07.876235 n-d-822749-2 devstack@n-api.service[124112]: /usr/local/lib/python3.8/dist-packages/oslo_policy/policy.py:1119: UserWarning: Policy "os_compute_api:os-flavor-manage:delete": "rule:system_admin_api" failed scope check. The token used to make the request was project scoped but the policy requires ['system'] scope. This behavior may change in the future where using the intended scope is required
Dec 23 11:54:07.876235 n-d-822749-2 devstack@n-api.service[124112]: warnings.warn(msg)
Dec 23 11:54:07.876533 n-d-822749-2 devstack@n-api.service[124111]: /usr/local/lib/python3.8/dist-packages/oslo_policy/policy.py:1119: UserWarning: Policy "os_compute_api:os-hypervisors:search": "rule:system_reader_api" failed scope check. The token used to make the request was project scoped but the policy requires ['system'] scope. This behavior may change in the future where using the intended scope is required
Dec 23 11:54:07.876533 n-d-822749-2 devstack@n-api.service[124111]: warnings.warn(msg)
Dec 23 11:54:07.879255 n-d-822749-2 devstack@n-api.service[124111]: DEBUG oslo_concurrency.lockutils [None req-c7d056c5-38f0-491f-89b2-c6ba86b5522d tempest-HypervisorAdminUnderV252Test-1058655952 tempest-HypervisorAdminUnderV252Test-1058655952-project-admin] Lock "97e6736a-ecd4-4d34-a5c5-542400486b2f" acquired by "nova.context.set_target_cell..get_or_set_cached_cell_and_set_connections" :: waited 0.000s {{(pid=124111) inner /usr/local/lib/python3.8/dist-packages/oslo_concurrency/lockutils.py:386}}
Dec 23 11:54:07.879717 n-d-822749-2 devstack@n-api.service[124111]: DEBUG oslo_concurrency.lockutils [None req-c7d056c5-38f0-491f-89b2-c6ba86b5522d tempest-HypervisorAdminUnderV252Test-1058655952 tempest-HypervisorAdminUnderV252Test-1058655952-project-admin] Lock "97e6736a-ecd4-4d34-a5c5-542400486b2f" "released" by "nova.context.set_target_cell..get_or_set_cached_cell_and_set_connections" :: held 0.001s {{(pid=124111) inner /usr/local/lib/python3.8/dist-packages/oslo_concurrency/lockutils.py:400}}
Dec 23 11:54:07.907860 n-d-822749-2 devstack@n-api.service[124111]: DEBUG oslo_concurrency.lockutils [None req-c7d056c5-38f0-491f-89b2-c6ba86b5522d tempest-HypervisorAdminUnderV252Test-1058655952 tempest-HypervisorAdminUnderV252Test-1058655952-project-admin] Lock "97e6736a-ecd4-4d34-a5c5-542400486b2f" acquired by "nova.context.set_target_cell..get_or_set_cached_cell_and_set_connections" :: waited 0.000s {{(pid=124111) inner /usr/local/lib/python3.8/dist-packages/oslo_concurrency/lockutils.py:386}}
Dec 23 11:54:07.908661 n-d-822749-2 devstack@n-api.service[124111]: DEBUG oslo_concurrency.lockutils [None req-c7d056c5-38f0-491f-89b2-c6ba86b5522d tempest-HypervisorAdminUnderV252Test-1058655952 tempest-HypervisorAdminUnderV252Test-1058655952-project-admin] Lock "97e6736a-ecd4-4d34-a5c5-542400486b2f" "released" by "nova.context.set_target_cell..get_or_set_cached_cell_and_set_connections" :: held 0.001s {{(pid=124111) inner /usr/local/lib/python3.8/dist-packages/oslo_concurrency/lockutils.py:400}}
Dec 23 11:54:07.916790 n-d-822749-2 devstack@n-api.service[124111]: INFO nova.api.openstack.requestlog [None req-c7d056c5-38f0-491f-89b2-c6ba86b5522d tempest-HypervisorAdminUnderV252Test-1058655952 tempest-HypervisorAdminUnderV252Test-1058655952-project-admin] 10.222.0.37 "GET /compute/v2.1/os-hypervisors/n-h2-822749-2/search" status: 200 len: 104 microversion: 2.1 time: 0.045717
Dec 23 11:54:07.917568 n-d-822749-2 devstack@n-api.service[124111]: [pid: 124111|app: 0|req: 16/23] 10.222.0.37 () {58 vars in 1208 bytes} [Thu Dec 23 11:54:07 2021] GET /compute/v2.1/os-hypervisors/n-h2-822749-2/search => generated 104 bytes in 48 msecs (HTTP/1.1 200) 9 headers in 357 bytes (1 switches on core 0)
Dec 23 11:54:07.942214 n-d-822749-2 devstack@n-api.service[124111]: DEBUG nova.api.openstack.wsgi [None req-cf99bc5e-e127-4eec-8844-c000418b4b6d tempest-AggregatesAdminTestV241-1204377352 tempest-AggregatesAdminTestV241-1204377352-project-admin] Action: 'action', calling method: >, body: {"remove_host": {"host": "n-h2-822749-2"}} {{(pid=124111) _process_stack /opt/stack/nova/nova/api/openstack/wsgi.py:511}}
Dec 23 11:54:07.948235 n-d-822749-2 devstack@n-api.service[124111]: /usr/local/lib/python3.8/dist-packages/oslo_policy/policy.py:1119: UserWarning: Policy "os_compute_api:os-aggregates:remove_host": "rule:system_admin_api" failed scope check. The token used to make the request was project scoped but the policy requires ['system'] scope. This behavior may change in the future where using the intended scope is required
Dec 23 11:54:07.948235 n-d-822749-2 devstack@n-api.service[124111]: warnings.warn(msg)
Dec 23 11:54:07.962331 n-d-822749-2 devstack@n-api.service[124111]: DEBUG oslo_concurrency.lockutils [None req-cf99bc5e-e127-4eec-8844-c000418b4b6d tempest-AggregatesAdminTestV241-1204377352 tempest-AggregatesAdminTestV241-1204377352-project-admin] Lock "97e6736a-ecd4-4d34-a5c5-542400486b2f" acquired by "nova.context.set_target_cell..get_or_set_cached_cell_and_set_connections" :: waited 0.000s {{(pid=124111) inner /usr/local/lib/python3.8/dist-packages/oslo_concurrency/lockutils.py:386}}
Dec 23 11:54:07.963899 n-d-822749-2 devstack@n-api.service[124111]: DEBUG oslo_concurrency.lockutils [None req-cf99bc5e-e127-4eec-8844-c000418b4b6d tempest-AggregatesAdminTestV241-1204377352 tempest-AggregatesAdminTestV241-1204377352-project-admin] Lock "97e6736a-ecd4-4d34-a5c5-542400486b2f" "released" by "nova.context.set_target_cell..get_or_set_cached_cell_and_set_connections" :: held 0.002s {{(pid=124111) inner /usr/local/lib/python3.8/dist-packages/oslo_concurrency/lockutils.py:400}}
Dec 23 11:54:07.975245 n-d-822749-2 devstack@n-api.service[124112]: INFO nova.api.openstack.requestlog [None req-582071c8-2db1-43fa-bac4-03b45792b894 tempest-FlavorsV255TestJSON-1283887812 tempest-FlavorsV255TestJSON-1283887812-project-admin] 10.222.0.37 "DELETE /compute/v2.1/flavors/1186856548" status: 202 len: 0 microversion: 2.55 time: 0.110730
Dec 23 11:54:07.983244 n-d-822749-2 devstack@n-api.service[124112]: [pid: 124112|app: 0|req: 8/24] 10.222.0.37 () {60 vars in 1201 bytes} [Thu Dec 23 11:54:07 2021] DELETE /compute/v2.1/flavors/1186856548 => generated 0 bytes in 119 msecs (HTTP/1.1 202) 9 headers in 363 bytes (1 switches on core 0)
Dec 23 11:54:07.993097 n-d-822749-2 devstack@n-api.service[124112]: DEBUG nova.api.openstack.wsgi [None req-a36bf071-9fb0-4f36-934d-ec9c19a4d815 tempest-DeleteServersAdminTestJSON-344400144 tempest-DeleteServersAdminTestJSON-344400144-project] Calling method '>' {{(pid=124112) _process_stack /opt/stack/nova/nova/api/openstack/wsgi.py:513}}
Dec 23 11:54:07.994252 n-d-822749-2 devstack@n-api.service[124112]: DEBUG nova.compute.api [None req-a36bf071-9fb0-4f36-934d-ec9c19a4d815 tempest-DeleteServersAdminTestJSON-344400144 tempest-DeleteServersAdminTestJSON-344400144-project] [instance: 4bae7c25-b9d8-42a9-b24c-42437adb5eaa] Fetching instance by UUID {{(pid=124112) get /opt/stack/nova/nova/compute/api.py:2865}}
Dec 23 11:54:08.089760 n-d-822749-2 devstack@n-api.service[124112]: DEBUG nova.policy [None req-a36bf071-9fb0-4f36-934d-ec9c19a4d815 tempest-DeleteServersAdminTestJSON-344400144 tempest-DeleteServersAdminTestJSON-344400144-project] Policy check for os_compute_api:os-extended-server-attributes failed with credentials {'is_admin': False, 'user_id': 'f0f0e8cd9d6b4ad4a04c3216765dba0d', 'user_domain_id': 'default', 'system_scope': None, 'domain_id': None, 'project_id': 'd48b9c009ac74e75b1ff99edf29ddc65', 'project_domain_id': 'default', 'roles': ['member', 'reader'], 'is_admin_project': True, 'service_user_id': None, 'service_user_domain_id': None, 'service_project_id': None, 'service_project_domain_id': None, 'service_roles': []} {{(pid=124112) authorize /opt/stack/nova/nova/policy.py:199}}
Dec 23 11:54:08.092556 n-d-822749-2 devstack@n-api.service[124111]: INFO nova.api.openstack.requestlog [None req-cf99bc5e-e127-4eec-8844-c000418b4b6d tempest-AggregatesAdminTestV241-1204377352 tempest-AggregatesAdminTestV241-1204377352-project-admin] 10.222.0.37 "POST /compute/v2.1/os-aggregates/1/action" status: 200 len: 299 microversion: 2.41 time: 0.173023
Dec 23 11:54:08.099101 n-d-822749-2 devstack@n-api.service[124111]: [pid: 124111|app: 0|req: 17/25] 10.222.0.37 () {62 vars in 1231 bytes} [Thu Dec 23 11:54:07 2021] POST /compute/v2.1/os-aggregates/1/action => generated 299 bytes in 175 msecs (HTTP/1.1 200) 9 headers in 359 bytes (1 switches on core 0)
Dec 23 11:54:08.099268 n-d-822749-2 devstack@n-api.service[124111]: DEBUG nova.api.openstack.wsgi [None req-33f1afad-1c8e-4fd0-802d-ce8b11993f9e tempest-FlavorsAccessTestJSON-1260399305 tempest-FlavorsAccessTestJSON-1260399305-project] Calling method '>' {{(pid=124111) _process_stack /opt/stack/nova/nova/api/openstack/wsgi.py:513}}
Dec 23 11:54:08.106429 n-d-822749-2 devstack@n-api.service[124112]: INFO nova.api.openstack.requestlog [None req-a36bf071-9fb0-4f36-934d-ec9c19a4d815 tempest-DeleteServersAdminTestJSON-344400144 tempest-DeleteServersAdminTestJSON-344400144-project] 10.222.0.37 "GET /compute/v2.1/servers/4bae7c25-b9d8-42a9-b24c-42437adb5eaa" status: 200 len: 1219 microversion: 2.1 time: 0.121441
Dec 23 11:54:08.107047 n-d-822749-2 devstack@n-api.service[124112]: [pid: 124112|app: 0|req: 9/26] 10.222.0.37 () {58 vars in 1235 bytes} [Thu Dec 23 11:54:07 2021] GET /compute/v2.1/servers/4bae7c25-b9d8-42a9-b24c-42437adb5eaa => generated 1219 bytes in 123 msecs (HTTP/1.1 200) 9 headers in 358 bytes (1 switches on core 0)
Dec 23 11:54:08.112477 n-d-822749-2 devstack@n-api.service[124112]: DEBUG nova.api.openstack.wsgi [None req-42233b59-d4c0-4d0b-9129-34b1a45d2603 tempest-FlavorsV255TestJSON-1283887812 tempest-FlavorsV255TestJSON-1283887812-project-admin] Calling method '>' {{(pid=124112) _process_stack /opt/stack/nova/nova/api/openstack/wsgi.py:513}}
Dec 23 11:54:08.131393 n-d-822749-2 devstack@n-api.service[124111]: INFO nova.api.openstack.requestlog [None req-33f1afad-1c8e-4fd0-802d-ce8b11993f9e tempest-FlavorsAccessTestJSON-1260399305 tempest-FlavorsAccessTestJSON-1260399305-project] 10.222.0.37 "GET /compute/v2.1/flavors/detail" status: 200 len: 4991 microversion: 2.1 time: 0.036685
Dec 23 11:54:08.132007 n-d-822749-2 devstack@n-api.service[124111]: [pid: 124111|app: 0|req: 18/27] 10.222.0.37 () {58 vars in 1145 bytes} [Thu Dec 23 11:54:08 2021] GET /compute/v2.1/flavors/detail => generated 4991 bytes in 38 msecs (HTTP/1.1 200) 9 headers in 358 bytes (1 switches on core 0)
Dec 23 11:54:08.136662 n-d-822749-2 devstack@n-api.service[124111]: DEBUG nova.api.openstack.wsgi [None req-12571d9b-9224-4c5e-91d6-98157e6e6d96 tempest-AggregatesAdminTestV241-1204377352 tempest-AggregatesAdminTestV241-1204377352-project-admin] Calling method '>' {{(pid=124111) _process_stack /opt/stack/nova/nova/api/openstack/wsgi.py:513}}
Dec 23 11:54:08.137480 n-d-822749-2 devstack@n-api.service[124111]: /usr/local/lib/python3.8/dist-packages/oslo_policy/policy.py:1119: UserWarning: Policy "os_compute_api:os-aggregates:delete": "rule:system_admin_api" failed scope check. The token used to make the request was project scoped but the policy requires ['system'] scope. This behavior may change in the future where using the intended scope is required
Dec 23 11:54:08.137480 n-d-822749-2 devstack@n-api.service[124111]: warnings.warn(msg)
Dec 23 11:54:08.140585 n-d-822749-2 devstack@n-api.service[124112]: INFO nova.api.openstack.requestlog [None req-42233b59-d4c0-4d0b-9129-34b1a45d2603 tempest-FlavorsV255TestJSON-1283887812 tempest-FlavorsV255TestJSON-1283887812-project-admin] 10.222.0.37 "GET /compute/v2.1/flavors/detail" status: 200 len: 5285 microversion: 2.55 time: 0.032029
Dec 23 11:54:08.141451 n-d-822749-2 devstack@n-api.service[124112]: [pid: 124112|app: 0|req: 10/28] 10.222.0.37 () {60 vars in 1186 bytes} [Thu Dec 23 11:54:08 2021] GET /compute/v2.1/flavors/detail => generated 5285 bytes in 34 msecs (HTTP/1.1 200) 9 headers in 360 bytes (1 switches on core 0)
Dec 23 11:54:08.159123 n-d-822749-2 devstack@n-api.service[124112]: DEBUG nova.api.openstack.wsgi [None req-4b08dd9e-3e62-4a53-91d1-85e59e096a8e tempest-FlavorsAccessTestJSON-790951125 tempest-FlavorsAccessTestJSON-790951125-project-admin] Calling method '>' {{(pid=124112) _process_stack /opt/stack/nova/nova/api/openstack/wsgi.py:513}}
Dec 23 11:54:08.159957 n-d-822749-2 devstack@n-api.service[124112]: /usr/local/lib/python3.8/dist-packages/oslo_policy/policy.py:1119: UserWarning: Policy "os_compute_api:os-flavor-manage:delete": "rule:system_admin_api" failed scope check. The token used to make the request was project scoped but the policy requires ['system'] scope. This behavior may change in the future where using the intended scope is required
Dec 23 11:54:08.159957 n-d-822749-2 devstack@n-api.service[124112]: warnings.warn(msg)
Dec 23 11:54:08.179678 n-d-822749-2 devstack@n-api.service[124111]: INFO nova.api.openstack.requestlog [None req-12571d9b-9224-4c5e-91d6-98157e6e6d96 tempest-AggregatesAdminTestV241-1204377352 tempest-AggregatesAdminTestV241-1204377352-project-admin] 10.222.0.37 "DELETE /compute/v2.1/os-aggregates/1" status: 200 len: 0 microversion: 2.41 time: 0.046356
Dec 23 11:54:08.181663 n-d-822749-2 devstack@n-api.service[124112]: INFO nova.api.openstack.requestlog [None req-4b08dd9e-3e62-4a53-91d1-85e59e096a8e tempest-FlavorsAccessTestJSON-790951125 tempest-FlavorsAccessTestJSON-790951125-project-admin] 10.222.0.37 "DELETE /compute/v2.1/flavors/1584326777" status: 202 len: 0 microversion: 2.1 time: 0.038358
Dec 23 11:54:08.182301 n-d-822749-2 devstack@n-api.service[124112]: [pid: 124112|app: 0|req: 11/29] 10.222.0.37 () {58 vars in 1160 bytes} [Thu Dec 23 11:54:08 2021] DELETE /compute/v2.1/flavors/1584326777 => generated 0 bytes in 40 msecs (HTTP/1.1 202) 9 headers in 361 bytes (1 switches on core 0)
Dec 23 11:54:08.187152 n-d-822749-2 devstack@n-api.service[124111]: [pid: 124111|app: 0|req: 19/30] 10.222.0.37 () {60 vars in 1192 bytes} [Thu Dec 23 11:54:08 2021] DELETE /compute/v2.1/os-aggregates/1 => generated 0 bytes in 54 msecs (HTTP/1.1 200) 9 headers in 357 bytes (1 switches on core 0)
Dec 23 11:54:08.192639 n-d-822749-2 devstack@n-api.service[124112]: DEBUG nova.api.openstack.wsgi [None req-37b58ad7-ae1e-44df-ac61-d5bf446f2890 tempest-FlavorsAccessTestJSON-790951125 tempest-FlavorsAccessTestJSON-790951125-project-admin] Calling method '>' {{(pid=124112) _process_stack /opt/stack/nova/nova/api/openstack/wsgi.py:513}}
Dec 23 11:54:08.212171 n-d-822749-2 devstack@n-api.service[124112]: INFO nova.api.openstack.requestlog [None req-37b58ad7-ae1e-44df-ac61-d5bf446f2890 tempest-FlavorsAccessTestJSON-790951125 tempest-FlavorsAccessTestJSON-790951125-project-admin] 10.222.0.37 "GET /compute/v2.1/flavors/detail" status: 200 len: 4991 microversion: 2.1 time: 0.025604
Dec 23 11:54:08.212938 n-d-822749-2 devstack@n-api.service[124112]: [pid: 124112|app: 0|req: 12/31] 10.222.0.37 () {58 vars in 1145 bytes} [Thu Dec 23 11:54:08 2021] GET /compute/v2.1/flavors/detail => generated 4991 bytes in 27 msecs (HTTP/1.1 200) 9 headers in 358 bytes (1 switches on core 0)
Dec 23 11:54:08.226341 n-d-822749-2 devstack@n-api.service[124111]: DEBUG nova.api.openstack.wsgi [None req-d92ba6a6-4afc-419f-95d5-c3bc6346b8a4 tempest-AggregatesAdminTestJSON-2126149418 tempest-AggregatesAdminTestJSON-2126149418-project-admin] Action: 'create', calling method: >, body: {"aggregate": {"availability_zone": "tempest-test_az-835328180", "name": "tempest-test_aggregate-6053499"}} {{(pid=124111) _process_stack /opt/stack/nova/nova/api/openstack/wsgi.py:511}}
Dec 23 11:54:08.229540 n-d-822749-2 devstack@n-api.service[124112]: DEBUG nova.api.openstack.wsgi [None req-69bf6c99-e574-429c-bdf3-c011804dc06e tempest-FlavorsAccessTestJSON-790951125 tempest-FlavorsAccessTestJSON-790951125-project-admin] Action: 'create', calling method: >, body: {"flavor": {"ram": 512, "vcpus": 1, "disk": 10, "name": "tempest-FlavorsAccessTestJSON-flavor-1283560103", "id": 1127315930, "os-flavor-access:is_public": "False"}} {{(pid=124112) _process_stack /opt/stack/nova/nova/api/openstack/wsgi.py:511}}
Dec 23 11:54:08.231078 n-d-822749-2 devstack@n-api.service[124112]: /usr/local/lib/python3.8/dist-packages/oslo_policy/policy.py:1119: UserWarning: Policy "os_compute_api:os-flavor-manage:create": "rule:system_admin_api" failed scope check. The token used to make the request was project scoped but the policy requires ['system'] scope. This behavior may change in the future where using the intended scope is required
Dec 23 11:54:08.231078 n-d-822749-2 devstack@n-api.service[124112]: warnings.warn(msg)
Dec 23 11:54:08.251470 n-d-822749-2 devstack@n-api.service[124112]: INFO nova.api.openstack.requestlog [None req-69bf6c99-e574-429c-bdf3-c011804dc06e tempest-FlavorsAccessTestJSON-790951125 tempest-FlavorsAccessTestJSON-790951125-project-admin] 10.222.0.37 "POST /compute/v2.1/flavors" status: 200 len: 431 microversion: 2.1 time: 0.026663
Dec 23 11:54:08.253530 n-d-822749-2 devstack@n-api.service[124112]: [pid: 124112|app: 0|req: 13/32] 10.222.0.37 () {60 vars in 1146 bytes} [Thu Dec 23 11:54:08 2021] POST /compute/v2.1/flavors => generated 431 bytes in 29 msecs (HTTP/1.1 200) 9 headers in 357 bytes (1 switches on core 0)
Dec 23 11:54:08.254272 n-d-822749-2 devstack@n-api.service[124111]: /usr/local/lib/python3.8/dist-packages/oslo_policy/policy.py:1119: UserWarning: Policy "os_compute_api:os-aggregates:create": "rule:system_admin_api" failed scope check. The token used to make the request was project scoped but the policy requires ['system'] scope. This behavior may change in the future where using the intended scope is required
Dec 23 11:54:08.254272 n-d-822749-2 devstack@n-api.service[124111]: warnings.warn(msg)
Dec 23 11:54:08.255711 n-d-822749-2 devstack@n-api.service[124111]: DEBUG nova.objects.aggregate [None req-d92ba6a6-4afc-419f-95d5-c3bc6346b8a4 tempest-AggregatesAdminTestJSON-2126149418 tempest-AggregatesAdminTestJSON-2126149418-project-admin] Generated uuid 0fcde48a-48e5-40d0-b5ce-7e7fb344da4e for aggregate {{(pid=124111) create /opt/stack/nova/nova/objects/aggregate.py:298}}
Dec 23 11:54:08.270913 n-d-822749-2 devstack@n-api.service[124112]: DEBUG nova.api.openstack.wsgi [None req-01bde362-7809-430e-af93-a9e92e3c2cee tempest-FlavorsAccessTestJSON-790951125 tempest-FlavorsAccessTestJSON-790951125-project-admin] Calling method '>' {{(pid=124112) _process_stack /opt/stack/nova/nova/api/openstack/wsgi.py:513}}
Dec 23 11:54:08.271865 n-d-822749-2 devstack@n-api.service[124112]: /usr/local/lib/python3.8/dist-packages/oslo_policy/policy.py:1119: UserWarning: Policy "os_compute_api:os-flavor-access": "rule:system_reader_api" failed scope check. The token used to make the request was project scoped but the policy requires ['system'] scope. This behavior may change in the future where using the intended scope is required
Dec 23 11:54:08.271865 n-d-822749-2 devstack@n-api.service[124112]: warnings.warn(msg)
Dec 23 11:54:08.291495 n-d-822749-2 devstack@n-api.service[124111]: INFO nova.api.openstack.requestlog [None req-d92ba6a6-4afc-419f-95d5-c3bc6346b8a4 tempest-AggregatesAdminTestJSON-2126149418 tempest-AggregatesAdminTestJSON-2126149418-project-admin] 10.222.0.37 "POST /compute/v2.1/os-aggregates" status: 200 len: 218 microversion: 2.1 time: 0.068529
Dec 23 11:54:08.295035 n-d-822749-2 devstack@n-api.service[124111]: [pid: 124111|app: 0|req: 20/33] 10.222.0.37 () {60 vars in 1164 bytes} [Thu Dec 23 11:54:08 2021] POST /compute/v2.1/os-aggregates => generated 218 bytes in 73 msecs (HTTP/1.1 200) 9 headers in 357 bytes (1 switches on core 0)
Dec 23 11:54:08.300005 n-d-822749-2 devstack@n-api.service[124112]: INFO nova.api.openstack.requestlog [None req-01bde362-7809-430e-af93-a9e92e3c2cee tempest-FlavorsAccessTestJSON-790951125 tempest-FlavorsAccessTestJSON-790951125-project-admin] 10.222.0.37 "GET /compute/v2.1/flavors/1127315930/os-flavor-access" status: 200 len: 21 microversion: 2.1 time: 0.039357
Dec 23 11:54:08.300752 n-d-822749-2 devstack@n-api.service[124112]: [pid: 124112|app: 0|req: 14/34] 10.222.0.37 () {58 vars in 1208 bytes} [Thu Dec 23 11:54:08 2021] GET /compute/v2.1/flavors/1127315930/os-flavor-access => generated 21 bytes in 41 msecs (HTTP/1.1 200) 9 headers in 356 bytes (2 switches on core 0)
Dec 23 11:54:08.305169 n-d-822749-2 devstack@n-api.service[124111]: DEBUG nova.api.openstack.wsgi [None req-f6c83374-3a33-47ca-af57-fee946709aeb tempest-AggregatesAdminTestJSON-2126149418 tempest-AggregatesAdminTestJSON-2126149418-project-admin] Calling method '>' {{(pid=124111) _process_stack /opt/stack/nova/nova/api/openstack/wsgi.py:513}}
Dec 23 11:54:08.306407 n-d-822749-2 devstack@n-api.service[124111]: /usr/local/lib/python3.8/dist-packages/oslo_policy/policy.py:1119: UserWarning: Policy "os_compute_api:os-aggregates:index": "rule:system_reader_api" failed scope check. The token used to make the request was project scoped but the policy requires ['system'] scope. This behavior may change in the future where using the intended scope is required
Dec 23 11:54:08.306407 n-d-822749-2 devstack@n-api.service[124111]: warnings.warn(msg)
Dec 23 11:54:08.312471 n-d-822749-2 devstack@n-api.service[124112]: DEBUG nova.api.openstack.wsgi [None req-c33eccc2-6856-4ce1-aa32-47a429eee0b0 tempest-FlavorsAccessTestJSON-790951125 tempest-FlavorsAccessTestJSON-790951125-project-admin] Calling method '>' {{(pid=124112) _process_stack /opt/stack/nova/nova/api/openstack/wsgi.py:513}}
Dec 23 11:54:08.320159 n-d-822749-2 devstack@n-api.service[124111]: INFO nova.api.openstack.requestlog [None req-f6c83374-3a33-47ca-af57-fee946709aeb tempest-AggregatesAdminTestJSON-2126149418 tempest-AggregatesAdminTestJSON-2126149418-project-admin] 10.222.0.37 "GET /compute/v2.1/os-aggregates" status: 200 len: 298 microversion: 2.1 time: 0.019813
Dec 23 11:54:08.320883 n-d-822749-2 devstack@n-api.service[124111]: [pid: 124111|app: 0|req: 21/35] 10.222.0.37 () {58 vars in 1142 bytes} [Thu Dec 23 11:54:08 2021] GET /compute/v2.1/os-aggregates => generated 298 bytes in 22 msecs (HTTP/1.1 200) 9 headers in 357 bytes (1 switches on core 0)
Dec 23 11:54:08.332154 n-d-822749-2 devstack@n-api.service[124111]: DEBUG nova.api.openstack.wsgi [None req-32c42493-ba05-4b0f-9ade-faf91497efb9 tempest-AggregatesAdminTestJSON-2126149418 tempest-AggregatesAdminTestJSON-2126149418-project-admin] Action: 'action', calling method: >, body: {"add_host": {"host": "n-h2-822749-2"}} {{(pid=124111) _process_stack /opt/stack/nova/nova/api/openstack/wsgi.py:511}}
Dec 23 11:54:08.333493 n-d-822749-2 devstack@n-api.service[124111]: /usr/local/lib/python3.8/dist-packages/oslo_policy/policy.py:1119: UserWarning: Policy "os_compute_api:os-aggregates:add_host": "rule:system_admin_api" failed scope check. The token used to make the request was project scoped but the policy requires ['system'] scope. This behavior may change in the future where using the intended scope is required
Dec 23 11:54:08.333493 n-d-822749-2 devstack@n-api.service[124111]: warnings.warn(msg)
Dec 23 11:54:08.334117 n-d-822749-2 devstack@n-api.service[124112]: INFO nova.api.openstack.requestlog [None req-c33eccc2-6856-4ce1-aa32-47a429eee0b0 tempest-FlavorsAccessTestJSON-790951125 tempest-FlavorsAccessTestJSON-790951125-project-admin] 10.222.0.37 "DELETE /compute/v2.1/flavors/1127315930" status: 202 len: 0 microversion: 2.1 time: 0.026846
Dec 23 11:54:08.334708 n-d-822749-2 devstack@n-api.service[124112]: [pid: 124112|app: 0|req: 15/36] 10.222.0.37 () {58 vars in 1160 bytes} [Thu Dec 23 11:54:08 2021] DELETE /compute/v2.1/flavors/1127315930 => generated 0 bytes in 29 msecs (HTTP/1.1 202) 9 headers in 361 bytes (2 switches on core 0)
Dec 23 11:54:08.342700 n-d-822749-2 devstack@n-api.service[124112]: DEBUG nova.api.openstack.wsgi [None req-923e6eab-6321-4c7c-8263-24beed7dc792 tempest-FlavorsAccessTestJSON-790951125 tempest-FlavorsAccessTestJSON-790951125-project-admin] Calling method '>' {{(pid=124112) _process_stack /opt/stack/nova/nova/api/openstack/wsgi.py:513}}
Dec 23 11:54:08.352100 n-d-822749-2 devstack@n-api.service[124111]: DEBUG oslo_concurrency.lockutils [None req-32c42493-ba05-4b0f-9ade-faf91497efb9 tempest-AggregatesAdminTestJSON-2126149418 tempest-AggregatesAdminTestJSON-2126149418-project-admin] Lock "97e6736a-ecd4-4d34-a5c5-542400486b2f" acquired by "nova.context.set_target_cell..get_or_set_cached_cell_and_set_connections" :: waited 0.000s {{(pid=124111) inner /usr/local/lib/python3.8/dist-packages/oslo_concurrency/lockutils.py:386}}
Dec 23 11:54:08.353508 n-d-822749-2 devstack@n-api.service[124111]: DEBUG oslo_concurrency.lockutils [None req-32c42493-ba05-4b0f-9ade-faf91497efb9 tempest-AggregatesAdminTestJSON-2126149418 tempest-AggregatesAdminTestJSON-2126149418-project-admin] Lock "97e6736a-ecd4-4d34-a5c5-542400486b2f" "released" by "nova.context.set_target_cell..get_or_set_cached_cell_and_set_connections" :: held 0.001s {{(pid=124111) inner /usr/local/lib/python3.8/dist-packages/oslo_concurrency/lockutils.py:400}}
Dec 23 11:54:08.362836 n-d-822749-2 devstack@n-api.service[124112]: INFO nova.api.openstack.requestlog [None req-923e6eab-6321-4c7c-8263-24beed7dc792 tempest-FlavorsAccessTestJSON-790951125 tempest-FlavorsAccessTestJSON-790951125-project-admin] 10.222.0.37 "GET /compute/v2.1/flavors/detail" status: 200 len: 4991 microversion: 2.1 time: 0.023734
Dec 23 11:54:08.363626 n-d-822749-2 devstack@n-api.service[124112]: [pid: 124112|app: 0|req: 16/37] 10.222.0.37 () {58 vars in 1145 bytes} [Thu Dec 23 11:54:08 2021] GET /compute/v2.1/flavors/detail => generated 4991 bytes in 25 msecs (HTTP/1.1 200) 9 headers in 358 bytes (2 switches on core 0)
Dec 23 11:54:08.511042 n-d-822749-2 devstack@n-api.service[124111]: INFO nova.api.openstack.requestlog [None req-32c42493-ba05-4b0f-9ade-faf91497efb9 tempest-AggregatesAdminTestJSON-2126149418 tempest-AggregatesAdminTestJSON-2126149418-project-admin] 10.222.0.37 "POST /compute/v2.1/os-aggregates/2/action" status: 200 len: 310 microversion: 2.1 time: 0.182697
Dec 23 11:54:08.511892 n-d-822749-2 devstack@n-api.service[124111]: [pid: 124111|app: 0|req: 22/38] 10.222.0.37 () {60 vars in 1190 bytes} [Thu Dec 23 11:54:08 2021] POST /compute/v2.1/os-aggregates/2/action => generated 310 bytes in 185 msecs (HTTP/1.1 200) 9 headers in 357 bytes (1 switches on core 0)
Dec 23 11:54:09.123929 n-d-822749-2 devstack@n-api.service[124111]: DEBUG nova.api.openstack.wsgi [None req-f32974c1-e0ab-421a-a5ba-cc1e610b7f3c tempest-DeleteServersAdminTestJSON-344400144 tempest-DeleteServersAdminTestJSON-344400144-project] Calling method '>' {{(pid=124111) _process_stack /opt/stack/nova/nova/api/openstack/wsgi.py:513}}
Dec 23 11:54:09.125118 n-d-822749-2 devstack@n-api.service[124111]: DEBUG nova.compute.api [None req-f32974c1-e0ab-421a-a5ba-cc1e610b7f3c tempest-DeleteServersAdminTestJSON-344400144 tempest-DeleteServersAdminTestJSON-344400144-project] [instance: 4bae7c25-b9d8-42a9-b24c-42437adb5eaa] Fetching instance by UUID {{(pid=124111) get /opt/stack/nova/nova/compute/api.py:2865}}
Dec 23 11:54:09.512157 n-d-822749-2 devstack@n-api.service[124112]: DEBUG nova.api.openstack.wsgi [None req-3136c7ba-5075-46e6-ac71-1aa5c32d4f8d tempest-AggregatesAdminTestJSON-1254228014 tempest-AggregatesAdminTestJSON-1254228014-project] Action: 'create', calling method: >, body: {"server": {"name": "tempest-AggregatesAdminTestJSON-server-1752483865", "imageRef": "e3a7e76b-1772-4456-81d9-0e4148964c7d", "flavorRef": "452", "availability_zone": "tempest-test_az-835328180"}} {{(pid=124112) _process_stack /opt/stack/nova/nova/api/openstack/wsgi.py:511}}
Dec 23 11:54:09.537337 n-d-822749-2 devstack@n-api.service[124112]: DEBUG oslo_concurrency.lockutils [None req-3136c7ba-5075-46e6-ac71-1aa5c32d4f8d tempest-AggregatesAdminTestJSON-1254228014 tempest-AggregatesAdminTestJSON-1254228014-project] Lock "00000000-0000-0000-0000-000000000000" acquired by "nova.context.set_target_cell..get_or_set_cached_cell_and_set_connections" :: waited 0.000s {{(pid=124112) inner /usr/local/lib/python3.8/dist-packages/oslo_concurrency/lockutils.py:386}}
Dec 23 11:54:09.537919 n-d-822749-2 devstack@n-api.service[124112]: DEBUG oslo_concurrency.lockutils [None req-3136c7ba-5075-46e6-ac71-1aa5c32d4f8d tempest-AggregatesAdminTestJSON-1254228014 tempest-AggregatesAdminTestJSON-1254228014-project] Lock "00000000-0000-0000-0000-000000000000" "released" by "nova.context.set_target_cell..get_or_set_cached_cell_and_set_connections" :: held 0.001s {{(pid=124112) inner /usr/local/lib/python3.8/dist-packages/oslo_concurrency/lockutils.py:400}}
Dec 23 11:54:09.539270 n-d-822749-2 devstack@n-api.service[124112]: DEBUG oslo_concurrency.lockutils [None req-3136c7ba-5075-46e6-ac71-1aa5c32d4f8d tempest-AggregatesAdminTestJSON-1254228014 tempest-AggregatesAdminTestJSON-1254228014-project] Lock "97e6736a-ecd4-4d34-a5c5-542400486b2f" acquired by "nova.context.set_target_cell..get_or_set_cached_cell_and_set_connections" :: waited 0.000s {{(pid=124112) inner /usr/local/lib/python3.8/dist-packages/oslo_concurrency/lockutils.py:386}}
Dec 23 11:54:09.539758 n-d-822749-2 devstack@n-api.service[124112]: DEBUG oslo_concurrency.lockutils [None req-3136c7ba-5075-46e6-ac71-1aa5c32d4f8d tempest-AggregatesAdminTestJSON-1254228014 tempest-AggregatesAdminTestJSON-1254228014-project] Lock "97e6736a-ecd4-4d34-a5c5-542400486b2f" "released" by "nova.context.set_target_cell..get_or_set_cached_cell_and_set_connections" :: held 0.001s {{(pid=124112) inner /usr/local/lib/python3.8/dist-packages/oslo_concurrency/lockutils.py:400}}
Dec 23 11:54:09.697510 n-d-822749-2 devstack@n-api.service[124112]: DEBUG nova.network.neutron [None req-3136c7ba-5075-46e6-ac71-1aa5c32d4f8d tempest-AggregatesAdminTestJSON-1254228014 tempest-AggregatesAdminTestJSON-1254228014-project] validate_networks() for None {{(pid=124112) validate_networks /opt/stack/nova/nova/network/neutron.py:2482}}
Dec 23 11:54:10.195751 n-d-822749-2 devstack@n-api.service[124111]: DEBUG nova.policy [None req-f32974c1-e0ab-421a-a5ba-cc1e610b7f3c tempest-DeleteServersAdminTestJSON-344400144 tempest-DeleteServersAdminTestJSON-344400144-project] Policy check for os_compute_api:os-extended-server-attributes failed with credentials {'is_admin': False, 'user_id': 'f0f0e8cd9d6b4ad4a04c3216765dba0d', 'user_domain_id': 'default', 'system_scope': None, 'domain_id': None, 'project_id': 'd48b9c009ac74e75b1ff99edf29ddc65', 'project_domain_id': 'default', 'roles': ['member', 'reader'], 'is_admin_project': True, 'service_user_id': None, 'service_user_domain_id': None, 'service_project_id': None, 'service_project_domain_id': None, 'service_roles': []} {{(pid=124111) authorize /opt/stack/nova/nova/policy.py:199}}
Dec 23 11:54:10.242824 n-d-822749-2 devstack@n-api.service[124111]: INFO nova.api.openstack.requestlog [None req-f32974c1-e0ab-421a-a5ba-cc1e610b7f3c tempest-DeleteServersAdminTestJSON-344400144 tempest-DeleteServersAdminTestJSON-344400144-project] 10.222.0.37 "GET /compute/v2.1/servers/4bae7c25-b9d8-42a9-b24c-42437adb5eaa" status: 200 len: 1219 microversion: 2.1 time: 1.122743
Dec 23 11:54:10.243434 n-d-822749-2 devstack@n-api.service[124111]: [pid: 124111|app: 0|req: 23/39] 10.222.0.37 () {58 vars in 1235 bytes} [Thu Dec 23 11:54:09 2021] GET /compute/v2.1/servers/4bae7c25-b9d8-42a9-b24c-42437adb5eaa => generated 1219 bytes in 1124 msecs (HTTP/1.1 200) 9 headers in 358 bytes (1 switches on core 0)
Dec 23 11:54:10.291102 n-d-822749-2 devstack@n-api.service[124112]: DEBUG nova.virt.hardware [None req-3136c7ba-5075-46e6-ac71-1aa5c32d4f8d tempest-AggregatesAdminTestJSON-1254228014 tempest-AggregatesAdminTestJSON-1254228014-project] Flavor limits 0:0:0 {{(pid=124112) get_cpu_topology_constraints /opt/stack/nova/nova/virt/hardware.py:343}}
Dec 23 11:54:10.291833 n-d-822749-2 devstack@n-api.service[124112]: DEBUG nova.virt.hardware [None req-3136c7ba-5075-46e6-ac71-1aa5c32d4f8d tempest-AggregatesAdminTestJSON-1254228014 tempest-AggregatesAdminTestJSON-1254228014-project] Image limits 0:0:0 {{(pid=124112) get_cpu_topology_constraints /opt/stack/nova/nova/virt/hardware.py:347}}
Dec 23 11:54:10.292311 n-d-822749-2 devstack@n-api.service[124112]: DEBUG nova.virt.hardware [None req-3136c7ba-5075-46e6-ac71-1aa5c32d4f8d tempest-AggregatesAdminTestJSON-1254228014 tempest-AggregatesAdminTestJSON-1254228014-project] Flavor pref 0:0:0 {{(pid=124112) get_cpu_topology_constraints /opt/stack/nova/nova/virt/hardware.py:383}}
Dec 23 11:54:10.292725 n-d-822749-2 devstack@n-api.service[124112]: DEBUG nova.virt.hardware [None req-3136c7ba-5075-46e6-ac71-1aa5c32d4f8d tempest-AggregatesAdminTestJSON-1254228014 tempest-AggregatesAdminTestJSON-1254228014-project] Image pref 0:0:0 {{(pid=124112) get_cpu_topology_constraints /opt/stack/nova/nova/virt/hardware.py:387}}
Dec 23 11:54:10.293138 n-d-822749-2 devstack@n-api.service[124112]: DEBUG nova.virt.hardware [None req-3136c7ba-5075-46e6-ac71-1aa5c32d4f8d tempest-AggregatesAdminTestJSON-1254228014 tempest-AggregatesAdminTestJSON-1254228014-project] Chose sockets=0, cores=0, threads=0; limits were sockets=65536, cores=65536, threads=65536 {{(pid=124112) get_cpu_topology_constraints /opt/stack/nova/nova/virt/hardware.py:425}}
Dec 23 11:54:10.309258 n-d-822749-2 devstack@n-api.service[124112]: DEBUG oslo_concurrency.lockutils [None req-3136c7ba-5075-46e6-ac71-1aa5c32d4f8d tempest-AggregatesAdminTestJSON-1254228014 tempest-AggregatesAdminTestJSON-1254228014-project] Lock "00000000-0000-0000-0000-000000000000" acquired by "nova.context.set_target_cell..get_or_set_cached_cell_and_set_connections" :: waited 0.000s {{(pid=124112) inner /usr/local/lib/python3.8/dist-packages/oslo_concurrency/lockutils.py:386}}
Dec 23 11:54:10.311687 n-d-822749-2 devstack@n-api.service[124112]: DEBUG oslo_concurrency.lockutils [None req-3136c7ba-5075-46e6-ac71-1aa5c32d4f8d tempest-AggregatesAdminTestJSON-1254228014 tempest-AggregatesAdminTestJSON-1254228014-project] Lock "00000000-0000-0000-0000-000000000000" "released" by "nova.context.set_target_cell..get_or_set_cached_cell_and_set_connections" :: held 0.003s {{(pid=124112) inner /usr/local/lib/python3.8/dist-packages/oslo_concurrency/lockutils.py:400}}
Dec 23 11:54:10.315686 n-d-822749-2 devstack@n-api.service[124112]: DEBUG oslo_concurrency.lockutils [None req-3136c7ba-5075-46e6-ac71-1aa5c32d4f8d tempest-AggregatesAdminTestJSON-1254228014 tempest-AggregatesAdminTestJSON-1254228014-project] Lock "97e6736a-ecd4-4d34-a5c5-542400486b2f" acquired by "nova.context.set_target_cell..get_or_set_cached_cell_and_set_connections" :: waited 0.000s {{(pid=124112) inner /usr/local/lib/python3.8/dist-packages/oslo_concurrency/lockutils.py:386}}
Dec 23 11:54:10.317521 n-d-822749-2 devstack@n-api.service[124112]: DEBUG oslo_concurrency.lockutils [None req-3136c7ba-5075-46e6-ac71-1aa5c32d4f8d tempest-AggregatesAdminTestJSON-1254228014 tempest-AggregatesAdminTestJSON-1254228014-project] Lock "97e6736a-ecd4-4d34-a5c5-542400486b2f" "released" by "nova.context.set_target_cell..get_or_set_cached_cell_and_set_connections" :: held 0.002s {{(pid=124112) inner /usr/local/lib/python3.8/dist-packages/oslo_concurrency/lockutils.py:400}}
Dec 23 11:54:10.346064 n-d-822749-2 devstack@n-api.service[124112]: DEBUG nova.quota [None req-3136c7ba-5075-46e6-ac71-1aa5c32d4f8d tempest-AggregatesAdminTestJSON-1254228014 tempest-AggregatesAdminTestJSON-1254228014-project] Getting quotas for project 27f9e5545ba34315b4e12b741c296fbd. Resources: {'ram', 'cores', 'instances'} {{(pid=124112) _get_quotas /opt/stack/nova/nova/quota.py:387}}
Dec 23 11:54:10.353091 n-d-822749-2 devstack@n-api.service[124112]: DEBUG nova.quota [None req-3136c7ba-5075-46e6-ac71-1aa5c32d4f8d tempest-AggregatesAdminTestJSON-1254228014 tempest-AggregatesAdminTestJSON-1254228014-project] Getting quotas for user 5647810497f344c8a89590fb9976d22e and project 27f9e5545ba34315b4e12b741c296fbd. Resources: {'ram', 'cores', 'instances'} {{(pid=124112) _get_quotas /opt/stack/nova/nova/quota.py:377}}
Dec 23 11:54:10.377375 n-d-822749-2 devstack@n-api.service[124112]: DEBUG nova.compute.api [None req-3136c7ba-5075-46e6-ac71-1aa5c32d4f8d tempest-AggregatesAdminTestJSON-1254228014 tempest-AggregatesAdminTestJSON-1254228014-project] Going to run 1 instances... {{(pid=124112) _provision_instances /opt/stack/nova/nova/compute/api.py:1350}}
Dec 23 11:54:10.382163 n-d-822749-2 devstack@n-api.service[124112]: DEBUG nova.compute.api [None req-3136c7ba-5075-46e6-ac71-1aa5c32d4f8d tempest-AggregatesAdminTestJSON-1254228014 tempest-AggregatesAdminTestJSON-1254228014-project] [instance: cf434d25-004b-4b30-b6e2-72708b23e7b7] block_device_mapping [BlockDeviceMapping(attachment_id=,boot_index=0,connection_info=None,created_at=,delete_on_termination=True,deleted=,deleted_at=,destination_type='local',device_name=None,device_type='disk',disk_bus=None,guest_format=None,id=,image_id='e3a7e76b-1772-4456-81d9-0e4148964c7d',instance=,instance_uuid=,no_device=False,snapshot_id=None,source_type='image',tag=None,updated_at=,uuid=,volume_id=None,volume_size=None,volume_type=None)] {{(pid=124112) _bdm_validate_set_size_and_instance /opt/stack/nova/nova/compute/api.py:1757}}
Dec 23 11:54:10.484903 n-d-822749-2 devstack@n-api.service[124112]: INFO nova.api.openstack.requestlog [None req-3136c7ba-5075-46e6-ac71-1aa5c32d4f8d tempest-AggregatesAdminTestJSON-1254228014 tempest-AggregatesAdminTestJSON-1254228014-project] 10.222.0.37 "POST /compute/v2.1/servers" status: 202 len: 380 microversion: 2.1 time: 1.427296
Dec 23 11:54:10.491725 n-d-822749-2 devstack@n-api.service[124112]: [pid: 124112|app: 0|req: 17/40] 10.222.0.37 () {60 vars in 1146 bytes} [Thu Dec 23 11:54:09 2021] POST /compute/v2.1/servers => generated 380 bytes in 1434 msecs (HTTP/1.1 202) 10 headers in 451 bytes (1 switches on core 0)
Dec 23 11:54:10.497387 n-d-822749-2 devstack@n-api.service[124111]: DEBUG nova.api.openstack.wsgi [None req-52654fda-8c4b-48d7-8ec9-3ba811e6fb71 tempest-AggregatesAdminTestJSON-1254228014 tempest-AggregatesAdminTestJSON-1254228014-project] Calling method '>' {{(pid=124111) _process_stack /opt/stack/nova/nova/api/openstack/wsgi.py:513}}
Dec 23 11:54:10.504533 n-d-822749-2 devstack@n-api.service[124111]: DEBUG nova.compute.api [None req-52654fda-8c4b-48d7-8ec9-3ba811e6fb71 tempest-AggregatesAdminTestJSON-1254228014 tempest-AggregatesAdminTestJSON-1254228014-project] [instance: cf434d25-004b-4b30-b6e2-72708b23e7b7] Fetching instance by UUID {{(pid=124111) get /opt/stack/nova/nova/compute/api.py:2865}}
Dec 23 11:54:10.618651 n-d-822749-2 devstack@n-api.service[124111]: DEBUG nova.policy [None req-52654fda-8c4b-48d7-8ec9-3ba811e6fb71 tempest-AggregatesAdminTestJSON-1254228014 tempest-AggregatesAdminTestJSON-1254228014-project] Policy check for os_compute_api:os-extended-server-attributes failed with credentials {'is_admin': False, 'user_id': '5647810497f344c8a89590fb9976d22e', 'user_domain_id': 'default', 'system_scope': None, 'domain_id': None, 'project_id': '27f9e5545ba34315b4e12b741c296fbd', 'project_domain_id': 'default', 'roles': ['member', 'reader'], 'is_admin_project': True, 'service_user_id': None, 'service_user_domain_id': None, 'service_project_id': None, 'service_project_domain_id': None, 'service_roles': []} {{(pid=124111) authorize /opt/stack/nova/nova/policy.py:199}}
Dec 23 11:54:10.634641 n-d-822749-2 devstack@n-api.service[124111]: INFO nova.api.openstack.requestlog [None req-52654fda-8c4b-48d7-8ec9-3ba811e6fb71 tempest-AggregatesAdminTestJSON-1254228014 tempest-AggregatesAdminTestJSON-1254228014-project] 10.222.0.37 "GET /compute/v2.1/servers/cf434d25-004b-4b30-b6e2-72708b23e7b7" status: 200 len: 1242 microversion: 2.1 time: 0.141526
Dec 23 11:54:10.636216 n-d-822749-2 devstack@n-api.service[124111]: [pid: 124111|app: 0|req: 24/41] 10.222.0.37 () {58 vars in 1235 bytes} [Thu Dec 23 11:54:10 2021] GET /compute/v2.1/servers/cf434d25-004b-4b30-b6e2-72708b23e7b7 => generated 1242 bytes in 145 msecs (HTTP/1.1 200) 9 headers in 358 bytes (1 switches on core 0)
Dec 23 11:54:11.260443 n-d-822749-2 devstack@n-api.service[124112]: DEBUG nova.api.openstack.wsgi [None req-49cac59f-13a1-4a1e-94d6-914f64a92283 tempest-DeleteServersAdminTestJSON-344400144 tempest-DeleteServersAdminTestJSON-344400144-project] Calling method '>' {{(pid=124112) _process_stack /opt/stack/nova/nova/api/openstack/wsgi.py:513}}
Dec 23 11:54:11.261261 n-d-822749-2 devstack@n-api.service[124112]: DEBUG nova.compute.api [None req-49cac59f-13a1-4a1e-94d6-914f64a92283 tempest-DeleteServersAdminTestJSON-344400144 tempest-DeleteServersAdminTestJSON-344400144-project] [instance: 4bae7c25-b9d8-42a9-b24c-42437adb5eaa] Fetching instance by UUID {{(pid=124112) get /opt/stack/nova/nova/compute/api.py:2865}}
Dec 23 11:54:11.280353 n-d-822749-2 devstack@n-api.service[124112]: DEBUG oslo_concurrency.lockutils [None req-49cac59f-13a1-4a1e-94d6-914f64a92283 tempest-DeleteServersAdminTestJSON-344400144 tempest-DeleteServersAdminTestJSON-344400144-project] Lock "97e6736a-ecd4-4d34-a5c5-542400486b2f" acquired by "nova.context.set_target_cell..get_or_set_cached_cell_and_set_connections" :: waited 0.000s {{(pid=124112) inner /usr/local/lib/python3.8/dist-packages/oslo_concurrency/lockutils.py:386}}
Dec 23 11:54:11.280887 n-d-822749-2 devstack@n-api.service[124112]: DEBUG oslo_concurrency.lockutils [None req-49cac59f-13a1-4a1e-94d6-914f64a92283 tempest-DeleteServersAdminTestJSON-344400144 tempest-DeleteServersAdminTestJSON-344400144-project] Lock "97e6736a-ecd4-4d34-a5c5-542400486b2f" "released" by "nova.context.set_target_cell..get_or_set_cached_cell_and_set_connections" :: held 0.001s {{(pid=124112) inner /usr/local/lib/python3.8/dist-packages/oslo_concurrency/lockutils.py:400}}
Dec 23 11:54:11.281618 n-d-822749-2 devstack@n-api.service[124112]: DEBUG oslo_concurrency.lockutils [None req-49cac59f-13a1-4a1e-94d6-914f64a92283 tempest-DeleteServersAdminTestJSON-344400144 tempest-DeleteServersAdminTestJSON-344400144-project] Lock "97e6736a-ecd4-4d34-a5c5-542400486b2f" acquired by "nova.context.set_target_cell..get_or_set_cached_cell_and_set_connections" :: waited 0.000s {{(pid=124112) inner /usr/local/lib/python3.8/dist-packages/oslo_concurrency/lockutils.py:386}}
Dec 23 11:54:11.282051 n-d-822749-2 devstack@n-api.service[124112]: DEBUG oslo_concurrency.lockutils [None req-49cac59f-13a1-4a1e-94d6-914f64a92283 tempest-DeleteServersAdminTestJSON-344400144 tempest-DeleteServersAdminTestJSON-344400144-project] Lock "97e6736a-ecd4-4d34-a5c5-542400486b2f" "released" by "nova.context.set_target_cell..get_or_set_cached_cell_and_set_connections" :: held 0.000s {{(pid=124112) inner /usr/local/lib/python3.8/dist-packages/oslo_concurrency/lockutils.py:400}}
