Jan 28 13:18:11.993572 n-d-822748-2 devstack@placement-api.service[103856]: DEBUG placement.handlers.allocation [req-97298806-31ee-4382-bb9e-6da51b25ac45 req-40389f0a-5e8f-4460-a300-3adadf609626 service placement] Successfully wrote allocations [, , ] {{(pid=103856) _update_consumers_and_create_allocations /opt/stack/placement/placement/handlers/allocation.py:462}}
Jan 28 13:18:12.000937 n-d-822748-2 devstack@placement-api.service[103856]: INFO placement.requestlog [req-97298806-31ee-4382-bb9e-6da51b25ac45 req-40389f0a-5e8f-4460-a300-3adadf609626 service placement] 10.222.0.45 "PUT /placement/allocations/9e2efd88-cbef-4f1d-81aa-7215d68395fe" status: 204 len: 0 microversion: 1.36
Jan 28 13:18:12.001649 n-d-822748-2 devstack@placement-api.service[103856]: [pid: 103856|app: 0|req: 62/125] 10.222.0.45 () {64 vars in 1433 bytes} [Fri Jan 28 13:18:11 2022] PUT /placement/allocations/9e2efd88-cbef-4f1d-81aa-7215d68395fe => generated 0 bytes in 106 msecs (HTTP/1.1 204) 5 headers in 199 bytes (1 switches on core 0)
Jan 28 13:18:12.422272 n-d-822748-2 devstack@placement-api.service[103855]: DEBUG placement.requestlog [req-97298806-31ee-4382-bb9e-6da51b25ac45 req-21772b6c-8268-4b2d-9449-e30067e8d4a3 None None] Starting request: 10.222.0.36 "GET /placement/allocations/9e2efd88-cbef-4f1d-81aa-7215d68395fe" {{(pid=103855) __call__ /opt/stack/placement/placement/requestlog.py:55}}
Jan 28 13:18:12.441890 n-d-822748-2 devstack@placement-api.service[103855]: INFO placement.requestlog [req-97298806-31ee-4382-bb9e-6da51b25ac45 req-21772b6c-8268-4b2d-9449-e30067e8d4a3 service placement] 10.222.0.36 "GET /placement/allocations/9e2efd88-cbef-4f1d-81aa-7215d68395fe" status: 200 len: 259 microversion: 1.28
Jan 28 13:18:12.443006 n-d-822748-2 devstack@placement-api.service[103855]: [pid: 103855|app: 0|req: 64/126] 10.222.0.36 () {60 vars in 1377 bytes} [Fri Jan 28 13:18:12 2022] GET /placement/allocations/9e2efd88-cbef-4f1d-81aa-7215d68395fe => generated 259 bytes in 21 msecs (HTTP/1.1 200) 8 headers in 296 bytes (1 switches on core 0)
Jan 28 13:18:22.661224 n-d-822748-2 devstack@placement-api.service[103856]: DEBUG placement.requestlog [req-6fb45beb-aa32-4d43-80b6-733386f4ea4a req-ab6193ca-273c-4bb8-b29b-d9005b5e5a62 None None] Starting request: 10.222.0.45 "GET /placement/allocation_candidates?limit=1000&resources=DISK_GB%3A1%2CMEMORY_MB%3A1024%2CVCPU%3A1&root_required=%21COMPUTE_STATUS_DISABLED" {{(pid=103856) __call__ /opt/stack/placement/placement/requestlog.py:55}}
Jan 28 13:18:22.730378 n-d-822748-2 devstack@placement-api.service[103856]: DEBUG placement.objects.research_context [req-6fb45beb-aa32-4d43-80b6-733386f4ea4a req-ab6193ca-273c-4bb8-b29b-d9005b5e5a62 service placement] getting providers with 1 DISK_GB {{(pid=103856) __init__ /opt/stack/placement/placement/objects/research_context.py:126}}
Jan 28 13:18:22.738044 n-d-822748-2 devstack@placement-api.service[103856]: DEBUG placement.objects.research_context [req-6fb45beb-aa32-4d43-80b6-733386f4ea4a req-ab6193ca-273c-4bb8-b29b-d9005b5e5a62 service placement] getting providers with 1024 MEMORY_MB {{(pid=103856) __init__ /opt/stack/placement/placement/objects/research_context.py:126}}
Jan 28 13:18:22.746026 n-d-822748-2 devstack@placement-api.service[103856]: DEBUG placement.objects.research_context [req-6fb45beb-aa32-4d43-80b6-733386f4ea4a req-ab6193ca-273c-4bb8-b29b-d9005b5e5a62 service placement] getting providers with 1 VCPU {{(pid=103856) __init__ /opt/stack/placement/placement/objects/research_context.py:126}}
Jan 28 13:18:22.752490 n-d-822748-2 devstack@placement-api.service[103856]: DEBUG placement.objects.research_context [req-6fb45beb-aa32-4d43-80b6-733386f4ea4a req-ab6193ca-273c-4bb8-b29b-d9005b5e5a62 service placement] found 2 providers with available 1 DISK_GB {{(pid=103856) get_provider_ids_matching /opt/stack/placement/placement/objects/research_context.py:549}}
Jan 28 13:18:22.752960 n-d-822748-2 devstack@placement-api.service[103856]: DEBUG placement.objects.research_context [req-6fb45beb-aa32-4d43-80b6-733386f4ea4a req-ab6193ca-273c-4bb8-b29b-d9005b5e5a62 service placement] found 2 providers with available 1024 MEMORY_MB {{(pid=103856) get_provider_ids_matching /opt/stack/placement/placement/objects/research_context.py:549}}
Jan 28 13:18:22.754038 n-d-822748-2 devstack@placement-api.service[103856]: DEBUG placement.objects.research_context [req-6fb45beb-aa32-4d43-80b6-733386f4ea4a req-ab6193ca-273c-4bb8-b29b-d9005b5e5a62 service placement] found 2 providers after filtering by previous result {{(pid=103856) get_provider_ids_matching /opt/stack/placement/placement/objects/research_context.py:580}}
Jan 28 13:18:22.754499 n-d-822748-2 devstack@placement-api.service[103856]: DEBUG placement.objects.research_context [req-6fb45beb-aa32-4d43-80b6-733386f4ea4a req-ab6193ca-273c-4bb8-b29b-d9005b5e5a62 service placement] found 2 providers with available 1 VCPU {{(pid=103856) get_provider_ids_matching /opt/stack/placement/placement/objects/research_context.py:549}}
Jan 28 13:18:22.755778 n-d-822748-2 devstack@placement-api.service[103856]: DEBUG placement.objects.research_context [req-6fb45beb-aa32-4d43-80b6-733386f4ea4a req-ab6193ca-273c-4bb8-b29b-d9005b5e5a62 service placement] found 2 providers after filtering by previous result {{(pid=103856) get_provider_ids_matching /opt/stack/placement/placement/objects/research_context.py:580}}
Jan 28 13:18:22.782203 n-d-822748-2 devstack@placement-api.service[103856]: DEBUG placement.objects.allocation_candidate [req-6fb45beb-aa32-4d43-80b6-733386f4ea4a req-ab6193ca-273c-4bb8-b29b-d9005b5e5a62 service placement] RequestGroup(use_same_provider=False, resources={DISK_GB:1, MEMORY_MB:1024, VCPU:1}, traits=[], aggregates=[]) (suffix '') returned 2 matches {{(pid=103856) _get_by_requests /opt/stack/placement/placement/objects/allocation_candidate.py:145}}
Jan 28 13:18:22.782783 n-d-822748-2 devstack@placement-api.service[103856]: DEBUG placement.objects.allocation_candidate [req-6fb45beb-aa32-4d43-80b6-733386f4ea4a req-ab6193ca-273c-4bb8-b29b-d9005b5e5a62 service placement] Merging candidates yields 2 allocation requests and 2 provider summaries {{(pid=103856) _merge_candidates /opt/stack/placement/placement/objects/allocation_candidate.py:783}}
Jan 28 13:18:22.784577 n-d-822748-2 devstack@placement-api.service[103856]: INFO placement.requestlog [req-6fb45beb-aa32-4d43-80b6-733386f4ea4a req-ab6193ca-273c-4bb8-b29b-d9005b5e5a62 service placement] 10.222.0.45 "GET /placement/allocation_candidates?limit=1000&resources=DISK_GB%3A1%2CMEMORY_MB%3A1024%2CVCPU%3A1&root_required=%21COMPUTE_STATUS_DISABLED" status: 200 len: 1309 microversion: 1.36
Jan 28 13:18:22.785367 n-d-822748-2 devstack@placement-api.service[103856]: [pid: 103856|app: 0|req: 63/127] 10.222.0.45 () {60 vars in 1506 bytes} [Fri Jan 28 13:18:22 2022] GET /placement/allocation_candidates?limit=1000&resources=DISK_GB%3A1%2CMEMORY_MB%3A1024%2CVCPU%3A1&root_required=%21COMPUTE_STATUS_DISABLED => generated 1309 bytes in 124 msecs (HTTP/1.1 200) 8 headers in 297 bytes (1 switches on core 0)
Jan 28 13:18:22.848716 n-d-822748-2 devstack@placement-api.service[103855]: DEBUG placement.requestlog [req-6fb45beb-aa32-4d43-80b6-733386f4ea4a req-4c4cb6e2-08df-4bd8-994b-e41bce204799 None None] Starting request: 10.222.0.45 "GET /placement/allocations/2439f9d7-f4bb-4dc5-9af3-194f81aa7b43" {{(pid=103855) __call__ /opt/stack/placement/placement/requestlog.py:55}}
Jan 28 13:18:22.865242 n-d-822748-2 devstack@placement-api.service[103855]: INFO placement.requestlog [req-6fb45beb-aa32-4d43-80b6-733386f4ea4a req-4c4cb6e2-08df-4bd8-994b-e41bce204799 service placement] 10.222.0.45 "GET /placement/allocations/2439f9d7-f4bb-4dc5-9af3-194f81aa7b43" status: 200 len: 19 microversion: 1.28
Jan 28 13:18:22.868578 n-d-822748-2 devstack@placement-api.service[103855]: [pid: 103855|app: 0|req: 65/128] 10.222.0.45 () {60 vars in 1380 bytes} [Fri Jan 28 13:18:22 2022] GET /placement/allocations/2439f9d7-f4bb-4dc5-9af3-194f81aa7b43 => generated 19 bytes in 20 msecs (HTTP/1.1 200) 8 headers in 295 bytes (1 switches on core 0)
Jan 28 13:18:22.883571 n-d-822748-2 devstack@placement-api.service[103856]: DEBUG placement.requestlog [req-6fb45beb-aa32-4d43-80b6-733386f4ea4a req-d0666e31-b0e9-4cf2-a7d3-01e281cee81d None None] Starting request: 10.222.0.45 "PUT /placement/allocations/2439f9d7-f4bb-4dc5-9af3-194f81aa7b43" {{(pid=103856) __call__ /opt/stack/placement/placement/requestlog.py:55}}
Jan 28 13:18:22.982708 n-d-822748-2 devstack@placement-api.service[103856]: DEBUG placement.handlers.allocation [req-6fb45beb-aa32-4d43-80b6-733386f4ea4a req-d0666e31-b0e9-4cf2-a7d3-01e281cee81d service placement] Successfully wrote allocations [, , ] {{(pid=103856) _update_consumers_and_create_allocations /opt/stack/placement/placement/handlers/allocation.py:462}}
Jan 28 13:18:22.992385 n-d-822748-2 devstack@placement-api.service[103856]: INFO placement.requestlog [req-6fb45beb-aa32-4d43-80b6-733386f4ea4a req-d0666e31-b0e9-4cf2-a7d3-01e281cee81d service placement] 10.222.0.45 "PUT /placement/allocations/2439f9d7-f4bb-4dc5-9af3-194f81aa7b43" status: 204 len: 0 microversion: 1.36
Jan 28 13:18:22.993540 n-d-822748-2 devstack@placement-api.service[103856]: [pid: 103856|app: 0|req: 64/129] 10.222.0.45 () {64 vars in 1433 bytes} [Fri Jan 28 13:18:22 2022] PUT /placement/allocations/2439f9d7-f4bb-4dc5-9af3-194f81aa7b43 => generated 0 bytes in 110 msecs (HTTP/1.1 204) 5 headers in 199 bytes (2 switches on core 0)
Jan 28 13:18:23.736095 n-d-822748-2 devstack@placement-api.service[103855]: DEBUG placement.requestlog [req-6fb45beb-aa32-4d43-80b6-733386f4ea4a req-b5e19527-370e-4209-ab8d-c904cb6cb193 None None] Starting request: 10.222.0.60 "GET /placement/allocations/2439f9d7-f4bb-4dc5-9af3-194f81aa7b43" {{(pid=103855) __call__ /opt/stack/placement/placement/requestlog.py:55}}
Jan 28 13:18:23.760386 n-d-822748-2 devstack@placement-api.service[103855]: INFO placement.requestlog [req-6fb45beb-aa32-4d43-80b6-733386f4ea4a req-b5e19527-370e-4209-ab8d-c904cb6cb193 service placement] 10.222.0.60 "GET /placement/allocations/2439f9d7-f4bb-4dc5-9af3-194f81aa7b43" status: 200 len: 258 microversion: 1.28
Jan 28 13:18:23.761812 n-d-822748-2 devstack@placement-api.service[103855]: [pid: 103855|app: 0|req: 66/130] 10.222.0.60 () {60 vars in 1377 bytes} [Fri Jan 28 13:18:23 2022] GET /placement/allocations/2439f9d7-f4bb-4dc5-9af3-194f81aa7b43 => generated 258 bytes in 27 msecs (HTTP/1.1 200) 8 headers in 296 bytes (1 switches on core 0)
Jan 28 13:18:24.407835 n-d-822748-2 devstack@placement-api.service[103856]: DEBUG placement.requestlog [req-0d3c8c37-9982-412e-a2ec-6dac3b7779d8 req-d8dd3516-6f8c-4498-86ec-cdd2b1136611 None None] Starting request: 10.222.0.36 "GET /placement/resource_providers/ff01873c-80c8-414f-bb2a-50122266394b/allocations" {{(pid=103856) __call__ /opt/stack/placement/placement/requestlog.py:55}}
Jan 28 13:18:24.449021 n-d-822748-2 devstack@placement-api.service[103856]: INFO placement.requestlog [req-0d3c8c37-9982-412e-a2ec-6dac3b7779d8 req-d8dd3516-6f8c-4498-86ec-cdd2b1136611 service placement] 10.222.0.36 "GET /placement/resource_providers/ff01873c-80c8-414f-bb2a-50122266394b/allocations" status: 200 len: 457 microversion: 1.0
Jan 28 13:18:24.449326 n-d-822748-2 devstack@placement-api.service[103856]: [pid: 103856|app: 0|req: 65/131] 10.222.0.36 () {58 vars in 1390 bytes} [Fri Jan 28 13:18:24 2022] GET /placement/resource_providers/ff01873c-80c8-414f-bb2a-50122266394b/allocations => generated 457 bytes in 42 msecs (HTTP/1.1 200) 6 headers in 224 bytes (1 switches on core 0)
Jan 28 13:18:24.866896 n-d-822748-2 devstack@placement-api.service[103855]: DEBUG placement.requestlog [req-0d3c8c37-9982-412e-a2ec-6dac3b7779d8 req-e8b18a7f-0632-44b4-95c5-0ecf509aea00 None None] Starting request: 10.222.0.36 "GET /placement/allocations/1f26149f-5ec4-4e6c-86e5-ec6769710dae" {{(pid=103855) __call__ /opt/stack/placement/placement/requestlog.py:55}}
Jan 28 13:18:24.888906 n-d-822748-2 devstack@placement-api.service[103855]: INFO placement.requestlog [req-0d3c8c37-9982-412e-a2ec-6dac3b7779d8 req-e8b18a7f-0632-44b4-95c5-0ecf509aea00 service placement] 10.222.0.36 "GET /placement/allocations/1f26149f-5ec4-4e6c-86e5-ec6769710dae" status: 200 len: 259 microversion: 1.28
Jan 28 13:18:24.890178 n-d-822748-2 devstack@placement-api.service[103855]: [pid: 103855|app: 0|req: 67/132] 10.222.0.36 () {60 vars in 1377 bytes} [Fri Jan 28 13:18:24 2022] GET /placement/allocations/1f26149f-5ec4-4e6c-86e5-ec6769710dae => generated 259 bytes in 24 msecs (HTTP/1.1 200) 8 headers in 296 bytes (1 switches on core 0)
Jan 28 13:18:24.897976 n-d-822748-2 devstack@placement-api.service[103856]: DEBUG placement.requestlog [req-0d3c8c37-9982-412e-a2ec-6dac3b7779d8 req-4f14852a-7035-401b-8e20-64b6e9418e91 None None] Starting request: 10.222.0.36 "PUT /placement/allocations/1f26149f-5ec4-4e6c-86e5-ec6769710dae" {{(pid=103856) __call__ /opt/stack/placement/placement/requestlog.py:55}}
Jan 28 13:18:24.976430 n-d-822748-2 devstack@placement-api.service[103856]: DEBUG placement.handlers.allocation [req-0d3c8c37-9982-412e-a2ec-6dac3b7779d8 req-4f14852a-7035-401b-8e20-64b6e9418e91 service placement] Successfully wrote allocations [, , ] {{(pid=103856) _update_consumers_and_create_allocations /opt/stack/placement/placement/handlers/allocation.py:462}}
Jan 28 13:18:24.982594 n-d-822748-2 devstack@placement-api.service[103856]: INFO placement.requestlog [req-0d3c8c37-9982-412e-a2ec-6dac3b7779d8 req-4f14852a-7035-401b-8e20-64b6e9418e91 service placement] 10.222.0.36 "PUT /placement/allocations/1f26149f-5ec4-4e6c-86e5-ec6769710dae" status: 204 len: 0 microversion: 1.28
Jan 28 13:18:24.983217 n-d-822748-2 devstack@placement-api.service[103856]: [pid: 103856|app: 0|req: 66/133] 10.222.0.36 () {64 vars in 1430 bytes} [Fri Jan 28 13:18:24 2022] PUT /placement/allocations/1f26149f-5ec4-4e6c-86e5-ec6769710dae => generated 0 bytes in 86 msecs (HTTP/1.1 204) 5 headers in 199 bytes (2 switches on core 0)
Jan 28 13:18:26.568442 n-d-822748-2 devstack@placement-api.service[103855]: DEBUG placement.requestlog [req-f63a785a-5e7e-45a7-a5d2-0fce02267294 req-1fe899e8-354b-483a-b73c-2f448e89ba3d None None] Starting request: 10.222.0.45 "GET /placement/allocation_candidates?limit=1000&resources=DISK_GB%3A1%2CMEMORY_MB%3A1024%2CVCPU%3A1&root_required=%21COMPUTE_STATUS_DISABLED" {{(pid=103855) __call__ /opt/stack/placement/placement/requestlog.py:55}}
Jan 28 13:18:26.646846 n-d-822748-2 devstack@placement-api.service[103855]: DEBUG placement.objects.research_context [req-f63a785a-5e7e-45a7-a5d2-0fce02267294 req-1fe899e8-354b-483a-b73c-2f448e89ba3d service placement] getting providers with 1 DISK_GB {{(pid=103855) __init__ /opt/stack/placement/placement/objects/research_context.py:126}}
Jan 28 13:18:26.657278 n-d-822748-2 devstack@placement-api.service[103855]: DEBUG placement.objects.research_context [req-f63a785a-5e7e-45a7-a5d2-0fce02267294 req-1fe899e8-354b-483a-b73c-2f448e89ba3d service placement] getting providers with 1024 MEMORY_MB {{(pid=103855) __init__ /opt/stack/placement/placement/objects/research_context.py:126}}
Jan 28 13:18:26.667502 n-d-822748-2 devstack@placement-api.service[103855]: DEBUG placement.objects.research_context [req-f63a785a-5e7e-45a7-a5d2-0fce02267294 req-1fe899e8-354b-483a-b73c-2f448e89ba3d service placement] getting providers with 1 VCPU {{(pid=103855) __init__ /opt/stack/placement/placement/objects/research_context.py:126}}
Jan 28 13:18:26.688145 n-d-822748-2 devstack@placement-api.service[103855]: DEBUG placement.objects.research_context [req-f63a785a-5e7e-45a7-a5d2-0fce02267294 req-1fe899e8-354b-483a-b73c-2f448e89ba3d service placement] found 2 providers with available 1 DISK_GB {{(pid=103855) get_provider_ids_matching /opt/stack/placement/placement/objects/research_context.py:549}}
Jan 28 13:18:26.689032 n-d-822748-2 devstack@placement-api.service[103855]: DEBUG placement.objects.research_context [req-f63a785a-5e7e-45a7-a5d2-0fce02267294 req-1fe899e8-354b-483a-b73c-2f448e89ba3d service placement] found 2 providers with available 1024 MEMORY_MB {{(pid=103855) get_provider_ids_matching /opt/stack/placement/placement/objects/research_context.py:549}}
Jan 28 13:18:26.689715 n-d-822748-2 devstack@placement-api.service[103855]: DEBUG placement.objects.research_context [req-f63a785a-5e7e-45a7-a5d2-0fce02267294 req-1fe899e8-354b-483a-b73c-2f448e89ba3d service placement] found 2 providers after filtering by previous result {{(pid=103855) get_provider_ids_matching /opt/stack/placement/placement/objects/research_context.py:580}}
Jan 28 13:18:26.690374 n-d-822748-2 devstack@placement-api.service[103855]: DEBUG placement.objects.research_context [req-f63a785a-5e7e-45a7-a5d2-0fce02267294 req-1fe899e8-354b-483a-b73c-2f448e89ba3d service placement] found 2 providers with available 1 VCPU {{(pid=103855) get_provider_ids_matching /opt/stack/placement/placement/objects/research_context.py:549}}
Jan 28 13:18:26.695339 n-d-822748-2 devstack@placement-api.service[103855]: DEBUG placement.objects.research_context [req-f63a785a-5e7e-45a7-a5d2-0fce02267294 req-1fe899e8-354b-483a-b73c-2f448e89ba3d service placement] found 2 providers after filtering by previous result {{(pid=103855) get_provider_ids_matching /opt/stack/placement/placement/objects/research_context.py:580}}
Jan 28 13:18:26.715505 n-d-822748-2 devstack@placement-api.service[103855]: DEBUG placement.objects.allocation_candidate [req-f63a785a-5e7e-45a7-a5d2-0fce02267294 req-1fe899e8-354b-483a-b73c-2f448e89ba3d service placement] RequestGroup(use_same_provider=False, resources={DISK_GB:1, MEMORY_MB:1024, VCPU:1}, traits=[], aggregates=[]) (suffix '') returned 2 matches {{(pid=103855) _get_by_requests /opt/stack/placement/placement/objects/allocation_candidate.py:145}}
Jan 28 13:18:26.716176 n-d-822748-2 devstack@placement-api.service[103855]: DEBUG placement.objects.allocation_candidate [req-f63a785a-5e7e-45a7-a5d2-0fce02267294 req-1fe899e8-354b-483a-b73c-2f448e89ba3d service placement] Merging candidates yields 2 allocation requests and 2 provider summaries {{(pid=103855) _merge_candidates /opt/stack/placement/placement/objects/allocation_candidate.py:783}}
Jan 28 13:18:26.722173 n-d-822748-2 devstack@placement-api.service[103855]: INFO placement.requestlog [req-f63a785a-5e7e-45a7-a5d2-0fce02267294 req-1fe899e8-354b-483a-b73c-2f448e89ba3d service placement] 10.222.0.45 "GET /placement/allocation_candidates?limit=1000&resources=DISK_GB%3A1%2CMEMORY_MB%3A1024%2CVCPU%3A1&root_required=%21COMPUTE_STATUS_DISABLED" status: 200 len: 1309 microversion: 1.36
Jan 28 13:18:26.722763 n-d-822748-2 devstack@placement-api.service[103855]: [pid: 103855|app: 0|req: 68/134] 10.222.0.45 () {60 vars in 1506 bytes} [Fri Jan 28 13:18:26 2022] GET /placement/allocation_candidates?limit=1000&resources=DISK_GB%3A1%2CMEMORY_MB%3A1024%2CVCPU%3A1&root_required=%21COMPUTE_STATUS_DISABLED => generated 1309 bytes in 155 msecs (HTTP/1.1 200) 8 headers in 297 bytes (1 switches on core 0)
Jan 28 13:18:26.827584 n-d-822748-2 devstack@placement-api.service[103856]: DEBUG placement.requestlog [req-f63a785a-5e7e-45a7-a5d2-0fce02267294 req-f584c1b6-574d-4812-931c-ca1b6dfb6591 None None] Starting request: 10.222.0.45 "GET /placement/allocations/2c814414-9800-416a-9cc6-092668d56ae0" {{(pid=103856) __call__ /opt/stack/placement/placement/requestlog.py:55}}
Jan 28 13:18:26.842952 n-d-822748-2 devstack@placement-api.service[103856]: INFO placement.requestlog [req-f63a785a-5e7e-45a7-a5d2-0fce02267294 req-f584c1b6-574d-4812-931c-ca1b6dfb6591 service placement] 10.222.0.45 "GET /placement/allocations/2c814414-9800-416a-9cc6-092668d56ae0" status: 200 len: 19 microversion: 1.28
Jan 28 13:18:26.843338 n-d-822748-2 devstack@placement-api.service[103856]: [pid: 103856|app: 0|req: 67/135] 10.222.0.45 () {60 vars in 1380 bytes} [Fri Jan 28 13:18:26 2022] GET /placement/allocations/2c814414-9800-416a-9cc6-092668d56ae0 => generated 19 bytes in 16 msecs (HTTP/1.1 200) 8 headers in 295 bytes (1 switches on core 0)
Jan 28 13:18:26.850691 n-d-822748-2 devstack@placement-api.service[103855]: DEBUG placement.requestlog [req-f63a785a-5e7e-45a7-a5d2-0fce02267294 req-92374ea2-3f6c-4d08-8fbd-3e30b0baa5a8 None None] Starting request: 10.222.0.45 "PUT /placement/allocations/2c814414-9800-416a-9cc6-092668d56ae0" {{(pid=103855) __call__ /opt/stack/placement/placement/requestlog.py:55}}
Jan 28 13:18:26.851982 n-d-822748-2 devstack@placement-api.service[103856]: DEBUG placement.requestlog [None req-f3bca025-eaea-44e8-b9c6-895b7c018cb3 None None] Starting request: 10.222.0.45 "GET /placement/" {{(pid=103856) __call__ /opt/stack/placement/placement/requestlog.py:55}}
Jan 28 13:18:26.853088 n-d-822748-2 devstack@placement-api.service[103856]: INFO placement.requestlog [None req-f3bca025-eaea-44e8-b9c6-895b7c018cb3 None None] 10.222.0.45 "GET /placement/" status: 200 len: 136 microversion: 1.0
Jan 28 13:18:26.853987 n-d-822748-2 devstack@placement-api.service[103856]: [pid: 103856|app: 0|req: 68/136] 10.222.0.45 () {54 vars in 916 bytes} [Fri Jan 28 13:18:26 2022] GET /placement => generated 136 bytes in 2 msecs (HTTP/1.1 200) 6 headers in 224 bytes (1 switches on core 0)
Jan 28 13:18:26.865552 n-d-822748-2 devstack@placement-api.service[103856]: DEBUG placement.requestlog [req-05583dbd-40c7-4350-886f-89b6c62a6e80 req-56cfc14c-2121-489e-97a7-c387f2d00b96 None None] Starting request: 10.222.0.45 "GET /placement/allocations/b90eb236-eecc-4439-86b8-c1ce9f670b7f" {{(pid=103856) __call__ /opt/stack/placement/placement/requestlog.py:55}}
Jan 28 13:18:26.947177 n-d-822748-2 devstack@placement-api.service[103855]: DEBUG placement.handlers.allocation [req-f63a785a-5e7e-45a7-a5d2-0fce02267294 req-92374ea2-3f6c-4d08-8fbd-3e30b0baa5a8 service placement] Successfully wrote allocations [, , ] {{(pid=103855) _update_consumers_and_create_allocations /opt/stack/placement/placement/handlers/allocation.py:462}}
Jan 28 13:18:26.959350 n-d-822748-2 devstack@placement-api.service[103855]: INFO placement.requestlog [req-f63a785a-5e7e-45a7-a5d2-0fce02267294 req-92374ea2-3f6c-4d08-8fbd-3e30b0baa5a8 service placement] 10.222.0.45 "PUT /placement/allocations/2c814414-9800-416a-9cc6-092668d56ae0" status: 204 len: 0 microversion: 1.36
Jan 28 13:18:26.960424 n-d-822748-2 devstack@placement-api.service[103855]: [pid: 103855|app: 0|req: 69/137] 10.222.0.45 () {64 vars in 1433 bytes} [Fri Jan 28 13:18:26 2022] PUT /placement/allocations/2c814414-9800-416a-9cc6-092668d56ae0 => generated 0 bytes in 110 msecs (HTTP/1.1 204) 5 headers in 199 bytes (2 switches on core 0)
Jan 28 13:18:27.097935 n-d-822748-2 devstack@placement-api.service[103856]: INFO placement.requestlog [req-05583dbd-40c7-4350-886f-89b6c62a6e80 req-56cfc14c-2121-489e-97a7-c387f2d00b96 service placement] 10.222.0.45 "GET /placement/allocations/b90eb236-eecc-4439-86b8-c1ce9f670b7f" status: 200 len: 258 microversion: 1.28
Jan 28 13:18:27.098822 n-d-822748-2 devstack@placement-api.service[103856]: [pid: 103856|app: 0|req: 69/138] 10.222.0.45 () {60 vars in 1380 bytes} [Fri Jan 28 13:18:26 2022] GET /placement/allocations/b90eb236-eecc-4439-86b8-c1ce9f670b7f => generated 258 bytes in 234 msecs (HTTP/1.1 200) 8 headers in 296 bytes (1 switches on core 0)
Jan 28 13:18:27.106279 n-d-822748-2 devstack@placement-api.service[103855]: DEBUG placement.requestlog [req-05583dbd-40c7-4350-886f-89b6c62a6e80 req-21f32ddf-ae13-4d52-8bab-c8cc91cac90b None None] Starting request: 10.222.0.45 "GET /placement/allocations/b90eb236-eecc-4439-86b8-c1ce9f670b7f" {{(pid=103855) __call__ /opt/stack/placement/placement/requestlog.py:55}}
Jan 28 13:18:27.124508 n-d-822748-2 devstack@placement-api.service[103855]: INFO placement.requestlog [req-05583dbd-40c7-4350-886f-89b6c62a6e80 req-21f32ddf-ae13-4d52-8bab-c8cc91cac90b service placement] 10.222.0.45 "GET /placement/allocations/b90eb236-eecc-4439-86b8-c1ce9f670b7f" status: 200 len: 258 microversion: 1.28
Jan 28 13:18:27.125880 n-d-822748-2 devstack@placement-api.service[103855]: [pid: 103855|app: 0|req: 70/139] 10.222.0.45 () {60 vars in 1380 bytes} [Fri Jan 28 13:18:27 2022] GET /placement/allocations/b90eb236-eecc-4439-86b8-c1ce9f670b7f => generated 258 bytes in 20 msecs (HTTP/1.1 200) 8 headers in 296 bytes (1 switches on core 0)
Jan 28 13:18:27.133573 n-d-822748-2 devstack@placement-api.service[103856]: DEBUG placement.requestlog [req-05583dbd-40c7-4350-886f-89b6c62a6e80 req-83c75349-2d47-4160-bfae-cd4893608a78 None None] Starting request: 10.222.0.45 "GET /placement/allocations/d42fbf1f-1e67-4126-98a4-eed9d244bba9" {{(pid=103856) __call__ /opt/stack/placement/placement/requestlog.py:55}}
Jan 28 13:18:27.165679 n-d-822748-2 devstack@placement-api.service[103856]: INFO placement.requestlog [req-05583dbd-40c7-4350-886f-89b6c62a6e80 req-83c75349-2d47-4160-bfae-cd4893608a78 service placement] 10.222.0.45 "GET /placement/allocations/d42fbf1f-1e67-4126-98a4-eed9d244bba9" status: 200 len: 19 microversion: 1.28
Jan 28 13:18:27.166303 n-d-822748-2 devstack@placement-api.service[103856]: [pid: 103856|app: 0|req: 70/140] 10.222.0.45 () {60 vars in 1380 bytes} [Fri Jan 28 13:18:27 2022] GET /placement/allocations/d42fbf1f-1e67-4126-98a4-eed9d244bba9 => generated 19 bytes in 33 msecs (HTTP/1.1 200) 8 headers in 295 bytes (1 switches on core 0)
Jan 28 13:18:27.174983 n-d-822748-2 devstack@placement-api.service[103855]: DEBUG placement.requestlog [req-05583dbd-40c7-4350-886f-89b6c62a6e80 req-9904b50d-667f-421a-a991-cc7e821f8396 None None] Starting request: 10.222.0.45 "POST /placement/allocations" {{(pid=103855) __call__ /opt/stack/placement/placement/requestlog.py:55}}
Jan 28 13:18:27.318531 n-d-822748-2 devstack@placement-api.service[103855]: DEBUG placement.handlers.allocation [req-05583dbd-40c7-4350-886f-89b6c62a6e80 req-9904b50d-667f-421a-a991-cc7e821f8396 service placement] Successfully wrote allocations [, , , , , ] {{(pid=103855) _update_consumers_and_create_allocations /opt/stack/placement/placement/handlers/allocation.py:572}}
Jan 28 13:18:27.339313 n-d-822748-2 devstack@placement-api.service[103855]: INFO placement.requestlog [req-05583dbd-40c7-4350-886f-89b6c62a6e80 req-9904b50d-667f-421a-a991-cc7e821f8396 service placement] 10.222.0.45 "POST /placement/allocations" status: 204 len: 0 microversion: 1.28
Jan 28 13:18:27.340769 n-d-822748-2 devstack@placement-api.service[103855]: [pid: 103855|app: 0|req: 71/141] 10.222.0.45 () {64 vars in 1323 bytes} [Fri Jan 28 13:18:27 2022] POST /placement/allocations => generated 0 bytes in 166 msecs (HTTP/1.1 204) 5 headers in 199 bytes (2 switches on core 0)
Jan 28 13:18:27.374976 n-d-822748-2 devstack@placement-api.service[103856]: DEBUG placement.requestlog [req-05583dbd-40c7-4350-886f-89b6c62a6e80 req-18d75b29-96f9-461d-a2bc-5d1308598274 None None] Starting request: 10.222.0.45 "GET /placement/allocations/b90eb236-eecc-4439-86b8-c1ce9f670b7f" {{(pid=103856) __call__ /opt/stack/placement/placement/requestlog.py:55}}
Jan 28 13:18:27.384058 n-d-822748-2 devstack@placement-api.service[103855]: DEBUG placement.requestlog [req-f63a785a-5e7e-45a7-a5d2-0fce02267294 req-bc02ec06-bdf3-49bb-bde1-009c0df2d9ee None None] Starting request: 10.222.0.36 "GET /placement/allocations/2c814414-9800-416a-9cc6-092668d56ae0" {{(pid=103855) __call__ /opt/stack/placement/placement/requestlog.py:55}}
Jan 28 13:18:27.402110 n-d-822748-2 devstack@placement-api.service[103856]: INFO placement.requestlog [req-05583dbd-40c7-4350-886f-89b6c62a6e80 req-18d75b29-96f9-461d-a2bc-5d1308598274 service placement] 10.222.0.45 "GET /placement/allocations/b90eb236-eecc-4439-86b8-c1ce9f670b7f" status: 200 len: 19 microversion: 1.28
Jan 28 13:18:27.410725 n-d-822748-2 devstack@placement-api.service[103855]: INFO placement.requestlog [req-f63a785a-5e7e-45a7-a5d2-0fce02267294 req-bc02ec06-bdf3-49bb-bde1-009c0df2d9ee service placement] 10.222.0.36 "GET /placement/allocations/2c814414-9800-416a-9cc6-092668d56ae0" status: 200 len: 259 microversion: 1.28
Jan 28 13:18:27.411538 n-d-822748-2 devstack@placement-api.service[103855]: [pid: 103855|app: 0|req: 72/142] 10.222.0.36 () {60 vars in 1377 bytes} [Fri Jan 28 13:18:27 2022] GET /placement/allocations/2c814414-9800-416a-9cc6-092668d56ae0 => generated 259 bytes in 28 msecs (HTTP/1.1 200) 8 headers in 296 bytes (2 switches on core 0)
Jan 28 13:18:27.412692 n-d-822748-2 devstack@placement-api.service[103855]: DEBUG placement.requestlog [req-05583dbd-40c7-4350-886f-89b6c62a6e80 req-e93db1a4-434f-415a-9e67-f8f44ffc0b9e None None] Starting request: 10.222.0.45 "PUT /placement/allocations/b90eb236-eecc-4439-86b8-c1ce9f670b7f" {{(pid=103855) __call__ /opt/stack/placement/placement/requestlog.py:55}}
Jan 28 13:18:27.412973 n-d-822748-2 devstack@placement-api.service[103856]: [pid: 103856|app: 0|req: 71/143] 10.222.0.45 () {60 vars in 1380 bytes} [Fri Jan 28 13:18:27 2022] GET /placement/allocations/b90eb236-eecc-4439-86b8-c1ce9f670b7f => generated 19 bytes in 39 msecs (HTTP/1.1 200) 8 headers in 295 bytes (1 switches on core 0)
Jan 28 13:18:27.475403 n-d-822748-2 devstack@placement-api.service[103855]: DEBUG placement.handlers.allocation [req-05583dbd-40c7-4350-886f-89b6c62a6e80 req-e93db1a4-434f-415a-9e67-f8f44ffc0b9e service placement] Successfully wrote allocations [, , ] {{(pid=103855) _update_consumers_and_create_allocations /opt/stack/placement/placement/handlers/allocation.py:462}}
Jan 28 13:18:27.481153 n-d-822748-2 devstack@placement-api.service[103855]: INFO placement.requestlog [req-05583dbd-40c7-4350-886f-89b6c62a6e80 req-e93db1a4-434f-415a-9e67-f8f44ffc0b9e service placement] 10.222.0.45 "PUT /placement/allocations/b90eb236-eecc-4439-86b8-c1ce9f670b7f" status: 204 len: 0 microversion: 1.28
Jan 28 13:18:27.495383 n-d-822748-2 devstack@placement-api.service[103855]: [pid: 103855|app: 0|req: 73/144] 10.222.0.45 () {64 vars in 1433 bytes} [Fri Jan 28 13:18:27 2022] PUT /placement/allocations/b90eb236-eecc-4439-86b8-c1ce9f670b7f => generated 0 bytes in 71 msecs (HTTP/1.1 204) 5 headers in 199 bytes (1 switches on core 0)
Jan 28 13:18:27.675018 n-d-822748-2 devstack@placement-api.service[103856]: DEBUG placement.requestlog [req-05583dbd-40c7-4350-886f-89b6c62a6e80 req-eba886f5-17db-4b18-b082-d0c5f483a869 None None] Starting request: 10.222.0.36 "GET /placement/allocations/b90eb236-eecc-4439-86b8-c1ce9f670b7f" {{(pid=103856) __call__ /opt/stack/placement/placement/requestlog.py:55}}
Jan 28 13:18:27.703100 n-d-822748-2 devstack@placement-api.service[103856]: INFO placement.requestlog [req-05583dbd-40c7-4350-886f-89b6c62a6e80 req-eba886f5-17db-4b18-b082-d0c5f483a869 service placement] 10.222.0.36 "GET /placement/allocations/b90eb236-eecc-4439-86b8-c1ce9f670b7f" status: 200 len: 259 microversion: 1.28
Jan 28 13:18:27.703635 n-d-822748-2 devstack@placement-api.service[103856]: [pid: 103856|app: 0|req: 72/145] 10.222.0.36 () {60 vars in 1377 bytes} [Fri Jan 28 13:18:27 2022] GET /placement/allocations/b90eb236-eecc-4439-86b8-c1ce9f670b7f => generated 259 bytes in 30 msecs (HTTP/1.1 200) 8 headers in 296 bytes (1 switches on core 0)
Jan 28 13:18:29.551130 n-d-822748-2 devstack@placement-api.service[103855]: DEBUG placement.requestlog [req-d195755e-2b21-4cc4-82ba-58145f7089e7 req-456c8b7a-6f49-400d-873a-75f1b93d6c9e None None] Starting request: 10.222.0.45 "GET /placement/allocation_candidates?limit=1000&resources=DISK_GB%3A1%2CMEMORY_MB%3A1024%2CVCPU%3A1&root_required=%21COMPUTE_STATUS_DISABLED" {{(pid=103855) __call__ /opt/stack/placement/placement/requestlog.py:55}}
Jan 28 13:18:29.592004 n-d-822748-2 devstack@placement-api.service[103855]: DEBUG placement.objects.research_context [req-d195755e-2b21-4cc4-82ba-58145f7089e7 req-456c8b7a-6f49-400d-873a-75f1b93d6c9e service placement] getting providers with 1 DISK_GB {{(pid=103855) __init__ /opt/stack/placement/placement/objects/research_context.py:126}}
Jan 28 13:18:29.600023 n-d-822748-2 devstack@placement-api.service[103855]: DEBUG placement.objects.research_context [req-d195755e-2b21-4cc4-82ba-58145f7089e7 req-456c8b7a-6f49-400d-873a-75f1b93d6c9e service placement] getting providers with 1024 MEMORY_MB {{(pid=103855) __init__ /opt/stack/placement/placement/objects/research_context.py:126}}
Jan 28 13:18:29.606838 n-d-822748-2 devstack@placement-api.service[103855]: DEBUG placement.objects.research_context [req-d195755e-2b21-4cc4-82ba-58145f7089e7 req-456c8b7a-6f49-400d-873a-75f1b93d6c9e service placement] getting providers with 1 VCPU {{(pid=103855) __init__ /opt/stack/placement/placement/objects/research_context.py:126}}
Jan 28 13:18:29.613109 n-d-822748-2 devstack@placement-api.service[103855]: DEBUG placement.objects.research_context [req-d195755e-2b21-4cc4-82ba-58145f7089e7 req-456c8b7a-6f49-400d-873a-75f1b93d6c9e service placement] found 2 providers with available 1 DISK_GB {{(pid=103855) get_provider_ids_matching /opt/stack/placement/placement/objects/research_context.py:549}}
Jan 28 13:18:29.613519 n-d-822748-2 devstack@placement-api.service[103855]: DEBUG placement.objects.research_context [req-d195755e-2b21-4cc4-82ba-58145f7089e7 req-456c8b7a-6f49-400d-873a-75f1b93d6c9e service placement] found 2 providers with available 1024 MEMORY_MB {{(pid=103855) get_provider_ids_matching /opt/stack/placement/placement/objects/research_context.py:549}}
Jan 28 13:18:29.613796 n-d-822748-2 devstack@placement-api.service[103855]: DEBUG placement.objects.research_context [req-d195755e-2b21-4cc4-82ba-58145f7089e7 req-456c8b7a-6f49-400d-873a-75f1b93d6c9e service placement] found 2 providers after filtering by previous result {{(pid=103855) get_provider_ids_matching /opt/stack/placement/placement/objects/research_context.py:580}}
Jan 28 13:18:29.615348 n-d-822748-2 devstack@placement-api.service[103855]: DEBUG placement.objects.research_context [req-d195755e-2b21-4cc4-82ba-58145f7089e7 req-456c8b7a-6f49-400d-873a-75f1b93d6c9e service placement] found 2 providers with available 1 VCPU {{(pid=103855) get_provider_ids_matching /opt/stack/placement/placement/objects/research_context.py:549}}
Jan 28 13:18:29.615348 n-d-822748-2 devstack@placement-api.service[103855]: DEBUG placement.objects.research_context [req-d195755e-2b21-4cc4-82ba-58145f7089e7 req-456c8b7a-6f49-400d-873a-75f1b93d6c9e service placement] found 2 providers after filtering by previous result {{(pid=103855) get_provider_ids_matching /opt/stack/placement/placement/objects/research_context.py:580}}
Jan 28 13:18:29.627843 n-d-822748-2 devstack@placement-api.service[103855]: DEBUG placement.objects.allocation_candidate [req-d195755e-2b21-4cc4-82ba-58145f7089e7 req-456c8b7a-6f49-400d-873a-75f1b93d6c9e service placement] RequestGroup(use_same_provider=False, resources={DISK_GB:1, MEMORY_MB:1024, VCPU:1}, traits=[], aggregates=[]) (suffix '') returned 2 matches {{(pid=103855) _get_by_requests /opt/stack/placement/placement/objects/allocation_candidate.py:145}}
Jan 28 13:18:29.628299 n-d-822748-2 devstack@placement-api.service[103855]: DEBUG placement.objects.allocation_candidate [req-d195755e-2b21-4cc4-82ba-58145f7089e7 req-456c8b7a-6f49-400d-873a-75f1b93d6c9e service placement] Merging candidates yields 2 allocation requests and 2 provider summaries {{(pid=103855) _merge_candidates /opt/stack/placement/placement/objects/allocation_candidate.py:783}}
Jan 28 13:18:29.630483 n-d-822748-2 devstack@placement-api.service[103855]: INFO placement.requestlog [req-d195755e-2b21-4cc4-82ba-58145f7089e7 req-456c8b7a-6f49-400d-873a-75f1b93d6c9e service placement] 10.222.0.45 "GET /placement/allocation_candidates?limit=1000&resources=DISK_GB%3A1%2CMEMORY_MB%3A1024%2CVCPU%3A1&root_required=%21COMPUTE_STATUS_DISABLED" status: 200 len: 1309 microversion: 1.36
Jan 28 13:18:29.631221 n-d-822748-2 devstack@placement-api.service[103855]: [pid: 103855|app: 0|req: 74/146] 10.222.0.45 () {60 vars in 1506 bytes} [Fri Jan 28 13:18:29 2022] GET /placement/allocation_candidates?limit=1000&resources=DISK_GB%3A1%2CMEMORY_MB%3A1024%2CVCPU%3A1&root_required=%21COMPUTE_STATUS_DISABLED => generated 1309 bytes in 80 msecs (HTTP/1.1 200) 8 headers in 297 bytes (1 switches on core 0)
Jan 28 13:18:29.694931 n-d-822748-2 devstack@placement-api.service[103856]: DEBUG placement.requestlog [req-d195755e-2b21-4cc4-82ba-58145f7089e7 req-d6e8cfae-b3ae-4c86-89d9-66a39706464a None None] Starting request: 10.222.0.45 "GET /placement/allocations/39684bea-8e3a-4282-8da6-323656b47496" {{(pid=103856) __call__ /opt/stack/placement/placement/requestlog.py:55}}
Jan 28 13:18:29.714366 n-d-822748-2 devstack@placement-api.service[103856]: INFO placement.requestlog [req-d195755e-2b21-4cc4-82ba-58145f7089e7 req-d6e8cfae-b3ae-4c86-89d9-66a39706464a service placement] 10.222.0.45 "GET /placement/allocations/39684bea-8e3a-4282-8da6-323656b47496" status: 200 len: 19 microversion: 1.28
Jan 28 13:18:29.717739 n-d-822748-2 devstack@placement-api.service[103856]: [pid: 103856|app: 0|req: 73/147] 10.222.0.45 () {60 vars in 1380 bytes} [Fri Jan 28 13:18:29 2022] GET /placement/allocations/39684bea-8e3a-4282-8da6-323656b47496 => generated 19 bytes in 23 msecs (HTTP/1.1 200) 8 headers in 295 bytes (2 switches on core 0)
Jan 28 13:18:29.721406 n-d-822748-2 devstack@placement-api.service[103855]: DEBUG placement.requestlog [req-d195755e-2b21-4cc4-82ba-58145f7089e7 req-da9d67ae-d227-4165-9040-c92223aefabe None None] Starting request: 10.222.0.45 "PUT /placement/allocations/39684bea-8e3a-4282-8da6-323656b47496" {{(pid=103855) __call__ /opt/stack/placement/placement/requestlog.py:55}}
Jan 28 13:18:29.816598 n-d-822748-2 devstack@placement-api.service[103855]: DEBUG placement.handlers.allocation [req-d195755e-2b21-4cc4-82ba-58145f7089e7 req-da9d67ae-d227-4165-9040-c92223aefabe service placement] Successfully wrote allocations [, , ] {{(pid=103855) _update_consumers_and_create_allocations /opt/stack/placement/placement/handlers/allocation.py:462}}
Jan 28 13:18:29.825933 n-d-822748-2 devstack@placement-api.service[103855]: INFO placement.requestlog [req-d195755e-2b21-4cc4-82ba-58145f7089e7 req-da9d67ae-d227-4165-9040-c92223aefabe service placement] 10.222.0.45 "PUT /placement/allocations/39684bea-8e3a-4282-8da6-323656b47496" status: 204 len: 0 microversion: 1.36
Jan 28 13:18:29.832109 n-d-822748-2 devstack@placement-api.service[103855]: [pid: 103855|app: 0|req: 75/148] 10.222.0.45 () {64 vars in 1433 bytes} [Fri Jan 28 13:18:29 2022] PUT /placement/allocations/39684bea-8e3a-4282-8da6-323656b47496 => generated 0 bytes in 106 msecs (HTTP/1.1 204) 5 headers in 199 bytes (2 switches on core 0)
Jan 28 13:18:30.261097 n-d-822748-2 devstack@placement-api.service[103856]: DEBUG placement.requestlog [req-d195755e-2b21-4cc4-82ba-58145f7089e7 req-f1963112-069c-4d82-847f-0698aadf9623 None None] Starting request: 10.222.0.36 "GET /placement/allocations/39684bea-8e3a-4282-8da6-323656b47496" {{(pid=103856) __call__ /opt/stack/placement/placement/requestlog.py:55}}
Jan 28 13:18:30.281403 n-d-822748-2 devstack@placement-api.service[103856]: INFO placement.requestlog [req-d195755e-2b21-4cc4-82ba-58145f7089e7 req-f1963112-069c-4d82-847f-0698aadf9623 service placement] 10.222.0.36 "GET /placement/allocations/39684bea-8e3a-4282-8da6-323656b47496" status: 200 len: 259 microversion: 1.28
Jan 28 13:18:30.282327 n-d-822748-2 devstack@placement-api.service[103856]: [pid: 103856|app: 0|req: 74/149] 10.222.0.36 () {60 vars in 1377 bytes} [Fri Jan 28 13:18:30 2022] GET /placement/allocations/39684bea-8e3a-4282-8da6-323656b47496 => generated 259 bytes in 21 msecs (HTTP/1.1 200) 8 headers in 296 bytes (1 switches on core 0)
Jan 28 13:18:30.982823 n-d-822748-2 devstack@placement-api.service[103855]: DEBUG placement.requestlog [req-11626030-e526-414a-8a48-c52eb9375100 req-9a08de4e-7397-4ae5-ac7b-1d9c2bcf3183 None None] Starting request: 10.222.0.45 "GET /placement/allocation_candidates?limit=1000&resources=DISK_GB%3A1%2CMEMORY_MB%3A1024%2CVCPU%3A1&root_required=%21COMPUTE_STATUS_DISABLED" {{(pid=103855) __call__ /opt/stack/placement/placement/requestlog.py:55}}
Jan 28 13:18:31.102310 n-d-822748-2 devstack@placement-api.service[103855]: DEBUG placement.objects.research_context [req-11626030-e526-414a-8a48-c52eb9375100 req-9a08de4e-7397-4ae5-ac7b-1d9c2bcf3183 service placement] getting providers with 1 DISK_GB {{(pid=103855) __init__ /opt/stack/placement/placement/objects/research_context.py:126}}
Jan 28 13:18:31.118475 n-d-822748-2 devstack@placement-api.service[103855]: DEBUG placement.objects.research_context [req-11626030-e526-414a-8a48-c52eb9375100 req-9a08de4e-7397-4ae5-ac7b-1d9c2bcf3183 service placement] getting providers with 1024 MEMORY_MB {{(pid=103855) __init__ /opt/stack/placement/placement/objects/research_context.py:126}}
Jan 28 13:18:31.136805 n-d-822748-2 devstack@placement-api.service[103855]: DEBUG placement.objects.research_context [req-11626030-e526-414a-8a48-c52eb9375100 req-9a08de4e-7397-4ae5-ac7b-1d9c2bcf3183 service placement] getting providers with 1 VCPU {{(pid=103855) __init__ /opt/stack/placement/placement/objects/research_context.py:126}}
Jan 28 13:18:31.143940 n-d-822748-2 devstack@placement-api.service[103855]: DEBUG placement.objects.research_context [req-11626030-e526-414a-8a48-c52eb9375100 req-9a08de4e-7397-4ae5-ac7b-1d9c2bcf3183 service placement] found 2 providers with available 1 DISK_GB {{(pid=103855) get_provider_ids_matching /opt/stack/placement/placement/objects/research_context.py:549}}
Jan 28 13:18:31.144435 n-d-822748-2 devstack@placement-api.service[103855]: DEBUG placement.objects.research_context [req-11626030-e526-414a-8a48-c52eb9375100 req-9a08de4e-7397-4ae5-ac7b-1d9c2bcf3183 service placement] found 2 providers with available 1024 MEMORY_MB {{(pid=103855) get_provider_ids_matching /opt/stack/placement/placement/objects/research_context.py:549}}
Jan 28 13:18:31.144882 n-d-822748-2 devstack@placement-api.service[103855]: DEBUG placement.objects.research_context [req-11626030-e526-414a-8a48-c52eb9375100 req-9a08de4e-7397-4ae5-ac7b-1d9c2bcf3183 service placement] found 2 providers after filtering by previous result {{(pid=103855) get_provider_ids_matching /opt/stack/placement/placement/objects/research_context.py:580}}
Jan 28 13:18:31.145317 n-d-822748-2 devstack@placement-api.service[103855]: DEBUG placement.objects.research_context [req-11626030-e526-414a-8a48-c52eb9375100 req-9a08de4e-7397-4ae5-ac7b-1d9c2bcf3183 service placement] found 2 providers with available 1 VCPU {{(pid=103855) get_provider_ids_matching /opt/stack/placement/placement/objects/research_context.py:549}}
Jan 28 13:18:31.145947 n-d-822748-2 devstack@placement-api.service[103855]: DEBUG placement.objects.research_context [req-11626030-e526-414a-8a48-c52eb9375100 req-9a08de4e-7397-4ae5-ac7b-1d9c2bcf3183 service placement] found 2 providers after filtering by previous result {{(pid=103855) get_provider_ids_matching /opt/stack/placement/placement/objects/research_context.py:580}}
Jan 28 13:18:31.166792 n-d-822748-2 devstack@placement-api.service[103855]: DEBUG placement.objects.allocation_candidate [req-11626030-e526-414a-8a48-c52eb9375100 req-9a08de4e-7397-4ae5-ac7b-1d9c2bcf3183 service placement] RequestGroup(use_same_provider=False, resources={DISK_GB:1, MEMORY_MB:1024, VCPU:1}, traits=[], aggregates=[]) (suffix '') returned 2 matches {{(pid=103855) _get_by_requests /opt/stack/placement/placement/objects/allocation_candidate.py:145}}
Jan 28 13:18:31.167444 n-d-822748-2 devstack@placement-api.service[103855]: DEBUG placement.objects.allocation_candidate [req-11626030-e526-414a-8a48-c52eb9375100 req-9a08de4e-7397-4ae5-ac7b-1d9c2bcf3183 service placement] Merging candidates yields 2 allocation requests and 2 provider summaries {{(pid=103855) _merge_candidates /opt/stack/placement/placement/objects/allocation_candidate.py:783}}
Jan 28 13:18:31.169349 n-d-822748-2 devstack@placement-api.service[103855]: INFO placement.requestlog [req-11626030-e526-414a-8a48-c52eb9375100 req-9a08de4e-7397-4ae5-ac7b-1d9c2bcf3183 service placement] 10.222.0.45 "GET /placement/allocation_candidates?limit=1000&resources=DISK_GB%3A1%2CMEMORY_MB%3A1024%2CVCPU%3A1&root_required=%21COMPUTE_STATUS_DISABLED" status: 200 len: 1309 microversion: 1.36
Jan 28 13:18:31.174330 n-d-822748-2 devstack@placement-api.service[103855]: [pid: 103855|app: 0|req: 76/150] 10.222.0.45 () {60 vars in 1506 bytes} [Fri Jan 28 13:18:30 2022] GET /placement/allocation_candidates?limit=1000&resources=DISK_GB%3A1%2CMEMORY_MB%3A1024%2CVCPU%3A1&root_required=%21COMPUTE_STATUS_DISABLED => generated 1309 bytes in 192 msecs (HTTP/1.1 200) 8 headers in 297 bytes (1 switches on core 0)
Jan 28 13:18:31.276346 n-d-822748-2 devstack@placement-api.service[103856]: DEBUG placement.requestlog [req-11626030-e526-414a-8a48-c52eb9375100 req-e642cecb-81a5-4c82-ba86-8d5e39826e58 None None] Starting request: 10.222.0.45 "GET /placement/allocations/a0aa438e-958c-447e-becd-5780c0997da5" {{(pid=103856) __call__ /opt/stack/placement/placement/requestlog.py:55}}
Jan 28 13:18:31.294442 n-d-822748-2 devstack@placement-api.service[103856]: INFO placement.requestlog [req-11626030-e526-414a-8a48-c52eb9375100 req-e642cecb-81a5-4c82-ba86-8d5e39826e58 service placement] 10.222.0.45 "GET /placement/allocations/a0aa438e-958c-447e-becd-5780c0997da5" status: 200 len: 19 microversion: 1.28
Jan 28 13:18:31.295546 n-d-822748-2 devstack@placement-api.service[103856]: [pid: 103856|app: 0|req: 75/151] 10.222.0.45 () {60 vars in 1380 bytes} [Fri Jan 28 13:18:31 2022] GET /placement/allocations/a0aa438e-958c-447e-becd-5780c0997da5 => generated 19 bytes in 19 msecs (HTTP/1.1 200) 8 headers in 295 bytes (1 switches on core 0)
Jan 28 13:18:31.301564 n-d-822748-2 devstack@placement-api.service[103855]: DEBUG placement.requestlog [req-11626030-e526-414a-8a48-c52eb9375100 req-5e6ffaae-c437-4790-8791-c3db7bbb6801 None None] Starting request: 10.222.0.45 "PUT /placement/allocations/a0aa438e-958c-447e-becd-5780c0997da5" {{(pid=103855) __call__ /opt/stack/placement/placement/requestlog.py:55}}
Jan 28 13:18:31.370625 n-d-822748-2 devstack@placement-api.service[103855]: DEBUG placement.handlers.allocation [req-11626030-e526-414a-8a48-c52eb9375100 req-5e6ffaae-c437-4790-8791-c3db7bbb6801 service placement] Successfully wrote allocations [, , ] {{(pid=103855) _update_consumers_and_create_allocations /opt/stack/placement/placement/handlers/allocation.py:462}}
Jan 28 13:18:31.375873 n-d-822748-2 devstack@placement-api.service[103855]: INFO placement.requestlog [req-11626030-e526-414a-8a48-c52eb9375100 req-5e6ffaae-c437-4790-8791-c3db7bbb6801 service placement] 10.222.0.45 "PUT /placement/allocations/a0aa438e-958c-447e-becd-5780c0997da5" status: 204 len: 0 microversion: 1.36
Jan 28 13:18:31.400139 n-d-822748-2 devstack@placement-api.service[103855]: [pid: 103855|app: 0|req: 77/152] 10.222.0.45 () {64 vars in 1433 bytes} [Fri Jan 28 13:18:31 2022] PUT /placement/allocations/a0aa438e-958c-447e-becd-5780c0997da5 => generated 0 bytes in 76 msecs (HTTP/1.1 204) 5 headers in 199 bytes (1 switches on core 0)
Jan 28 13:18:31.670948 n-d-822748-2 devstack@placement-api.service[103856]: DEBUG placement.requestlog [req-49fcb615-a436-482b-9bb3-df98a7709fc5 req-0514402a-5538-47d3-a2f9-8dbc70655f67 None None] Starting request: 10.222.0.36 "GET /placement/resource_providers/ff01873c-80c8-414f-bb2a-50122266394b/allocations" {{(pid=103856) __call__ /opt/stack/placement/placement/requestlog.py:55}}
Jan 28 13:18:31.709519 n-d-822748-2 devstack@placement-api.service[103856]: INFO placement.requestlog [req-49fcb615-a436-482b-9bb3-df98a7709fc5 req-0514402a-5538-47d3-a2f9-8dbc70655f67 service placement] 10.222.0.36 "GET /placement/resource_providers/ff01873c-80c8-414f-bb2a-50122266394b/allocations" status: 200 len: 659 microversion: 1.0
Jan 28 13:18:31.710168 n-d-822748-2 devstack@placement-api.service[103856]: [pid: 103856|app: 0|req: 76/153] 10.222.0.36 () {58 vars in 1390 bytes} [Fri Jan 28 13:18:31 2022] GET /placement/resource_providers/ff01873c-80c8-414f-bb2a-50122266394b/allocations => generated 659 bytes in 39 msecs (HTTP/1.1 200) 6 headers in 224 bytes (1 switches on core 0)
Jan 28 13:18:31.832256 n-d-822748-2 devstack@placement-api.service[103855]: DEBUG placement.requestlog [req-11626030-e526-414a-8a48-c52eb9375100 req-31fcc6bb-184f-4eb4-8238-41a617fcfc2b None None] Starting request: 10.222.0.60 "GET /placement/allocations/a0aa438e-958c-447e-becd-5780c0997da5" {{(pid=103855) __call__ /opt/stack/placement/placement/requestlog.py:55}}
Jan 28 13:18:31.858746 n-d-822748-2 devstack@placement-api.service[103855]: INFO placement.requestlog [req-11626030-e526-414a-8a48-c52eb9375100 req-31fcc6bb-184f-4eb4-8238-41a617fcfc2b service placement] 10.222.0.60 "GET /placement/allocations/a0aa438e-958c-447e-becd-5780c0997da5" status: 200 len: 259 microversion: 1.28
Jan 28 13:18:31.859378 n-d-822748-2 devstack@placement-api.service[103855]: [pid: 103855|app: 0|req: 78/154] 10.222.0.60 () {60 vars in 1377 bytes} [Fri Jan 28 13:18:31 2022] GET /placement/allocations/a0aa438e-958c-447e-becd-5780c0997da5 => generated 259 bytes in 27 msecs (HTTP/1.1 200) 8 headers in 296 bytes (1 switches on core 0)
Jan 28 13:18:33.856846 n-d-822748-2 devstack@placement-api.service[103856]: DEBUG placement.requestlog [req-7a03212f-a956-4701-955e-221fbcc6d6e9 req-d64e108d-1ca2-4df9-b6a1-6ff6d277bbd8 None None] Starting request: 10.222.0.60 "GET /placement/resource_providers/4b0b837c-e737-425a-a3ab-928f886e1c01/allocations" {{(pid=103856) __call__ /opt/stack/placement/placement/requestlog.py:55}}
Jan 28 13:18:33.896504 n-d-822748-2 devstack@placement-api.service[103856]: INFO placement.requestlog [req-7a03212f-a956-4701-955e-221fbcc6d6e9 req-d64e108d-1ca2-4df9-b6a1-6ff6d277bbd8 service placement] 10.222.0.60 "GET /placement/resource_providers/4b0b837c-e737-425a-a3ab-928f886e1c01/allocations" status: 200 len: 558 microversion: 1.0
