Dec 22 18:05:15.747209 n-d-822747-1 neutron-server[103237]: DEBUG neutron_lib.callbacks.manager [None req-93a07f74-30a5-46d6-942a-31ac805775ce tempest-ServersWithSpecificFlavorTestJSON-626990781 tempest-ServersWithSpecificFlavorTestJSON-626990781-project] Publish callbacks [] for security_group_rule, before_response {{(pid=103237) _notify_loop /usr/local/lib/python3.8/dist-packages/neutron_lib/callbacks/manager.py:175}}
Dec 22 18:05:15.748564 n-d-822747-1 neutron-server[103237]: INFO neutron.wsgi [None req-93a07f74-30a5-46d6-942a-31ac805775ce tempest-ServersWithSpecificFlavorTestJSON-626990781 tempest-ServersWithSpecificFlavorTestJSON-626990781-project] 10.222.0.18 "POST /v2.0/security-group-rules HTTP/1.1" status: 201 len: 769 time: 0.6182549
Dec 22 18:05:15.752969 n-d-822747-1 neutron-server[103238]: DEBUG neutron.wsgi [-] (103238) accepted ('10.222.0.18', 42278) {{(pid=103238) server /usr/local/lib/python3.8/dist-packages/eventlet/wsgi.py:1004}}
Dec 22 18:05:15.761108 n-d-822747-1 neutron-server[103238]: DEBUG neutron.api.v2.base [None req-843fd3e0-cc79-4a75-9416-4596722342a8 tempest-ServersWithSpecificFlavorTestJSON-626990781 tempest-ServersWithSpecificFlavorTestJSON-626990781-project] Request body: {'floatingip': {'floating_network_id': '3cad4dba-5267-485f-8589-dfd1d55afd33'}} {{(pid=103238) prepare_request_body /opt/stack/neutron/neutron/api/v2/base.py:729}}
Dec 22 18:05:15.770376 n-d-822747-1 neutron-server[103238]: DEBUG neutron_lib.callbacks.manager [None req-be6f19be-3ab9-4c4f-ac83-4a4f718aef9b admin admin] Publish callbacks ['neutron.plugins.ml2.ovo_rpc._ObjectChangeHandler.handle_event-534771'] for security_group, after_delete {{(pid=103238) _notify_loop /usr/local/lib/python3.8/dist-packages/neutron_lib/callbacks/manager.py:175}}
Dec 22 18:05:15.774487 n-d-822747-1 neutron-server[103238]: DEBUG neutron_lib.callbacks.manager [None req-be6f19be-3ab9-4c4f-ac83-4a4f718aef9b admin admin] Publish callbacks [] for security_group, before_response {{(pid=103238) _notify_loop /usr/local/lib/python3.8/dist-packages/neutron_lib/callbacks/manager.py:175}}
Dec 22 18:05:15.776260 n-d-822747-1 neutron-server[103238]: INFO neutron.wsgi [None req-be6f19be-3ab9-4c4f-ac83-4a4f718aef9b admin admin] 10.222.0.18 "DELETE /v2.0/security-groups/5b2c21dd-1e98-43bf-ad1a-177c904fee2c HTTP/1.1" status: 204 len: 168 time: 0.1518879
Dec 22 18:05:15.789720 n-d-822747-1 neutron-server[103238]: DEBUG neutron.api.rpc.handlers.resources_rpc [None req-be6f19be-3ab9-4c4f-ac83-4a4f718aef9b admin admin] Pushing event deleted for resources: {'SecurityGroup': ['ID=5b2c21dd-1e98-43bf-ad1a-177c904fee2c,revision_number=None']} {{(pid=103238) push /opt/stack/neutron/neutron/api/rpc/handlers/resources_rpc.py:237}}
Dec 22 18:05:15.829814 n-d-822747-1 neutron-server[103237]: DEBUG neutron.db.db_base_plugin_common [req-628b89f4-7fdd-4f11-bafd-9b212362ca76 req-0eccb423-877b-43bd-8889-05be9ad48f38 tempest-MigrationsAdminTest-501257244 tempest-MigrationsAdminTest-501257244-project] Allocated IP 192.168.233.106 (074379dd-ae7e-44c8-a278-8f471715d645/469f09cd-6d16-4406-9a22-842a335121fc/1b8335a3-7aaa-4af4-b926-9825a0032cc3) {{(pid=103237) _store_ip_allocation /opt/stack/neutron/neutron/db/db_base_plugin_common.py:131}}
Dec 22 18:05:15.849515 n-d-822747-1 neutron-server[103238]: DEBUG neutron_lib.callbacks.manager [None req-843fd3e0-cc79-4a75-9416-4596722342a8 tempest-ServersWithSpecificFlavorTestJSON-626990781 tempest-ServersWithSpecificFlavorTestJSON-626990781-project] Publish callbacks [] for floatingip, before_create {{(pid=103238) _notify_loop /usr/local/lib/python3.8/dist-packages/neutron_lib/callbacks/manager.py:175}}
Dec 22 18:05:15.852968 n-d-822747-1 neutron-server[103237]: DEBUG neutron_lib.callbacks.manager [None req-f0f18027-1b3a-4fb4-92e9-86ca8b383a9b admin admin] Publish callbacks ['neutron.plugins.ml2.ovo_rpc._ObjectChangeHandler.handle_event-534771'] for security_group, after_delete {{(pid=103237) _notify_loop /usr/local/lib/python3.8/dist-packages/neutron_lib/callbacks/manager.py:175}}
Dec 22 18:05:15.855944 n-d-822747-1 neutron-server[103237]: DEBUG neutron_lib.callbacks.manager [None req-f0f18027-1b3a-4fb4-92e9-86ca8b383a9b admin admin] Publish callbacks [] for security_group, before_response {{(pid=103237) _notify_loop /usr/local/lib/python3.8/dist-packages/neutron_lib/callbacks/manager.py:175}}
Dec 22 18:05:15.857241 n-d-822747-1 neutron-server[103237]: INFO neutron.wsgi [None req-f0f18027-1b3a-4fb4-92e9-86ca8b383a9b admin admin] 10.222.0.18 "DELETE /v2.0/security-groups/88c0300f-4d1b-4263-b594-0c8b9b08eced HTTP/1.1" status: 204 len: 168 time: 0.5390842
Dec 22 18:05:15.867307 n-d-822747-1 neutron-server[103239]: DEBUG neutron.plugins.ml2.rpc [None req-9f70b229-3be4-42dd-9a7c-cf4449ab452f None None] Device 56836a66-01cc-4574-a166-d766b8b2ae9c details requested by agent hyperv_n-h1-822747-1 with host n-h1-822747-1 {{(pid=103239) get_device_details /opt/stack/neutron/neutron/plugins/ml2/rpc.py:102}}
Dec 22 18:05:15.941520 n-d-822747-1 neutron-server[103237]: DEBUG neutron.api.rpc.handlers.resources_rpc [None req-f0f18027-1b3a-4fb4-92e9-86ca8b383a9b admin admin] Pushing event deleted for resources: {'SecurityGroup': ['ID=88c0300f-4d1b-4263-b594-0c8b9b08eced,revision_number=None']} {{(pid=103237) push /opt/stack/neutron/neutron/api/rpc/handlers/resources_rpc.py:237}}
Dec 22 18:05:16.023389 n-d-822747-1 neutron-server[103238]: DEBUG neutron_lib.callbacks.manager [None req-843fd3e0-cc79-4a75-9416-4596722342a8 tempest-ServersWithSpecificFlavorTestJSON-626990781 tempest-ServersWithSpecificFlavorTestJSON-626990781-project] Publish callbacks ['neutron.plugins.ml2.plugin.SecurityGroupDbMixin._ensure_default_security_group_handler-7978004'] for port, before_create {{(pid=103238) _notify_loop /usr/local/lib/python3.8/dist-packages/neutron_lib/callbacks/manager.py:175}}
Dec 22 18:05:16.244902 n-d-822747-1 neutron-server[103239]: DEBUG neutron.plugins.ml2.db [None req-9f70b229-3be4-42dd-9a7c-cf4449ab452f None None] For port 56836a66-01cc-4574-a166-d766b8b2ae9c, host n-h1-822747-1, got binding levels [PortBindingLevel(driver='hyperv',host='n-h1-822747-1',level=0,port_id=56836a66-01cc-4574-a166-d766b8b2ae9c,segment=NetworkSegment(f19a1403-7aa4-4dee-b275-d6ac3bf48fec),segment_id=f19a1403-7aa4-4dee-b275-d6ac3bf48fec)] {{(pid=103239) get_binding_level_objs /opt/stack/neutron/neutron/plugins/ml2/db.py:74}}
Dec 22 18:05:16.247503 n-d-822747-1 neutron-server[103237]: DEBUG neutron.notifiers.nova [req-58be77a7-35c7-46e9-8850-38a3e2957d93 req-32900724-b6f0-4480-9450-4f2599780a54 service neutron] Ignoring state change previous_port_status: DOWN current_port_status: DOWN port_id c55395ba-546a-4ccf-921d-061557fea6e6 {{(pid=103237) record_port_status_changed /opt/stack/neutron/neutron/notifiers/nova.py:224}}
Dec 22 18:05:16.279716 n-d-822747-1 neutron-server[103238]: DEBUG neutron.db.db_base_plugin_common [None req-843fd3e0-cc79-4a75-9416-4596722342a8 tempest-ServersWithSpecificFlavorTestJSON-626990781 tempest-ServersWithSpecificFlavorTestJSON-626990781-project] Allocated IP 172.25.8.10 (3cad4dba-5267-485f-8589-dfd1d55afd33/cab87d6e-e26b-44af-964e-d2a056e31f5c/50d8bc9b-6571-4b39-9de7-ba3164adce34) {{(pid=103238) _store_ip_allocation /opt/stack/neutron/neutron/db/db_base_plugin_common.py:131}}
Dec 22 18:05:16.281906 n-d-822747-1 neutron-server[103237]: DEBUG neutron_lib.callbacks.manager [req-58be77a7-35c7-46e9-8850-38a3e2957d93 req-32900724-b6f0-4480-9450-4f2599780a54 service neutron] Publish callbacks [] for port, precommit_update {{(pid=103237) _notify_loop /usr/local/lib/python3.8/dist-packages/neutron_lib/callbacks/manager.py:175}}
Dec 22 18:05:16.283906 n-d-822747-1 neutron-server[103239]: DEBUG neutron.plugins.ml2.rpc [None req-9f70b229-3be4-42dd-9a7c-cf4449ab452f None None] Returning: {'device': '56836a66-01cc-4574-a166-d766b8b2ae9c', 'network_id': '074379dd-ae7e-44c8-a278-8f471715d645', 'port_id': '56836a66-01cc-4574-a166-d766b8b2ae9c', 'mac_address': 'fa:16:3e:d0:0e:1f', 'admin_state_up': True, 'network_type': 'vlan', 'segmentation_id': 136, 'physical_network': 'physnet1', 'mtu': 1500, 'fixed_ips': [{'subnet_id': '469f09cd-6d16-4406-9a22-842a335121fc', 'ip_address': '192.168.233.9'}], 'device_owner': 'compute:nova', 'allowed_address_pairs': [], 'port_security_enabled': True, 'qos_policy_id': None, 'network_qos_policy_id': None, 'profile': {}, 'propagate_uplink_status': False} {{(pid=103239) _get_device_details /opt/stack/neutron/neutron/plugins/ml2/rpc.py:184}}
Dec 22 18:05:16.352090 n-d-822747-1 neutron-server[103237]: DEBUG neutron.pecan_wsgi.hooks.policy_enforcement [req-106db993-35b4-4ce4-9e3c-c878e90de69c req-5450678f-1e03-4e4b-a4b7-30b6cf9fbfef tempest-DeleteServersAdminTestJSON-1567352225 tempest-DeleteServersAdminTestJSON-1567352225-project] Attributes excluded by policy engine: ['standard_attr_id', 'binding:profile', 'binding:host_id', 'binding:vif_type', 'binding:vif_details'] {{(pid=103237) _exclude_attributes_by_policy /opt/stack/neutron/neutron/pecan_wsgi/hooks/policy_enforcement.py:255}}
Dec 22 18:05:16.357494 n-d-822747-1 neutron-server[103238]: INFO neutron.wsgi [req-0c723921-13b3-4b9c-b9ba-2608a1dda3d0 req-7ed673b3-8702-40dc-95f5-2fa40bf38589 tempest-MigrationsAdminTest-501257244 tempest-MigrationsAdminTest-501257244-project] 10.222.0.18 "GET /v2.0/ports?device_id=1a2d0ca8-24a8-405e-8b3c-dcd3af2bc700 HTTP/1.1" status: 200 len: 210 time: 0.0516217
Dec 22 18:05:16.363591 n-d-822747-1 neutron-server[103237]: INFO neutron.wsgi [req-106db993-35b4-4ce4-9e3c-c878e90de69c req-5450678f-1e03-4e4b-a4b7-30b6cf9fbfef tempest-DeleteServersAdminTestJSON-1567352225 tempest-DeleteServersAdminTestJSON-1567352225-project] 10.222.0.18 "GET /v2.0/ports?device_id=9b2581c3-21b8-4ab5-b12f-722cc5757c35 HTTP/1.1" status: 200 len: 946 time: 0.2292159
Dec 22 18:05:16.375452 n-d-822747-1 neutron-server[103239]: DEBUG neutron_lib.callbacks.manager [None req-9f70b229-3be4-42dd-9a7c-cf4449ab452f None None] Publish callbacks ['neutron.plugins.ml2.plugin.SecurityGroupDbMixin._ensure_default_security_group_handler-7978004'] for port, before_update {{(pid=103239) _notify_loop /usr/local/lib/python3.8/dist-packages/neutron_lib/callbacks/manager.py:175}}
Dec 22 18:05:16.395828 n-d-822747-1 neutron-server[103237]: DEBUG neutron.db.provisioning_blocks [req-58be77a7-35c7-46e9-8850-38a3e2957d93 req-32900724-b6f0-4480-9450-4f2599780a54 service neutron] Transition to ACTIVE for port object c55395ba-546a-4ccf-921d-061557fea6e6 will not be triggered until provisioned by entity L2. {{(pid=103237) add_provisioning_component /opt/stack/neutron/neutron/db/provisioning_blocks.py:73}}
Dec 22 18:05:16.415717 n-d-822747-1 neutron-server[103239]: DEBUG neutron.notifiers.nova [None req-9f70b229-3be4-42dd-9a7c-cf4449ab452f None None] Ignoring state change previous_port_status: DOWN current_port_status: BUILD port_id 56836a66-01cc-4574-a166-d766b8b2ae9c {{(pid=103239) record_port_status_changed /opt/stack/neutron/neutron/notifiers/nova.py:224}}
Dec 22 18:05:16.434394 n-d-822747-1 neutron-server[103237]: DEBUG neutron_lib.callbacks.manager [req-58be77a7-35c7-46e9-8850-38a3e2957d93 req-32900724-b6f0-4480-9450-4f2599780a54 service neutron] Publish callbacks ['neutron.plugins.ml2.plugin.SecurityGroupServerNotifierRpcMixin._notify_sg_on_port_change-7978443', 'neutron.plugins.ml2.ovo_rpc._ObjectChangeHandler.handle_event-991693', 'neutron.api.rpc.agentnotifiers.dhcp_rpc_agent_api.DhcpAgentNotifyAPI._native_event_send_dhcp_notification-626761', 'neutron.db.l3_db.L3RpcNotifierMixin._notify_gateway_port_ip_changed-8736982179898', 'neutron.db.l3_dvrscheduler_db._notify_l3_agent_port_update-8736981662940', 'neutron.db.l3_hascheduler_db._notify_l3_agent_ha_port_update-8736981662958'] for port, after_update {{(pid=103237) _notify_loop /usr/local/lib/python3.8/dist-packages/neutron_lib/callbacks/manager.py:175}}
Dec 22 18:05:16.488414 n-d-822747-1 neutron-server[103239]: DEBUG neutron.plugins.ml2.db [None req-9f70b229-3be4-42dd-9a7c-cf4449ab452f None None] For port 56836a66-01cc-4574-a166-d766b8b2ae9c, host n-h1-822747-1, got binding levels [PortBindingLevel(driver='hyperv',host='n-h1-822747-1',level=0,port_id=56836a66-01cc-4574-a166-d766b8b2ae9c,segment=NetworkSegment(f19a1403-7aa4-4dee-b275-d6ac3bf48fec),segment_id=f19a1403-7aa4-4dee-b275-d6ac3bf48fec)] {{(pid=103239) get_binding_level_objs /opt/stack/neutron/neutron/plugins/ml2/db.py:74}}
Dec 22 18:05:16.496594 n-d-822747-1 neutron-server[103239]: DEBUG neutron_lib.callbacks.manager [None req-9f70b229-3be4-42dd-9a7c-cf4449ab452f None None] Publish callbacks ['neutron.plugins.ml2.plugin.SecurityGroupServerNotifierRpcMixin._notify_sg_on_port_change-7978443', 'neutron.plugins.ml2.ovo_rpc._ObjectChangeHandler.handle_event-991693', 'neutron.api.rpc.agentnotifiers.dhcp_rpc_agent_api.DhcpAgentNotifyAPI._native_event_send_dhcp_notification-626761', 'neutron.db.l3_db.L3RpcNotifierMixin._notify_gateway_port_ip_changed-8736982179898', 'neutron.db.l3_dvrscheduler_db._notify_l3_agent_port_update-8736981662940', 'neutron.db.l3_hascheduler_db._notify_l3_agent_ha_port_update-8736981662958'] for port, after_update {{(pid=103239) _notify_loop /usr/local/lib/python3.8/dist-packages/neutron_lib/callbacks/manager.py:175}}
Dec 22 18:05:16.527258 n-d-822747-1 neutron-server[103237]: DEBUG neutron_lib.callbacks.manager [req-628b89f4-7fdd-4f11-bafd-9b212362ca76 req-0eccb423-877b-43bd-8889-05be9ad48f38 tempest-MigrationsAdminTest-501257244 tempest-MigrationsAdminTest-501257244-project] Publish callbacks [] for port, precommit_create {{(pid=103237) _notify_loop /usr/local/lib/python3.8/dist-packages/neutron_lib/callbacks/manager.py:175}}
Dec 22 18:05:16.610078 n-d-822747-1 neutron-server[103239]: DEBUG neutron.api.rpc.handlers.resources_rpc [None req-9f70b229-3be4-42dd-9a7c-cf4449ab452f None None] Pushing event updated for resources: {'Port': ['ID=56836a66-01cc-4574-a166-d766b8b2ae9c,revision_number=4']} {{(pid=103239) push /opt/stack/neutron/neutron/api/rpc/handlers/resources_rpc.py:237}}
Dec 22 18:05:16.617765 n-d-822747-1 neutron-server[103238]: DEBUG neutron.pecan_wsgi.hooks.policy_enforcement [req-9ab2a84c-3b68-4ad7-88de-8aab9fa7b74b req-c69b9678-f541-489e-8239-5fd7e4daf0ee tempest-AggregatesAdminTestJSON-1427698605 tempest-AggregatesAdminTestJSON-1427698605-project] Attributes excluded by policy engine: ['standard_attr_id', 'binding:profile', 'binding:host_id', 'binding:vif_type', 'binding:vif_details'] {{(pid=103238) _exclude_attributes_by_policy /opt/stack/neutron/neutron/pecan_wsgi/hooks/policy_enforcement.py:255}}
Dec 22 18:05:16.627867 n-d-822747-1 neutron-server[103238]: INFO neutron.wsgi [req-9ab2a84c-3b68-4ad7-88de-8aab9fa7b74b req-c69b9678-f541-489e-8239-5fd7e4daf0ee tempest-AggregatesAdminTestJSON-1427698605 tempest-AggregatesAdminTestJSON-1427698605-project] 10.222.0.18 "GET /v2.0/ports?device_id=31ecee6f-1dfd-4bfe-bf5c-7fdcd548bf44 HTTP/1.1" status: 200 len: 971 time: 0.1420703
Dec 22 18:05:16.665312 n-d-822747-1 neutron-server[103237]: DEBUG neutron.api.rpc.handlers.resources_rpc [None req-32900724-b6f0-4480-9450-4f2599780a54 service neutron] Pushing event updated for resources: {'Port': ['ID=c55395ba-546a-4ccf-921d-061557fea6e6,revision_number=2']} {{(pid=103237) push /opt/stack/neutron/neutron/api/rpc/handlers/resources_rpc.py:237}}
Dec 22 18:05:16.691751 n-d-822747-1 neutron-server[103238]: DEBUG neutron_lib.callbacks.manager [None req-843fd3e0-cc79-4a75-9416-4596722342a8 tempest-ServersWithSpecificFlavorTestJSON-626990781 tempest-ServersWithSpecificFlavorTestJSON-626990781-project] Publish callbacks [] for port, precommit_create {{(pid=103238) _notify_loop /usr/local/lib/python3.8/dist-packages/neutron_lib/callbacks/manager.py:175}}
Dec 22 18:05:16.710759 n-d-822747-1 neutron-server[103237]: INFO neutron.wsgi [req-106db993-35b4-4ce4-9e3c-c878e90de69c req-1a879420-31ee-4a6e-ad6e-aa94903a3f05 tempest-DeleteServersAdminTestJSON-1567352225 tempest-DeleteServersAdminTestJSON-1567352225-project] 10.222.0.18 "GET /v2.0/security-groups?id=ebc79670-3040-407a-ade5-b014e218a3f0&fields=id&fields=name HTTP/1.1" status: 200 len: 286 time: 0.3460789
Dec 22 18:05:16.725470 n-d-822747-1 neutron-server[103237]: DEBUG neutron_lib.callbacks.manager [req-628b89f4-7fdd-4f11-bafd-9b212362ca76 req-0eccb423-877b-43bd-8889-05be9ad48f38 tempest-MigrationsAdminTest-501257244 tempest-MigrationsAdminTest-501257244-project] Publish callbacks ['neutron.plugins.ml2.plugin.SecurityGroupServerNotifierRpcMixin._notify_sg_on_port_change-7978443', 'neutron.plugins.ml2.ovo_rpc._ObjectChangeHandler.handle_event-991693', 'neutron.api.rpc.agentnotifiers.dhcp_rpc_agent_api.DhcpAgentNotifyAPI._native_event_send_dhcp_notification-626761', 'neutron.db.l3_dvrscheduler_db._notify_l3_agent_new_port-8736981662922'] for port, after_create {{(pid=103237) _notify_loop /usr/local/lib/python3.8/dist-packages/neutron_lib/callbacks/manager.py:175}}
Dec 22 18:05:16.746293 n-d-822747-1 neutron-server[103238]: INFO neutron.wsgi [req-9ab2a84c-3b68-4ad7-88de-8aab9fa7b74b req-224b59e7-1f37-4f8f-ba5b-3b08d5285ea4 tempest-AggregatesAdminTestJSON-1427698605 tempest-AggregatesAdminTestJSON-1427698605-project] 10.222.0.18 "GET /v2.0/security-groups?id=f1b810bd-bde6-42d1-9fc0-556ebfb70b6f&fields=id&fields=name HTTP/1.1" status: 200 len: 286 time: 0.1174593
Dec 22 18:05:16.770606 n-d-822747-1 neutron-server[103237]: DEBUG neutron.plugins.ml2.managers [req-58be77a7-35c7-46e9-8850-38a3e2957d93 req-32900724-b6f0-4480-9450-4f2599780a54 service neutron] Attempting to bind port c55395ba-546a-4ccf-921d-061557fea6e6 on host n-h1-822747-1 for vnic_type normal with profile {{(pid=103237) bind_port /opt/stack/neutron/neutron/plugins/ml2/managers.py:795}}
Dec 22 18:05:16.771039 n-d-822747-1 neutron-server[103237]: DEBUG neutron.plugins.ml2.managers [req-58be77a7-35c7-46e9-8850-38a3e2957d93 req-32900724-b6f0-4480-9450-4f2599780a54 service neutron] Attempting to bind port c55395ba-546a-4ccf-921d-061557fea6e6 by drivers openvswitch,hyperv on host n-h1-822747-1 at level 0 using segments [{'id': '65c62fe8-efda-4846-ad81-3b131255e26d', 'network_type': 'vlan', 'physical_network': 'physnet1', 'segmentation_id': 138, 'network_id': 'c06e02fe-d8ee-44a6-b402-b922902b1b91'}] {{(pid=103237) _bind_port_level /opt/stack/neutron/neutron/plugins/ml2/managers.py:820}}
Dec 22 18:05:16.771452 n-d-822747-1 neutron-server[103237]: DEBUG neutron.plugins.ml2.drivers.mech_agent [req-58be77a7-35c7-46e9-8850-38a3e2957d93 req-32900724-b6f0-4480-9450-4f2599780a54 service neutron] Attempting to bind port c55395ba-546a-4ccf-921d-061557fea6e6 on network c06e02fe-d8ee-44a6-b402-b922902b1b91 {{(pid=103237) bind_port /opt/stack/neutron/neutron/plugins/ml2/drivers/mech_agent.py:91}}
Dec 22 18:05:16.788798 n-d-822747-1 neutron-server[103238]: DEBUG neutron_lib.callbacks.manager [None req-843fd3e0-cc79-4a75-9416-4596722342a8 tempest-ServersWithSpecificFlavorTestJSON-626990781 tempest-ServersWithSpecificFlavorTestJSON-626990781-project] Publish callbacks ['neutron.plugins.ml2.plugin.SecurityGroupServerNotifierRpcMixin._notify_sg_on_port_change-7978443', 'neutron.plugins.ml2.ovo_rpc._ObjectChangeHandler.handle_event-991693', 'neutron.api.rpc.agentnotifiers.dhcp_rpc_agent_api.DhcpAgentNotifyAPI._native_event_send_dhcp_notification-626761', 'neutron.db.l3_dvrscheduler_db._notify_l3_agent_new_port-8736981662922'] for port, after_create {{(pid=103238) _notify_loop /usr/local/lib/python3.8/dist-packages/neutron_lib/callbacks/manager.py:175}}
Dec 22 18:05:16.803173 n-d-822747-1 neutron-server[103237]: DEBUG neutron.plugins.ml2.drivers.mech_agent [req-58be77a7-35c7-46e9-8850-38a3e2957d93 req-32900724-b6f0-4480-9450-4f2599780a54 service neutron] Port c55395ba-546a-4ccf-921d-061557fea6e6 on network c06e02fe-d8ee-44a6-b402-b922902b1b91 not bound, no agent of type Open vSwitch agent registered on host n-h1-822747-1 {{(pid=103237) bind_port /opt/stack/neutron/neutron/plugins/ml2/drivers/mech_agent.py:103}}
Dec 22 18:05:16.804506 n-d-822747-1 neutron-server[103237]: DEBUG neutron.plugins.ml2.drivers.mech_agent [req-58be77a7-35c7-46e9-8850-38a3e2957d93 req-32900724-b6f0-4480-9450-4f2599780a54 service neutron] Attempting to bind port c55395ba-546a-4ccf-921d-061557fea6e6 on network c06e02fe-d8ee-44a6-b402-b922902b1b91 {{(pid=103237) bind_port /opt/stack/neutron/neutron/plugins/ml2/drivers/mech_agent.py:91}}
Dec 22 18:05:16.817717 n-d-822747-1 neutron-server[103237]: DEBUG neutron.scheduler.dhcp_agent_scheduler [req-628b89f4-7fdd-4f11-bafd-9b212362ca76 req-0eccb423-877b-43bd-8889-05be9ad48f38 tempest-MigrationsAdminTest-501257244 tempest-MigrationsAdminTest-501257244-project] Network 074379dd-ae7e-44c8-a278-8f471715d645 is already hosted by enough agents. {{(pid=103237) _get_dhcp_agents_hosting_network /opt/stack/neutron/neutron/scheduler/dhcp_agent_scheduler.py:275}}
Dec 22 18:05:16.840394 n-d-822747-1 neutron-server[103237]: DEBUG neutron.scheduler.base_scheduler [req-628b89f4-7fdd-4f11-bafd-9b212362ca76 req-0eccb423-877b-43bd-8889-05be9ad48f38 tempest-MigrationsAdminTest-501257244 tempest-MigrationsAdminTest-501257244-project] Resources bound (agent type, host, resource id): {{(pid=103237) schedule /opt/stack/neutron/neutron/scheduler/base_scheduler.py:57}}
Dec 22 18:05:16.853574 n-d-822747-1 neutron-server[103237]: DEBUG neutron.plugins.ml2.drivers.mech_agent [req-58be77a7-35c7-46e9-8850-38a3e2957d93 req-32900724-b6f0-4480-9450-4f2599780a54 service neutron] Checking agent: {'id': '07b25cb4-18a9-45d9-a4b9-e4da1f28c533', 'agent_type': 'HyperV agent', 'binary': 'neutron-hyperv-agent', 'topic': 'N/A', 'host': 'n-h1-822747-1', 'admin_state_up': True, 'created_at': datetime.datetime(2021, 12, 22, 18, 2, 27), 'started_at': datetime.datetime(2021, 12, 22, 18, 2, 27), 'heartbeat_timestamp': datetime.datetime(2021, 12, 22, 18, 4, 57), 'description': None, 'resources_synced': None, 'availability_zone': None, 'alive': True, 'configurations': {'vswitch_mappings': {'physnet1$': 'br-data'}}, 'resource_versions': {}} {{(pid=103237) bind_port /opt/stack/neutron/neutron/plugins/ml2/drivers/mech_agent.py:110}}
Dec 22 18:05:16.853925 n-d-822747-1 neutron-server[103237]: DEBUG neutron.plugins.ml2.drivers.mech_agent [req-58be77a7-35c7-46e9-8850-38a3e2957d93 req-32900724-b6f0-4480-9450-4f2599780a54 service neutron] Checking segment: {'id': '65c62fe8-efda-4846-ad81-3b131255e26d', 'network_type': 'vlan', 'physical_network': 'physnet1', 'segmentation_id': 138, 'network_id': 'c06e02fe-d8ee-44a6-b402-b922902b1b91'} for mappings: {'physnet1$': 'br-data'} with network types: ['local', 'flat', 'vlan'] {{(pid=103237) check_segment_for_agent /opt/stack/neutron/neutron/plugins/ml2/drivers/mech_agent.py:371}}
Dec 22 18:05:16.854312 n-d-822747-1 neutron-server[103237]: DEBUG neutron.plugins.ml2.drivers.mech_agent [req-58be77a7-35c7-46e9-8850-38a3e2957d93 req-32900724-b6f0-4480-9450-4f2599780a54 service neutron] Bound using segment: {'id': '65c62fe8-efda-4846-ad81-3b131255e26d', 'network_type': 'vlan', 'physical_network': 'physnet1', 'segmentation_id': 138, 'network_id': 'c06e02fe-d8ee-44a6-b402-b922902b1b91'} {{(pid=103237) bind_port /opt/stack/neutron/neutron/plugins/ml2/drivers/mech_agent.py:120}}
Dec 22 18:05:16.867343 n-d-822747-1 neutron-server[103237]: DEBUG neutron.plugins.ml2.managers [req-58be77a7-35c7-46e9-8850-38a3e2957d93 req-32900724-b6f0-4480-9450-4f2599780a54 service neutron] Bound port: c55395ba-546a-4ccf-921d-061557fea6e6, host: n-h1-822747-1, vif_type: hyperv, vif_details: {"connectivity": "legacy", "port_filter": false}, binding_levels: [{'bound_driver': 'hyperv', 'bound_segment': {'id': '65c62fe8-efda-4846-ad81-3b131255e26d', 'network_type': 'vlan', 'physical_network': 'physnet1', 'segmentation_id': 138, 'network_id': 'c06e02fe-d8ee-44a6-b402-b922902b1b91'}}] {{(pid=103237) _bind_port_level /opt/stack/neutron/neutron/plugins/ml2/managers.py:932}}
Dec 22 18:05:16.867793 n-d-822747-1 neutron-server[103237]: DEBUG neutron_lib.callbacks.manager [req-58be77a7-35c7-46e9-8850-38a3e2957d93 req-32900724-b6f0-4480-9450-4f2599780a54 service neutron] Publish callbacks ['neutron.plugins.ml2.plugin.SecurityGroupDbMixin._ensure_default_security_group_handler-7978004'] for port, before_update {{(pid=103237) _notify_loop /usr/local/lib/python3.8/dist-packages/neutron_lib/callbacks/manager.py:175}}
Dec 22 18:05:16.879600 n-d-822747-1 neutron-server[103239]: DEBUG neutron.plugins.ml2.db [None req-9f70b229-3be4-42dd-9a7c-cf4449ab452f None None] get_ports_and_sgs() called for port_ids ['56836a66-01cc-4574-a166-d766b8b2ae9c'] {{(pid=103239) get_ports_and_sgs /opt/stack/neutron/neutron/plugins/ml2/db.py:156}}
Dec 22 18:05:16.884129 n-d-822747-1 neutron-server[103238]: DEBUG neutron.scheduler.dhcp_agent_scheduler [None req-843fd3e0-cc79-4a75-9416-4596722342a8 tempest-ServersWithSpecificFlavorTestJSON-626990781 tempest-ServersWithSpecificFlavorTestJSON-626990781-project] Network 3cad4dba-5267-485f-8589-dfd1d55afd33 is already hosted by enough agents. {{(pid=103238) _get_dhcp_agents_hosting_network /opt/stack/neutron/neutron/scheduler/dhcp_agent_scheduler.py:275}}
Dec 22 18:05:16.892112 n-d-822747-1 neutron-server[103237]: DEBUG neutron.db.l3_dvrscheduler_db [req-628b89f4-7fdd-4f11-bafd-9b212362ca76 req-0eccb423-877b-43bd-8889-05be9ad48f38 tempest-MigrationsAdminTest-501257244 tempest-MigrationsAdminTest-501257244-project] Received port after_create {{(pid=103237) _notify_l3_agent_new_port /opt/stack/neutron/neutron/db/l3_dvrscheduler_db.py:535}}
Dec 22 18:05:16.898919 n-d-822747-1 neutron-server[103237]: DEBUG neutron.pecan_wsgi.hooks.policy_enforcement [req-628b89f4-7fdd-4f11-bafd-9b212362ca76 req-0eccb423-877b-43bd-8889-05be9ad48f38 tempest-MigrationsAdminTest-501257244 tempest-MigrationsAdminTest-501257244-project] Attributes excluded by policy engine: ['standard_attr_id', 'binding:profile', 'binding:host_id', 'binding:vif_type', 'binding:vif_details', 'network'] {{(pid=103237) _exclude_attributes_by_policy /opt/stack/neutron/neutron/pecan_wsgi/hooks/policy_enforcement.py:255}}
Dec 22 18:05:16.903183 n-d-822747-1 neutron-server[103237]: DEBUG neutron_lib.callbacks.manager [req-628b89f4-7fdd-4f11-bafd-9b212362ca76 req-0eccb423-877b-43bd-8889-05be9ad48f38 tempest-MigrationsAdminTest-501257244 tempest-MigrationsAdminTest-501257244-project] Publish callbacks ['neutron.notifiers.nova.Notifier._send_nova_notification-6179', 'neutron.api.rpc.agentnotifiers.dhcp_rpc_agent_api.DhcpAgentNotifyAPI._send_dhcp_notification-626775'] for port, before_response {{(pid=103237) _notify_loop /usr/local/lib/python3.8/dist-packages/neutron_lib/callbacks/manager.py:175}}
Dec 22 18:05:16.930874 n-d-822747-1 neutron-server[103238]: DEBUG neutron.api.rpc.handlers.resources_rpc [None req-843fd3e0-cc79-4a75-9416-4596722342a8 tempest-ServersWithSpecificFlavorTestJSON-626990781 tempest-ServersWithSpecificFlavorTestJSON-626990781-project] Pushing event updated for resources: {'Port': ['ID=50d8bc9b-6571-4b39-9de7-ba3164adce34,revision_number=1']} {{(pid=103238) push /opt/stack/neutron/neutron/api/rpc/handlers/resources_rpc.py:237}}
Dec 22 18:05:16.934818 n-d-822747-1 neutron-server[103238]: DEBUG neutron.scheduler.base_scheduler [None req-843fd3e0-cc79-4a75-9416-4596722342a8 tempest-ServersWithSpecificFlavorTestJSON-626990781 tempest-ServersWithSpecificFlavorTestJSON-626990781-project] Resources bound (agent type, host, resource id): {{(pid=103238) schedule /opt/stack/neutron/neutron/scheduler/base_scheduler.py:57}}
Dec 22 18:05:16.938336 n-d-822747-1 neutron-server[103238]: DEBUG neutron.db.l3_dvrscheduler_db [None req-843fd3e0-cc79-4a75-9416-4596722342a8 tempest-ServersWithSpecificFlavorTestJSON-626990781 tempest-ServersWithSpecificFlavorTestJSON-626990781-project] Received port after_create {{(pid=103238) _notify_l3_agent_new_port /opt/stack/neutron/neutron/db/l3_dvrscheduler_db.py:535}}
Dec 22 18:05:17.016975 n-d-822747-1 neutron-server[103237]: DEBUG neutron.plugins.ml2.db [req-58be77a7-35c7-46e9-8850-38a3e2957d93 req-32900724-b6f0-4480-9450-4f2599780a54 service neutron] For port c55395ba-546a-4ccf-921d-061557fea6e6, host n-h1-822747-1, cleared binding levels {{(pid=103237) clear_binding_levels /opt/stack/neutron/neutron/plugins/ml2/db.py:87}}
Dec 22 18:05:17.021668 n-d-822747-1 neutron-server[103237]: DEBUG neutron.plugins.ml2.db [req-58be77a7-35c7-46e9-8850-38a3e2957d93 req-32900724-b6f0-4480-9450-4f2599780a54 service neutron] For port c55395ba-546a-4ccf-921d-061557fea6e6, host n-h1-822747-1, set binding levels [PortBindingLevel(driver='hyperv',host='n-h1-822747-1',level=0,port_id=c55395ba-546a-4ccf-921d-061557fea6e6,segment=NetworkSegment(65c62fe8-efda-4846-ad81-3b131255e26d),segment_id=65c62fe8-efda-4846-ad81-3b131255e26d)] {{(pid=103237) set_binding_levels /opt/stack/neutron/neutron/plugins/ml2/db.py:59}}
Dec 22 18:05:17.047815 n-d-822747-1 neutron-server[103237]: DEBUG neutron_lib.callbacks.manager [req-58be77a7-35c7-46e9-8850-38a3e2957d93 req-32900724-b6f0-4480-9450-4f2599780a54 service neutron] Publish callbacks ['neutron.plugins.ml2.plugin.SecurityGroupServerNotifierRpcMixin._notify_sg_on_port_change-7978443', 'neutron.plugins.ml2.ovo_rpc._ObjectChangeHandler.handle_event-991693', 'neutron.api.rpc.agentnotifiers.dhcp_rpc_agent_api.DhcpAgentNotifyAPI._native_event_send_dhcp_notification-626761', 'neutron.db.l3_db.L3RpcNotifierMixin._notify_gateway_port_ip_changed-8736982179898', 'neutron.db.l3_dvrscheduler_db._notify_l3_agent_port_update-8736981662940', 'neutron.db.l3_hascheduler_db._notify_l3_agent_ha_port_update-8736981662958'] for port, after_update {{(pid=103237) _notify_loop /usr/local/lib/python3.8/dist-packages/neutron_lib/callbacks/manager.py:175}}
Dec 22 18:05:17.120820 n-d-822747-1 neutron-server[103239]: DEBUG neutron.plugins.ml2.rpc [None req-51e3c42d-b163-48c0-ac53-c551ce1290e4 None None] Device 09a555fa-2ee7-49e6-8648-016b7335c42c up at agent ovs-agent-n-d-822747-1 {{(pid=103239) update_device_up /opt/stack/neutron/neutron/plugins/ml2/rpc.py:296}}
Dec 22 18:05:17.164638 n-d-822747-1 neutron-server[103237]: DEBUG neutron.api.rpc.handlers.resources_rpc [None req-0eccb423-877b-43bd-8889-05be9ad48f38 tempest-MigrationsAdminTest-501257244 tempest-MigrationsAdminTest-501257244-project] Pushing event updated for resources: {'Port': ['ID=1b8335a3-7aaa-4af4-b926-9825a0032cc3,revision_number=1']} {{(pid=103237) push /opt/stack/neutron/neutron/api/rpc/handlers/resources_rpc.py:237}}
Dec 22 18:05:17.233627 n-d-822747-1 neutron-server[103237]: DEBUG neutron.pecan_wsgi.hooks.policy_enforcement [req-58be77a7-35c7-46e9-8850-38a3e2957d93 req-32900724-b6f0-4480-9450-4f2599780a54 service neutron] Attributes excluded by policy engine: ['standard_attr_id'] {{(pid=103237) _exclude_attributes_by_policy /opt/stack/neutron/neutron/pecan_wsgi/hooks/policy_enforcement.py:255}}
Dec 22 18:05:17.234267 n-d-822747-1 neutron-server[103237]: DEBUG neutron_lib.callbacks.manager [req-58be77a7-35c7-46e9-8850-38a3e2957d93 req-32900724-b6f0-4480-9450-4f2599780a54 service neutron] Publish callbacks ['neutron.notifiers.nova.Notifier._send_nova_notification-6179', 'neutron.api.rpc.agentnotifiers.dhcp_rpc_agent_api.DhcpAgentNotifyAPI._send_dhcp_notification-626775'] for port, before_response {{(pid=103237) _notify_loop /usr/local/lib/python3.8/dist-packages/neutron_lib/callbacks/manager.py:175}}
Dec 22 18:05:17.242490 n-d-822747-1 neutron-server[103237]: INFO neutron.wsgi [req-58be77a7-35c7-46e9-8850-38a3e2957d93 req-32900724-b6f0-4480-9450-4f2599780a54 service neutron] 10.222.0.43 "PUT /v2.0/ports/c55395ba-546a-4ccf-921d-061557fea6e6 HTTP/1.1" status: 200 len: 1091 time: 2.3373079
Dec 22 18:05:17.252852 n-d-822747-1 neutron-server[103238]: DEBUG neutron_lib.callbacks.manager [None req-843fd3e0-cc79-4a75-9416-4596722342a8 tempest-ServersWithSpecificFlavorTestJSON-626990781 tempest-ServersWithSpecificFlavorTestJSON-626990781-project] Publish callbacks [] for floatingip, precommit_create {{(pid=103238) _notify_loop /usr/local/lib/python3.8/dist-packages/neutron_lib/callbacks/manager.py:175}}
Dec 22 18:05:17.257237 n-d-822747-1 neutron-server[103237]: DEBUG neutron.notifiers.nova [-] Sending events: [{'name': 'network-changed', 'server_uuid': '89fe9839-28fe-45c5-b333-3197b00f1be4', 'tag': 'c55395ba-546a-4ccf-921d-061557fea6e6'}] {{(pid=103237) send_events /opt/stack/neutron/neutron/notifiers/nova.py:262}}
Dec 22 18:05:17.260450 n-d-822747-1 neutron-server[103237]: DEBUG novaclient.v2.client [-] REQ: curl -g -i --cacert "/opt/stack/data/ca-bundle.pem" -X POST http://10.222.0.18/compute/v2.1/os-server-external-events -H "Accept: application/json" -H "Content-Type: application/json" -H "User-Agent: python-novaclient" -H "X-Auth-Token: {SHA256}6cc1abaad95d90b2c8a610c2ef10d511afe7843f79cc803a9b0e3c77e201613a" -H "X-OpenStack-Nova-API-Version: 2.1" -H "X-OpenStack-Request-ID: req-6c1fb2a9-651e-4281-bad7-ae7040d52ece" -d '{"events": [{"name": "network-changed", "server_uuid": "89fe9839-28fe-45c5-b333-3197b00f1be4", "tag": "c55395ba-546a-4ccf-921d-061557fea6e6"}]}' {{(pid=103237) _http_log_request /usr/local/lib/python3.8/dist-packages/keystoneauth1/session.py:519}}
Dec 22 18:05:17.272683 n-d-822747-1 neutron-server[103237]: INFO neutron.wsgi [req-628b89f4-7fdd-4f11-bafd-9b212362ca76 req-0eccb423-877b-43bd-8889-05be9ad48f38 tempest-MigrationsAdminTest-501257244 tempest-MigrationsAdminTest-501257244-project] 10.222.0.43 "POST /v2.0/ports HTTP/1.1" status: 201 len: 938 time: 3.1272371
Dec 22 18:05:17.320813 n-d-822747-1 neutron-server[103237]: DEBUG neutron.pecan_wsgi.hooks.policy_enforcement [req-d0a33bd3-7864-4e14-b02a-ab8a6cfe33ee req-a066d26e-2e5f-4ed7-96fa-9db17abd1095 tempest-LiveAutoBlockMigrationV225Test-1684329604 tempest-LiveAutoBlockMigrationV225Test-1684329604-project] Attributes excluded by policy engine: ['standard_attr_id', 'binding:profile', 'binding:host_id', 'binding:vif_type', 'binding:vif_details'] {{(pid=103237) _exclude_attributes_by_policy /opt/stack/neutron/neutron/pecan_wsgi/hooks/policy_enforcement.py:255}}
Dec 22 18:05:17.322963 n-d-822747-1 neutron-server[103238]: DEBUG neutron_lib.callbacks.manager [None req-843fd3e0-cc79-4a75-9416-4596722342a8 tempest-ServersWithSpecificFlavorTestJSON-626990781 tempest-ServersWithSpecificFlavorTestJSON-626990781-project] Publish callbacks ['neutron.plugins.ml2.plugin.SecurityGroupDbMixin._ensure_default_security_group_handler-7978004'] for port, before_update {{(pid=103238) _notify_loop /usr/local/lib/python3.8/dist-packages/neutron_lib/callbacks/manager.py:175}}
Dec 22 18:05:17.328916 n-d-822747-1 neutron-server[103237]: INFO neutron.wsgi [req-d0a33bd3-7864-4e14-b02a-ab8a6cfe33ee req-a066d26e-2e5f-4ed7-96fa-9db17abd1095 tempest-LiveAutoBlockMigrationV225Test-1684329604 tempest-LiveAutoBlockMigrationV225Test-1684329604-project] 10.222.0.18 "GET /v2.0/ports?device_id=89fe9839-28fe-45c5-b333-3197b00f1be4 HTTP/1.1" status: 200 len: 943 time: 0.4860017
Dec 22 18:05:17.345109 n-d-822747-1 neutron-server[103237]: DEBUG neutron.api.v2.base [req-628b89f4-7fdd-4f11-bafd-9b212362ca76 req-dfbc088d-73ee-4c83-8f6b-cd5d6dbe330c service neutron] Request body: {'port': {'device_id': '1a2d0ca8-24a8-405e-8b3c-dcd3af2bc700', 'device_owner': 'compute:nova', 'binding:host_id': 'n-h1-822747-1'}} {{(pid=103237) prepare_request_body /opt/stack/neutron/neutron/api/v2/base.py:729}}
Dec 22 18:05:17.402243 n-d-822747-1 neutron-server[103237]: DEBUG novaclient.v2.client [-] RESP: [200] Connection: close Content-Length: 179 Content-Type: application/json Date: Wed, 22 Dec 2021 18:05:17 GMT OpenStack-API-Version: compute 2.1 Server: Apache/2.4.41 (Ubuntu) Vary: OpenStack-API-Version,X-OpenStack-Nova-API-Version X-OpenStack-Nova-API-Version: 2.1 x-compute-request-id: req-474b5d32-ac5c-4e29-bc08-7d0475bd7831 x-openstack-request-id: req-474b5d32-ac5c-4e29-bc08-7d0475bd7831 {{(pid=103237) _http_log_response /usr/local/lib/python3.8/dist-packages/keystoneauth1/session.py:550}}
Dec 22 18:05:17.402765 n-d-822747-1 neutron-server[103237]: DEBUG novaclient.v2.client [-] RESP BODY: {"events": [{"name": "network-changed", "server_uuid": "89fe9839-28fe-45c5-b333-3197b00f1be4", "tag": "c55395ba-546a-4ccf-921d-061557fea6e6", "status": "completed", "code": 200}]} {{(pid=103237) _http_log_response /usr/local/lib/python3.8/dist-packages/keystoneauth1/session.py:582}}
Dec 22 18:05:17.403190 n-d-822747-1 neutron-server[103237]: DEBUG novaclient.v2.client [-] POST call to compute for http://10.222.0.18/compute/v2.1/os-server-external-events used request id req-474b5d32-ac5c-4e29-bc08-7d0475bd7831 {{(pid=103237) request /usr/local/lib/python3.8/dist-packages/keystoneauth1/session.py:954}}
Dec 22 18:05:17.403745 n-d-822747-1 neutron-server[103237]: INFO neutron.notifiers.nova [-] Nova event response: {'name': 'network-changed', 'server_uuid': '89fe9839-28fe-45c5-b333-3197b00f1be4', 'tag': 'c55395ba-546a-4ccf-921d-061557fea6e6', 'status': 'completed', 'code': 200}
Dec 22 18:05:17.424726 n-d-822747-1 neutron-server[103237]: DEBUG neutron.api.rpc.handlers.resources_rpc [None req-32900724-b6f0-4480-9450-4f2599780a54 service neutron] Pushing event updated for resources: {'Port': ['ID=c55395ba-546a-4ccf-921d-061557fea6e6,revision_number=3']} {{(pid=103237) push /opt/stack/neutron/neutron/api/rpc/handlers/resources_rpc.py:237}}
Dec 22 18:05:17.435442 n-d-822747-1 neutron-server[103239]: DEBUG neutron.db.provisioning_blocks [None req-4274afe4-b377-45c8-991f-4792c2d8a59e None None] Provisioning complete for port 1b8335a3-7aaa-4af4-b926-9825a0032cc3 triggered by entity DHCP. {{(pid=103239) provisioning_complete /opt/stack/neutron/neutron/db/provisioning_blocks.py:139}}
Dec 22 18:05:17.436299 n-d-822747-1 neutron-server[103239]: DEBUG neutron_lib.callbacks.manager [None req-4274afe4-b377-45c8-991f-4792c2d8a59e None None] Publish callbacks ['neutron.plugins.ml2.plugin.Ml2Plugin._port_provisioned-7788491'] for port, provisioning_complete {{(pid=103239) _notify_loop /usr/local/lib/python3.8/dist-packages/neutron_lib/callbacks/manager.py:175}}
Dec 22 18:05:17.480488 n-d-822747-1 neutron-server[103239]: DEBUG neutron.db.provisioning_blocks [None req-51e3c42d-b163-48c0-ac53-c551ce1290e4 None None] Provisioning complete for port 09a555fa-2ee7-49e6-8648-016b7335c42c triggered by entity L2. {{(pid=103239) provisioning_complete /opt/stack/neutron/neutron/db/provisioning_blocks.py:139}}
Dec 22 18:05:17.480757 n-d-822747-1 neutron-server[103239]: DEBUG neutron_lib.callbacks.manager [None req-51e3c42d-b163-48c0-ac53-c551ce1290e4 None None] Publish callbacks ['neutron.plugins.ml2.plugin.Ml2Plugin._port_provisioned-7788491'] for port, provisioning_complete {{(pid=103239) _notify_loop /usr/local/lib/python3.8/dist-packages/neutron_lib/callbacks/manager.py:175}}
Dec 22 18:05:17.534893 n-d-822747-1 neutron-server[103237]: DEBUG neutron_lib.callbacks.manager [req-628b89f4-7fdd-4f11-bafd-9b212362ca76 req-dfbc088d-73ee-4c83-8f6b-cd5d6dbe330c service neutron] Publish callbacks ['neutron.plugins.ml2.plugin.SecurityGroupDbMixin._ensure_default_security_group_handler-7978004'] for port, before_update {{(pid=103237) _notify_loop /usr/local/lib/python3.8/dist-packages/neutron_lib/callbacks/manager.py:175}}
Dec 22 18:05:17.538141 n-d-822747-1 neutron-server[103237]: DEBUG neutron.pecan_wsgi.hooks.policy_enforcement [req-58be77a7-35c7-46e9-8850-38a3e2957d93 req-c76539c6-530d-4e57-9cc5-a663143377b3 service neutron] Attributes excluded by policy engine: ['standard_attr_id'] {{(pid=103237) _exclude_attributes_by_policy /opt/stack/neutron/neutron/pecan_wsgi/hooks/policy_enforcement.py:255}}
Dec 22 18:05:17.539696 n-d-822747-1 neutron-server[103237]: INFO neutron.wsgi [req-58be77a7-35c7-46e9-8850-38a3e2957d93 req-c76539c6-530d-4e57-9cc5-a663143377b3 service neutron] 10.222.0.43 "GET /v2.0/ports?tenant_id=ecdf9b353b024944b4d5676aa56e51fc&device_id=89fe9839-28fe-45c5-b333-3197b00f1be4 HTTP/1.1" status: 200 len: 1094 time: 0.2357736
Dec 22 18:05:17.557528 n-d-822747-1 neutron-server[103237]: INFO neutron.wsgi [req-d0a33bd3-7864-4e14-b02a-ab8a6cfe33ee req-4d9d31b9-4db6-4627-b6cb-6aecf93fb20c tempest-LiveAutoBlockMigrationV225Test-1684329604 tempest-LiveAutoBlockMigrationV225Test-1684329604-project] 10.222.0.18 "GET /v2.0/security-groups?id=0409d8a8-1a45-4e16-80a6-713bd3fa92fc&fields=id&fields=name HTTP/1.1" status: 200 len: 286 time: 0.2273571
Dec 22 18:05:17.649761 n-d-822747-1 neutron-server[103239]: DEBUG neutron.plugins.ml2.plugin [None req-4274afe4-b377-45c8-991f-4792c2d8a59e None None] Port 1b8335a3-7aaa-4af4-b926-9825a0032cc3 cannot update to ACTIVE because it is not bound. {{(pid=103239) _port_provisioned /opt/stack/neutron/neutron/plugins/ml2/plugin.py:342}}
Dec 22 18:05:17.667646 n-d-822747-1 neutron-server[103237]: INFO neutron.wsgi [req-58be77a7-35c7-46e9-8850-38a3e2957d93 req-3767b540-76c3-4c63-8c35-38396efb6056 service neutron] 10.222.0.43 "GET /v2.0/floatingips?fixed_ip_address=172.20.0.7&port_id=c55395ba-546a-4ccf-921d-061557fea6e6 HTTP/1.1" status: 200 len: 217 time: 0.1019950
Dec 22 18:05:17.806764 n-d-822747-1 neutron-server[103238]: DEBUG neutron.pecan_wsgi.hooks.policy_enforcement [req-db004591-00c7-4a56-a7fd-55f74b4bc27d req-270a526b-fa9c-48c9-ad82-914736332a38 tempest-MigrationsAdminTest-501257244 tempest-MigrationsAdminTest-501257244-project] Attributes excluded by policy engine: ['standard_attr_id', 'binding:profile', 'binding:host_id', 'binding:vif_type', 'binding:vif_details'] {{(pid=103238) _exclude_attributes_by_policy /opt/stack/neutron/neutron/pecan_wsgi/hooks/policy_enforcement.py:255}}
Dec 22 18:05:17.814026 n-d-822747-1 neutron-server[103238]: INFO neutron.wsgi [req-db004591-00c7-4a56-a7fd-55f74b4bc27d req-270a526b-fa9c-48c9-ad82-914736332a38 tempest-MigrationsAdminTest-501257244 tempest-MigrationsAdminTest-501257244-project] 10.222.0.18 "GET /v2.0/ports?device_id=1a2d0ca8-24a8-405e-8b3c-dcd3af2bc700 HTTP/1.1" status: 200 len: 936 time: 0.0756638
Dec 22 18:05:17.815822 n-d-822747-1 neutron-server[103237]: DEBUG neutron.pecan_wsgi.hooks.policy_enforcement [req-58be77a7-35c7-46e9-8850-38a3e2957d93 req-30519d03-6541-404e-b14a-d37037cbf6a6 service neutron] Attributes excluded by policy engine: ['standard_attr_id', 'shared'] {{(pid=103237) _exclude_attributes_by_policy /opt/stack/neutron/neutron/pecan_wsgi/hooks/policy_enforcement.py:255}}
Dec 22 18:05:17.817678 n-d-822747-1 neutron-server[103237]: INFO neutron.wsgi [req-58be77a7-35c7-46e9-8850-38a3e2957d93 req-30519d03-6541-404e-b14a-d37037cbf6a6 service neutron] 10.222.0.43 "GET /v2.0/subnets?id=13de3ab5-db60-4f62-a167-447171e6fa25 HTTP/1.1" status: 200 len: 861 time: 0.1183920
Dec 22 18:05:17.881773 n-d-822747-1 neutron-server[103237]: INFO neutron.wsgi [req-58be77a7-35c7-46e9-8850-38a3e2957d93 req-cb780b63-cfb8-48a1-9c71-cc4542bdffe7 service neutron] 10.222.0.43 "GET /v2.0/ports?network_id=c06e02fe-d8ee-44a6-b402-b922902b1b91&device_owner=network%3Adhcp HTTP/1.1" status: 200 len: 210 time: 0.0529883
Dec 22 18:05:17.887312 n-d-822747-1 neutron-server[103238]: DEBUG neutron_lib.callbacks.manager [None req-843fd3e0-cc79-4a75-9416-4596722342a8 tempest-ServersWithSpecificFlavorTestJSON-626990781 tempest-ServersWithSpecificFlavorTestJSON-626990781-project] Publish callbacks [] for port, precommit_update {{(pid=103238) _notify_loop /usr/local/lib/python3.8/dist-packages/neutron_lib/callbacks/manager.py:175}}
Dec 22 18:05:17.909785 n-d-822747-1 neutron-server[103238]: INFO neutron.wsgi [req-db004591-00c7-4a56-a7fd-55f74b4bc27d req-477ca08d-730f-4c81-bff1-28500f2aa725 tempest-MigrationsAdminTest-501257244 tempest-MigrationsAdminTest-501257244-project] 10.222.0.18 "GET /v2.0/security-groups?id=7eeb9ffb-2e1b-4139-a002-5f882876ce78&fields=id&fields=name HTTP/1.1" status: 200 len: 286 time: 0.0881705
Dec 22 18:05:17.920871 n-d-822747-1 neutron-server[103238]: DEBUG neutron_lib.callbacks.manager [None req-843fd3e0-cc79-4a75-9416-4596722342a8 tempest-ServersWithSpecificFlavorTestJSON-626990781 tempest-ServersWithSpecificFlavorTestJSON-626990781-project] Publish callbacks ['neutron.plugins.ml2.plugin.SecurityGroupServerNotifierRpcMixin._notify_sg_on_port_change-7978443', 'neutron.plugins.ml2.ovo_rpc._ObjectChangeHandler.handle_event-991693', 'neutron.api.rpc.agentnotifiers.dhcp_rpc_agent_api.DhcpAgentNotifyAPI._native_event_send_dhcp_notification-626761', 'neutron.db.l3_db.L3RpcNotifierMixin._notify_gateway_port_ip_changed-8736982179898', 'neutron.db.l3_dvrscheduler_db._notify_l3_agent_port_update-8736981662940', 'neutron.db.l3_hascheduler_db._notify_l3_agent_ha_port_update-8736981662958'] for port, after_update {{(pid=103238) _notify_loop /usr/local/lib/python3.8/dist-packages/neutron_lib/callbacks/manager.py:175}}
Dec 22 18:05:17.984629 n-d-822747-1 neutron-server[103238]: DEBUG neutron_lib.callbacks.manager [None req-843fd3e0-cc79-4a75-9416-4596722342a8 tempest-ServersWithSpecificFlavorTestJSON-626990781 tempest-ServersWithSpecificFlavorTestJSON-626990781-project] Publish callbacks ['neutron.services.l3_router.l3_router_plugin.DVRResourceOperationHandler._create_dvr_floating_gw_port-580808'] for floatingip, after_create {{(pid=103238) _notify_loop /usr/local/lib/python3.8/dist-packages/neutron_lib/callbacks/manager.py:175}}
Dec 22 18:05:18.041847 n-d-822747-1 neutron-server[103238]: DEBUG neutron.api.rpc.handlers.resources_rpc [None req-843fd3e0-cc79-4a75-9416-4596722342a8 tempest-ServersWithSpecificFlavorTestJSON-626990781 tempest-ServersWithSpecificFlavorTestJSON-626990781-project] Pushing event updated for resources: {'Port': ['ID=50d8bc9b-6571-4b39-9de7-ba3164adce34,revision_number=2']} {{(pid=103238) push /opt/stack/neutron/neutron/api/rpc/handlers/resources_rpc.py:237}}
Dec 22 18:05:18.051357 n-d-822747-1 neutron-server[103238]: DEBUG neutron_lib.callbacks.manager [None req-843fd3e0-cc79-4a75-9416-4596722342a8 tempest-ServersWithSpecificFlavorTestJSON-626990781 tempest-ServersWithSpecificFlavorTestJSON-626990781-project] Publish callbacks ['neutron.notifiers.nova.Notifier._send_nova_notification-6179'] for floatingip, before_response {{(pid=103238) _notify_loop /usr/local/lib/python3.8/dist-packages/neutron_lib/callbacks/manager.py:175}}
Dec 22 18:05:18.063974 n-d-822747-1 neutron-server[103238]: INFO neutron.wsgi [None req-843fd3e0-cc79-4a75-9416-4596722342a8 tempest-ServersWithSpecificFlavorTestJSON-626990781 tempest-ServersWithSpecificFlavorTestJSON-626990781-project] 10.222.0.18 "POST /v2.0/floatingips HTTP/1.1" status: 201 len: 692 time: 2.2982597
Dec 22 18:05:18.098520 n-d-822747-1 neutron-server[103238]: DEBUG neutron.pecan_wsgi.hooks.policy_enforcement [req-617e406c-11da-4dcd-96e3-28e3b61cc44a req-c4b01733-0d51-4074-8cea-f52c4999456f tempest-AggregatesAdminTestJSON-1427698605 tempest-AggregatesAdminTestJSON-1427698605-project] Attributes excluded by policy engine: ['standard_attr_id', 'binding:profile', 'binding:host_id', 'binding:vif_type', 'binding:vif_details'] {{(pid=103238) _exclude_attributes_by_policy /opt/stack/neutron/neutron/pecan_wsgi/hooks/policy_enforcement.py:255}}
Dec 22 18:05:18.106065 n-d-822747-1 neutron-server[103238]: INFO neutron.wsgi [req-617e406c-11da-4dcd-96e3-28e3b61cc44a req-c4b01733-0d51-4074-8cea-f52c4999456f tempest-AggregatesAdminTestJSON-1427698605 tempest-AggregatesAdminTestJSON-1427698605-project] 10.222.0.18 "GET /v2.0/ports?device_id=31ecee6f-1dfd-4bfe-bf5c-7fdcd548bf44 HTTP/1.1" status: 200 len: 971 time: 0.0995011
Dec 22 18:05:18.176293 n-d-822747-1 neutron-server[103238]: INFO neutron.wsgi [req-617e406c-11da-4dcd-96e3-28e3b61cc44a req-cad29641-9442-406b-8f2e-305572a62628 tempest-AggregatesAdminTestJSON-1427698605 tempest-AggregatesAdminTestJSON-1427698605-project] 10.222.0.18 "GET /v2.0/security-groups?id=f1b810bd-bde6-42d1-9fc0-556ebfb70b6f&fields=id&fields=name HTTP/1.1" status: 200 len: 286 time: 0.0691659
Dec 22 18:05:18.244425 n-d-822747-1 neutron-server[103237]: DEBUG neutron.pecan_wsgi.hooks.policy_enforcement [req-9a2a524b-9510-4db5-879b-a054d88c132d req-afb62eb1-0dea-4f1e-9d3a-1c26a70878a7 tempest-DeleteServersAdminTestJSON-1567352225 tempest-DeleteServersAdminTestJSON-1567352225-project] Attributes excluded by policy engine: ['standard_attr_id', 'binding:profile', 'binding:host_id', 'binding:vif_type', 'binding:vif_details'] {{(pid=103237) _exclude_attributes_by_policy /opt/stack/neutron/neutron/pecan_wsgi/hooks/policy_enforcement.py:255}}
Dec 22 18:05:18.245925 n-d-822747-1 neutron-server[103237]: INFO neutron.wsgi [req-9a2a524b-9510-4db5-879b-a054d88c132d req-afb62eb1-0dea-4f1e-9d3a-1c26a70878a7 tempest-DeleteServersAdminTestJSON-1567352225 tempest-DeleteServersAdminTestJSON-1567352225-project] 10.222.0.18 "GET /v2.0/ports?device_id=9b2581c3-21b8-4ab5-b12f-722cc5757c35 HTTP/1.1" status: 200 len: 947 time: 0.4059267
Dec 22 18:05:18.301685 n-d-822747-1 neutron-server[103237]: INFO neutron.wsgi [req-58be77a7-35c7-46e9-8850-38a3e2957d93 req-3185edaa-6544-42ff-b53a-0cc95dc6501d service neutron] 10.222.0.43 "GET /v2.0/networks/c06e02fe-d8ee-44a6-b402-b922902b1b91?fields=segments HTTP/1.1" status: 200 len: 212 time: 0.2136638
Dec 22 18:05:18.348349 n-d-822747-1 neutron-server[103239]: DEBUG neutron.plugins.ml2.rpc [None req-d50b8732-3027-46a7-822e-0a55331f8039 None None] Device c6245258-82cf-43b3-b430-0ec2e01ffef0 up at agent hyperv_n-h2-822747-1 {{(pid=103239) update_device_up /opt/stack/neutron/neutron/plugins/ml2/rpc.py:296}}
Dec 22 18:05:18.417076 n-d-822747-1 neutron-server[103237]: INFO neutron.wsgi [req-9a2a524b-9510-4db5-879b-a054d88c132d req-034d2f0a-20d7-4bb6-9898-f858ca0b00ef tempest-DeleteServersAdminTestJSON-1567352225 tempest-DeleteServersAdminTestJSON-1567352225-project] 10.222.0.18 "GET /v2.0/security-groups?id=ebc79670-3040-407a-ade5-b014e218a3f0&fields=id&fields=name HTTP/1.1" status: 200 len: 286 time: 0.1619432
