Dec 20 14:40:50.915739 n-d-822053-6 devstack@n-api.service[124093]: INFO nova.api.openstack.compute.server_external_events [req-6a44f31e-5b6d-44b0-97a9-8c4c4459b776 req-76b2b1ba-6b62-4780-8027-24eb65950b2d service nova] Creating event network-vif-plugged:940a771c-bd65-4d1f-af79-01fe9922f168 for instance 5e7e2743-182a-4a6e-8a4e-497796094eb4 on n-h2-822053-6
Dec 20 14:40:50.933369 n-d-822053-6 devstack@n-api.service[124093]: INFO nova.api.openstack.requestlog [req-6a44f31e-5b6d-44b0-97a9-8c4c4459b776 req-76b2b1ba-6b62-4780-8027-24eb65950b2d service nova] 10.222.0.46 "POST /compute/v2.1/os-server-external-events" status: 200 len: 183 microversion: 2.1 time: 0.481478
Dec 20 14:40:50.942486 n-d-822053-6 devstack@n-api.service[124093]: [pid: 124093|app: 0|req: 49/154] 10.222.0.46 () {64 vars in 1317 bytes} [Mon Dec 20 14:40:50 2021] POST /compute/v2.1/os-server-external-events => generated 183 bytes in 492 msecs (HTTP/1.1 200) 9 headers in 357 bytes (1 switches on core 0)
Dec 20 14:40:50.947803 n-d-822053-6 devstack@n-api.service[124093]: DEBUG nova.api.openstack.wsgi [None req-89b11384-7617-4478-a894-21bfb9aef539 tempest-DeleteServersAdminTestJSON-93028177 tempest-DeleteServersAdminTestJSON-93028177-project] Calling method '>' {{(pid=124093) _process_stack /opt/stack/nova/nova/api/openstack/wsgi.py:513}}
Dec 20 14:40:50.958321 n-d-822053-6 devstack@n-api.service[124093]: DEBUG nova.compute.api [None req-89b11384-7617-4478-a894-21bfb9aef539 tempest-DeleteServersAdminTestJSON-93028177 tempest-DeleteServersAdminTestJSON-93028177-project] [instance: d5e48c25-089f-48e4-968a-7d335ad296e3] Fetching instance by UUID {{(pid=124093) get /opt/stack/nova/nova/compute/api.py:2865}}
Dec 20 14:40:50.979041 n-d-822053-6 devstack@n-api.service[124093]: DEBUG oslo_concurrency.lockutils [None req-89b11384-7617-4478-a894-21bfb9aef539 tempest-DeleteServersAdminTestJSON-93028177 tempest-DeleteServersAdminTestJSON-93028177-project] Lock "b6818a96-106c-4fa2-b512-4cfdcbf846ff" acquired by "nova.context.set_target_cell..get_or_set_cached_cell_and_set_connections" :: waited 0.000s {{(pid=124093) inner /usr/local/lib/python3.8/dist-packages/oslo_concurrency/lockutils.py:386}}
Dec 20 14:40:50.989022 n-d-822053-6 devstack@n-api.service[124093]: DEBUG oslo_concurrency.lockutils [None req-89b11384-7617-4478-a894-21bfb9aef539 tempest-DeleteServersAdminTestJSON-93028177 tempest-DeleteServersAdminTestJSON-93028177-project] Lock "b6818a96-106c-4fa2-b512-4cfdcbf846ff" "released" by "nova.context.set_target_cell..get_or_set_cached_cell_and_set_connections" :: held 0.007s {{(pid=124093) inner /usr/local/lib/python3.8/dist-packages/oslo_concurrency/lockutils.py:400}}
Dec 20 14:40:50.990142 n-d-822053-6 devstack@n-api.service[124093]: DEBUG oslo_concurrency.lockutils [None req-89b11384-7617-4478-a894-21bfb9aef539 tempest-DeleteServersAdminTestJSON-93028177 tempest-DeleteServersAdminTestJSON-93028177-project] Lock "b6818a96-106c-4fa2-b512-4cfdcbf846ff" acquired by "nova.context.set_target_cell..get_or_set_cached_cell_and_set_connections" :: waited 0.000s {{(pid=124093) inner /usr/local/lib/python3.8/dist-packages/oslo_concurrency/lockutils.py:386}}
Dec 20 14:40:50.992550 n-d-822053-6 devstack@n-api.service[124093]: DEBUG oslo_concurrency.lockutils [None req-89b11384-7617-4478-a894-21bfb9aef539 tempest-DeleteServersAdminTestJSON-93028177 tempest-DeleteServersAdminTestJSON-93028177-project] Lock "b6818a96-106c-4fa2-b512-4cfdcbf846ff" "released" by "nova.context.set_target_cell..get_or_set_cached_cell_and_set_connections" :: held 0.002s {{(pid=124093) inner /usr/local/lib/python3.8/dist-packages/oslo_concurrency/lockutils.py:400}}
Dec 20 14:40:51.314451 n-d-822053-6 devstack@n-api.service[124094]: DEBUG nova.api.openstack.wsgi [None req-0059830d-56e8-45d8-bb76-c1d0f2217ec3 tempest-InstanceUsageAuditLogNegativeTestJSON-1410916228 tempest-InstanceUsageAuditLogNegativeTestJSON-1410916228-project-admin] Calling method '>' {{(pid=124094) _process_stack /opt/stack/nova/nova/api/openstack/wsgi.py:513}}
Dec 20 14:40:51.315331 n-d-822053-6 devstack@n-api.service[124094]: /usr/local/lib/python3.8/dist-packages/oslo_policy/policy.py:1119: UserWarning: Policy "os_compute_api:os-instance-usage-audit-log:show": "rule:system_reader_api" failed scope check. The token used to make the request was project scoped but the policy requires ['system'] scope. This behavior may change in the future where using the intended scope is required
Dec 20 14:40:51.315331 n-d-822053-6 devstack@n-api.service[124094]: warnings.warn(msg)
Dec 20 14:40:51.318160 n-d-822053-6 devstack@n-api.service[124094]: INFO nova.api.openstack.wsgi [None req-0059830d-56e8-45d8-bb76-c1d0f2217ec3 tempest-InstanceUsageAuditLogNegativeTestJSON-1410916228 tempest-InstanceUsageAuditLogNegativeTestJSON-1410916228-project-admin] HTTP exception thrown: Invalid timestamp for date invalid_time
Dec 20 14:40:51.318741 n-d-822053-6 devstack@n-api.service[124094]: DEBUG nova.api.openstack.wsgi [None req-0059830d-56e8-45d8-bb76-c1d0f2217ec3 tempest-InstanceUsageAuditLogNegativeTestJSON-1410916228 tempest-InstanceUsageAuditLogNegativeTestJSON-1410916228-project-admin] Returning 400 to user: Invalid timestamp for date invalid_time {{(pid=124094) __call__ /opt/stack/nova/nova/api/openstack/wsgi.py:936}}
Dec 20 14:40:51.329252 n-d-822053-6 devstack@n-api.service[124094]: INFO nova.api.openstack.requestlog [None req-0059830d-56e8-45d8-bb76-c1d0f2217ec3 tempest-InstanceUsageAuditLogNegativeTestJSON-1410916228 tempest-InstanceUsageAuditLogNegativeTestJSON-1410916228-project-admin] 10.222.0.46 "GET /compute/v2.1/os-instance_usage_audit_log/invalid_time" status: 400 len: 83 microversion: 2.1 time: 0.457413
Dec 20 14:40:51.340454 n-d-822053-6 devstack@n-api.service[124094]: [pid: 124094|app: 0|req: 106/155] 10.222.0.46 () {58 vars in 1223 bytes} [Mon Dec 20 14:40:50 2021] GET /compute/v2.1/os-instance_usage_audit_log/invalid_time => generated 83 bytes in 477 msecs (HTTP/1.1 400) 9 headers in 380 bytes (1 switches on core 0)
Dec 20 14:40:51.849515 n-d-822053-6 devstack@n-api.service[124093]: DEBUG nova.policy [None req-89b11384-7617-4478-a894-21bfb9aef539 tempest-DeleteServersAdminTestJSON-93028177 tempest-DeleteServersAdminTestJSON-93028177-project] Policy check for os_compute_api:os-extended-server-attributes failed with credentials {'is_admin': False, 'user_id': '322d3ea6b74d47d88d5673f1a96002ac', 'user_domain_id': 'default', 'system_scope': None, 'domain_id': None, 'project_id': 'eb18ae8d070044df99b015858f03e69f', 'project_domain_id': 'default', 'roles': ['member', 'reader'], 'is_admin_project': True, 'service_user_id': None, 'service_user_domain_id': None, 'service_project_id': None, 'service_project_domain_id': None, 'service_roles': []} {{(pid=124093) authorize /opt/stack/nova/nova/policy.py:199}}
Dec 20 14:40:51.858661 n-d-822053-6 devstack@n-api.service[124093]: INFO nova.api.openstack.requestlog [None req-89b11384-7617-4478-a894-21bfb9aef539 tempest-DeleteServersAdminTestJSON-93028177 tempest-DeleteServersAdminTestJSON-93028177-project] 10.222.0.46 "GET /compute/v2.1/servers/d5e48c25-089f-48e4-968a-7d335ad296e3" status: 200 len: 1320 microversion: 2.1 time: 0.913901
Dec 20 14:40:51.859274 n-d-822053-6 devstack@n-api.service[124093]: [pid: 124093|app: 0|req: 50/156] 10.222.0.46 () {58 vars in 1235 bytes} [Mon Dec 20 14:40:50 2021] GET /compute/v2.1/servers/d5e48c25-089f-48e4-968a-7d335ad296e3 => generated 1320 bytes in 916 msecs (HTTP/1.1 200) 9 headers in 358 bytes (1 switches on core 0)
Dec 20 14:40:51.875956 n-d-822053-6 devstack@n-api.service[124093]: DEBUG nova.api.openstack.wsgi [None req-262b470a-2eda-4e1c-b626-ed1f74a8aa8a tempest-AggregatesAdminTestJSON-542618971 tempest-AggregatesAdminTestJSON-542618971-project] Calling method '>' {{(pid=124093) _process_stack /opt/stack/nova/nova/api/openstack/wsgi.py:513}}
Dec 20 14:40:51.876152 n-d-822053-6 devstack@n-api.service[124094]: DEBUG nova.api.openstack.wsgi [None req-a19750b9-ee06-4e3b-a4d8-5f5f25571001 tempest-InstanceUsageAuditLogNegativeTestJSON-224764641 tempest-InstanceUsageAuditLogNegativeTestJSON-224764641-project] Calling method '>' {{(pid=124094) _process_stack /opt/stack/nova/nova/api/openstack/wsgi.py:513}}
Dec 20 14:40:51.876568 n-d-822053-6 devstack@n-api.service[124093]: DEBUG nova.compute.api [None req-262b470a-2eda-4e1c-b626-ed1f74a8aa8a tempest-AggregatesAdminTestJSON-542618971 tempest-AggregatesAdminTestJSON-542618971-project] [instance: 5e7e2743-182a-4a6e-8a4e-497796094eb4] Fetching instance by UUID {{(pid=124093) get /opt/stack/nova/nova/compute/api.py:2865}}
Dec 20 14:40:51.876725 n-d-822053-6 devstack@n-api.service[124094]: /usr/local/lib/python3.8/dist-packages/oslo_policy/policy.py:1119: UserWarning: Policy "os_compute_api:os-instance-usage-audit-log:list": "rule:system_reader_api" failed scope check. The token used to make the request was project scoped but the policy requires ['system'] scope. This behavior may change in the future where using the intended scope is required
Dec 20 14:40:51.876725 n-d-822053-6 devstack@n-api.service[124094]: warnings.warn(msg)
Dec 20 14:40:51.878601 n-d-822053-6 devstack@n-api.service[124094]: DEBUG nova.policy [None req-a19750b9-ee06-4e3b-a4d8-5f5f25571001 tempest-InstanceUsageAuditLogNegativeTestJSON-224764641 tempest-InstanceUsageAuditLogNegativeTestJSON-224764641-project] Policy check for os_compute_api:os-instance-usage-audit-log:list failed with credentials {'is_admin': False, 'user_id': '45b314f3d4e84a23af7d1486b31f6d2e', 'user_domain_id': 'default', 'system_scope': None, 'domain_id': None, 'project_id': '980edbaf94f34ac5a1c0016e179b7c8f', 'project_domain_id': 'default', 'roles': ['member', 'reader'], 'is_admin_project': True, 'service_user_id': None, 'service_user_domain_id': None, 'service_project_id': None, 'service_project_domain_id': None, 'service_roles': []} {{(pid=124094) authorize /opt/stack/nova/nova/policy.py:199}}
Dec 20 14:40:51.879462 n-d-822053-6 devstack@n-api.service[124094]: DEBUG nova.api.openstack.wsgi [None req-a19750b9-ee06-4e3b-a4d8-5f5f25571001 tempest-InstanceUsageAuditLogNegativeTestJSON-224764641 tempest-InstanceUsageAuditLogNegativeTestJSON-224764641-project] Returning 403 to user: Policy doesn't allow os_compute_api:os-instance-usage-audit-log:list to be performed. {{(pid=124094) __call__ /opt/stack/nova/nova/api/openstack/wsgi.py:936}}
Dec 20 14:40:51.880423 n-d-822053-6 devstack@n-api.service[124094]: INFO nova.api.openstack.requestlog [None req-a19750b9-ee06-4e3b-a4d8-5f5f25571001 tempest-InstanceUsageAuditLogNegativeTestJSON-224764641 tempest-InstanceUsageAuditLogNegativeTestJSON-224764641-project] 10.222.0.46 "GET /compute/v2.1/os-instance_usage_audit_log" status: 403 len: 128 microversion: 2.1 time: 0.539195
Dec 20 14:40:51.884997 n-d-822053-6 devstack@n-api.service[124094]: [pid: 124094|app: 0|req: 107/157] 10.222.0.46 () {58 vars in 1184 bytes} [Mon Dec 20 14:40:51 2021] GET /compute/v2.1/os-instance_usage_audit_log => generated 128 bytes in 544 msecs (HTTP/1.1 403) 9 headers in 379 bytes (1 switches on core 0)
Dec 20 14:40:51.891608 n-d-822053-6 devstack@n-api.service[124093]: DEBUG oslo_concurrency.lockutils [None req-262b470a-2eda-4e1c-b626-ed1f74a8aa8a tempest-AggregatesAdminTestJSON-542618971 tempest-AggregatesAdminTestJSON-542618971-project] Lock "b6818a96-106c-4fa2-b512-4cfdcbf846ff" acquired by "nova.context.set_target_cell..get_or_set_cached_cell_and_set_connections" :: waited 0.000s {{(pid=124093) inner /usr/local/lib/python3.8/dist-packages/oslo_concurrency/lockutils.py:386}}
Dec 20 14:40:51.892274 n-d-822053-6 devstack@n-api.service[124093]: DEBUG oslo_concurrency.lockutils [None req-262b470a-2eda-4e1c-b626-ed1f74a8aa8a tempest-AggregatesAdminTestJSON-542618971 tempest-AggregatesAdminTestJSON-542618971-project] Lock "b6818a96-106c-4fa2-b512-4cfdcbf846ff" "released" by "nova.context.set_target_cell..get_or_set_cached_cell_and_set_connections" :: held 0.001s {{(pid=124093) inner /usr/local/lib/python3.8/dist-packages/oslo_concurrency/lockutils.py:400}}
Dec 20 14:40:51.893214 n-d-822053-6 devstack@n-api.service[124093]: DEBUG oslo_concurrency.lockutils [None req-262b470a-2eda-4e1c-b626-ed1f74a8aa8a tempest-AggregatesAdminTestJSON-542618971 tempest-AggregatesAdminTestJSON-542618971-project] Lock "b6818a96-106c-4fa2-b512-4cfdcbf846ff" acquired by "nova.context.set_target_cell..get_or_set_cached_cell_and_set_connections" :: waited 0.000s {{(pid=124093) inner /usr/local/lib/python3.8/dist-packages/oslo_concurrency/lockutils.py:386}}
Dec 20 14:40:51.893826 n-d-822053-6 devstack@n-api.service[124093]: DEBUG oslo_concurrency.lockutils [None req-262b470a-2eda-4e1c-b626-ed1f74a8aa8a tempest-AggregatesAdminTestJSON-542618971 tempest-AggregatesAdminTestJSON-542618971-project] Lock "b6818a96-106c-4fa2-b512-4cfdcbf846ff" "released" by "nova.context.set_target_cell..get_or_set_cached_cell_and_set_connections" :: held 0.001s {{(pid=124093) inner /usr/local/lib/python3.8/dist-packages/oslo_concurrency/lockutils.py:400}}
Dec 20 14:40:51.906484 n-d-822053-6 devstack@n-api.service[124094]: DEBUG nova.api.openstack.wsgi [None req-fe04351c-7509-49e9-b99f-524ebc2064f8 tempest-InstanceUsageAuditLogNegativeTestJSON-224764641 tempest-InstanceUsageAuditLogNegativeTestJSON-224764641-project] Calling method '>' {{(pid=124094) _process_stack /opt/stack/nova/nova/api/openstack/wsgi.py:513}}
Dec 20 14:40:51.909217 n-d-822053-6 devstack@n-api.service[124094]: DEBUG nova.policy [None req-fe04351c-7509-49e9-b99f-524ebc2064f8 tempest-InstanceUsageAuditLogNegativeTestJSON-224764641 tempest-InstanceUsageAuditLogNegativeTestJSON-224764641-project] Policy check for os_compute_api:os-instance-usage-audit-log:show failed with credentials {'is_admin': False, 'user_id': '45b314f3d4e84a23af7d1486b31f6d2e', 'user_domain_id': 'default', 'system_scope': None, 'domain_id': None, 'project_id': '980edbaf94f34ac5a1c0016e179b7c8f', 'project_domain_id': 'default', 'roles': ['member', 'reader'], 'is_admin_project': True, 'service_user_id': None, 'service_user_domain_id': None, 'service_project_id': None, 'service_project_domain_id': None, 'service_roles': []} {{(pid=124094) authorize /opt/stack/nova/nova/policy.py:199}}
Dec 20 14:40:51.911213 n-d-822053-6 devstack@n-api.service[124094]: DEBUG nova.api.openstack.wsgi [None req-fe04351c-7509-49e9-b99f-524ebc2064f8 tempest-InstanceUsageAuditLogNegativeTestJSON-224764641 tempest-InstanceUsageAuditLogNegativeTestJSON-224764641-project] Returning 403 to user: Policy doesn't allow os_compute_api:os-instance-usage-audit-log:show to be performed. {{(pid=124094) __call__ /opt/stack/nova/nova/api/openstack/wsgi.py:936}}
Dec 20 14:40:51.915566 n-d-822053-6 devstack@n-api.service[124094]: INFO nova.api.openstack.requestlog [None req-fe04351c-7509-49e9-b99f-524ebc2064f8 tempest-InstanceUsageAuditLogNegativeTestJSON-224764641 tempest-InstanceUsageAuditLogNegativeTestJSON-224764641-project] 10.222.0.46 "GET /compute/v2.1/os-instance_usage_audit_log/2021-12-20 14:40:51" status: 403 len: 128 microversion: 2.1 time: 0.022605
Dec 20 14:40:51.917390 n-d-822053-6 devstack@n-api.service[124094]: [pid: 124094|app: 0|req: 108/158] 10.222.0.46 () {58 vars in 1250 bytes} [Mon Dec 20 14:40:51 2021] GET /compute/v2.1/os-instance_usage_audit_log/2021-12-20%2014%3A40%3A51 => generated 128 bytes in 28 msecs (HTTP/1.1 403) 9 headers in 379 bytes (1 switches on core 0)
Dec 20 14:40:52.706934 n-d-822053-6 devstack@n-api.service[124093]: DEBUG nova.policy [None req-262b470a-2eda-4e1c-b626-ed1f74a8aa8a tempest-AggregatesAdminTestJSON-542618971 tempest-AggregatesAdminTestJSON-542618971-project] Policy check for os_compute_api:os-extended-server-attributes failed with credentials {'is_admin': False, 'user_id': 'b6cf7ba248584efbacf11bbd28bb693f', 'user_domain_id': 'default', 'system_scope': None, 'domain_id': None, 'project_id': '9fd5647a37184cef9832eaab35a1ffe4', 'project_domain_id': 'default', 'roles': ['member', 'reader'], 'is_admin_project': True, 'service_user_id': None, 'service_user_domain_id': None, 'service_project_id': None, 'service_project_domain_id': None, 'service_roles': []} {{(pid=124093) authorize /opt/stack/nova/nova/policy.py:199}}
Dec 20 14:40:52.718975 n-d-822053-6 devstack@n-api.service[124093]: INFO nova.api.openstack.requestlog [None req-262b470a-2eda-4e1c-b626-ed1f74a8aa8a tempest-AggregatesAdminTestJSON-542618971 tempest-AggregatesAdminTestJSON-542618971-project] 10.222.0.46 "GET /compute/v2.1/servers/5e7e2743-182a-4a6e-8a4e-497796094eb4" status: 200 len: 1337 microversion: 2.1 time: 0.848900
Dec 20 14:40:52.720916 n-d-822053-6 devstack@n-api.service[124093]: [pid: 124093|app: 0|req: 51/159] 10.222.0.46 () {58 vars in 1235 bytes} [Mon Dec 20 14:40:51 2021] GET /compute/v2.1/servers/5e7e2743-182a-4a6e-8a4e-497796094eb4 => generated 1337 bytes in 861 msecs (HTTP/1.1 200) 9 headers in 358 bytes (1 switches on core 0)
Dec 20 14:40:52.875710 n-d-822053-6 devstack@n-api.service[124094]: DEBUG nova.api.openstack.wsgi [None req-1cf7e957-9cbb-491a-9052-1a8e80525c5d tempest-DeleteServersAdminTestJSON-93028177 tempest-DeleteServersAdminTestJSON-93028177-project] Calling method '>' {{(pid=124094) _process_stack /opt/stack/nova/nova/api/openstack/wsgi.py:513}}
Dec 20 14:40:52.878765 n-d-822053-6 devstack@n-api.service[124094]: DEBUG nova.compute.api [None req-1cf7e957-9cbb-491a-9052-1a8e80525c5d tempest-DeleteServersAdminTestJSON-93028177 tempest-DeleteServersAdminTestJSON-93028177-project] [instance: d5e48c25-089f-48e4-968a-7d335ad296e3] Fetching instance by UUID {{(pid=124094) get /opt/stack/nova/nova/compute/api.py:2865}}
Dec 20 14:40:52.896404 n-d-822053-6 devstack@n-api.service[124094]: DEBUG oslo_concurrency.lockutils [None req-1cf7e957-9cbb-491a-9052-1a8e80525c5d tempest-DeleteServersAdminTestJSON-93028177 tempest-DeleteServersAdminTestJSON-93028177-project] Lock "b6818a96-106c-4fa2-b512-4cfdcbf846ff" acquired by "nova.context.set_target_cell..get_or_set_cached_cell_and_set_connections" :: waited 0.000s {{(pid=124094) inner /usr/local/lib/python3.8/dist-packages/oslo_concurrency/lockutils.py:386}}
Dec 20 14:40:52.896857 n-d-822053-6 devstack@n-api.service[124094]: DEBUG oslo_concurrency.lockutils [None req-1cf7e957-9cbb-491a-9052-1a8e80525c5d tempest-DeleteServersAdminTestJSON-93028177 tempest-DeleteServersAdminTestJSON-93028177-project] Lock "b6818a96-106c-4fa2-b512-4cfdcbf846ff" "released" by "nova.context.set_target_cell..get_or_set_cached_cell_and_set_connections" :: held 0.001s {{(pid=124094) inner /usr/local/lib/python3.8/dist-packages/oslo_concurrency/lockutils.py:400}}
Dec 20 14:40:52.906016 n-d-822053-6 devstack@n-api.service[124094]: DEBUG oslo_concurrency.lockutils [None req-1cf7e957-9cbb-491a-9052-1a8e80525c5d tempest-DeleteServersAdminTestJSON-93028177 tempest-DeleteServersAdminTestJSON-93028177-project] Lock "b6818a96-106c-4fa2-b512-4cfdcbf846ff" acquired by "nova.context.set_target_cell..get_or_set_cached_cell_and_set_connections" :: waited 0.000s {{(pid=124094) inner /usr/local/lib/python3.8/dist-packages/oslo_concurrency/lockutils.py:386}}
Dec 20 14:40:52.906706 n-d-822053-6 devstack@n-api.service[124094]: DEBUG oslo_concurrency.lockutils [None req-1cf7e957-9cbb-491a-9052-1a8e80525c5d tempest-DeleteServersAdminTestJSON-93028177 tempest-DeleteServersAdminTestJSON-93028177-project] Lock "b6818a96-106c-4fa2-b512-4cfdcbf846ff" "released" by "nova.context.set_target_cell..get_or_set_cached_cell_and_set_connections" :: held 0.009s {{(pid=124094) inner /usr/local/lib/python3.8/dist-packages/oslo_concurrency/lockutils.py:400}}
Dec 20 14:40:53.094365 n-d-822053-6 devstack@n-api.service[124094]: DEBUG nova.policy [None req-1cf7e957-9cbb-491a-9052-1a8e80525c5d tempest-DeleteServersAdminTestJSON-93028177 tempest-DeleteServersAdminTestJSON-93028177-project] Policy check for os_compute_api:os-extended-server-attributes failed with credentials {'is_admin': False, 'user_id': '322d3ea6b74d47d88d5673f1a96002ac', 'user_domain_id': 'default', 'system_scope': None, 'domain_id': None, 'project_id': 'eb18ae8d070044df99b015858f03e69f', 'project_domain_id': 'default', 'roles': ['member', 'reader'], 'is_admin_project': True, 'service_user_id': None, 'service_user_domain_id': None, 'service_project_id': None, 'service_project_domain_id': None, 'service_roles': []} {{(pid=124094) authorize /opt/stack/nova/nova/policy.py:199}}
Dec 20 14:40:53.103789 n-d-822053-6 devstack@n-api.service[124094]: INFO nova.api.openstack.requestlog [None req-1cf7e957-9cbb-491a-9052-1a8e80525c5d tempest-DeleteServersAdminTestJSON-93028177 tempest-DeleteServersAdminTestJSON-93028177-project] 10.222.0.46 "GET /compute/v2.1/servers/d5e48c25-089f-48e4-968a-7d335ad296e3" status: 200 len: 1320 microversion: 2.1 time: 0.232137
Dec 20 14:40:53.110620 n-d-822053-6 devstack@n-api.service[124094]: [pid: 124094|app: 0|req: 109/160] 10.222.0.46 () {58 vars in 1235 bytes} [Mon Dec 20 14:40:52 2021] GET /compute/v2.1/servers/d5e48c25-089f-48e4-968a-7d335ad296e3 => generated 1320 bytes in 239 msecs (HTTP/1.1 200) 9 headers in 358 bytes (1 switches on core 0)
Dec 20 14:40:53.371443 n-d-822053-6 devstack@n-api.service[124093]: DEBUG nova.api.openstack.wsgi [None req-b4a937cf-4499-43cd-9cdb-9c09563ed3a9 tempest-ServerDiagnosticsNegativeTest-1953550891 tempest-ServerDiagnosticsNegativeTest-1953550891-project] Action: 'create', calling method: >, body: {"server": {"name": "tempest-ServerDiagnosticsNegativeTest-server-231084004", "imageRef": "af7b9604-7eb7-4f5f-99cd-fe96a56f3c8b", "flavorRef": "452"}} {{(pid=124093) _process_stack /opt/stack/nova/nova/api/openstack/wsgi.py:511}}
Dec 20 14:40:53.489742 n-d-822053-6 devstack@n-api.service[124093]: DEBUG nova.network.neutron [None req-b4a937cf-4499-43cd-9cdb-9c09563ed3a9 tempest-ServerDiagnosticsNegativeTest-1953550891 tempest-ServerDiagnosticsNegativeTest-1953550891-project] validate_networks() for None {{(pid=124093) validate_networks /opt/stack/nova/nova/network/neutron.py:2482}}
Dec 20 14:40:53.737589 n-d-822053-6 devstack@n-api.service[124094]: DEBUG nova.api.openstack.wsgi [None req-8df26772-c0e8-4104-a02b-e06218df66b3 tempest-AggregatesAdminTestJSON-542618971 tempest-AggregatesAdminTestJSON-542618971-project] Calling method '>' {{(pid=124094) _process_stack /opt/stack/nova/nova/api/openstack/wsgi.py:513}}
Dec 20 14:40:53.739778 n-d-822053-6 devstack@n-api.service[124094]: DEBUG nova.compute.api [None req-8df26772-c0e8-4104-a02b-e06218df66b3 tempest-AggregatesAdminTestJSON-542618971 tempest-AggregatesAdminTestJSON-542618971-project] [instance: 5e7e2743-182a-4a6e-8a4e-497796094eb4] Fetching instance by UUID {{(pid=124094) get /opt/stack/nova/nova/compute/api.py:2865}}
Dec 20 14:40:53.758368 n-d-822053-6 devstack@n-api.service[124094]: DEBUG oslo_concurrency.lockutils [None req-8df26772-c0e8-4104-a02b-e06218df66b3 tempest-AggregatesAdminTestJSON-542618971 tempest-AggregatesAdminTestJSON-542618971-project] Lock "b6818a96-106c-4fa2-b512-4cfdcbf846ff" acquired by "nova.context.set_target_cell..get_or_set_cached_cell_and_set_connections" :: waited 0.000s {{(pid=124094) inner /usr/local/lib/python3.8/dist-packages/oslo_concurrency/lockutils.py:386}}
Dec 20 14:40:53.774540 n-d-822053-6 devstack@n-api.service[124094]: DEBUG oslo_concurrency.lockutils [None req-8df26772-c0e8-4104-a02b-e06218df66b3 tempest-AggregatesAdminTestJSON-542618971 tempest-AggregatesAdminTestJSON-542618971-project] Lock "b6818a96-106c-4fa2-b512-4cfdcbf846ff" "released" by "nova.context.set_target_cell..get_or_set_cached_cell_and_set_connections" :: held 0.016s {{(pid=124094) inner /usr/local/lib/python3.8/dist-packages/oslo_concurrency/lockutils.py:400}}
Dec 20 14:40:53.778799 n-d-822053-6 devstack@n-api.service[124094]: DEBUG oslo_concurrency.lockutils [None req-8df26772-c0e8-4104-a02b-e06218df66b3 tempest-AggregatesAdminTestJSON-542618971 tempest-AggregatesAdminTestJSON-542618971-project] Lock "b6818a96-106c-4fa2-b512-4cfdcbf846ff" acquired by "nova.context.set_target_cell..get_or_set_cached_cell_and_set_connections" :: waited 0.000s {{(pid=124094) inner /usr/local/lib/python3.8/dist-packages/oslo_concurrency/lockutils.py:386}}
Dec 20 14:40:53.779241 n-d-822053-6 devstack@n-api.service[124094]: DEBUG oslo_concurrency.lockutils [None req-8df26772-c0e8-4104-a02b-e06218df66b3 tempest-AggregatesAdminTestJSON-542618971 tempest-AggregatesAdminTestJSON-542618971-project] Lock "b6818a96-106c-4fa2-b512-4cfdcbf846ff" "released" by "nova.context.set_target_cell..get_or_set_cached_cell_and_set_connections" :: held 0.001s {{(pid=124094) inner /usr/local/lib/python3.8/dist-packages/oslo_concurrency/lockutils.py:400}}
Dec 20 14:40:54.051505 n-d-822053-6 devstack@n-api.service[124093]: DEBUG nova.virt.hardware [None req-b4a937cf-4499-43cd-9cdb-9c09563ed3a9 tempest-ServerDiagnosticsNegativeTest-1953550891 tempest-ServerDiagnosticsNegativeTest-1953550891-project] Flavor limits 0:0:0 {{(pid=124093) get_cpu_topology_constraints /opt/stack/nova/nova/virt/hardware.py:343}}
Dec 20 14:40:54.051979 n-d-822053-6 devstack@n-api.service[124093]: DEBUG nova.virt.hardware [None req-b4a937cf-4499-43cd-9cdb-9c09563ed3a9 tempest-ServerDiagnosticsNegativeTest-1953550891 tempest-ServerDiagnosticsNegativeTest-1953550891-project] Image limits 0:0:0 {{(pid=124093) get_cpu_topology_constraints /opt/stack/nova/nova/virt/hardware.py:347}}
Dec 20 14:40:54.052398 n-d-822053-6 devstack@n-api.service[124093]: DEBUG nova.virt.hardware [None req-b4a937cf-4499-43cd-9cdb-9c09563ed3a9 tempest-ServerDiagnosticsNegativeTest-1953550891 tempest-ServerDiagnosticsNegativeTest-1953550891-project] Flavor pref 0:0:0 {{(pid=124093) get_cpu_topology_constraints /opt/stack/nova/nova/virt/hardware.py:383}}
Dec 20 14:40:54.052770 n-d-822053-6 devstack@n-api.service[124093]: DEBUG nova.virt.hardware [None req-b4a937cf-4499-43cd-9cdb-9c09563ed3a9 tempest-ServerDiagnosticsNegativeTest-1953550891 tempest-ServerDiagnosticsNegativeTest-1953550891-project] Image pref 0:0:0 {{(pid=124093) get_cpu_topology_constraints /opt/stack/nova/nova/virt/hardware.py:387}}
Dec 20 14:40:54.053176 n-d-822053-6 devstack@n-api.service[124093]: DEBUG nova.virt.hardware [None req-b4a937cf-4499-43cd-9cdb-9c09563ed3a9 tempest-ServerDiagnosticsNegativeTest-1953550891 tempest-ServerDiagnosticsNegativeTest-1953550891-project] Chose sockets=0, cores=0, threads=0; limits were sockets=65536, cores=65536, threads=65536 {{(pid=124093) get_cpu_topology_constraints /opt/stack/nova/nova/virt/hardware.py:425}}
Dec 20 14:40:54.074589 n-d-822053-6 devstack@n-api.service[124093]: DEBUG oslo_concurrency.lockutils [None req-b4a937cf-4499-43cd-9cdb-9c09563ed3a9 tempest-ServerDiagnosticsNegativeTest-1953550891 tempest-ServerDiagnosticsNegativeTest-1953550891-project] Lock "00000000-0000-0000-0000-000000000000" acquired by "nova.context.set_target_cell..get_or_set_cached_cell_and_set_connections" :: waited 0.000s {{(pid=124093) inner /usr/local/lib/python3.8/dist-packages/oslo_concurrency/lockutils.py:386}}
Dec 20 14:40:54.075046 n-d-822053-6 devstack@n-api.service[124093]: DEBUG oslo_concurrency.lockutils [None req-b4a937cf-4499-43cd-9cdb-9c09563ed3a9 tempest-ServerDiagnosticsNegativeTest-1953550891 tempest-ServerDiagnosticsNegativeTest-1953550891-project] Lock "00000000-0000-0000-0000-000000000000" "released" by "nova.context.set_target_cell..get_or_set_cached_cell_and_set_connections" :: held 0.001s {{(pid=124093) inner /usr/local/lib/python3.8/dist-packages/oslo_concurrency/lockutils.py:400}}
Dec 20 14:40:54.075861 n-d-822053-6 devstack@n-api.service[124093]: DEBUG oslo_concurrency.lockutils [None req-b4a937cf-4499-43cd-9cdb-9c09563ed3a9 tempest-ServerDiagnosticsNegativeTest-1953550891 tempest-ServerDiagnosticsNegativeTest-1953550891-project] Lock "b6818a96-106c-4fa2-b512-4cfdcbf846ff" acquired by "nova.context.set_target_cell..get_or_set_cached_cell_and_set_connections" :: waited 0.000s {{(pid=124093) inner /usr/local/lib/python3.8/dist-packages/oslo_concurrency/lockutils.py:386}}
Dec 20 14:40:54.076294 n-d-822053-6 devstack@n-api.service[124093]: DEBUG oslo_concurrency.lockutils [None req-b4a937cf-4499-43cd-9cdb-9c09563ed3a9 tempest-ServerDiagnosticsNegativeTest-1953550891 tempest-ServerDiagnosticsNegativeTest-1953550891-project] Lock "b6818a96-106c-4fa2-b512-4cfdcbf846ff" "released" by "nova.context.set_target_cell..get_or_set_cached_cell_and_set_connections" :: held 0.000s {{(pid=124093) inner /usr/local/lib/python3.8/dist-packages/oslo_concurrency/lockutils.py:400}}
Dec 20 14:40:54.127179 n-d-822053-6 devstack@n-api.service[124093]: DEBUG nova.quota [None req-b4a937cf-4499-43cd-9cdb-9c09563ed3a9 tempest-ServerDiagnosticsNegativeTest-1953550891 tempest-ServerDiagnosticsNegativeTest-1953550891-project] Getting quotas for project 8df8a44ca36641438261330889c665c1. Resources: {'cores', 'instances', 'ram'} {{(pid=124093) _get_quotas /opt/stack/nova/nova/quota.py:387}}
Dec 20 14:40:54.135006 n-d-822053-6 devstack@n-api.service[124093]: DEBUG nova.quota [None req-b4a937cf-4499-43cd-9cdb-9c09563ed3a9 tempest-ServerDiagnosticsNegativeTest-1953550891 tempest-ServerDiagnosticsNegativeTest-1953550891-project] Getting quotas for user 5843e938ecd4406d83a67cbcd18cba25 and project 8df8a44ca36641438261330889c665c1. Resources: {'cores', 'instances', 'ram'} {{(pid=124093) _get_quotas /opt/stack/nova/nova/quota.py:377}}
Dec 20 14:40:54.159275 n-d-822053-6 devstack@n-api.service[124093]: DEBUG nova.compute.api [None req-b4a937cf-4499-43cd-9cdb-9c09563ed3a9 tempest-ServerDiagnosticsNegativeTest-1953550891 tempest-ServerDiagnosticsNegativeTest-1953550891-project] Going to run 1 instances... {{(pid=124093) _provision_instances /opt/stack/nova/nova/compute/api.py:1350}}
Dec 20 14:40:54.162207 n-d-822053-6 devstack@n-api.service[124093]: DEBUG nova.compute.api [None req-b4a937cf-4499-43cd-9cdb-9c09563ed3a9 tempest-ServerDiagnosticsNegativeTest-1953550891 tempest-ServerDiagnosticsNegativeTest-1953550891-project] [instance: d2e860f0-c7df-4c67-bc6e-76211c0c8806] block_device_mapping [BlockDeviceMapping(attachment_id=,boot_index=0,connection_info=None,created_at=,delete_on_termination=True,deleted=,deleted_at=,destination_type='local',device_name=None,device_type='disk',disk_bus=None,guest_format=None,id=,image_id='af7b9604-7eb7-4f5f-99cd-fe96a56f3c8b',instance=,instance_uuid=,no_device=False,snapshot_id=None,source_type='image',tag=None,updated_at=,uuid=,volume_id=None,volume_size=None,volume_type=None)] {{(pid=124093) _bdm_validate_set_size_and_instance /opt/stack/nova/nova/compute/api.py:1757}}
Dec 20 14:40:54.196884 n-d-822053-6 devstack@n-api.service[124094]: DEBUG nova.policy [None req-8df26772-c0e8-4104-a02b-e06218df66b3 tempest-AggregatesAdminTestJSON-542618971 tempest-AggregatesAdminTestJSON-542618971-project] Policy check for os_compute_api:os-extended-server-attributes failed with credentials {'is_admin': False, 'user_id': 'b6cf7ba248584efbacf11bbd28bb693f', 'user_domain_id': 'default', 'system_scope': None, 'domain_id': None, 'project_id': '9fd5647a37184cef9832eaab35a1ffe4', 'project_domain_id': 'default', 'roles': ['member', 'reader'], 'is_admin_project': True, 'service_user_id': None, 'service_user_domain_id': None, 'service_project_id': None, 'service_project_domain_id': None, 'service_roles': []} {{(pid=124094) authorize /opt/stack/nova/nova/policy.py:199}}
Dec 20 14:40:54.205327 n-d-822053-6 devstack@n-api.service[124094]: INFO nova.api.openstack.requestlog [None req-8df26772-c0e8-4104-a02b-e06218df66b3 tempest-AggregatesAdminTestJSON-542618971 tempest-AggregatesAdminTestJSON-542618971-project] 10.222.0.46 "GET /compute/v2.1/servers/5e7e2743-182a-4a6e-8a4e-497796094eb4" status: 200 len: 1337 microversion: 2.1 time: 0.472535
Dec 20 14:40:54.209051 n-d-822053-6 devstack@n-api.service[124094]: [pid: 124094|app: 0|req: 110/161] 10.222.0.46 () {58 vars in 1235 bytes} [Mon Dec 20 14:40:53 2021] GET /compute/v2.1/servers/5e7e2743-182a-4a6e-8a4e-497796094eb4 => generated 1337 bytes in 476 msecs (HTTP/1.1 200) 9 headers in 358 bytes (1 switches on core 0)
Dec 20 14:40:54.223373 n-d-822053-6 devstack@n-api.service[124094]: DEBUG nova.api.openstack.wsgi [None req-5eee5be0-850b-483d-a62b-1a2685259fa5 tempest-DeleteServersAdminTestJSON-93028177 tempest-DeleteServersAdminTestJSON-93028177-project] Calling method '>' {{(pid=124094) _process_stack /opt/stack/nova/nova/api/openstack/wsgi.py:513}}
Dec 20 14:40:54.224627 n-d-822053-6 devstack@n-api.service[124094]: DEBUG nova.compute.api [None req-5eee5be0-850b-483d-a62b-1a2685259fa5 tempest-DeleteServersAdminTestJSON-93028177 tempest-DeleteServersAdminTestJSON-93028177-project] [instance: d5e48c25-089f-48e4-968a-7d335ad296e3] Fetching instance by UUID {{(pid=124094) get /opt/stack/nova/nova/compute/api.py:2865}}
Dec 20 14:40:54.238807 n-d-822053-6 devstack@n-api.service[124094]: DEBUG oslo_concurrency.lockutils [None req-5eee5be0-850b-483d-a62b-1a2685259fa5 tempest-DeleteServersAdminTestJSON-93028177 tempest-DeleteServersAdminTestJSON-93028177-project] Lock "b6818a96-106c-4fa2-b512-4cfdcbf846ff" acquired by "nova.context.set_target_cell..get_or_set_cached_cell_and_set_connections" :: waited 0.000s {{(pid=124094) inner /usr/local/lib/python3.8/dist-packages/oslo_concurrency/lockutils.py:386}}
Dec 20 14:40:54.240863 n-d-822053-6 devstack@n-api.service[124094]: DEBUG oslo_concurrency.lockutils [None req-5eee5be0-850b-483d-a62b-1a2685259fa5 tempest-DeleteServersAdminTestJSON-93028177 tempest-DeleteServersAdminTestJSON-93028177-project] Lock "b6818a96-106c-4fa2-b512-4cfdcbf846ff" "released" by "nova.context.set_target_cell..get_or_set_cached_cell_and_set_connections" :: held 0.003s {{(pid=124094) inner /usr/local/lib/python3.8/dist-packages/oslo_concurrency/lockutils.py:400}}
Dec 20 14:40:54.242801 n-d-822053-6 devstack@n-api.service[124094]: DEBUG oslo_concurrency.lockutils [None req-5eee5be0-850b-483d-a62b-1a2685259fa5 tempest-DeleteServersAdminTestJSON-93028177 tempest-DeleteServersAdminTestJSON-93028177-project] Lock "b6818a96-106c-4fa2-b512-4cfdcbf846ff" acquired by "nova.context.set_target_cell..get_or_set_cached_cell_and_set_connections" :: waited 0.000s {{(pid=124094) inner /usr/local/lib/python3.8/dist-packages/oslo_concurrency/lockutils.py:386}}
Dec 20 14:40:54.251143 n-d-822053-6 devstack@n-api.service[124094]: DEBUG oslo_concurrency.lockutils [None req-5eee5be0-850b-483d-a62b-1a2685259fa5 tempest-DeleteServersAdminTestJSON-93028177 tempest-DeleteServersAdminTestJSON-93028177-project] Lock "b6818a96-106c-4fa2-b512-4cfdcbf846ff" "released" by "nova.context.set_target_cell..get_or_set_cached_cell_and_set_connections" :: held 0.009s {{(pid=124094) inner /usr/local/lib/python3.8/dist-packages/oslo_concurrency/lockutils.py:400}}
Dec 20 14:40:54.305842 n-d-822053-6 devstack@n-api.service[124093]: INFO nova.api.openstack.requestlog [None req-b4a937cf-4499-43cd-9cdb-9c09563ed3a9 tempest-ServerDiagnosticsNegativeTest-1953550891 tempest-ServerDiagnosticsNegativeTest-1953550891-project] 10.222.0.46 "POST /compute/v2.1/servers" status: 202 len: 380 microversion: 2.1 time: 1.141442
Dec 20 14:40:54.310005 n-d-822053-6 devstack@n-api.service[124093]: [pid: 124093|app: 0|req: 52/162] 10.222.0.46 () {60 vars in 1146 bytes} [Mon Dec 20 14:40:53 2021] POST /compute/v2.1/servers => generated 380 bytes in 1155 msecs (HTTP/1.1 202) 10 headers in 451 bytes (1 switches on core 0)
Dec 20 14:40:54.352238 n-d-822053-6 devstack@n-api.service[124093]: DEBUG nova.api.openstack.wsgi [None req-5252f4a6-f6a1-4320-a6e1-b528f28dcd04 tempest-ServerDiagnosticsNegativeTest-1953550891 tempest-ServerDiagnosticsNegativeTest-1953550891-project] Calling method '>' {{(pid=124093) _process_stack /opt/stack/nova/nova/api/openstack/wsgi.py:513}}
Dec 20 14:40:54.358787 n-d-822053-6 devstack@n-api.service[124093]: DEBUG nova.compute.api [None req-5252f4a6-f6a1-4320-a6e1-b528f28dcd04 tempest-ServerDiagnosticsNegativeTest-1953550891 tempest-ServerDiagnosticsNegativeTest-1953550891-project] [instance: d2e860f0-c7df-4c67-bc6e-76211c0c8806] Fetching instance by UUID {{(pid=124093) get /opt/stack/nova/nova/compute/api.py:2865}}
Dec 20 14:40:54.731291 n-d-822053-6 devstack@n-api.service[124093]: DEBUG nova.policy [None req-5252f4a6-f6a1-4320-a6e1-b528f28dcd04 tempest-ServerDiagnosticsNegativeTest-1953550891 tempest-ServerDiagnosticsNegativeTest-1953550891-project] Policy check for os_compute_api:os-extended-server-attributes failed with credentials {'is_admin': False, 'user_id': '5843e938ecd4406d83a67cbcd18cba25', 'user_domain_id': 'default', 'system_scope': None, 'domain_id': None, 'project_id': '8df8a44ca36641438261330889c665c1', 'project_domain_id': 'default', 'roles': ['member', 'reader'], 'is_admin_project': True, 'service_user_id': None, 'service_user_domain_id': None, 'service_project_id': None, 'service_project_domain_id': None, 'service_roles': []} {{(pid=124093) authorize /opt/stack/nova/nova/policy.py:199}}
Dec 20 14:40:54.784744 n-d-822053-6 devstack@n-api.service[124093]: INFO nova.api.openstack.requestlog [None req-5252f4a6-f6a1-4320-a6e1-b528f28dcd04 tempest-ServerDiagnosticsNegativeTest-1953550891 tempest-ServerDiagnosticsNegativeTest-1953550891-project] 10.222.0.46 "GET /compute/v2.1/servers/d2e860f0-c7df-4c67-bc6e-76211c0c8806" status: 200 len: 1222 microversion: 2.1 time: 0.454882
Dec 20 14:40:54.786706 n-d-822053-6 devstack@n-api.service[124093]: [pid: 124093|app: 0|req: 53/163] 10.222.0.46 () {58 vars in 1235 bytes} [Mon Dec 20 14:40:54 2021] GET /compute/v2.1/servers/d2e860f0-c7df-4c67-bc6e-76211c0c8806 => generated 1222 bytes in 458 msecs (HTTP/1.1 200) 9 headers in 358 bytes (1 switches on core 0)
Dec 20 14:40:54.814977 n-d-822053-6 devstack@n-api.service[124094]: DEBUG nova.policy [None req-5eee5be0-850b-483d-a62b-1a2685259fa5 tempest-DeleteServersAdminTestJSON-93028177 tempest-DeleteServersAdminTestJSON-93028177-project] Policy check for os_compute_api:os-extended-server-attributes failed with credentials {'is_admin': False, 'user_id': '322d3ea6b74d47d88d5673f1a96002ac', 'user_domain_id': 'default', 'system_scope': None, 'domain_id': None, 'project_id': 'eb18ae8d070044df99b015858f03e69f', 'project_domain_id': 'default', 'roles': ['member', 'reader'], 'is_admin_project': True, 'service_user_id': None, 'service_user_domain_id': None, 'service_project_id': None, 'service_project_domain_id': None, 'service_roles': []} {{(pid=124094) authorize /opt/stack/nova/nova/policy.py:199}}
Dec 20 14:40:54.819993 n-d-822053-6 devstack@n-api.service[124093]: DEBUG nova.api.openstack.wsgi [req-6a2e939f-0320-4deb-9989-70fd372a856b req-7cc15233-4045-40ee-b13a-614a63cc50af service nova] Action: 'create', calling method: >, body: {"events": [{"server_uuid": "d5e48c25-089f-48e4-968a-7d335ad296e3", "name": "network-vif-plugged", "status": "completed", "tag": "1b28fe8a-5f36-4ae6-886e-c8064b4fc854"}]} {{(pid=124093) _process_stack /opt/stack/nova/nova/api/openstack/wsgi.py:511}}
Dec 20 14:40:54.822846 n-d-822053-6 devstack@n-api.service[124093]: /usr/local/lib/python3.8/dist-packages/oslo_policy/policy.py:1119: UserWarning: Policy "os_compute_api:os-server-external-events:create": "rule:system_admin_api" failed scope check. The token used to make the request was project scoped but the policy requires ['system'] scope. This behavior may change in the future where using the intended scope is required
Dec 20 14:40:54.822846 n-d-822053-6 devstack@n-api.service[124093]: warnings.warn(msg)
Dec 20 14:40:54.826308 n-d-822053-6 devstack@n-api.service[124094]: INFO nova.api.openstack.requestlog [None req-5eee5be0-850b-483d-a62b-1a2685259fa5 tempest-DeleteServersAdminTestJSON-93028177 tempest-DeleteServersAdminTestJSON-93028177-project] 10.222.0.46 "GET /compute/v2.1/servers/d5e48c25-089f-48e4-968a-7d335ad296e3" status: 200 len: 1320 microversion: 2.1 time: 0.612824
Dec 20 14:40:54.838454 n-d-822053-6 devstack@n-api.service[124094]: [pid: 124094|app: 0|req: 111/164] 10.222.0.46 () {58 vars in 1235 bytes} [Mon Dec 20 14:40:54 2021] GET /compute/v2.1/servers/d5e48c25-089f-48e4-968a-7d335ad296e3 => generated 1320 bytes in 628 msecs (HTTP/1.1 200) 9 headers in 358 bytes (1 switches on core 0)
Dec 20 14:40:54.846115 n-d-822053-6 devstack@n-api.service[124093]: DEBUG oslo_concurrency.lockutils [req-6a2e939f-0320-4deb-9989-70fd372a856b req-7cc15233-4045-40ee-b13a-614a63cc50af service nova] Lock "b6818a96-106c-4fa2-b512-4cfdcbf846ff" acquired by "nova.context.set_target_cell..get_or_set_cached_cell_and_set_connections" :: waited 0.000s {{(pid=124093) inner /usr/local/lib/python3.8/dist-packages/oslo_concurrency/lockutils.py:386}}
Dec 20 14:40:54.849744 n-d-822053-6 devstack@n-api.service[124093]: DEBUG oslo_concurrency.lockutils [req-6a2e939f-0320-4deb-9989-70fd372a856b req-7cc15233-4045-40ee-b13a-614a63cc50af service nova] Lock "b6818a96-106c-4fa2-b512-4cfdcbf846ff" "released" by "nova.context.set_target_cell..get_or_set_cached_cell_and_set_connections" :: held 0.004s {{(pid=124093) inner /usr/local/lib/python3.8/dist-packages/oslo_concurrency/lockutils.py:400}}
Dec 20 14:40:54.877798 n-d-822053-6 devstack@n-api.service[124093]: INFO nova.api.openstack.compute.server_external_events [req-6a2e939f-0320-4deb-9989-70fd372a856b req-7cc15233-4045-40ee-b13a-614a63cc50af service nova] Creating event network-vif-plugged:1b28fe8a-5f36-4ae6-886e-c8064b4fc854 for instance d5e48c25-089f-48e4-968a-7d335ad296e3 on n-h1-822053-6
Dec 20 14:40:54.891456 n-d-822053-6 devstack@n-api.service[124093]: INFO nova.api.openstack.requestlog [req-6a2e939f-0320-4deb-9989-70fd372a856b req-7cc15233-4045-40ee-b13a-614a63cc50af service nova] 10.222.0.46 "POST /compute/v2.1/os-server-external-events" status: 200 len: 183 microversion: 2.1 time: 0.100164
Dec 20 14:40:54.901335 n-d-822053-6 devstack@n-api.service[124093]: [pid: 124093|app: 0|req: 54/165] 10.222.0.46 () {64 vars in 1317 bytes} [Mon Dec 20 14:40:54 2021] POST /compute/v2.1/os-server-external-events => generated 183 bytes in 112 msecs (HTTP/1.1 200) 9 headers in 357 bytes (1 switches on core 0)
Dec 20 14:40:55.225974 n-d-822053-6 devstack@n-api.service[124094]: DEBUG nova.api.openstack.wsgi [None req-35d8385f-0c7d-4aee-8215-d8f6006aead3 tempest-AggregatesAdminTestJSON-542618971 tempest-AggregatesAdminTestJSON-542618971-project] Calling method '>' {{(pid=124094) _process_stack /opt/stack/nova/nova/api/openstack/wsgi.py:513}}
Dec 20 14:40:55.228058 n-d-822053-6 devstack@n-api.service[124094]: DEBUG nova.compute.api [None req-35d8385f-0c7d-4aee-8215-d8f6006aead3 tempest-AggregatesAdminTestJSON-542618971 tempest-AggregatesAdminTestJSON-542618971-project] [instance: 5e7e2743-182a-4a6e-8a4e-497796094eb4] Fetching instance by UUID {{(pid=124094) get /opt/stack/nova/nova/compute/api.py:2865}}
Dec 20 14:40:55.246403 n-d-822053-6 devstack@n-api.service[124094]: DEBUG oslo_concurrency.lockutils [None req-35d8385f-0c7d-4aee-8215-d8f6006aead3 tempest-AggregatesAdminTestJSON-542618971 tempest-AggregatesAdminTestJSON-542618971-project] Lock "b6818a96-106c-4fa2-b512-4cfdcbf846ff" acquired by "nova.context.set_target_cell..get_or_set_cached_cell_and_set_connections" :: waited 0.000s {{(pid=124094) inner /usr/local/lib/python3.8/dist-packages/oslo_concurrency/lockutils.py:386}}
Dec 20 14:40:55.247840 n-d-822053-6 devstack@n-api.service[124094]: DEBUG oslo_concurrency.lockutils [None req-35d8385f-0c7d-4aee-8215-d8f6006aead3 tempest-AggregatesAdminTestJSON-542618971 tempest-AggregatesAdminTestJSON-542618971-project] Lock "b6818a96-106c-4fa2-b512-4cfdcbf846ff" "released" by "nova.context.set_target_cell..get_or_set_cached_cell_and_set_connections" :: held 0.003s {{(pid=124094) inner /usr/local/lib/python3.8/dist-packages/oslo_concurrency/lockutils.py:400}}
Dec 20 14:40:55.249843 n-d-822053-6 devstack@n-api.service[124094]: DEBUG oslo_concurrency.lockutils [None req-35d8385f-0c7d-4aee-8215-d8f6006aead3 tempest-AggregatesAdminTestJSON-542618971 tempest-AggregatesAdminTestJSON-542618971-project] Lock "b6818a96-106c-4fa2-b512-4cfdcbf846ff" acquired by "nova.context.set_target_cell..get_or_set_cached_cell_and_set_connections" :: waited 0.000s {{(pid=124094) inner /usr/local/lib/python3.8/dist-packages/oslo_concurrency/lockutils.py:386}}
Dec 20 14:40:55.251323 n-d-822053-6 devstack@n-api.service[124094]: DEBUG oslo_concurrency.lockutils [None req-35d8385f-0c7d-4aee-8215-d8f6006aead3 tempest-AggregatesAdminTestJSON-542618971 tempest-AggregatesAdminTestJSON-542618971-project] Lock "b6818a96-106c-4fa2-b512-4cfdcbf846ff" "released" by "nova.context.set_target_cell..get_or_set_cached_cell_and_set_connections" :: held 0.002s {{(pid=124094) inner /usr/local/lib/python3.8/dist-packages/oslo_concurrency/lockutils.py:400}}
Dec 20 14:40:55.623936 n-d-822053-6 devstack@n-api.service[124094]: DEBUG nova.policy [None req-35d8385f-0c7d-4aee-8215-d8f6006aead3 tempest-AggregatesAdminTestJSON-542618971 tempest-AggregatesAdminTestJSON-542618971-project] Policy check for os_compute_api:os-extended-server-attributes failed with credentials {'is_admin': False, 'user_id': 'b6cf7ba248584efbacf11bbd28bb693f', 'user_domain_id': 'default', 'system_scope': None, 'domain_id': None, 'project_id': '9fd5647a37184cef9832eaab35a1ffe4', 'project_domain_id': 'default', 'roles': ['member', 'reader'], 'is_admin_project': True, 'service_user_id': None, 'service_user_domain_id': None, 'service_project_id': None, 'service_project_domain_id': None, 'service_roles': []} {{(pid=124094) authorize /opt/stack/nova/nova/policy.py:199}}
Dec 20 14:40:55.649403 n-d-822053-6 devstack@n-api.service[124094]: INFO nova.api.openstack.requestlog [None req-35d8385f-0c7d-4aee-8215-d8f6006aead3 tempest-AggregatesAdminTestJSON-542618971 tempest-AggregatesAdminTestJSON-542618971-project] 10.222.0.46 "GET /compute/v2.1/servers/5e7e2743-182a-4a6e-8a4e-497796094eb4" status: 200 len: 1487 microversion: 2.1 time: 0.428430
Dec 20 14:40:55.655676 n-d-822053-6 devstack@n-api.service[124094]: [pid: 124094|app: 0|req: 112/166] 10.222.0.46 () {58 vars in 1235 bytes} [Mon Dec 20 14:40:55 2021] GET /compute/v2.1/servers/5e7e2743-182a-4a6e-8a4e-497796094eb4 => generated 1487 bytes in 435 msecs (HTTP/1.1 200) 9 headers in 358 bytes (1 switches on core 0)
Dec 20 14:40:55.669599 n-d-822053-6 devstack@n-api.service[124093]: DEBUG nova.api.openstack.wsgi [None req-0b7dbb68-85fa-4b80-9c70-a677b738eb19 tempest-AggregatesAdminTestJSON-1297142054 tempest-AggregatesAdminTestJSON-1297142054-project-admin] Calling method '>' {{(pid=124093) _process_stack /opt/stack/nova/nova/api/openstack/wsgi.py:513}}
Dec 20 14:40:55.670430 n-d-822053-6 devstack@n-api.service[124093]: DEBUG nova.compute.api [None req-0b7dbb68-85fa-4b80-9c70-a677b738eb19 tempest-AggregatesAdminTestJSON-1297142054 tempest-AggregatesAdminTestJSON-1297142054-project-admin] [instance: 5e7e2743-182a-4a6e-8a4e-497796094eb4] Fetching instance by UUID {{(pid=124093) get /opt/stack/nova/nova/compute/api.py:2865}}
Dec 20 14:40:55.680205 n-d-822053-6 devstack@n-api.service[124093]: DEBUG oslo_concurrency.lockutils [None req-0b7dbb68-85fa-4b80-9c70-a677b738eb19 tempest-AggregatesAdminTestJSON-1297142054 tempest-AggregatesAdminTestJSON-1297142054-project-admin] Lock "b6818a96-106c-4fa2-b512-4cfdcbf846ff" acquired by "nova.context.set_target_cell..get_or_set_cached_cell_and_set_connections" :: waited 0.000s {{(pid=124093) inner /usr/local/lib/python3.8/dist-packages/oslo_concurrency/lockutils.py:386}}
Dec 20 14:40:55.680666 n-d-822053-6 devstack@n-api.service[124093]: DEBUG oslo_concurrency.lockutils [None req-0b7dbb68-85fa-4b80-9c70-a677b738eb19 tempest-AggregatesAdminTestJSON-1297142054 tempest-AggregatesAdminTestJSON-1297142054-project-admin] Lock "b6818a96-106c-4fa2-b512-4cfdcbf846ff" "released" by "nova.context.set_target_cell..get_or_set_cached_cell_and_set_connections" :: held 0.001s {{(pid=124093) inner /usr/local/lib/python3.8/dist-packages/oslo_concurrency/lockutils.py:400}}
Dec 20 14:40:55.681463 n-d-822053-6 devstack@n-api.service[124093]: DEBUG oslo_concurrency.lockutils [None req-0b7dbb68-85fa-4b80-9c70-a677b738eb19 tempest-AggregatesAdminTestJSON-1297142054 tempest-AggregatesAdminTestJSON-1297142054-project-admin] Lock "b6818a96-106c-4fa2-b512-4cfdcbf846ff" acquired by "nova.context.set_target_cell..get_or_set_cached_cell_and_set_connections" :: waited 0.000s {{(pid=124093) inner /usr/local/lib/python3.8/dist-packages/oslo_concurrency/lockutils.py:386}}
Dec 20 14:40:55.681927 n-d-822053-6 devstack@n-api.service[124093]: DEBUG oslo_concurrency.lockutils [None req-0b7dbb68-85fa-4b80-9c70-a677b738eb19 tempest-AggregatesAdminTestJSON-1297142054 tempest-AggregatesAdminTestJSON-1297142054-project-admin] Lock "b6818a96-106c-4fa2-b512-4cfdcbf846ff" "released" by "nova.context.set_target_cell..get_or_set_cached_cell_and_set_connections" :: held 0.000s {{(pid=124093) inner /usr/local/lib/python3.8/dist-packages/oslo_concurrency/lockutils.py:400}}
Dec 20 14:40:55.803720 n-d-822053-6 devstack@n-api.service[124094]: DEBUG nova.api.openstack.wsgi [None req-e1fead30-b026-4220-b4ec-1c0bd451e936 tempest-ServerDiagnosticsNegativeTest-1953550891 tempest-ServerDiagnosticsNegativeTest-1953550891-project] Calling method '>' {{(pid=124094) _process_stack /opt/stack/nova/nova/api/openstack/wsgi.py:513}}
Dec 20 14:40:55.804360 n-d-822053-6 devstack@n-api.service[124094]: DEBUG nova.compute.api [None req-e1fead30-b026-4220-b4ec-1c0bd451e936 tempest-ServerDiagnosticsNegativeTest-1953550891 tempest-ServerDiagnosticsNegativeTest-1953550891-project] [instance: d2e860f0-c7df-4c67-bc6e-76211c0c8806] Fetching instance by UUID {{(pid=124094) get /opt/stack/nova/nova/compute/api.py:2865}}
Dec 20 14:40:55.820559 n-d-822053-6 devstack@n-api.service[124094]: DEBUG oslo_concurrency.lockutils [None req-e1fead30-b026-4220-b4ec-1c0bd451e936 tempest-ServerDiagnosticsNegativeTest-1953550891 tempest-ServerDiagnosticsNegativeTest-1953550891-project] Lock "b6818a96-106c-4fa2-b512-4cfdcbf846ff" acquired by "nova.context.set_target_cell..get_or_set_cached_cell_and_set_connections" :: waited 0.000s {{(pid=124094) inner /usr/local/lib/python3.8/dist-packages/oslo_concurrency/lockutils.py:386}}
