Feb 17 18:07:23.942704 n-d-822053-53 devstack@placement-api.service[104101]: INFO placement.requestlog [req-bbd7e8e6-3faa-459e-83af-49cdaead01ae req-4db10821-dc84-4141-b4ba-581f7b79b3d6 service placement] 10.222.0.133 "DELETE /placement/allocations/72e9e7f3-f04f-417f-880f-85861c5e53e2" status: 204 len: 0 microversion: 1.0
Feb 17 18:07:23.943199 n-d-822053-53 devstack@placement-api.service[104101]: [pid: 104101|app: 0|req: 461/919] 10.222.0.133 () {60 vars in 1360 bytes} [Thu Feb 17 18:07:23 2022] DELETE /placement/allocations/72e9e7f3-f04f-417f-880f-85861c5e53e2 => generated 0 bytes in 55 msecs (HTTP/1.1 204) 5 headers in 198 bytes (1 switches on core 0)
Feb 17 18:07:24.086619 n-d-822053-53 devstack@placement-api.service[104100]: DEBUG placement.requestlog [req-71d168bf-f90a-4c7a-9215-73440072513a req-aef481c4-8da4-4d53-84cd-428da457d606 None None] Starting request: 10.222.0.133 "DELETE /placement/allocations/856eafc3-7e0c-4494-9d24-eaa5dbcfb68c" {{(pid=104100) __call__ /opt/stack/placement/placement/requestlog.py:55}}
Feb 17 18:07:24.160912 n-d-822053-53 devstack@placement-api.service[104100]: DEBUG placement.handlers.allocation [req-71d168bf-f90a-4c7a-9215-73440072513a req-aef481c4-8da4-4d53-84cd-428da457d606 service placement] Successfully deleted allocations [, , ] {{(pid=104100) delete_allocations /opt/stack/placement/placement/handlers/allocation.py:627}}
Feb 17 18:07:24.162209 n-d-822053-53 devstack@placement-api.service[104100]: INFO placement.requestlog [req-71d168bf-f90a-4c7a-9215-73440072513a req-aef481c4-8da4-4d53-84cd-428da457d606 service placement] 10.222.0.133 "DELETE /placement/allocations/856eafc3-7e0c-4494-9d24-eaa5dbcfb68c" status: 204 len: 0 microversion: 1.0
Feb 17 18:07:24.162806 n-d-822053-53 devstack@placement-api.service[104100]: [pid: 104100|app: 0|req: 459/920] 10.222.0.133 () {60 vars in 1360 bytes} [Thu Feb 17 18:07:24 2022] DELETE /placement/allocations/856eafc3-7e0c-4494-9d24-eaa5dbcfb68c => generated 0 bytes in 76 msecs (HTTP/1.1 204) 5 headers in 198 bytes (1 switches on core 0)
Feb 17 18:07:33.279298 n-d-822053-53 devstack@placement-api.service[104101]: DEBUG placement.requestlog [req-a4616f44-1098-4ab9-8e67-861a98f06c7b req-6514ee6d-6250-4f45-a851-842231a9a6e4 None None] Starting request: 10.222.0.117 "GET /placement/allocation_candidates?limit=1000&resources=DISK_GB%3A1%2CMEMORY_MB%3A1024%2CVCPU%3A1&root_required=%21COMPUTE_STATUS_DISABLED" {{(pid=104101) __call__ /opt/stack/placement/placement/requestlog.py:55}}
Feb 17 18:07:33.378965 n-d-822053-53 devstack@placement-api.service[104101]: DEBUG placement.objects.research_context [req-a4616f44-1098-4ab9-8e67-861a98f06c7b req-6514ee6d-6250-4f45-a851-842231a9a6e4 service placement] getting providers with 1 DISK_GB {{(pid=104101) __init__ /opt/stack/placement/placement/objects/research_context.py:126}}
Feb 17 18:07:33.410111 n-d-822053-53 devstack@placement-api.service[104101]: DEBUG placement.objects.research_context [req-a4616f44-1098-4ab9-8e67-861a98f06c7b req-6514ee6d-6250-4f45-a851-842231a9a6e4 service placement] getting providers with 1024 MEMORY_MB {{(pid=104101) __init__ /opt/stack/placement/placement/objects/research_context.py:126}}
Feb 17 18:07:33.416849 n-d-822053-53 devstack@placement-api.service[104101]: DEBUG placement.objects.research_context [req-a4616f44-1098-4ab9-8e67-861a98f06c7b req-6514ee6d-6250-4f45-a851-842231a9a6e4 service placement] getting providers with 1 VCPU {{(pid=104101) __init__ /opt/stack/placement/placement/objects/research_context.py:126}}
Feb 17 18:07:33.425919 n-d-822053-53 devstack@placement-api.service[104101]: DEBUG placement.objects.research_context [req-a4616f44-1098-4ab9-8e67-861a98f06c7b req-6514ee6d-6250-4f45-a851-842231a9a6e4 service placement] found 2 providers with available 1 DISK_GB {{(pid=104101) get_provider_ids_matching /opt/stack/placement/placement/objects/research_context.py:549}}
Feb 17 18:07:33.426194 n-d-822053-53 devstack@placement-api.service[104101]: DEBUG placement.objects.research_context [req-a4616f44-1098-4ab9-8e67-861a98f06c7b req-6514ee6d-6250-4f45-a851-842231a9a6e4 service placement] found 2 providers with available 1024 MEMORY_MB {{(pid=104101) get_provider_ids_matching /opt/stack/placement/placement/objects/research_context.py:549}}
Feb 17 18:07:33.426602 n-d-822053-53 devstack@placement-api.service[104101]: DEBUG placement.objects.research_context [req-a4616f44-1098-4ab9-8e67-861a98f06c7b req-6514ee6d-6250-4f45-a851-842231a9a6e4 service placement] found 2 providers after filtering by previous result {{(pid=104101) get_provider_ids_matching /opt/stack/placement/placement/objects/research_context.py:580}}
Feb 17 18:07:33.426867 n-d-822053-53 devstack@placement-api.service[104101]: DEBUG placement.objects.research_context [req-a4616f44-1098-4ab9-8e67-861a98f06c7b req-6514ee6d-6250-4f45-a851-842231a9a6e4 service placement] found 2 providers with available 1 VCPU {{(pid=104101) get_provider_ids_matching /opt/stack/placement/placement/objects/research_context.py:549}}
Feb 17 18:07:33.427132 n-d-822053-53 devstack@placement-api.service[104101]: DEBUG placement.objects.research_context [req-a4616f44-1098-4ab9-8e67-861a98f06c7b req-6514ee6d-6250-4f45-a851-842231a9a6e4 service placement] found 2 providers after filtering by previous result {{(pid=104101) get_provider_ids_matching /opt/stack/placement/placement/objects/research_context.py:580}}
Feb 17 18:07:33.438705 n-d-822053-53 devstack@placement-api.service[104101]: DEBUG placement.objects.allocation_candidate [req-a4616f44-1098-4ab9-8e67-861a98f06c7b req-6514ee6d-6250-4f45-a851-842231a9a6e4 service placement] RequestGroup(use_same_provider=False, resources={DISK_GB:1, MEMORY_MB:1024, VCPU:1}, traits=[], aggregates=[]) (suffix '') returned 2 matches {{(pid=104101) _get_by_requests /opt/stack/placement/placement/objects/allocation_candidate.py:145}}
Feb 17 18:07:33.439077 n-d-822053-53 devstack@placement-api.service[104101]: DEBUG placement.objects.allocation_candidate [req-a4616f44-1098-4ab9-8e67-861a98f06c7b req-6514ee6d-6250-4f45-a851-842231a9a6e4 service placement] Merging candidates yields 2 allocation requests and 2 provider summaries {{(pid=104101) _merge_candidates /opt/stack/placement/placement/objects/allocation_candidate.py:783}}
Feb 17 18:07:33.440797 n-d-822053-53 devstack@placement-api.service[104101]: INFO placement.requestlog [req-a4616f44-1098-4ab9-8e67-861a98f06c7b req-6514ee6d-6250-4f45-a851-842231a9a6e4 service placement] 10.222.0.117 "GET /placement/allocation_candidates?limit=1000&resources=DISK_GB%3A1%2CMEMORY_MB%3A1024%2CVCPU%3A1&root_required=%21COMPUTE_STATUS_DISABLED" status: 200 len: 1303 microversion: 1.36
Feb 17 18:07:33.441540 n-d-822053-53 devstack@placement-api.service[104101]: [pid: 104101|app: 0|req: 462/921] 10.222.0.117 () {60 vars in 1511 bytes} [Thu Feb 17 18:07:33 2022] GET /placement/allocation_candidates?limit=1000&resources=DISK_GB%3A1%2CMEMORY_MB%3A1024%2CVCPU%3A1&root_required=%21COMPUTE_STATUS_DISABLED => generated 1303 bytes in 162 msecs (HTTP/1.1 200) 8 headers in 297 bytes (1 switches on core 0)
Feb 17 18:07:33.544810 n-d-822053-53 devstack@placement-api.service[104100]: DEBUG placement.requestlog [req-a4616f44-1098-4ab9-8e67-861a98f06c7b req-662dbe58-3129-4916-a500-c96bfd10a86b None None] Starting request: 10.222.0.117 "GET /placement/allocations/941afc6b-db66-44fc-8920-c80ad469b4dc" {{(pid=104100) __call__ /opt/stack/placement/placement/requestlog.py:55}}
Feb 17 18:07:33.560811 n-d-822053-53 devstack@placement-api.service[104100]: INFO placement.requestlog [req-a4616f44-1098-4ab9-8e67-861a98f06c7b req-662dbe58-3129-4916-a500-c96bfd10a86b service placement] 10.222.0.117 "GET /placement/allocations/941afc6b-db66-44fc-8920-c80ad469b4dc" status: 200 len: 19 microversion: 1.28
Feb 17 18:07:33.561910 n-d-822053-53 devstack@placement-api.service[104100]: [pid: 104100|app: 0|req: 460/922] 10.222.0.117 () {60 vars in 1385 bytes} [Thu Feb 17 18:07:33 2022] GET /placement/allocations/941afc6b-db66-44fc-8920-c80ad469b4dc => generated 19 bytes in 17 msecs (HTTP/1.1 200) 8 headers in 295 bytes (1 switches on core 0)
Feb 17 18:07:33.569007 n-d-822053-53 devstack@placement-api.service[104101]: DEBUG placement.requestlog [req-a4616f44-1098-4ab9-8e67-861a98f06c7b req-0e2ecf4c-0111-44bc-99dd-2eb3f45ea767 None None] Starting request: 10.222.0.117 "PUT /placement/allocations/941afc6b-db66-44fc-8920-c80ad469b4dc" {{(pid=104101) __call__ /opt/stack/placement/placement/requestlog.py:55}}
Feb 17 18:07:33.648850 n-d-822053-53 devstack@placement-api.service[104101]: DEBUG placement.handlers.allocation [req-a4616f44-1098-4ab9-8e67-861a98f06c7b req-0e2ecf4c-0111-44bc-99dd-2eb3f45ea767 service placement] Successfully wrote allocations [, , ] {{(pid=104101) _update_consumers_and_create_allocations /opt/stack/placement/placement/handlers/allocation.py:462}}
Feb 17 18:07:33.658615 n-d-822053-53 devstack@placement-api.service[104101]: INFO placement.requestlog [req-a4616f44-1098-4ab9-8e67-861a98f06c7b req-0e2ecf4c-0111-44bc-99dd-2eb3f45ea767 service placement] 10.222.0.117 "PUT /placement/allocations/941afc6b-db66-44fc-8920-c80ad469b4dc" status: 204 len: 0 microversion: 1.36
Feb 17 18:07:33.660356 n-d-822053-53 devstack@placement-api.service[104101]: [pid: 104101|app: 0|req: 463/923] 10.222.0.117 () {64 vars in 1438 bytes} [Thu Feb 17 18:07:33 2022] PUT /placement/allocations/941afc6b-db66-44fc-8920-c80ad469b4dc => generated 0 bytes in 92 msecs (HTTP/1.1 204) 5 headers in 199 bytes (2 switches on core 0)
Feb 17 18:07:34.167917 n-d-822053-53 devstack@placement-api.service[104100]: DEBUG placement.requestlog [req-a4616f44-1098-4ab9-8e67-861a98f06c7b req-04c5f255-26f7-4c0a-930c-22351a589a7c None None] Starting request: 10.222.0.126 "GET /placement/allocations/941afc6b-db66-44fc-8920-c80ad469b4dc" {{(pid=104100) __call__ /opt/stack/placement/placement/requestlog.py:55}}
Feb 17 18:07:34.187612 n-d-822053-53 devstack@placement-api.service[104100]: INFO placement.requestlog [req-a4616f44-1098-4ab9-8e67-861a98f06c7b req-04c5f255-26f7-4c0a-930c-22351a589a7c service placement] 10.222.0.126 "GET /placement/allocations/941afc6b-db66-44fc-8920-c80ad469b4dc" status: 200 len: 260 microversion: 1.28
Feb 17 18:07:34.189301 n-d-822053-53 devstack@placement-api.service[104100]: [pid: 104100|app: 0|req: 461/924] 10.222.0.126 () {60 vars in 1382 bytes} [Thu Feb 17 18:07:34 2022] GET /placement/allocations/941afc6b-db66-44fc-8920-c80ad469b4dc => generated 260 bytes in 21 msecs (HTTP/1.1 200) 8 headers in 296 bytes (1 switches on core 0)
Feb 17 18:07:41.562812 n-d-822053-53 devstack@placement-api.service[104101]: DEBUG placement.requestlog [req-27137eaf-2e50-470f-bbaf-62e24114014b req-dec9b41c-81fe-4cff-8dfd-47769b137df2 None None] Starting request: 10.222.0.117 "GET /placement/allocation_candidates?limit=1000&resources=DISK_GB%3A1%2CMEMORY_MB%3A1024%2CVCPU%3A1&root_required=%21COMPUTE_STATUS_DISABLED" {{(pid=104101) __call__ /opt/stack/placement/placement/requestlog.py:55}}
Feb 17 18:07:41.635428 n-d-822053-53 devstack@placement-api.service[104101]: DEBUG placement.objects.research_context [req-27137eaf-2e50-470f-bbaf-62e24114014b req-dec9b41c-81fe-4cff-8dfd-47769b137df2 service placement] getting providers with 1 DISK_GB {{(pid=104101) __init__ /opt/stack/placement/placement/objects/research_context.py:126}}
Feb 17 18:07:41.644579 n-d-822053-53 devstack@placement-api.service[104101]: DEBUG placement.objects.research_context [req-27137eaf-2e50-470f-bbaf-62e24114014b req-dec9b41c-81fe-4cff-8dfd-47769b137df2 service placement] getting providers with 1024 MEMORY_MB {{(pid=104101) __init__ /opt/stack/placement/placement/objects/research_context.py:126}}
Feb 17 18:07:41.662329 n-d-822053-53 devstack@placement-api.service[104101]: DEBUG placement.objects.research_context [req-27137eaf-2e50-470f-bbaf-62e24114014b req-dec9b41c-81fe-4cff-8dfd-47769b137df2 service placement] getting providers with 1 VCPU {{(pid=104101) __init__ /opt/stack/placement/placement/objects/research_context.py:126}}
Feb 17 18:07:41.687140 n-d-822053-53 devstack@placement-api.service[104101]: DEBUG placement.objects.research_context [req-27137eaf-2e50-470f-bbaf-62e24114014b req-dec9b41c-81fe-4cff-8dfd-47769b137df2 service placement] found 2 providers with available 1 DISK_GB {{(pid=104101) get_provider_ids_matching /opt/stack/placement/placement/objects/research_context.py:549}}
Feb 17 18:07:41.688420 n-d-822053-53 devstack@placement-api.service[104101]: DEBUG placement.objects.research_context [req-27137eaf-2e50-470f-bbaf-62e24114014b req-dec9b41c-81fe-4cff-8dfd-47769b137df2 service placement] found 2 providers with available 1024 MEMORY_MB {{(pid=104101) get_provider_ids_matching /opt/stack/placement/placement/objects/research_context.py:549}}
Feb 17 18:07:41.690055 n-d-822053-53 devstack@placement-api.service[104101]: DEBUG placement.objects.research_context [req-27137eaf-2e50-470f-bbaf-62e24114014b req-dec9b41c-81fe-4cff-8dfd-47769b137df2 service placement] found 2 providers after filtering by previous result {{(pid=104101) get_provider_ids_matching /opt/stack/placement/placement/objects/research_context.py:580}}
Feb 17 18:07:41.690880 n-d-822053-53 devstack@placement-api.service[104101]: DEBUG placement.objects.research_context [req-27137eaf-2e50-470f-bbaf-62e24114014b req-dec9b41c-81fe-4cff-8dfd-47769b137df2 service placement] found 2 providers with available 1 VCPU {{(pid=104101) get_provider_ids_matching /opt/stack/placement/placement/objects/research_context.py:549}}
Feb 17 18:07:41.691334 n-d-822053-53 devstack@placement-api.service[104101]: DEBUG placement.objects.research_context [req-27137eaf-2e50-470f-bbaf-62e24114014b req-dec9b41c-81fe-4cff-8dfd-47769b137df2 service placement] found 2 providers after filtering by previous result {{(pid=104101) get_provider_ids_matching /opt/stack/placement/placement/objects/research_context.py:580}}
Feb 17 18:07:41.720542 n-d-822053-53 devstack@placement-api.service[104101]: DEBUG placement.objects.allocation_candidate [req-27137eaf-2e50-470f-bbaf-62e24114014b req-dec9b41c-81fe-4cff-8dfd-47769b137df2 service placement] RequestGroup(use_same_provider=False, resources={DISK_GB:1, MEMORY_MB:1024, VCPU:1}, traits=[], aggregates=[]) (suffix '') returned 2 matches {{(pid=104101) _get_by_requests /opt/stack/placement/placement/objects/allocation_candidate.py:145}}
Feb 17 18:07:41.722327 n-d-822053-53 devstack@placement-api.service[104101]: DEBUG placement.objects.allocation_candidate [req-27137eaf-2e50-470f-bbaf-62e24114014b req-dec9b41c-81fe-4cff-8dfd-47769b137df2 service placement] Merging candidates yields 2 allocation requests and 2 provider summaries {{(pid=104101) _merge_candidates /opt/stack/placement/placement/objects/allocation_candidate.py:783}}
Feb 17 18:07:41.726285 n-d-822053-53 devstack@placement-api.service[104101]: INFO placement.requestlog [req-27137eaf-2e50-470f-bbaf-62e24114014b req-dec9b41c-81fe-4cff-8dfd-47769b137df2 service placement] 10.222.0.117 "GET /placement/allocation_candidates?limit=1000&resources=DISK_GB%3A1%2CMEMORY_MB%3A1024%2CVCPU%3A1&root_required=%21COMPUTE_STATUS_DISABLED" status: 200 len: 1306 microversion: 1.36
Feb 17 18:07:41.729283 n-d-822053-53 devstack@placement-api.service[104101]: [pid: 104101|app: 0|req: 464/925] 10.222.0.117 () {60 vars in 1511 bytes} [Thu Feb 17 18:07:41 2022] GET /placement/allocation_candidates?limit=1000&resources=DISK_GB%3A1%2CMEMORY_MB%3A1024%2CVCPU%3A1&root_required=%21COMPUTE_STATUS_DISABLED => generated 1306 bytes in 167 msecs (HTTP/1.1 200) 8 headers in 297 bytes (1 switches on core 0)
Feb 17 18:07:41.820254 n-d-822053-53 devstack@placement-api.service[104100]: DEBUG placement.requestlog [req-27137eaf-2e50-470f-bbaf-62e24114014b req-36526044-5888-47cf-b3cc-20070dbf5480 None None] Starting request: 10.222.0.117 "GET /placement/allocations/d4208a78-1fde-4bb9-a8f9-d1a0d42ca838" {{(pid=104100) __call__ /opt/stack/placement/placement/requestlog.py:55}}
Feb 17 18:07:41.833821 n-d-822053-53 devstack@placement-api.service[104100]: INFO placement.requestlog [req-27137eaf-2e50-470f-bbaf-62e24114014b req-36526044-5888-47cf-b3cc-20070dbf5480 service placement] 10.222.0.117 "GET /placement/allocations/d4208a78-1fde-4bb9-a8f9-d1a0d42ca838" status: 200 len: 19 microversion: 1.28
Feb 17 18:07:41.834759 n-d-822053-53 devstack@placement-api.service[104100]: [pid: 104100|app: 0|req: 462/926] 10.222.0.117 () {60 vars in 1385 bytes} [Thu Feb 17 18:07:41 2022] GET /placement/allocations/d4208a78-1fde-4bb9-a8f9-d1a0d42ca838 => generated 19 bytes in 15 msecs (HTTP/1.1 200) 8 headers in 295 bytes (1 switches on core 0)
Feb 17 18:07:41.843689 n-d-822053-53 devstack@placement-api.service[104101]: DEBUG placement.requestlog [req-27137eaf-2e50-470f-bbaf-62e24114014b req-d0376a75-2861-4f0f-a583-df0e723d52ea None None] Starting request: 10.222.0.117 "PUT /placement/allocations/d4208a78-1fde-4bb9-a8f9-d1a0d42ca838" {{(pid=104101) __call__ /opt/stack/placement/placement/requestlog.py:55}}
Feb 17 18:07:42.016098 n-d-822053-53 devstack@placement-api.service[104101]: DEBUG placement.handlers.allocation [req-27137eaf-2e50-470f-bbaf-62e24114014b req-d0376a75-2861-4f0f-a583-df0e723d52ea service placement] Successfully wrote allocations [, , ] {{(pid=104101) _update_consumers_and_create_allocations /opt/stack/placement/placement/handlers/allocation.py:462}}
Feb 17 18:07:42.021959 n-d-822053-53 devstack@placement-api.service[104101]: INFO placement.requestlog [req-27137eaf-2e50-470f-bbaf-62e24114014b req-d0376a75-2861-4f0f-a583-df0e723d52ea service placement] 10.222.0.117 "PUT /placement/allocations/d4208a78-1fde-4bb9-a8f9-d1a0d42ca838" status: 204 len: 0 microversion: 1.36
Feb 17 18:07:42.025188 n-d-822053-53 devstack@placement-api.service[104101]: [pid: 104101|app: 0|req: 465/927] 10.222.0.117 () {64 vars in 1438 bytes} [Thu Feb 17 18:07:41 2022] PUT /placement/allocations/d4208a78-1fde-4bb9-a8f9-d1a0d42ca838 => generated 0 bytes in 179 msecs (HTTP/1.1 204) 5 headers in 199 bytes (1 switches on core 0)
Feb 17 18:07:42.738499 n-d-822053-53 devstack@placement-api.service[104100]: DEBUG placement.requestlog [req-27137eaf-2e50-470f-bbaf-62e24114014b req-c492e9d4-f4d3-43bb-b837-5a754bb80a38 None None] Starting request: 10.222.0.133 "GET /placement/allocations/d4208a78-1fde-4bb9-a8f9-d1a0d42ca838" {{(pid=104100) __call__ /opt/stack/placement/placement/requestlog.py:55}}
Feb 17 18:07:42.772349 n-d-822053-53 devstack@placement-api.service[104100]: INFO placement.requestlog [req-27137eaf-2e50-470f-bbaf-62e24114014b req-c492e9d4-f4d3-43bb-b837-5a754bb80a38 service placement] 10.222.0.133 "GET /placement/allocations/d4208a78-1fde-4bb9-a8f9-d1a0d42ca838" status: 200 len: 259 microversion: 1.28
Feb 17 18:07:42.772730 n-d-822053-53 devstack@placement-api.service[104100]: [pid: 104100|app: 0|req: 463/928] 10.222.0.133 () {60 vars in 1382 bytes} [Thu Feb 17 18:07:42 2022] GET /placement/allocations/d4208a78-1fde-4bb9-a8f9-d1a0d42ca838 => generated 259 bytes in 35 msecs (HTTP/1.1 200) 8 headers in 296 bytes (1 switches on core 0)
Feb 17 18:07:43.581214 n-d-822053-53 devstack@placement-api.service[104101]: DEBUG placement.requestlog [req-d2fb9c66-42a1-4679-8f63-b014882aa421 req-384feae9-7abe-45e6-9b7a-c86fd209452b None None] Starting request: 10.222.0.117 "GET /placement/allocation_candidates?limit=1000&resources=DISK_GB%3A1%2CMEMORY_MB%3A1024%2CVCPU%3A1&root_required=%21COMPUTE_STATUS_DISABLED" {{(pid=104101) __call__ /opt/stack/placement/placement/requestlog.py:55}}
Feb 17 18:07:43.650246 n-d-822053-53 devstack@placement-api.service[104101]: DEBUG placement.objects.research_context [req-d2fb9c66-42a1-4679-8f63-b014882aa421 req-384feae9-7abe-45e6-9b7a-c86fd209452b service placement] getting providers with 1 DISK_GB {{(pid=104101) __init__ /opt/stack/placement/placement/objects/research_context.py:126}}
Feb 17 18:07:43.673657 n-d-822053-53 devstack@placement-api.service[104101]: DEBUG placement.objects.research_context [req-d2fb9c66-42a1-4679-8f63-b014882aa421 req-384feae9-7abe-45e6-9b7a-c86fd209452b service placement] getting providers with 1024 MEMORY_MB {{(pid=104101) __init__ /opt/stack/placement/placement/objects/research_context.py:126}}
Feb 17 18:07:43.688036 n-d-822053-53 devstack@placement-api.service[104101]: DEBUG placement.objects.research_context [req-d2fb9c66-42a1-4679-8f63-b014882aa421 req-384feae9-7abe-45e6-9b7a-c86fd209452b service placement] getting providers with 1 VCPU {{(pid=104101) __init__ /opt/stack/placement/placement/objects/research_context.py:126}}
Feb 17 18:07:43.723525 n-d-822053-53 devstack@placement-api.service[104101]: DEBUG placement.objects.research_context [req-d2fb9c66-42a1-4679-8f63-b014882aa421 req-384feae9-7abe-45e6-9b7a-c86fd209452b service placement] found 2 providers with available 1 DISK_GB {{(pid=104101) get_provider_ids_matching /opt/stack/placement/placement/objects/research_context.py:549}}
Feb 17 18:07:43.723525 n-d-822053-53 devstack@placement-api.service[104101]: DEBUG placement.objects.research_context [req-d2fb9c66-42a1-4679-8f63-b014882aa421 req-384feae9-7abe-45e6-9b7a-c86fd209452b service placement] found 2 providers with available 1024 MEMORY_MB {{(pid=104101) get_provider_ids_matching /opt/stack/placement/placement/objects/research_context.py:549}}
Feb 17 18:07:43.724213 n-d-822053-53 devstack@placement-api.service[104101]: DEBUG placement.objects.research_context [req-d2fb9c66-42a1-4679-8f63-b014882aa421 req-384feae9-7abe-45e6-9b7a-c86fd209452b service placement] found 2 providers after filtering by previous result {{(pid=104101) get_provider_ids_matching /opt/stack/placement/placement/objects/research_context.py:580}}
Feb 17 18:07:43.728639 n-d-822053-53 devstack@placement-api.service[104101]: DEBUG placement.objects.research_context [req-d2fb9c66-42a1-4679-8f63-b014882aa421 req-384feae9-7abe-45e6-9b7a-c86fd209452b service placement] found 2 providers with available 1 VCPU {{(pid=104101) get_provider_ids_matching /opt/stack/placement/placement/objects/research_context.py:549}}
Feb 17 18:07:43.729090 n-d-822053-53 devstack@placement-api.service[104101]: DEBUG placement.objects.research_context [req-d2fb9c66-42a1-4679-8f63-b014882aa421 req-384feae9-7abe-45e6-9b7a-c86fd209452b service placement] found 2 providers after filtering by previous result {{(pid=104101) get_provider_ids_matching /opt/stack/placement/placement/objects/research_context.py:580}}
Feb 17 18:07:43.767578 n-d-822053-53 devstack@placement-api.service[104101]: DEBUG placement.objects.allocation_candidate [req-d2fb9c66-42a1-4679-8f63-b014882aa421 req-384feae9-7abe-45e6-9b7a-c86fd209452b service placement] RequestGroup(use_same_provider=False, resources={DISK_GB:1, MEMORY_MB:1024, VCPU:1}, traits=[], aggregates=[]) (suffix '') returned 2 matches {{(pid=104101) _get_by_requests /opt/stack/placement/placement/objects/allocation_candidate.py:145}}
Feb 17 18:07:43.770855 n-d-822053-53 devstack@placement-api.service[104101]: DEBUG placement.objects.allocation_candidate [req-d2fb9c66-42a1-4679-8f63-b014882aa421 req-384feae9-7abe-45e6-9b7a-c86fd209452b service placement] Merging candidates yields 2 allocation requests and 2 provider summaries {{(pid=104101) _merge_candidates /opt/stack/placement/placement/objects/allocation_candidate.py:783}}
Feb 17 18:07:43.774513 n-d-822053-53 devstack@placement-api.service[104101]: INFO placement.requestlog [req-d2fb9c66-42a1-4679-8f63-b014882aa421 req-384feae9-7abe-45e6-9b7a-c86fd209452b service placement] 10.222.0.117 "GET /placement/allocation_candidates?limit=1000&resources=DISK_GB%3A1%2CMEMORY_MB%3A1024%2CVCPU%3A1&root_required=%21COMPUTE_STATUS_DISABLED" status: 200 len: 1309 microversion: 1.36
Feb 17 18:07:43.781451 n-d-822053-53 devstack@placement-api.service[104101]: [pid: 104101|app: 0|req: 466/929] 10.222.0.117 () {60 vars in 1511 bytes} [Thu Feb 17 18:07:43 2022] GET /placement/allocation_candidates?limit=1000&resources=DISK_GB%3A1%2CMEMORY_MB%3A1024%2CVCPU%3A1&root_required=%21COMPUTE_STATUS_DISABLED => generated 1309 bytes in 195 msecs (HTTP/1.1 200) 8 headers in 297 bytes (1 switches on core 0)
Feb 17 18:07:43.876790 n-d-822053-53 devstack@placement-api.service[104100]: DEBUG placement.requestlog [req-d2fb9c66-42a1-4679-8f63-b014882aa421 req-0b4db622-49db-4b6f-b490-bfc44cfa41ae None None] Starting request: 10.222.0.117 "GET /placement/allocations/42a20b27-dd77-4763-92b9-26c8532e8a9d" {{(pid=104100) __call__ /opt/stack/placement/placement/requestlog.py:55}}
Feb 17 18:07:43.889239 n-d-822053-53 devstack@placement-api.service[104100]: INFO placement.requestlog [req-d2fb9c66-42a1-4679-8f63-b014882aa421 req-0b4db622-49db-4b6f-b490-bfc44cfa41ae service placement] 10.222.0.117 "GET /placement/allocations/42a20b27-dd77-4763-92b9-26c8532e8a9d" status: 200 len: 19 microversion: 1.28
Feb 17 18:07:43.897701 n-d-822053-53 devstack@placement-api.service[104100]: [pid: 104100|app: 0|req: 464/930] 10.222.0.117 () {60 vars in 1385 bytes} [Thu Feb 17 18:07:43 2022] GET /placement/allocations/42a20b27-dd77-4763-92b9-26c8532e8a9d => generated 19 bytes in 20 msecs (HTTP/1.1 200) 8 headers in 295 bytes (1 switches on core 0)
Feb 17 18:07:43.901403 n-d-822053-53 devstack@placement-api.service[104101]: DEBUG placement.requestlog [req-d2fb9c66-42a1-4679-8f63-b014882aa421 req-16bd2173-f3aa-4f13-b774-aa4ab75c3399 None None] Starting request: 10.222.0.117 "PUT /placement/allocations/42a20b27-dd77-4763-92b9-26c8532e8a9d" {{(pid=104101) __call__ /opt/stack/placement/placement/requestlog.py:55}}
Feb 17 18:07:44.018701 n-d-822053-53 devstack@placement-api.service[104101]: DEBUG placement.handlers.allocation [req-d2fb9c66-42a1-4679-8f63-b014882aa421 req-16bd2173-f3aa-4f13-b774-aa4ab75c3399 service placement] Successfully wrote allocations [, , ] {{(pid=104101) _update_consumers_and_create_allocations /opt/stack/placement/placement/handlers/allocation.py:462}}
Feb 17 18:07:44.026884 n-d-822053-53 devstack@placement-api.service[104101]: INFO placement.requestlog [req-d2fb9c66-42a1-4679-8f63-b014882aa421 req-16bd2173-f3aa-4f13-b774-aa4ab75c3399 service placement] 10.222.0.117 "PUT /placement/allocations/42a20b27-dd77-4763-92b9-26c8532e8a9d" status: 204 len: 0 microversion: 1.36
Feb 17 18:07:44.033490 n-d-822053-53 devstack@placement-api.service[104101]: [pid: 104101|app: 0|req: 467/931] 10.222.0.117 () {64 vars in 1438 bytes} [Thu Feb 17 18:07:43 2022] PUT /placement/allocations/42a20b27-dd77-4763-92b9-26c8532e8a9d => generated 0 bytes in 126 msecs (HTTP/1.1 204) 5 headers in 199 bytes (2 switches on core 0)
Feb 17 18:07:44.527674 n-d-822053-53 devstack@placement-api.service[104100]: DEBUG placement.requestlog [req-d2fb9c66-42a1-4679-8f63-b014882aa421 req-ac018c1d-7940-437b-a7fa-901104fce0d5 None None] Starting request: 10.222.0.126 "GET /placement/allocations/42a20b27-dd77-4763-92b9-26c8532e8a9d" {{(pid=104100) __call__ /opt/stack/placement/placement/requestlog.py:55}}
Feb 17 18:07:44.553841 n-d-822053-53 devstack@placement-api.service[104100]: INFO placement.requestlog [req-d2fb9c66-42a1-4679-8f63-b014882aa421 req-ac018c1d-7940-437b-a7fa-901104fce0d5 service placement] 10.222.0.126 "GET /placement/allocations/42a20b27-dd77-4763-92b9-26c8532e8a9d" status: 200 len: 260 microversion: 1.28
Feb 17 18:07:44.561544 n-d-822053-53 devstack@placement-api.service[104100]: [pid: 104100|app: 0|req: 465/932] 10.222.0.126 () {60 vars in 1382 bytes} [Thu Feb 17 18:07:44 2022] GET /placement/allocations/42a20b27-dd77-4763-92b9-26c8532e8a9d => generated 260 bytes in 28 msecs (HTTP/1.1 200) 8 headers in 296 bytes (1 switches on core 0)
Feb 17 18:08:06.766618 n-d-822053-53 devstack@placement-api.service[104101]: DEBUG placement.requestlog [req-f813466e-741c-4b35-b912-e32773f08d99 req-e87a7660-e279-48c3-8c02-9152bbdda083 None None] Starting request: 10.222.0.133 "GET /placement/resource_providers/6f605402-6709-4fb6-b842-e306ac7df963/allocations" {{(pid=104101) __call__ /opt/stack/placement/placement/requestlog.py:55}}
Feb 17 18:08:06.802765 n-d-822053-53 devstack@placement-api.service[104101]: INFO placement.requestlog [req-f813466e-741c-4b35-b912-e32773f08d99 req-e87a7660-e279-48c3-8c02-9152bbdda083 service placement] 10.222.0.133 "GET /placement/resource_providers/6f605402-6709-4fb6-b842-e306ac7df963/allocations" status: 200 len: 154 microversion: 1.0
Feb 17 18:08:06.803660 n-d-822053-53 devstack@placement-api.service[104101]: [pid: 104101|app: 0|req: 468/933] 10.222.0.133 () {58 vars in 1395 bytes} [Thu Feb 17 18:08:06 2022] GET /placement/resource_providers/6f605402-6709-4fb6-b842-e306ac7df963/allocations => generated 154 bytes in 37 msecs (HTTP/1.1 200) 6 headers in 224 bytes (1 switches on core 0)
Feb 17 18:08:14.729052 n-d-822053-53 devstack@placement-api.service[104100]: DEBUG placement.requestlog [req-d6c25ebb-c564-4734-9ce1-74aa3111c4d0 req-baebd59a-665a-4984-9902-6fa85cb324f2 None None] Starting request: 10.222.0.126 "GET /placement/resource_providers/5d9ed06b-50f7-432b-afed-24679aede9cf/allocations" {{(pid=104100) __call__ /opt/stack/placement/placement/requestlog.py:55}}
Feb 17 18:08:14.754100 n-d-822053-53 devstack@placement-api.service[104100]: INFO placement.requestlog [req-d6c25ebb-c564-4734-9ce1-74aa3111c4d0 req-baebd59a-665a-4984-9902-6fa85cb324f2 service placement] 10.222.0.126 "GET /placement/resource_providers/5d9ed06b-50f7-432b-afed-24679aede9cf/allocations" status: 200 len: 256 microversion: 1.0
Feb 17 18:08:14.754756 n-d-822053-53 devstack@placement-api.service[104100]: [pid: 104100|app: 0|req: 466/934] 10.222.0.126 () {58 vars in 1395 bytes} [Thu Feb 17 18:08:14 2022] GET /placement/resource_providers/5d9ed06b-50f7-432b-afed-24679aede9cf/allocations => generated 256 bytes in 26 msecs (HTTP/1.1 200) 6 headers in 224 bytes (1 switches on core 0)
Feb 17 18:09:06.799283 n-d-822053-53 devstack@placement-api.service[104101]: DEBUG placement.requestlog [req-3c85183d-8c69-44f4-bf54-6116d8a6da70 req-b190cf34-718e-4935-9423-4b481e40f910 None None] Starting request: 10.222.0.133 "GET /placement/resource_providers/6f605402-6709-4fb6-b842-e306ac7df963/allocations" {{(pid=104101) __call__ /opt/stack/placement/placement/requestlog.py:55}}
Feb 17 18:09:06.850300 n-d-822053-53 devstack@placement-api.service[104101]: INFO placement.requestlog [req-3c85183d-8c69-44f4-bf54-6116d8a6da70 req-b190cf34-718e-4935-9423-4b481e40f910 service placement] 10.222.0.133 "GET /placement/resource_providers/6f605402-6709-4fb6-b842-e306ac7df963/allocations" status: 200 len: 154 microversion: 1.0
Feb 17 18:09:06.887080 n-d-822053-53 devstack@placement-api.service[104101]: [pid: 104101|app: 0|req: 469/935] 10.222.0.133 () {58 vars in 1395 bytes} [Thu Feb 17 18:09:06 2022] GET /placement/resource_providers/6f605402-6709-4fb6-b842-e306ac7df963/allocations => generated 154 bytes in 88 msecs (HTTP/1.1 200) 6 headers in 224 bytes (2 switches on core 0)
Feb 17 18:09:12.360445 n-d-822053-53 devstack@placement-api.service[104100]: DEBUG placement.requestlog [req-bfde7111-617e-4459-a36b-f0b64c8fd27e req-591e2b48-377c-4d9d-8af3-f8e88152e836 None None] Starting request: 10.222.0.126 "DELETE /placement/allocations/941afc6b-db66-44fc-8920-c80ad469b4dc" {{(pid=104100) __call__ /opt/stack/placement/placement/requestlog.py:55}}
Feb 17 18:09:12.445045 n-d-822053-53 devstack@placement-api.service[104100]: DEBUG placement.handlers.allocation [req-bfde7111-617e-4459-a36b-f0b64c8fd27e req-591e2b48-377c-4d9d-8af3-f8e88152e836 service placement] Successfully deleted allocations [, , ] {{(pid=104100) delete_allocations /opt/stack/placement/placement/handlers/allocation.py:627}}
Feb 17 18:09:12.445900 n-d-822053-53 devstack@placement-api.service[104100]: INFO placement.requestlog [req-bfde7111-617e-4459-a36b-f0b64c8fd27e req-591e2b48-377c-4d9d-8af3-f8e88152e836 service placement] 10.222.0.126 "DELETE /placement/allocations/941afc6b-db66-44fc-8920-c80ad469b4dc" status: 204 len: 0 microversion: 1.0
Feb 17 18:09:12.447677 n-d-822053-53 devstack@placement-api.service[104100]: [pid: 104100|app: 0|req: 467/936] 10.222.0.126 () {60 vars in 1360 bytes} [Thu Feb 17 18:09:12 2022] DELETE /placement/allocations/941afc6b-db66-44fc-8920-c80ad469b4dc => generated 0 bytes in 89 msecs (HTTP/1.1 204) 5 headers in 198 bytes (1 switches on core 0)
Feb 17 18:09:14.689451 n-d-822053-53 devstack@placement-api.service[104101]: DEBUG placement.requestlog [req-09fb880a-f017-4b10-b355-7d4edf129abe req-965fba96-d774-4f72-984e-ddb631938d40 None None] Starting request: 10.222.0.126 "GET /placement/resource_providers/5d9ed06b-50f7-432b-afed-24679aede9cf/allocations" {{(pid=104101) __call__ /opt/stack/placement/placement/requestlog.py:55}}
Feb 17 18:09:14.790418 n-d-822053-53 devstack@placement-api.service[104101]: INFO placement.requestlog [req-09fb880a-f017-4b10-b355-7d4edf129abe req-965fba96-d774-4f72-984e-ddb631938d40 service placement] 10.222.0.126 "GET /placement/resource_providers/5d9ed06b-50f7-432b-afed-24679aede9cf/allocations" status: 200 len: 155 microversion: 1.0
Feb 17 18:09:14.799771 n-d-822053-53 devstack@placement-api.service[104101]: [pid: 104101|app: 0|req: 470/937] 10.222.0.126 () {58 vars in 1395 bytes} [Thu Feb 17 18:09:14 2022] GET /placement/resource_providers/5d9ed06b-50f7-432b-afed-24679aede9cf/allocations => generated 155 bytes in 111 msecs (HTTP/1.1 200) 6 headers in 224 bytes (1 switches on core 0)
Feb 17 18:09:18.174024 n-d-822053-53 devstack@placement-api.service[104100]: DEBUG placement.requestlog [req-52be56f4-cd23-44a2-b0d3-831cc274a904 req-738f7f10-96c4-4bb7-a626-33e1487f122a None None] Starting request: 10.222.0.117 "GET /placement/allocation_candidates?limit=1000&resources=DISK_GB%3A1%2CMEMORY_MB%3A1024%2CVCPU%3A1&root_required=%21COMPUTE_STATUS_DISABLED" {{(pid=104100) __call__ /opt/stack/placement/placement/requestlog.py:55}}
Feb 17 18:09:18.231987 n-d-822053-53 devstack@placement-api.service[104100]: DEBUG placement.objects.research_context [req-52be56f4-cd23-44a2-b0d3-831cc274a904 req-738f7f10-96c4-4bb7-a626-33e1487f122a service placement] getting providers with 1 DISK_GB {{(pid=104100) __init__ /opt/stack/placement/placement/objects/research_context.py:126}}
Feb 17 18:09:18.238724 n-d-822053-53 devstack@placement-api.service[104100]: DEBUG placement.objects.research_context [req-52be56f4-cd23-44a2-b0d3-831cc274a904 req-738f7f10-96c4-4bb7-a626-33e1487f122a service placement] getting providers with 1024 MEMORY_MB {{(pid=104100) __init__ /opt/stack/placement/placement/objects/research_context.py:126}}
Feb 17 18:09:18.244711 n-d-822053-53 devstack@placement-api.service[104100]: DEBUG placement.objects.research_context [req-52be56f4-cd23-44a2-b0d3-831cc274a904 req-738f7f10-96c4-4bb7-a626-33e1487f122a service placement] getting providers with 1 VCPU {{(pid=104100) __init__ /opt/stack/placement/placement/objects/research_context.py:126}}
Feb 17 18:09:18.250481 n-d-822053-53 devstack@placement-api.service[104100]: DEBUG placement.objects.research_context [req-52be56f4-cd23-44a2-b0d3-831cc274a904 req-738f7f10-96c4-4bb7-a626-33e1487f122a service placement] found 2 providers with available 1 DISK_GB {{(pid=104100) get_provider_ids_matching /opt/stack/placement/placement/objects/research_context.py:549}}
Feb 17 18:09:18.251464 n-d-822053-53 devstack@placement-api.service[104100]: DEBUG placement.objects.research_context [req-52be56f4-cd23-44a2-b0d3-831cc274a904 req-738f7f10-96c4-4bb7-a626-33e1487f122a service placement] found 2 providers with available 1024 MEMORY_MB {{(pid=104100) get_provider_ids_matching /opt/stack/placement/placement/objects/research_context.py:549}}
Feb 17 18:09:18.251904 n-d-822053-53 devstack@placement-api.service[104100]: DEBUG placement.objects.research_context [req-52be56f4-cd23-44a2-b0d3-831cc274a904 req-738f7f10-96c4-4bb7-a626-33e1487f122a service placement] found 2 providers after filtering by previous result {{(pid=104100) get_provider_ids_matching /opt/stack/placement/placement/objects/research_context.py:580}}
Feb 17 18:09:18.252313 n-d-822053-53 devstack@placement-api.service[104100]: DEBUG placement.objects.research_context [req-52be56f4-cd23-44a2-b0d3-831cc274a904 req-738f7f10-96c4-4bb7-a626-33e1487f122a service placement] found 2 providers with available 1 VCPU {{(pid=104100) get_provider_ids_matching /opt/stack/placement/placement/objects/research_context.py:549}}
Feb 17 18:09:18.252725 n-d-822053-53 devstack@placement-api.service[104100]: DEBUG placement.objects.research_context [req-52be56f4-cd23-44a2-b0d3-831cc274a904 req-738f7f10-96c4-4bb7-a626-33e1487f122a service placement] found 2 providers after filtering by previous result {{(pid=104100) get_provider_ids_matching /opt/stack/placement/placement/objects/research_context.py:580}}
Feb 17 18:09:18.278165 n-d-822053-53 devstack@placement-api.service[104100]: DEBUG placement.objects.allocation_candidate [req-52be56f4-cd23-44a2-b0d3-831cc274a904 req-738f7f10-96c4-4bb7-a626-33e1487f122a service placement] RequestGroup(use_same_provider=False, resources={DISK_GB:1, MEMORY_MB:1024, VCPU:1}, traits=[], aggregates=[]) (suffix '') returned 2 matches {{(pid=104100) _get_by_requests /opt/stack/placement/placement/objects/allocation_candidate.py:145}}
Feb 17 18:09:18.278752 n-d-822053-53 devstack@placement-api.service[104100]: DEBUG placement.objects.allocation_candidate [req-52be56f4-cd23-44a2-b0d3-831cc274a904 req-738f7f10-96c4-4bb7-a626-33e1487f122a service placement] Merging candidates yields 2 allocation requests and 2 provider summaries {{(pid=104100) _merge_candidates /opt/stack/placement/placement/objects/allocation_candidate.py:783}}
Feb 17 18:09:18.280544 n-d-822053-53 devstack@placement-api.service[104100]: INFO placement.requestlog [req-52be56f4-cd23-44a2-b0d3-831cc274a904 req-738f7f10-96c4-4bb7-a626-33e1487f122a service placement] 10.222.0.117 "GET /placement/allocation_candidates?limit=1000&resources=DISK_GB%3A1%2CMEMORY_MB%3A1024%2CVCPU%3A1&root_required=%21COMPUTE_STATUS_DISABLED" status: 200 len: 1309 microversion: 1.36
Feb 17 18:09:18.285667 n-d-822053-53 devstack@placement-api.service[104100]: [pid: 104100|app: 0|req: 468/938] 10.222.0.117 () {60 vars in 1511 bytes} [Thu Feb 17 18:09:18 2022] GET /placement/allocation_candidates?limit=1000&resources=DISK_GB%3A1%2CMEMORY_MB%3A1024%2CVCPU%3A1&root_required=%21COMPUTE_STATUS_DISABLED => generated 1309 bytes in 112 msecs (HTTP/1.1 200) 8 headers in 297 bytes (2 switches on core 0)
Feb 17 18:09:18.363607 n-d-822053-53 devstack@placement-api.service[104101]: DEBUG placement.requestlog [req-52be56f4-cd23-44a2-b0d3-831cc274a904 req-4567b137-fd4e-436b-8079-d1c1956436cc None None] Starting request: 10.222.0.117 "GET /placement/allocations/941afc6b-db66-44fc-8920-c80ad469b4dc" {{(pid=104101) __call__ /opt/stack/placement/placement/requestlog.py:55}}
Feb 17 18:09:18.375828 n-d-822053-53 devstack@placement-api.service[104101]: INFO placement.requestlog [req-52be56f4-cd23-44a2-b0d3-831cc274a904 req-4567b137-fd4e-436b-8079-d1c1956436cc service placement] 10.222.0.117 "GET /placement/allocations/941afc6b-db66-44fc-8920-c80ad469b4dc" status: 200 len: 19 microversion: 1.28
Feb 17 18:09:18.379394 n-d-822053-53 devstack@placement-api.service[104101]: [pid: 104101|app: 0|req: 471/939] 10.222.0.117 () {60 vars in 1385 bytes} [Thu Feb 17 18:09:18 2022] GET /placement/allocations/941afc6b-db66-44fc-8920-c80ad469b4dc => generated 19 bytes in 16 msecs (HTTP/1.1 200) 8 headers in 295 bytes (1 switches on core 0)
Feb 17 18:09:18.383957 n-d-822053-53 devstack@placement-api.service[104100]: DEBUG placement.requestlog [req-52be56f4-cd23-44a2-b0d3-831cc274a904 req-10ff1d3c-8101-4598-b8ce-412f70d8d6ea None None] Starting request: 10.222.0.117 "PUT /placement/allocations/941afc6b-db66-44fc-8920-c80ad469b4dc" {{(pid=104100) __call__ /opt/stack/placement/placement/requestlog.py:55}}
Feb 17 18:09:18.469147 n-d-822053-53 devstack@placement-api.service[104100]: DEBUG placement.handlers.allocation [req-52be56f4-cd23-44a2-b0d3-831cc274a904 req-10ff1d3c-8101-4598-b8ce-412f70d8d6ea service placement] Successfully wrote allocations [, , ] {{(pid=104100) _update_consumers_and_create_allocations /opt/stack/placement/placement/handlers/allocation.py:462}}
Feb 17 18:09:18.476444 n-d-822053-53 devstack@placement-api.service[104100]: INFO placement.requestlog [req-52be56f4-cd23-44a2-b0d3-831cc274a904 req-10ff1d3c-8101-4598-b8ce-412f70d8d6ea service placement] 10.222.0.117 "PUT /placement/allocations/941afc6b-db66-44fc-8920-c80ad469b4dc" status: 204 len: 0 microversion: 1.36
Feb 17 18:09:18.477426 n-d-822053-53 devstack@placement-api.service[104100]: [pid: 104100|app: 0|req: 469/940] 10.222.0.117 () {64 vars in 1438 bytes} [Thu Feb 17 18:09:18 2022] PUT /placement/allocations/941afc6b-db66-44fc-8920-c80ad469b4dc => generated 0 bytes in 94 msecs (HTTP/1.1 204) 5 headers in 199 bytes (2 switches on core 0)
Feb 17 18:09:18.786861 n-d-822053-53 devstack@placement-api.service[104101]: DEBUG placement.requestlog [req-52be56f4-cd23-44a2-b0d3-831cc274a904 req-1eb20900-6ef7-4881-9be0-e2c518831df0 None None] Starting request: 10.222.0.133 "GET /placement/allocations/941afc6b-db66-44fc-8920-c80ad469b4dc" {{(pid=104101) __call__ /opt/stack/placement/placement/requestlog.py:55}}
Feb 17 18:09:18.835944 n-d-822053-53 devstack@placement-api.service[104101]: INFO placement.requestlog [req-52be56f4-cd23-44a2-b0d3-831cc274a904 req-1eb20900-6ef7-4881-9be0-e2c518831df0 service placement] 10.222.0.133 "GET /placement/allocations/941afc6b-db66-44fc-8920-c80ad469b4dc" status: 200 len: 259 microversion: 1.28
Feb 17 18:09:18.836617 n-d-822053-53 devstack@placement-api.service[104101]: [pid: 104101|app: 0|req: 472/941] 10.222.0.133 () {60 vars in 1382 bytes} [Thu Feb 17 18:09:18 2022] GET /placement/allocations/941afc6b-db66-44fc-8920-c80ad469b4dc => generated 259 bytes in 50 msecs (HTTP/1.1 200) 8 headers in 296 bytes (1 switches on core 0)
Feb 17 18:09:18.875543 n-d-822053-53 devstack@placement-api.service[104100]: DEBUG placement.requestlog [req-95398c13-d17b-4b54-a739-e4a38496afe8 req-cd7c4df2-a51e-46e3-944d-f7b4bd53b631 None None] Starting request: 10.222.0.117 "GET /placement/allocation_candidates?resources=DISK_GB%3A1%2CMEMORY_MB%3A1024%2CVCPU%3A1&root_required=%21COMPUTE_STATUS_DISABLED" {{(pid=104100) __call__ /opt/stack/placement/placement/requestlog.py:55}}
Feb 17 18:09:18.971257 n-d-822053-53 devstack@placement-api.service[104100]: DEBUG placement.objects.research_context [req-95398c13-d17b-4b54-a739-e4a38496afe8 req-cd7c4df2-a51e-46e3-944d-f7b4bd53b631 service placement] getting providers with 1 DISK_GB {{(pid=104100) __init__ /opt/stack/placement/placement/objects/research_context.py:126}}
Feb 17 18:09:18.997156 n-d-822053-53 devstack@placement-api.service[104100]: DEBUG placement.objects.research_context [req-95398c13-d17b-4b54-a739-e4a38496afe8 req-cd7c4df2-a51e-46e3-944d-f7b4bd53b631 service placement] getting providers with 1024 MEMORY_MB {{(pid=104100) __init__ /opt/stack/placement/placement/objects/research_context.py:126}}
Feb 17 18:09:19.024844 n-d-822053-53 devstack@placement-api.service[104100]: DEBUG placement.objects.research_context [req-95398c13-d17b-4b54-a739-e4a38496afe8 req-cd7c4df2-a51e-46e3-944d-f7b4bd53b631 service placement] getting providers with 1 VCPU {{(pid=104100) __init__ /opt/stack/placement/placement/objects/research_context.py:126}}
Feb 17 18:09:19.038846 n-d-822053-53 devstack@placement-api.service[104100]: DEBUG placement.objects.research_context [req-95398c13-d17b-4b54-a739-e4a38496afe8 req-cd7c4df2-a51e-46e3-944d-f7b4bd53b631 service placement] found 2 providers with available 1 DISK_GB {{(pid=104100) get_provider_ids_matching /opt/stack/placement/placement/objects/research_context.py:549}}
Feb 17 18:09:19.039123 n-d-822053-53 devstack@placement-api.service[104100]: DEBUG placement.objects.research_context [req-95398c13-d17b-4b54-a739-e4a38496afe8 req-cd7c4df2-a51e-46e3-944d-f7b4bd53b631 service placement] found 2 providers with available 1024 MEMORY_MB {{(pid=104100) get_provider_ids_matching /opt/stack/placement/placement/objects/research_context.py:549}}
Feb 17 18:09:19.039396 n-d-822053-53 devstack@placement-api.service[104100]: DEBUG placement.objects.research_context [req-95398c13-d17b-4b54-a739-e4a38496afe8 req-cd7c4df2-a51e-46e3-944d-f7b4bd53b631 service placement] found 2 providers after filtering by previous result {{(pid=104100) get_provider_ids_matching /opt/stack/placement/placement/objects/research_context.py:580}}
Feb 17 18:09:19.041741 n-d-822053-53 devstack@placement-api.service[104100]: DEBUG placement.objects.research_context [req-95398c13-d17b-4b54-a739-e4a38496afe8 req-cd7c4df2-a51e-46e3-944d-f7b4bd53b631 service placement] found 2 providers with available 1 VCPU {{(pid=104100) get_provider_ids_matching /opt/stack/placement/placement/objects/research_context.py:549}}
Feb 17 18:09:19.042204 n-d-822053-53 devstack@placement-api.service[104100]: DEBUG placement.objects.research_context [req-95398c13-d17b-4b54-a739-e4a38496afe8 req-cd7c4df2-a51e-46e3-944d-f7b4bd53b631 service placement] found 2 providers after filtering by previous result {{(pid=104100) get_provider_ids_matching /opt/stack/placement/placement/objects/research_context.py:580}}
Feb 17 18:09:19.067226 n-d-822053-53 devstack@placement-api.service[104100]: DEBUG placement.objects.allocation_candidate [req-95398c13-d17b-4b54-a739-e4a38496afe8 req-cd7c4df2-a51e-46e3-944d-f7b4bd53b631 service placement] RequestGroup(use_same_provider=False, resources={DISK_GB:1, MEMORY_MB:1024, VCPU:1}, traits=[], aggregates=[]) (suffix '') returned 2 matches {{(pid=104100) _get_by_requests /opt/stack/placement/placement/objects/allocation_candidate.py:145}}
Feb 17 18:09:19.070597 n-d-822053-53 devstack@placement-api.service[104100]: DEBUG placement.objects.allocation_candidate [req-95398c13-d17b-4b54-a739-e4a38496afe8 req-cd7c4df2-a51e-46e3-944d-f7b4bd53b631 service placement] Merging candidates yields 2 allocation requests and 2 provider summaries {{(pid=104100) _merge_candidates /opt/stack/placement/placement/objects/allocation_candidate.py:783}}
Feb 17 18:09:19.072521 n-d-822053-53 devstack@placement-api.service[104100]: INFO placement.requestlog [req-95398c13-d17b-4b54-a739-e4a38496afe8 req-cd7c4df2-a51e-46e3-944d-f7b4bd53b631 service placement] 10.222.0.117 "GET /placement/allocation_candidates?resources=DISK_GB%3A1%2CMEMORY_MB%3A1024%2CVCPU%3A1&root_required=%21COMPUTE_STATUS_DISABLED" status: 200 len: 1309 microversion: 1.36
Feb 17 18:09:19.074133 n-d-822053-53 devstack@placement-api.service[104100]: [pid: 104100|app: 0|req: 470/942] 10.222.0.117 () {60 vars in 1489 bytes} [Thu Feb 17 18:09:18 2022] GET /placement/allocation_candidates?resources=DISK_GB%3A1%2CMEMORY_MB%3A1024%2CVCPU%3A1&root_required=%21COMPUTE_STATUS_DISABLED => generated 1309 bytes in 199 msecs (HTTP/1.1 200) 8 headers in 297 bytes (1 switches on core 0)
Feb 17 18:09:19.215982 n-d-822053-53 devstack@placement-api.service[104101]: DEBUG placement.requestlog [req-95398c13-d17b-4b54-a739-e4a38496afe8 req-849d3990-32fd-4a99-aa3f-899e00e1ca3c None None] Starting request: 10.222.0.117 "GET /placement/allocations/ff01bea9-02ad-47c3-9483-aa1b061016e4" {{(pid=104101) __call__ /opt/stack/placement/placement/requestlog.py:55}}
Feb 17 18:09:19.234323 n-d-822053-53 devstack@placement-api.service[104101]: INFO placement.requestlog [req-95398c13-d17b-4b54-a739-e4a38496afe8 req-849d3990-32fd-4a99-aa3f-899e00e1ca3c service placement] 10.222.0.117 "GET /placement/allocations/ff01bea9-02ad-47c3-9483-aa1b061016e4" status: 200 len: 19 microversion: 1.28
Feb 17 18:09:19.236503 n-d-822053-53 devstack@placement-api.service[104101]: [pid: 104101|app: 0|req: 473/943] 10.222.0.117 () {60 vars in 1385 bytes} [Thu Feb 17 18:09:19 2022] GET /placement/allocations/ff01bea9-02ad-47c3-9483-aa1b061016e4 => generated 19 bytes in 21 msecs (HTTP/1.1 200) 8 headers in 295 bytes (1 switches on core 0)
Feb 17 18:09:19.243234 n-d-822053-53 devstack@placement-api.service[104100]: DEBUG placement.requestlog [req-95398c13-d17b-4b54-a739-e4a38496afe8 req-aa0ca741-8ef7-4798-a4ed-8cd32fb74505 None None] Starting request: 10.222.0.117 "PUT /placement/allocations/ff01bea9-02ad-47c3-9483-aa1b061016e4" {{(pid=104100) __call__ /opt/stack/placement/placement/requestlog.py:55}}
Feb 17 18:09:19.371429 n-d-822053-53 devstack@placement-api.service[104100]: DEBUG placement.handlers.allocation [req-95398c13-d17b-4b54-a739-e4a38496afe8 req-aa0ca741-8ef7-4798-a4ed-8cd32fb74505 service placement] Successfully wrote allocations [, , ] {{(pid=104100) _update_consumers_and_create_allocations /opt/stack/placement/placement/handlers/allocation.py:462}}
Feb 17 18:09:19.378231 n-d-822053-53 devstack@placement-api.service[104100]: INFO placement.requestlog [req-95398c13-d17b-4b54-a739-e4a38496afe8 req-aa0ca741-8ef7-4798-a4ed-8cd32fb74505 service placement] 10.222.0.117 "PUT /placement/allocations/ff01bea9-02ad-47c3-9483-aa1b061016e4" status: 204 len: 0 microversion: 1.36
Feb 17 18:09:19.379271 n-d-822053-53 devstack@placement-api.service[104100]: [pid: 104100|app: 0|req: 471/944] 10.222.0.117 () {64 vars in 1438 bytes} [Thu Feb 17 18:09:19 2022] PUT /placement/allocations/ff01bea9-02ad-47c3-9483-aa1b061016e4 => generated 0 bytes in 136 msecs (HTTP/1.1 204) 5 headers in 199 bytes (1 switches on core 0)
Feb 17 18:09:19.839009 n-d-822053-53 devstack@placement-api.service[104101]: DEBUG placement.requestlog [req-95398c13-d17b-4b54-a739-e4a38496afe8 req-0ee61f3f-99e1-49c9-9fb1-5e8aa8b518b6 None None] Starting request: 10.222.0.126 "GET /placement/allocations/ff01bea9-02ad-47c3-9483-aa1b061016e4" {{(pid=104101) __call__ /opt/stack/placement/placement/requestlog.py:55}}
Feb 17 18:09:19.863288 n-d-822053-53 devstack@placement-api.service[104101]: INFO placement.requestlog [req-95398c13-d17b-4b54-a739-e4a38496afe8 req-0ee61f3f-99e1-49c9-9fb1-5e8aa8b518b6 service placement] 10.222.0.126 "GET /placement/allocations/ff01bea9-02ad-47c3-9483-aa1b061016e4" status: 200 len: 260 microversion: 1.28
