Feb 15 14:44:46.583716 n-d-822053-49 devstack@n-api.service[130462]: [pid: 130462|app: 0|req: 35/63] 10.222.0.95 () {58 vars in 1235 bytes} [Tue Feb 15 14:44:46 2022] GET /compute/v2.1/servers/c15a4c62-0b03-4e6d-8ba3-466e0edbe73a => generated 1300 bytes in 135 msecs (HTTP/1.1 200) 9 headers in 358 bytes (1 switches on core 0)
Feb 15 14:44:46.590113 n-d-822053-49 devstack@n-api.service[130462]: DEBUG nova.api.openstack.wsgi [None req-626b62ff-4927-419b-9624-75c77b347870 tempest-AggregatesAdminTestJSON-1492564436 tempest-AggregatesAdminTestJSON-1492564436-project] Calling method '>' {{(pid=130462) _process_stack /opt/stack/nova/nova/api/openstack/wsgi.py:513}}
Feb 15 14:44:46.590834 n-d-822053-49 devstack@n-api.service[130462]: DEBUG nova.compute.api [None req-626b62ff-4927-419b-9624-75c77b347870 tempest-AggregatesAdminTestJSON-1492564436 tempest-AggregatesAdminTestJSON-1492564436-project] [instance: 3a3ea65b-ce86-418e-8462-6c7b9f644d2c] Fetching instance by UUID {{(pid=130462) get /opt/stack/nova/nova/compute/api.py:2885}}
Feb 15 14:44:46.609278 n-d-822053-49 devstack@n-api.service[130463]: DEBUG nova.api.openstack.wsgi [None req-beeffa7d-19a4-4aec-8c98-e310748546fe tempest-FlavorsAdminTestJSON-669188174 tempest-FlavorsAdminTestJSON-669188174-project] Calling method '>' {{(pid=130463) _process_stack /opt/stack/nova/nova/api/openstack/wsgi.py:513}}
Feb 15 14:44:46.702158 n-d-822053-49 devstack@n-api.service[130463]: INFO nova.api.openstack.requestlog [None req-beeffa7d-19a4-4aec-8c98-e310748546fe tempest-FlavorsAdminTestJSON-669188174 tempest-FlavorsAdminTestJSON-669188174-project] 10.222.0.95 "GET /compute/v2.1/flavors/detail" status: 200 len: 5392 microversion: 2.1 time: 0.740612
Feb 15 14:44:46.703346 n-d-822053-49 devstack@n-api.service[130463]: [pid: 130463|app: 0|req: 29/64] 10.222.0.95 () {58 vars in 1145 bytes} [Tue Feb 15 14:44:45 2022] GET /compute/v2.1/flavors/detail => generated 5392 bytes in 743 msecs (HTTP/1.1 200) 9 headers in 358 bytes (1 switches on core 0)
Feb 15 14:44:46.708823 n-d-822053-49 devstack@n-api.service[130463]: DEBUG nova.api.openstack.wsgi [None req-f91c42be-1dad-4142-a494-9125d75fcb11 tempest-AggregatesAdminNegativeTestJSON-184491467 tempest-AggregatesAdminNegativeTestJSON-184491467-project-admin] Calling method '>' {{(pid=130463) _process_stack /opt/stack/nova/nova/api/openstack/wsgi.py:513}}
Feb 15 14:44:46.805559 n-d-822053-49 devstack@n-api.service[130463]: INFO nova.api.openstack.requestlog [None req-f91c42be-1dad-4142-a494-9125d75fcb11 tempest-AggregatesAdminNegativeTestJSON-184491467 tempest-AggregatesAdminNegativeTestJSON-184491467-project-admin] 10.222.0.95 "DELETE /compute/v2.1/os-aggregates/6" status: 200 len: 0 microversion: 2.1 time: 0.101089
Feb 15 14:44:46.806420 n-d-822053-49 devstack@n-api.service[130463]: [pid: 130463|app: 0|req: 30/65] 10.222.0.95 () {58 vars in 1151 bytes} [Tue Feb 15 14:44:46 2022] DELETE /compute/v2.1/os-aggregates/6 => generated 0 bytes in 103 msecs (HTTP/1.1 200) 9 headers in 355 bytes (1 switches on core 0)
Feb 15 14:44:46.819184 n-d-822053-49 devstack@n-api.service[130463]: DEBUG nova.api.openstack.wsgi [None req-e32a8ec1-d5d4-46b6-9c7f-647144eb71f6 tempest-KeyPairsV210TestJSON-931469932 tempest-KeyPairsV210TestJSON-931469932-project-admin] Action: 'create', calling method: .version_select at 0x7f26281381f0>, body: {"keypair": {"name": "tempest-keypair-1117943114", "type": "ssh", "user_id": "9f12db9b54f642fca89d3e3ba467c9bb"}} {{(pid=130463) _process_stack /opt/stack/nova/nova/api/openstack/wsgi.py:511}}
Feb 15 14:44:46.831926 n-d-822053-49 devstack@n-api.service[130462]: DEBUG nova.policy [None req-626b62ff-4927-419b-9624-75c77b347870 tempest-AggregatesAdminTestJSON-1492564436 tempest-AggregatesAdminTestJSON-1492564436-project] Policy check for os_compute_api:os-extended-server-attributes failed with credentials {'is_admin': False, 'user_id': 'f7de19ee9275487195890e350adc3d43', 'user_domain_id': 'default', 'system_scope': None, 'domain_id': None, 'project_id': '8c2d3a96feef4da7bbac1aa46846ad71', 'project_domain_id': 'default', 'roles': ['member', 'reader'], 'is_admin_project': True, 'service_user_id': None, 'service_user_domain_id': None, 'service_project_id': None, 'service_project_domain_id': None, 'service_roles': []} {{(pid=130462) authorize /opt/stack/nova/nova/policy.py:199}}
Feb 15 14:44:46.845245 n-d-822053-49 devstack@n-api.service[130462]: INFO nova.api.openstack.requestlog [None req-626b62ff-4927-419b-9624-75c77b347870 tempest-AggregatesAdminTestJSON-1492564436 tempest-AggregatesAdminTestJSON-1492564436-project] 10.222.0.95 "GET /compute/v2.1/servers/3a3ea65b-ce86-418e-8462-6c7b9f644d2c" status: 200 len: 1242 microversion: 2.1 time: 0.259731
Feb 15 14:44:46.856211 n-d-822053-49 devstack@n-api.service[130462]: [pid: 130462|app: 0|req: 36/66] 10.222.0.95 () {58 vars in 1235 bytes} [Tue Feb 15 14:44:46 2022] GET /compute/v2.1/servers/3a3ea65b-ce86-418e-8462-6c7b9f644d2c => generated 1242 bytes in 271 msecs (HTTP/1.1 200) 9 headers in 358 bytes (1 switches on core 0)
Feb 15 14:44:46.874754 n-d-822053-49 devstack@n-api.service[130462]: DEBUG nova.api.openstack.wsgi [None req-b3fad90f-c24f-4200-84c2-8c023e992e02 tempest-FlavorsAdminTestJSON-1666470981 tempest-FlavorsAdminTestJSON-1666470981-project-admin] Calling method '>' {{(pid=130462) _process_stack /opt/stack/nova/nova/api/openstack/wsgi.py:513}}
Feb 15 14:44:46.881826 n-d-822053-49 devstack@n-api.service[130462]: /usr/local/lib/python3.8/dist-packages/oslo_policy/policy.py:1119: UserWarning: Policy "os_compute_api:os-flavor-manage:delete": "rule:system_admin_api" failed scope check. The token used to make the request was project scoped but the policy requires ['system'] scope. This behavior may change in the future where using the intended scope is required
Feb 15 14:44:46.881826 n-d-822053-49 devstack@n-api.service[130462]: warnings.warn(msg)
Feb 15 14:44:46.929243 n-d-822053-49 devstack@n-api.service[130463]: DEBUG nova.quota [None req-e32a8ec1-d5d4-46b6-9c7f-647144eb71f6 tempest-KeyPairsV210TestJSON-931469932 tempest-KeyPairsV210TestJSON-931469932-project-admin] Getting quotas for project f4063868b09c480b9a46788b531372be. Resources: {'key_pairs'} {{(pid=130463) _get_quotas /opt/stack/nova/nova/quota.py:387}}
Feb 15 14:44:46.945150 n-d-822053-49 devstack@n-api.service[130463]: DEBUG nova.quota [None req-e32a8ec1-d5d4-46b6-9c7f-647144eb71f6 tempest-KeyPairsV210TestJSON-931469932 tempest-KeyPairsV210TestJSON-931469932-project-admin] Getting quotas for user d382bea4d1b74c939129cfdf79d11225 and project f4063868b09c480b9a46788b531372be. Resources: {'key_pairs'} {{(pid=130463) _get_quotas /opt/stack/nova/nova/quota.py:377}}
Feb 15 14:44:47.015690 n-d-822053-49 devstack@n-api.service[130462]: INFO nova.api.openstack.requestlog [None req-b3fad90f-c24f-4200-84c2-8c023e992e02 tempest-FlavorsAdminTestJSON-1666470981 tempest-FlavorsAdminTestJSON-1666470981-project-admin] 10.222.0.95 "DELETE /compute/v2.1/flavors/756243769" status: 202 len: 0 microversion: 2.1 time: 0.158157
Feb 15 14:44:47.016931 n-d-822053-49 devstack@n-api.service[130462]: [pid: 130462|app: 0|req: 37/67] 10.222.0.95 () {58 vars in 1157 bytes} [Tue Feb 15 14:44:46 2022] DELETE /compute/v2.1/flavors/756243769 => generated 0 bytes in 160 msecs (HTTP/1.1 202) 9 headers in 361 bytes (1 switches on core 0)
Feb 15 14:44:47.024849 n-d-822053-49 devstack@n-api.service[130462]: DEBUG nova.api.openstack.wsgi [None req-9aa18cb7-79e5-47b5-aa22-74aa28350058 tempest-AggregatesAdminNegativeTestJSON-184491467 tempest-AggregatesAdminNegativeTestJSON-184491467-project-admin] Calling method '>' {{(pid=130462) _process_stack /opt/stack/nova/nova/api/openstack/wsgi.py:513}}
Feb 15 14:44:47.027075 n-d-822053-49 devstack@n-api.service[130462]: /usr/local/lib/python3.8/dist-packages/oslo_policy/policy.py:1119: UserWarning: Policy "os_compute_api:os-aggregates:delete": "rule:system_admin_api" failed scope check. The token used to make the request was project scoped but the policy requires ['system'] scope. This behavior may change in the future where using the intended scope is required
Feb 15 14:44:47.027075 n-d-822053-49 devstack@n-api.service[130462]: warnings.warn(msg)
Feb 15 14:44:47.071245 n-d-822053-49 devstack@n-api.service[130462]: INFO nova.api.openstack.wsgi [None req-9aa18cb7-79e5-47b5-aa22-74aa28350058 tempest-AggregatesAdminNegativeTestJSON-184491467 tempest-AggregatesAdminNegativeTestJSON-184491467-project-admin] HTTP exception thrown: Aggregate -1 could not be found.
Feb 15 14:44:47.091319 n-d-822053-49 devstack@n-api.service[130462]: DEBUG nova.api.openstack.wsgi [None req-9aa18cb7-79e5-47b5-aa22-74aa28350058 tempest-AggregatesAdminNegativeTestJSON-184491467 tempest-AggregatesAdminNegativeTestJSON-184491467-project-admin] Returning 404 to user: Aggregate -1 could not be found. {{(pid=130462) __call__ /opt/stack/nova/nova/api/openstack/wsgi.py:936}}
Feb 15 14:44:47.092396 n-d-822053-49 devstack@n-api.service[130462]: INFO nova.api.openstack.requestlog [None req-9aa18cb7-79e5-47b5-aa22-74aa28350058 tempest-AggregatesAdminNegativeTestJSON-184491467 tempest-AggregatesAdminNegativeTestJSON-184491467-project-admin] 10.222.0.95 "DELETE /compute/v2.1/os-aggregates/-1" status: 404 len: 78 microversion: 2.1 time: 0.073879
Feb 15 14:44:47.100123 n-d-822053-49 devstack@n-api.service[130462]: [pid: 130462|app: 0|req: 38/68] 10.222.0.95 () {58 vars in 1154 bytes} [Tue Feb 15 14:44:47 2022] DELETE /compute/v2.1/os-aggregates/-1 => generated 78 bytes in 82 msecs (HTTP/1.1 404) 9 headers in 378 bytes (1 switches on core 0)
Feb 15 14:44:47.115431 n-d-822053-49 devstack@n-api.service[130462]: DEBUG nova.api.openstack.wsgi [None req-037f0596-b991-4f1e-90db-e6d12c39b3f2 tempest-FlavorsAdminTestJSON-1666470981 tempest-FlavorsAdminTestJSON-1666470981-project-admin] Calling method '>' {{(pid=130462) _process_stack /opt/stack/nova/nova/api/openstack/wsgi.py:513}}
Feb 15 14:44:47.180586 n-d-822053-49 devstack@n-api.service[130462]: INFO nova.api.openstack.requestlog [None req-037f0596-b991-4f1e-90db-e6d12c39b3f2 tempest-FlavorsAdminTestJSON-1666470981 tempest-FlavorsAdminTestJSON-1666470981-project-admin] 10.222.0.95 "GET /compute/v2.1/flavors/detail" status: 200 len: 4991 microversion: 2.1 time: 0.064344
Feb 15 14:44:47.181555 n-d-822053-49 devstack@n-api.service[130462]: [pid: 130462|app: 0|req: 39/69] 10.222.0.95 () {58 vars in 1145 bytes} [Tue Feb 15 14:44:47 2022] GET /compute/v2.1/flavors/detail => generated 4991 bytes in 81 msecs (HTTP/1.1 200) 9 headers in 358 bytes (1 switches on core 0)
Feb 15 14:44:47.206336 n-d-822053-49 devstack@n-api.service[130462]: DEBUG nova.api.openstack.wsgi [None req-9134567c-1b56-4c8f-a1bd-9b233f391a9d tempest-AggregatesAdminNegativeTestJSON-184491467 tempest-AggregatesAdminNegativeTestJSON-184491467-project-admin] Action: 'create', calling method: >, body: {"aggregate": {"name": "tempest-test_aggregate-904580651"}} {{(pid=130462) _process_stack /opt/stack/nova/nova/api/openstack/wsgi.py:511}}
Feb 15 14:44:47.211633 n-d-822053-49 devstack@n-api.service[130462]: /usr/local/lib/python3.8/dist-packages/oslo_policy/policy.py:1119: UserWarning: Policy "os_compute_api:os-aggregates:create": "rule:system_admin_api" failed scope check. The token used to make the request was project scoped but the policy requires ['system'] scope. This behavior may change in the future where using the intended scope is required
Feb 15 14:44:47.211633 n-d-822053-49 devstack@n-api.service[130462]: warnings.warn(msg)
Feb 15 14:44:47.212921 n-d-822053-49 devstack@n-api.service[130462]: DEBUG nova.objects.aggregate [None req-9134567c-1b56-4c8f-a1bd-9b233f391a9d tempest-AggregatesAdminNegativeTestJSON-184491467 tempest-AggregatesAdminNegativeTestJSON-184491467-project-admin] Generated uuid 4581aafd-a44f-44af-a29a-e067b9406f5b for aggregate {{(pid=130462) create /opt/stack/nova/nova/objects/aggregate.py:298}}
Feb 15 14:44:47.334357 n-d-822053-49 devstack@n-api.service[130462]: INFO nova.api.openstack.requestlog [None req-9134567c-1b56-4c8f-a1bd-9b233f391a9d tempest-AggregatesAdminNegativeTestJSON-184491467 tempest-AggregatesAdminNegativeTestJSON-184491467-project-admin] 10.222.0.95 "POST /compute/v2.1/os-aggregates" status: 200 len: 197 microversion: 2.1 time: 0.131418
Feb 15 14:44:47.340385 n-d-822053-49 devstack@n-api.service[130462]: [pid: 130462|app: 0|req: 40/70] 10.222.0.95 () {60 vars in 1163 bytes} [Tue Feb 15 14:44:47 2022] POST /compute/v2.1/os-aggregates => generated 197 bytes in 158 msecs (HTTP/1.1 200) 9 headers in 357 bytes (1 switches on core 0)
Feb 15 14:44:47.345291 n-d-822053-49 devstack@n-api.service[130462]: DEBUG nova.api.openstack.wsgi [None req-a4f9408b-3eb0-47fe-a098-732045651d12 tempest-FlavorsAdminTestJSON-1666470981 tempest-FlavorsAdminTestJSON-1666470981-project-admin] Action: 'create', calling method: >, body: {"flavor": {"ram": 512, "vcpus": 1, "disk": 10, "name": "tempest-FlavorsAdminTestJSON-flavor-427694234", "id": 1850338085, "os-flavor-access:is_public": "False"}} {{(pid=130462) _process_stack /opt/stack/nova/nova/api/openstack/wsgi.py:511}}
Feb 15 14:44:47.346765 n-d-822053-49 devstack@n-api.service[130462]: /usr/local/lib/python3.8/dist-packages/oslo_policy/policy.py:1119: UserWarning: Policy "os_compute_api:os-flavor-manage:create": "rule:system_admin_api" failed scope check. The token used to make the request was project scoped but the policy requires ['system'] scope. This behavior may change in the future where using the intended scope is required
Feb 15 14:44:47.346765 n-d-822053-49 devstack@n-api.service[130462]: warnings.warn(msg)
Feb 15 14:44:47.462028 n-d-822053-49 devstack@n-api.service[130462]: INFO nova.api.openstack.requestlog [None req-a4f9408b-3eb0-47fe-a098-732045651d12 tempest-FlavorsAdminTestJSON-1666470981 tempest-FlavorsAdminTestJSON-1666470981-project-admin] 10.222.0.95 "POST /compute/v2.1/flavors" status: 200 len: 429 microversion: 2.1 time: 0.120289
Feb 15 14:44:47.462620 n-d-822053-49 devstack@n-api.service[130462]: [pid: 130462|app: 0|req: 41/71] 10.222.0.95 () {60 vars in 1146 bytes} [Tue Feb 15 14:44:47 2022] POST /compute/v2.1/flavors => generated 429 bytes in 121 msecs (HTTP/1.1 200) 9 headers in 357 bytes (1 switches on core 0)
Feb 15 14:44:47.890688 n-d-822053-49 devstack@n-api.service[130462]: DEBUG nova.api.openstack.wsgi [None req-e00249c8-d32f-43c2-938a-6bc6bb422d86 tempest-HostsAdminTestJSON-234169681 tempest-HostsAdminTestJSON-234169681-project-admin] Calling method '.version_select at 0x7f262920fee0>' {{(pid=130462) _process_stack /opt/stack/nova/nova/api/openstack/wsgi.py:513}}
Feb 15 14:44:47.892239 n-d-822053-49 devstack@n-api.service[130462]: /usr/local/lib/python3.8/dist-packages/oslo_policy/policy.py:1119: UserWarning: Policy "os_compute_api:os-hosts:list": "rule:system_reader_api" failed scope check. The token used to make the request was project scoped but the policy requires ['system'] scope. This behavior may change in the future where using the intended scope is required
Feb 15 14:44:47.892239 n-d-822053-49 devstack@n-api.service[130462]: warnings.warn(msg)
Feb 15 14:44:47.896160 n-d-822053-49 devstack@n-api.service[130462]: DEBUG oslo_concurrency.lockutils [None req-e00249c8-d32f-43c2-938a-6bc6bb422d86 tempest-HostsAdminTestJSON-234169681 tempest-HostsAdminTestJSON-234169681-project-admin] Lock "00000000-0000-0000-0000-000000000000" acquired by "nova.context.set_target_cell..get_or_set_cached_cell_and_set_connections" :: waited 0.000s {{(pid=130462) inner /usr/local/lib/python3.8/dist-packages/oslo_concurrency/lockutils.py:386}}
Feb 15 14:44:47.898418 n-d-822053-49 devstack@n-api.service[130462]: DEBUG oslo_concurrency.lockutils [None req-e00249c8-d32f-43c2-938a-6bc6bb422d86 tempest-HostsAdminTestJSON-234169681 tempest-HostsAdminTestJSON-234169681-project-admin] Lock "00000000-0000-0000-0000-000000000000" "released" by "nova.context.set_target_cell..get_or_set_cached_cell_and_set_connections" :: held 0.002s {{(pid=130462) inner /usr/local/lib/python3.8/dist-packages/oslo_concurrency/lockutils.py:400}}
Feb 15 14:44:47.899301 n-d-822053-49 devstack@n-api.service[130462]: DEBUG oslo_concurrency.lockutils [None req-e00249c8-d32f-43c2-938a-6bc6bb422d86 tempest-HostsAdminTestJSON-234169681 tempest-HostsAdminTestJSON-234169681-project-admin] Lock "36f523d9-99cd-4ef7-9c23-f38833f71e90" acquired by "nova.context.set_target_cell..get_or_set_cached_cell_and_set_connections" :: waited 0.000s {{(pid=130462) inner /usr/local/lib/python3.8/dist-packages/oslo_concurrency/lockutils.py:386}}
Feb 15 14:44:47.902479 n-d-822053-49 devstack@n-api.service[130462]: DEBUG oslo_concurrency.lockutils [None req-e00249c8-d32f-43c2-938a-6bc6bb422d86 tempest-HostsAdminTestJSON-234169681 tempest-HostsAdminTestJSON-234169681-project-admin] Lock "36f523d9-99cd-4ef7-9c23-f38833f71e90" "released" by "nova.context.set_target_cell..get_or_set_cached_cell_and_set_connections" :: held 0.003s {{(pid=130462) inner /usr/local/lib/python3.8/dist-packages/oslo_concurrency/lockutils.py:400}}
Feb 15 14:44:47.997091 n-d-822053-49 devstack@n-api.service[130462]: INFO nova.api.openstack.requestlog [None req-e00249c8-d32f-43c2-938a-6bc6bb422d86 tempest-HostsAdminTestJSON-234169681 tempest-HostsAdminTestJSON-234169681-project-admin] 10.222.0.95 "GET /compute/v2.1/os-hosts" status: 200 len: 403 microversion: 2.1 time: 0.527287
Feb 15 14:44:47.999623 n-d-822053-49 devstack@n-api.service[130462]: [pid: 130462|app: 0|req: 42/72] 10.222.0.95 () {58 vars in 1127 bytes} [Tue Feb 15 14:44:47 2022] GET /compute/v2.1/os-hosts => generated 403 bytes in 536 msecs (HTTP/1.1 200) 9 headers in 357 bytes (1 switches on core 0)
Feb 15 14:44:48.009045 n-d-822053-49 devstack@n-api.service[130462]: DEBUG nova.api.openstack.wsgi [None req-30b00f55-1733-463e-b38c-2693487631d8 tempest-AggregatesAdminNegativeTestJSON-956450797 tempest-AggregatesAdminNegativeTestJSON-956450797-project] Calling method '>' {{(pid=130462) _process_stack /opt/stack/nova/nova/api/openstack/wsgi.py:513}}
Feb 15 14:44:48.009961 n-d-822053-49 devstack@n-api.service[130462]: /usr/local/lib/python3.8/dist-packages/oslo_policy/policy.py:1119: UserWarning: Policy "os_compute_api:os-aggregates:show": "rule:system_reader_api" failed scope check. The token used to make the request was project scoped but the policy requires ['system'] scope. This behavior may change in the future where using the intended scope is required
Feb 15 14:44:48.009961 n-d-822053-49 devstack@n-api.service[130462]: warnings.warn(msg)
Feb 15 14:44:48.014561 n-d-822053-49 devstack@n-api.service[130462]: DEBUG nova.policy [None req-30b00f55-1733-463e-b38c-2693487631d8 tempest-AggregatesAdminNegativeTestJSON-956450797 tempest-AggregatesAdminNegativeTestJSON-956450797-project] Policy check for os_compute_api:os-aggregates:show failed with credentials {'is_admin': False, 'user_id': '9f06edeb64b04a1eb08c3c58c204fb22', 'user_domain_id': 'default', 'system_scope': None, 'domain_id': None, 'project_id': '8f4201b8fdf247cfa4461fb10e84288f', 'project_domain_id': 'default', 'roles': ['member', 'reader'], 'is_admin_project': True, 'service_user_id': None, 'service_user_domain_id': None, 'service_project_id': None, 'service_project_domain_id': None, 'service_roles': []} {{(pid=130462) authorize /opt/stack/nova/nova/policy.py:199}}
Feb 15 14:44:48.015358 n-d-822053-49 devstack@n-api.service[130462]: DEBUG nova.api.openstack.wsgi [None req-30b00f55-1733-463e-b38c-2693487631d8 tempest-AggregatesAdminNegativeTestJSON-956450797 tempest-AggregatesAdminNegativeTestJSON-956450797-project] Returning 403 to user: Policy doesn't allow os_compute_api:os-aggregates:show to be performed. {{(pid=130462) __call__ /opt/stack/nova/nova/api/openstack/wsgi.py:936}}
Feb 15 14:44:48.018650 n-d-822053-49 devstack@n-api.service[130462]: INFO nova.api.openstack.requestlog [None req-30b00f55-1733-463e-b38c-2693487631d8 tempest-AggregatesAdminNegativeTestJSON-956450797 tempest-AggregatesAdminNegativeTestJSON-956450797-project] 10.222.0.95 "GET /compute/v2.1/os-aggregates/7" status: 403 len: 114 microversion: 2.1 time: 0.015692
Feb 15 14:44:48.023963 n-d-822053-49 devstack@n-api.service[130462]: [pid: 130462|app: 0|req: 43/73] 10.222.0.95 () {58 vars in 1148 bytes} [Tue Feb 15 14:44:47 2022] GET /compute/v2.1/os-aggregates/7 => generated 114 bytes in 23 msecs (HTTP/1.1 403) 9 headers in 379 bytes (1 switches on core 0)
Feb 15 14:44:48.041670 n-d-822053-49 devstack@n-api.service[130462]: DEBUG nova.api.openstack.wsgi [None req-cdfd5363-3d9e-4ae0-97a8-25ca50b302e9 tempest-FlavorsAdminTestJSON-669188174 tempest-FlavorsAdminTestJSON-669188174-project] Action: 'create', calling method: >, body: {"server": {"name": "test", "imageRef": "6a2da988-b9f8-4d2a-b5d2-87fc230075b3", "flavorRef": "1850338085"}} {{(pid=130462) _process_stack /opt/stack/nova/nova/api/openstack/wsgi.py:511}}
Feb 15 14:44:48.105919 n-d-822053-49 devstack@n-api.service[130462]: INFO nova.api.openstack.wsgi [None req-cdfd5363-3d9e-4ae0-97a8-25ca50b302e9 tempest-FlavorsAdminTestJSON-669188174 tempest-FlavorsAdminTestJSON-669188174-project] HTTP exception thrown: Flavor 1850338085 could not be found.
Feb 15 14:44:48.106829 n-d-822053-49 devstack@n-api.service[130462]: DEBUG nova.api.openstack.wsgi [None req-cdfd5363-3d9e-4ae0-97a8-25ca50b302e9 tempest-FlavorsAdminTestJSON-669188174 tempest-FlavorsAdminTestJSON-669188174-project] Returning 400 to user: Flavor 1850338085 could not be found. {{(pid=130462) __call__ /opt/stack/nova/nova/api/openstack/wsgi.py:936}}
Feb 15 14:44:48.112866 n-d-822053-49 devstack@n-api.service[130462]: INFO nova.api.openstack.requestlog [None req-cdfd5363-3d9e-4ae0-97a8-25ca50b302e9 tempest-FlavorsAdminTestJSON-669188174 tempest-FlavorsAdminTestJSON-669188174-project] 10.222.0.95 "POST /compute/v2.1/servers" status: 400 len: 81 microversion: 2.1 time: 0.087214
Feb 15 14:44:48.126949 n-d-822053-49 devstack@n-api.service[130462]: [pid: 130462|app: 0|req: 44/74] 10.222.0.95 () {60 vars in 1146 bytes} [Tue Feb 15 14:44:48 2022] POST /compute/v2.1/servers => generated 81 bytes in 102 msecs (HTTP/1.1 400) 9 headers in 380 bytes (1 switches on core 0)
Feb 15 14:44:48.142859 n-d-822053-49 devstack@n-api.service[130462]: DEBUG nova.api.openstack.wsgi [None req-70129de9-dc01-48f2-b693-10907eb41984 tempest-DeleteServersAdminTestJSON-902029887 tempest-DeleteServersAdminTestJSON-902029887-project] Calling method '>' {{(pid=130462) _process_stack /opt/stack/nova/nova/api/openstack/wsgi.py:513}}
Feb 15 14:44:48.144782 n-d-822053-49 devstack@n-api.service[130462]: DEBUG nova.compute.api [None req-70129de9-dc01-48f2-b693-10907eb41984 tempest-DeleteServersAdminTestJSON-902029887 tempest-DeleteServersAdminTestJSON-902029887-project] [instance: c15a4c62-0b03-4e6d-8ba3-466e0edbe73a] Fetching instance by UUID {{(pid=130462) get /opt/stack/nova/nova/compute/api.py:2885}}
Feb 15 14:44:48.178753 n-d-822053-49 devstack@n-api.service[130462]: DEBUG oslo_concurrency.lockutils [None req-70129de9-dc01-48f2-b693-10907eb41984 tempest-DeleteServersAdminTestJSON-902029887 tempest-DeleteServersAdminTestJSON-902029887-project] Lock "36f523d9-99cd-4ef7-9c23-f38833f71e90" acquired by "nova.context.set_target_cell..get_or_set_cached_cell_and_set_connections" :: waited 0.000s {{(pid=130462) inner /usr/local/lib/python3.8/dist-packages/oslo_concurrency/lockutils.py:386}}
Feb 15 14:44:48.183808 n-d-822053-49 devstack@n-api.service[130462]: DEBUG oslo_concurrency.lockutils [None req-70129de9-dc01-48f2-b693-10907eb41984 tempest-DeleteServersAdminTestJSON-902029887 tempest-DeleteServersAdminTestJSON-902029887-project] Lock "36f523d9-99cd-4ef7-9c23-f38833f71e90" "released" by "nova.context.set_target_cell..get_or_set_cached_cell_and_set_connections" :: held 0.012s {{(pid=130462) inner /usr/local/lib/python3.8/dist-packages/oslo_concurrency/lockutils.py:400}}
Feb 15 14:44:48.184938 n-d-822053-49 devstack@n-api.service[130462]: DEBUG oslo_concurrency.lockutils [None req-70129de9-dc01-48f2-b693-10907eb41984 tempest-DeleteServersAdminTestJSON-902029887 tempest-DeleteServersAdminTestJSON-902029887-project] Lock "36f523d9-99cd-4ef7-9c23-f38833f71e90" acquired by "nova.context.set_target_cell..get_or_set_cached_cell_and_set_connections" :: waited 0.000s {{(pid=130462) inner /usr/local/lib/python3.8/dist-packages/oslo_concurrency/lockutils.py:386}}
Feb 15 14:44:48.185532 n-d-822053-49 devstack@n-api.service[130462]: DEBUG oslo_concurrency.lockutils [None req-70129de9-dc01-48f2-b693-10907eb41984 tempest-DeleteServersAdminTestJSON-902029887 tempest-DeleteServersAdminTestJSON-902029887-project] Lock "36f523d9-99cd-4ef7-9c23-f38833f71e90" "released" by "nova.context.set_target_cell..get_or_set_cached_cell_and_set_connections" :: held 0.001s {{(pid=130462) inner /usr/local/lib/python3.8/dist-packages/oslo_concurrency/lockutils.py:400}}
Feb 15 14:44:48.324812 n-d-822053-49 devstack@n-api.service[130463]: DEBUG nova.quota [None req-e32a8ec1-d5d4-46b6-9c7f-647144eb71f6 tempest-KeyPairsV210TestJSON-931469932 tempest-KeyPairsV210TestJSON-931469932-project-admin] Getting quotas for project f4063868b09c480b9a46788b531372be. Resources: {'key_pairs'} {{(pid=130463) _get_quotas /opt/stack/nova/nova/quota.py:387}}
Feb 15 14:44:48.332225 n-d-822053-49 devstack@n-api.service[130463]: DEBUG nova.quota [None req-e32a8ec1-d5d4-46b6-9c7f-647144eb71f6 tempest-KeyPairsV210TestJSON-931469932 tempest-KeyPairsV210TestJSON-931469932-project-admin] Getting quotas for user d382bea4d1b74c939129cfdf79d11225 and project f4063868b09c480b9a46788b531372be. Resources: {'key_pairs'} {{(pid=130463) _get_quotas /opt/stack/nova/nova/quota.py:377}}
Feb 15 14:44:48.354063 n-d-822053-49 devstack@n-api.service[130463]: INFO nova.api.openstack.requestlog [None req-e32a8ec1-d5d4-46b6-9c7f-647144eb71f6 tempest-KeyPairsV210TestJSON-931469932 tempest-KeyPairsV210TestJSON-931469932-project-admin] 10.222.0.95 "POST /compute/v2.1/os-keypairs" status: 201 len: 2316 microversion: 2.10 time: 1.545158
Feb 15 14:44:48.362574 n-d-822053-49 devstack@n-api.service[130463]: [pid: 130463|app: 0|req: 31/75] 10.222.0.95 () {62 vars in 1199 bytes} [Tue Feb 15 14:44:46 2022] POST /compute/v2.1/os-keypairs => generated 2316 bytes in 1555 msecs (HTTP/1.1 201) 9 headers in 365 bytes (1 switches on core 0)
Feb 15 14:44:48.369799 n-d-822053-49 devstack@n-api.service[130463]: DEBUG nova.api.openstack.wsgi [None req-f80cc336-47cf-4796-a0b4-76bf826f351b tempest-AggregatesAdminTestJSON-1492564436 tempest-AggregatesAdminTestJSON-1492564436-project] Calling method '>' {{(pid=130463) _process_stack /opt/stack/nova/nova/api/openstack/wsgi.py:513}}
Feb 15 14:44:48.370753 n-d-822053-49 devstack@n-api.service[130463]: DEBUG nova.compute.api [None req-f80cc336-47cf-4796-a0b4-76bf826f351b tempest-AggregatesAdminTestJSON-1492564436 tempest-AggregatesAdminTestJSON-1492564436-project] [instance: 3a3ea65b-ce86-418e-8462-6c7b9f644d2c] Fetching instance by UUID {{(pid=130463) get /opt/stack/nova/nova/compute/api.py:2885}}
Feb 15 14:44:48.393198 n-d-822053-49 devstack@n-api.service[130463]: DEBUG oslo_concurrency.lockutils [None req-f80cc336-47cf-4796-a0b4-76bf826f351b tempest-AggregatesAdminTestJSON-1492564436 tempest-AggregatesAdminTestJSON-1492564436-project] Lock "36f523d9-99cd-4ef7-9c23-f38833f71e90" acquired by "nova.context.set_target_cell..get_or_set_cached_cell_and_set_connections" :: waited 0.000s {{(pid=130463) inner /usr/local/lib/python3.8/dist-packages/oslo_concurrency/lockutils.py:386}}
Feb 15 14:44:48.402080 n-d-822053-49 devstack@n-api.service[130463]: DEBUG oslo_concurrency.lockutils [None req-f80cc336-47cf-4796-a0b4-76bf826f351b tempest-AggregatesAdminTestJSON-1492564436 tempest-AggregatesAdminTestJSON-1492564436-project] Lock "36f523d9-99cd-4ef7-9c23-f38833f71e90" "released" by "nova.context.set_target_cell..get_or_set_cached_cell_and_set_connections" :: held 0.008s {{(pid=130463) inner /usr/local/lib/python3.8/dist-packages/oslo_concurrency/lockutils.py:400}}
Feb 15 14:44:48.405631 n-d-822053-49 devstack@n-api.service[130463]: DEBUG oslo_concurrency.lockutils [None req-f80cc336-47cf-4796-a0b4-76bf826f351b tempest-AggregatesAdminTestJSON-1492564436 tempest-AggregatesAdminTestJSON-1492564436-project] Lock "36f523d9-99cd-4ef7-9c23-f38833f71e90" acquired by "nova.context.set_target_cell..get_or_set_cached_cell_and_set_connections" :: waited 0.000s {{(pid=130463) inner /usr/local/lib/python3.8/dist-packages/oslo_concurrency/lockutils.py:386}}
Feb 15 14:44:48.407102 n-d-822053-49 devstack@n-api.service[130463]: DEBUG oslo_concurrency.lockutils [None req-f80cc336-47cf-4796-a0b4-76bf826f351b tempest-AggregatesAdminTestJSON-1492564436 tempest-AggregatesAdminTestJSON-1492564436-project] Lock "36f523d9-99cd-4ef7-9c23-f38833f71e90" "released" by "nova.context.set_target_cell..get_or_set_cached_cell_and_set_connections" :: held 0.002s {{(pid=130463) inner /usr/local/lib/python3.8/dist-packages/oslo_concurrency/lockutils.py:400}}
Feb 15 14:44:48.469648 n-d-822053-49 devstack@n-api.service[130462]: DEBUG nova.policy [None req-70129de9-dc01-48f2-b693-10907eb41984 tempest-DeleteServersAdminTestJSON-902029887 tempest-DeleteServersAdminTestJSON-902029887-project] Policy check for os_compute_api:os-extended-server-attributes failed with credentials {'is_admin': False, 'user_id': '18402d518f1748b3bfc3fd1970c17e21', 'user_domain_id': 'default', 'system_scope': None, 'domain_id': None, 'project_id': '25862b92bbf04f11998d9a644154db3a', 'project_domain_id': 'default', 'roles': ['member', 'reader'], 'is_admin_project': True, 'service_user_id': None, 'service_user_domain_id': None, 'service_project_id': None, 'service_project_domain_id': None, 'service_roles': []} {{(pid=130462) authorize /opt/stack/nova/nova/policy.py:199}}
Feb 15 14:44:48.488946 n-d-822053-49 devstack@n-api.service[130462]: INFO nova.api.openstack.requestlog [None req-70129de9-dc01-48f2-b693-10907eb41984 tempest-DeleteServersAdminTestJSON-902029887 tempest-DeleteServersAdminTestJSON-902029887-project] 10.222.0.95 "GET /compute/v2.1/servers/c15a4c62-0b03-4e6d-8ba3-466e0edbe73a" status: 200 len: 1300 microversion: 2.1 time: 0.356141
Feb 15 14:44:48.495817 n-d-822053-49 devstack@n-api.service[130462]: [pid: 130462|app: 0|req: 45/76] 10.222.0.95 () {58 vars in 1235 bytes} [Tue Feb 15 14:44:48 2022] GET /compute/v2.1/servers/c15a4c62-0b03-4e6d-8ba3-466e0edbe73a => generated 1300 bytes in 368 msecs (HTTP/1.1 200) 9 headers in 358 bytes (1 switches on core 0)
Feb 15 14:44:48.520050 n-d-822053-49 devstack@n-api.service[130462]: DEBUG nova.api.openstack.wsgi [None req-f37ed5c7-9077-41a3-97da-ee8d41595732 tempest-HostsAdminTestJSON-234169681 tempest-HostsAdminTestJSON-234169681-project-admin] Calling method '.version_select at 0x7f2628022310>' {{(pid=130462) _process_stack /opt/stack/nova/nova/api/openstack/wsgi.py:513}}
Feb 15 14:44:48.539762 n-d-822053-49 devstack@n-api.service[130462]: /usr/local/lib/python3.8/dist-packages/oslo_policy/policy.py:1119: UserWarning: Policy "os_compute_api:os-hosts:list": "rule:system_reader_api" failed scope check. The token used to make the request was project scoped but the policy requires ['system'] scope. This behavior may change in the future where using the intended scope is required
Feb 15 14:44:48.539762 n-d-822053-49 devstack@n-api.service[130462]: warnings.warn(msg)
Feb 15 14:44:48.553239 n-d-822053-49 devstack@n-api.service[130462]: DEBUG oslo_concurrency.lockutils [None req-f37ed5c7-9077-41a3-97da-ee8d41595732 tempest-HostsAdminTestJSON-234169681 tempest-HostsAdminTestJSON-234169681-project-admin] Lock "00000000-0000-0000-0000-000000000000" acquired by "nova.context.set_target_cell..get_or_set_cached_cell_and_set_connections" :: waited 0.000s {{(pid=130462) inner /usr/local/lib/python3.8/dist-packages/oslo_concurrency/lockutils.py:386}}
Feb 15 14:44:48.559649 n-d-822053-49 devstack@n-api.service[130462]: DEBUG oslo_concurrency.lockutils [None req-f37ed5c7-9077-41a3-97da-ee8d41595732 tempest-HostsAdminTestJSON-234169681 tempest-HostsAdminTestJSON-234169681-project-admin] Lock "00000000-0000-0000-0000-000000000000" "released" by "nova.context.set_target_cell..get_or_set_cached_cell_and_set_connections" :: held 0.001s {{(pid=130462) inner /usr/local/lib/python3.8/dist-packages/oslo_concurrency/lockutils.py:400}}
Feb 15 14:44:48.567602 n-d-822053-49 devstack@n-api.service[130462]: DEBUG oslo_concurrency.lockutils [None req-f37ed5c7-9077-41a3-97da-ee8d41595732 tempest-HostsAdminTestJSON-234169681 tempest-HostsAdminTestJSON-234169681-project-admin] Lock "36f523d9-99cd-4ef7-9c23-f38833f71e90" acquired by "nova.context.set_target_cell..get_or_set_cached_cell_and_set_connections" :: waited 0.000s {{(pid=130462) inner /usr/local/lib/python3.8/dist-packages/oslo_concurrency/lockutils.py:386}}
Feb 15 14:44:48.569655 n-d-822053-49 devstack@n-api.service[130462]: DEBUG oslo_concurrency.lockutils [None req-f37ed5c7-9077-41a3-97da-ee8d41595732 tempest-HostsAdminTestJSON-234169681 tempest-HostsAdminTestJSON-234169681-project-admin] Lock "36f523d9-99cd-4ef7-9c23-f38833f71e90" "released" by "nova.context.set_target_cell..get_or_set_cached_cell_and_set_connections" :: held 0.003s {{(pid=130462) inner /usr/local/lib/python3.8/dist-packages/oslo_concurrency/lockutils.py:400}}
Feb 15 14:44:48.724931 n-d-822053-49 devstack@n-api.service[130463]: DEBUG nova.policy [None req-f80cc336-47cf-4796-a0b4-76bf826f351b tempest-AggregatesAdminTestJSON-1492564436 tempest-AggregatesAdminTestJSON-1492564436-project] Policy check for os_compute_api:os-extended-server-attributes failed with credentials {'is_admin': False, 'user_id': 'f7de19ee9275487195890e350adc3d43', 'user_domain_id': 'default', 'system_scope': None, 'domain_id': None, 'project_id': '8c2d3a96feef4da7bbac1aa46846ad71', 'project_domain_id': 'default', 'roles': ['member', 'reader'], 'is_admin_project': True, 'service_user_id': None, 'service_user_domain_id': None, 'service_project_id': None, 'service_project_domain_id': None, 'service_roles': []} {{(pid=130463) authorize /opt/stack/nova/nova/policy.py:199}}
Feb 15 14:44:48.748463 n-d-822053-49 devstack@n-api.service[130463]: INFO nova.api.openstack.requestlog [None req-f80cc336-47cf-4796-a0b4-76bf826f351b tempest-AggregatesAdminTestJSON-1492564436 tempest-AggregatesAdminTestJSON-1492564436-project] 10.222.0.95 "GET /compute/v2.1/servers/3a3ea65b-ce86-418e-8462-6c7b9f644d2c" status: 200 len: 1242 microversion: 2.1 time: 0.384399
Feb 15 14:44:48.763874 n-d-822053-49 devstack@n-api.service[130463]: [pid: 130463|app: 0|req: 32/77] 10.222.0.95 () {58 vars in 1235 bytes} [Tue Feb 15 14:44:48 2022] GET /compute/v2.1/servers/3a3ea65b-ce86-418e-8462-6c7b9f644d2c => generated 1242 bytes in 400 msecs (HTTP/1.1 200) 9 headers in 358 bytes (1 switches on core 0)
Feb 15 14:44:48.794025 n-d-822053-49 devstack@n-api.service[130463]: DEBUG nova.api.openstack.wsgi [None req-b852c0fd-1fcb-4f73-a37f-8db7046bd7eb tempest-AggregatesAdminNegativeTestJSON-184491467 tempest-AggregatesAdminNegativeTestJSON-184491467-project-admin] Calling method '>' {{(pid=130463) _process_stack /opt/stack/nova/nova/api/openstack/wsgi.py:513}}
Feb 15 14:44:48.797931 n-d-822053-49 devstack@n-api.service[130463]: /usr/local/lib/python3.8/dist-packages/oslo_policy/policy.py:1119: UserWarning: Policy "os_compute_api:os-aggregates:delete": "rule:system_admin_api" failed scope check. The token used to make the request was project scoped but the policy requires ['system'] scope. This behavior may change in the future where using the intended scope is required
Feb 15 14:44:48.797931 n-d-822053-49 devstack@n-api.service[130463]: warnings.warn(msg)
Feb 15 14:44:48.917830 n-d-822053-49 devstack@n-api.service[130462]: INFO nova.api.openstack.requestlog [None req-f37ed5c7-9077-41a3-97da-ee8d41595732 tempest-HostsAdminTestJSON-234169681 tempest-HostsAdminTestJSON-234169681-project-admin] 10.222.0.95 "GET /compute/v2.1/os-hosts?zone=" status: 200 len: 403 microversion: 2.1 time: 0.412001
Feb 15 14:44:48.925524 n-d-822053-49 devstack@n-api.service[130462]: [pid: 130462|app: 0|req: 46/78] 10.222.0.95 () {58 vars in 1138 bytes} [Tue Feb 15 14:44:48 2022] GET /compute/v2.1/os-hosts?zone= => generated 403 bytes in 428 msecs (HTTP/1.1 200) 9 headers in 357 bytes (1 switches on core 0)
Feb 15 14:44:48.931253 n-d-822053-49 devstack@n-api.service[130462]: DEBUG nova.api.openstack.wsgi [None req-d85a5d95-3786-4245-87b4-d8ba08c8ccf4 tempest-FlavorsAdminTestJSON-1666470981 tempest-FlavorsAdminTestJSON-1666470981-project-admin] Calling method '>' {{(pid=130462) _process_stack /opt/stack/nova/nova/api/openstack/wsgi.py:513}}
Feb 15 14:44:48.932662 n-d-822053-49 devstack@n-api.service[130462]: /usr/local/lib/python3.8/dist-packages/oslo_policy/policy.py:1119: UserWarning: Policy "os_compute_api:os-flavor-manage:delete": "rule:system_admin_api" failed scope check. The token used to make the request was project scoped but the policy requires ['system'] scope. This behavior may change in the future where using the intended scope is required
Feb 15 14:44:48.932662 n-d-822053-49 devstack@n-api.service[130462]: warnings.warn(msg)
Feb 15 14:44:49.377284 n-d-822053-49 devstack@n-api.service[130462]: INFO nova.api.openstack.requestlog [None req-d85a5d95-3786-4245-87b4-d8ba08c8ccf4 tempest-FlavorsAdminTestJSON-1666470981 tempest-FlavorsAdminTestJSON-1666470981-project-admin] 10.222.0.95 "DELETE /compute/v2.1/flavors/1850338085" status: 202 len: 0 microversion: 2.1 time: 0.450165
Feb 15 14:44:49.379050 n-d-822053-49 devstack@n-api.service[130462]: [pid: 130462|app: 0|req: 47/79] 10.222.0.95 () {58 vars in 1160 bytes} [Tue Feb 15 14:44:48 2022] DELETE /compute/v2.1/flavors/1850338085 => generated 0 bytes in 453 msecs (HTTP/1.1 202) 9 headers in 361 bytes (1 switches on core 0)
Feb 15 14:44:49.383735 n-d-822053-49 devstack@n-api.service[130463]: INFO nova.api.openstack.requestlog [None req-b852c0fd-1fcb-4f73-a37f-8db7046bd7eb tempest-AggregatesAdminNegativeTestJSON-184491467 tempest-AggregatesAdminNegativeTestJSON-184491467-project-admin] 10.222.0.95 "DELETE /compute/v2.1/os-aggregates/7" status: 200 len: 0 microversion: 2.1 time: 0.617327
Feb 15 14:44:49.384313 n-d-822053-49 devstack@n-api.service[130463]: [pid: 130463|app: 0|req: 33/80] 10.222.0.95 () {58 vars in 1151 bytes} [Tue Feb 15 14:44:48 2022] DELETE /compute/v2.1/os-aggregates/7 => generated 0 bytes in 619 msecs (HTTP/1.1 200) 9 headers in 355 bytes (1 switches on core 0)
Feb 15 14:44:49.391680 n-d-822053-49 devstack@n-api.service[130463]: DEBUG nova.api.openstack.wsgi [None req-7a089a02-e7cd-4bac-b542-2831b9037f94 tempest-HostsAdminTestJSON-234169681 tempest-HostsAdminTestJSON-234169681-project-admin] Calling method '.version_select at 0x7f2628013550>' {{(pid=130463) _process_stack /opt/stack/nova/nova/api/openstack/wsgi.py:513}}
Feb 15 14:44:49.393256 n-d-822053-49 devstack@n-api.service[130463]: /usr/local/lib/python3.8/dist-packages/oslo_policy/policy.py:1119: UserWarning: Policy "os_compute_api:os-hosts:list": "rule:system_reader_api" failed scope check. The token used to make the request was project scoped but the policy requires ['system'] scope. This behavior may change in the future where using the intended scope is required
Feb 15 14:44:49.393256 n-d-822053-49 devstack@n-api.service[130463]: warnings.warn(msg)
Feb 15 14:44:49.395111 n-d-822053-49 devstack@n-api.service[130463]: DEBUG oslo_concurrency.lockutils [None req-7a089a02-e7cd-4bac-b542-2831b9037f94 tempest-HostsAdminTestJSON-234169681 tempest-HostsAdminTestJSON-234169681-project-admin] Lock "00000000-0000-0000-0000-000000000000" acquired by "nova.context.set_target_cell..get_or_set_cached_cell_and_set_connections" :: waited 0.000s {{(pid=130463) inner /usr/local/lib/python3.8/dist-packages/oslo_concurrency/lockutils.py:386}}
Feb 15 14:44:49.395268 n-d-822053-49 devstack@n-api.service[130462]: DEBUG nova.api.openstack.wsgi [None req-70b0860b-d06b-4379-9b7e-7b180eda8abd tempest-KeyPairsV210TestJSON-931469932 tempest-KeyPairsV210TestJSON-931469932-project-admin] Calling method '.version_select at 0x7f262807db80>' {{(pid=130462) _process_stack /opt/stack/nova/nova/api/openstack/wsgi.py:513}}
Feb 15 14:44:49.396164 n-d-822053-49 devstack@n-api.service[130463]: DEBUG oslo_concurrency.lockutils [None req-7a089a02-e7cd-4bac-b542-2831b9037f94 tempest-HostsAdminTestJSON-234169681 tempest-HostsAdminTestJSON-234169681-project-admin] Lock "00000000-0000-0000-0000-000000000000" "released" by "nova.context.set_target_cell..get_or_set_cached_cell_and_set_connections" :: held 0.001s {{(pid=130463) inner /usr/local/lib/python3.8/dist-packages/oslo_concurrency/lockutils.py:400}}
Feb 15 14:44:49.397233 n-d-822053-49 devstack@n-api.service[130463]: DEBUG oslo_concurrency.lockutils [None req-7a089a02-e7cd-4bac-b542-2831b9037f94 tempest-HostsAdminTestJSON-234169681 tempest-HostsAdminTestJSON-234169681-project-admin] Lock "36f523d9-99cd-4ef7-9c23-f38833f71e90" acquired by "nova.context.set_target_cell..get_or_set_cached_cell_and_set_connections" :: waited 0.000s {{(pid=130463) inner /usr/local/lib/python3.8/dist-packages/oslo_concurrency/lockutils.py:386}}
Feb 15 14:44:49.397913 n-d-822053-49 devstack@n-api.service[130463]: DEBUG oslo_concurrency.lockutils [None req-7a089a02-e7cd-4bac-b542-2831b9037f94 tempest-HostsAdminTestJSON-234169681 tempest-HostsAdminTestJSON-234169681-project-admin] Lock "36f523d9-99cd-4ef7-9c23-f38833f71e90" "released" by "nova.context.set_target_cell..get_or_set_cached_cell_and_set_connections" :: held 0.001s {{(pid=130463) inner /usr/local/lib/python3.8/dist-packages/oslo_concurrency/lockutils.py:400}}
Feb 15 14:44:49.410230 n-d-822053-49 devstack@n-api.service[130462]: INFO nova.api.openstack.requestlog [None req-70b0860b-d06b-4379-9b7e-7b180eda8abd tempest-KeyPairsV210TestJSON-931469932 tempest-KeyPairsV210TestJSON-931469932-project-admin] 10.222.0.95 "GET /compute/v2.1/os-keypairs/tempest-keypair-1290404912?user_id=9f12db9b54f642fca89d3e3ba467c9bb" status: 200 len: 706 microversion: 2.10 time: 0.028516
Feb 15 14:44:49.412563 n-d-822053-49 devstack@n-api.service[130462]: [pid: 130462|app: 0|req: 48/81] 10.222.0.95 () {60 vars in 1339 bytes} [Tue Feb 15 14:44:49 2022] GET /compute/v2.1/os-keypairs/tempest-keypair-1290404912?user_id=9f12db9b54f642fca89d3e3ba467c9bb => generated 706 bytes in 33 msecs (HTTP/1.1 200) 9 headers in 359 bytes (1 switches on core 0)
Feb 15 14:44:49.427298 n-d-822053-49 devstack@n-api.service[130462]: DEBUG nova.api.openstack.wsgi [None req-29991fff-efb7-4de7-8f71-d4905ccebd02 tempest-FlavorsAdminTestJSON-1666470981 tempest-FlavorsAdminTestJSON-1666470981-project-admin] Calling method '>' {{(pid=130462) _process_stack /opt/stack/nova/nova/api/openstack/wsgi.py:513}}
Feb 15 14:44:49.509441 n-d-822053-49 devstack@n-api.service[130463]: INFO nova.api.openstack.requestlog [None req-7a089a02-e7cd-4bac-b542-2831b9037f94 tempest-HostsAdminTestJSON-234169681 tempest-HostsAdminTestJSON-234169681-project-admin] 10.222.0.95 "GET /compute/v2.1/os-hosts?zone=xxx" status: 200 len: 13 microversion: 2.1 time: 0.118146
Feb 15 14:44:49.516097 n-d-822053-49 devstack@n-api.service[130462]: INFO nova.api.openstack.requestlog [None req-29991fff-efb7-4de7-8f71-d4905ccebd02 tempest-FlavorsAdminTestJSON-1666470981 tempest-FlavorsAdminTestJSON-1666470981-project-admin] 10.222.0.95 "GET /compute/v2.1/flavors/detail" status: 200 len: 4991 microversion: 2.1 time: 0.100137
Feb 15 14:44:49.516942 n-d-822053-49 devstack@n-api.service[130463]: [pid: 130463|app: 0|req: 34/82] 10.222.0.95 () {58 vars in 1144 bytes} [Tue Feb 15 14:44:49 2022] GET /compute/v2.1/os-hosts?zone=xxx => generated 13 bytes in 132 msecs (HTTP/1.1 200) 9 headers in 356 bytes (1 switches on core 0)
Feb 15 14:44:49.521035 n-d-822053-49 devstack@n-api.service[130462]: [pid: 130462|app: 0|req: 49/83] 10.222.0.95 () {58 vars in 1145 bytes} [Tue Feb 15 14:44:49 2022] GET /compute/v2.1/flavors/detail => generated 4991 bytes in 108 msecs (HTTP/1.1 200) 9 headers in 358 bytes (1 switches on core 0)
Feb 15 14:44:49.537108 n-d-822053-49 devstack@n-api.service[130463]: DEBUG nova.api.openstack.wsgi [None req-8a0990e5-d29f-4b17-964f-702c4106285d tempest-AggregatesAdminNegativeTestJSON-184491467 tempest-AggregatesAdminNegativeTestJSON-184491467-project-admin] Calling method '>' {{(pid=130463) _process_stack /opt/stack/nova/nova/api/openstack/wsgi.py:513}}
Feb 15 14:44:49.541164 n-d-822053-49 devstack@n-api.service[130463]: /usr/local/lib/python3.8/dist-packages/oslo_policy/policy.py:1119: UserWarning: Policy "os_compute_api:os-aggregates:show": "rule:system_reader_api" failed scope check. The token used to make the request was project scoped but the policy requires ['system'] scope. This behavior may change in the future where using the intended scope is required
Feb 15 14:44:49.541164 n-d-822053-49 devstack@n-api.service[130463]: warnings.warn(msg)
Feb 15 14:44:49.545839 n-d-822053-49 devstack@n-api.service[130462]: DEBUG nova.api.openstack.wsgi [None req-25e4ab59-a9ed-4c14-a70e-00a54064d33f tempest-KeyPairsV210TestJSON-931469932 tempest-KeyPairsV210TestJSON-931469932-project-admin] Action: 'create', calling method: .version_select at 0x7f2628066430>, body: {"keypair": {"name": "tempest-KeyPairsV210TestJSON-keypair-561519499", "type": "ssh"}} {{(pid=130462) _process_stack /opt/stack/nova/nova/api/openstack/wsgi.py:511}}
Feb 15 14:44:49.585961 n-d-822053-49 devstack@n-api.service[130463]: INFO nova.api.openstack.wsgi [None req-8a0990e5-d29f-4b17-964f-702c4106285d tempest-AggregatesAdminNegativeTestJSON-184491467 tempest-AggregatesAdminNegativeTestJSON-184491467-project-admin] HTTP exception thrown: Aggregate -1 could not be found.
Feb 15 14:44:49.586352 n-d-822053-49 devstack@n-api.service[130462]: DEBUG nova.quota [None req-25e4ab59-a9ed-4c14-a70e-00a54064d33f tempest-KeyPairsV210TestJSON-931469932 tempest-KeyPairsV210TestJSON-931469932-project-admin] Getting quotas for project f4063868b09c480b9a46788b531372be. Resources: {'key_pairs'} {{(pid=130462) _get_quotas /opt/stack/nova/nova/quota.py:387}}
Feb 15 14:44:49.590861 n-d-822053-49 devstack@n-api.service[130463]: DEBUG nova.api.openstack.wsgi [None req-8a0990e5-d29f-4b17-964f-702c4106285d tempest-AggregatesAdminNegativeTestJSON-184491467 tempest-AggregatesAdminNegativeTestJSON-184491467-project-admin] Returning 404 to user: Aggregate -1 could not be found. {{(pid=130463) __call__ /opt/stack/nova/nova/api/openstack/wsgi.py:936}}
Feb 15 14:44:49.596397 n-d-822053-49 devstack@n-api.service[130463]: INFO nova.api.openstack.requestlog [None req-8a0990e5-d29f-4b17-964f-702c4106285d tempest-AggregatesAdminNegativeTestJSON-184491467 tempest-AggregatesAdminNegativeTestJSON-184491467-project-admin] 10.222.0.95 "GET /compute/v2.1/os-aggregates/-1" status: 404 len: 78 microversion: 2.1 time: 0.077930
Feb 15 14:44:49.597936 n-d-822053-49 devstack@n-api.service[130462]: DEBUG nova.quota [None req-25e4ab59-a9ed-4c14-a70e-00a54064d33f tempest-KeyPairsV210TestJSON-931469932 tempest-KeyPairsV210TestJSON-931469932-project-admin] Getting quotas for user d382bea4d1b74c939129cfdf79d11225 and project f4063868b09c480b9a46788b531372be. Resources: {'key_pairs'} {{(pid=130462) _get_quotas /opt/stack/nova/nova/quota.py:377}}
Feb 15 14:44:49.602083 n-d-822053-49 devstack@n-api.service[130463]: [pid: 130463|app: 0|req: 35/84] 10.222.0.95 () {58 vars in 1151 bytes} [Tue Feb 15 14:44:49 2022] GET /compute/v2.1/os-aggregates/-1 => generated 78 bytes in 84 msecs (HTTP/1.1 404) 9 headers in 378 bytes (1 switches on core 0)
Feb 15 14:44:49.613539 n-d-822053-49 devstack@n-api.service[130463]: DEBUG nova.api.openstack.wsgi [None req-577343d1-f837-467c-a069-674967f33f5b tempest-DeleteServersAdminTestJSON-902029887 tempest-DeleteServersAdminTestJSON-902029887-project] Calling method '>' {{(pid=130463) _process_stack /opt/stack/nova/nova/api/openstack/wsgi.py:513}}
Feb 15 14:44:49.615946 n-d-822053-49 devstack@n-api.service[130463]: DEBUG nova.compute.api [None req-577343d1-f837-467c-a069-674967f33f5b tempest-DeleteServersAdminTestJSON-902029887 tempest-DeleteServersAdminTestJSON-902029887-project] [instance: c15a4c62-0b03-4e6d-8ba3-466e0edbe73a] Fetching instance by UUID {{(pid=130463) get /opt/stack/nova/nova/compute/api.py:2885}}
Feb 15 14:44:49.648790 n-d-822053-49 devstack@n-api.service[130463]: DEBUG oslo_concurrency.lockutils [None req-577343d1-f837-467c-a069-674967f33f5b tempest-DeleteServersAdminTestJSON-902029887 tempest-DeleteServersAdminTestJSON-902029887-project] Lock "36f523d9-99cd-4ef7-9c23-f38833f71e90" acquired by "nova.context.set_target_cell..get_or_set_cached_cell_and_set_connections" :: waited 0.001s {{(pid=130463) inner /usr/local/lib/python3.8/dist-packages/oslo_concurrency/lockutils.py:386}}
Feb 15 14:44:49.650435 n-d-822053-49 devstack@n-api.service[130463]: DEBUG oslo_concurrency.lockutils [None req-577343d1-f837-467c-a069-674967f33f5b tempest-DeleteServersAdminTestJSON-902029887 tempest-DeleteServersAdminTestJSON-902029887-project] Lock "36f523d9-99cd-4ef7-9c23-f38833f71e90" "released" by "nova.context.set_target_cell..get_or_set_cached_cell_and_set_connections" :: held 0.002s {{(pid=130463) inner /usr/local/lib/python3.8/dist-packages/oslo_concurrency/lockutils.py:400}}
Feb 15 14:44:49.655465 n-d-822053-49 devstack@n-api.service[130463]: DEBUG oslo_concurrency.lockutils [None req-577343d1-f837-467c-a069-674967f33f5b tempest-DeleteServersAdminTestJSON-902029887 tempest-DeleteServersAdminTestJSON-902029887-project] Lock "36f523d9-99cd-4ef7-9c23-f38833f71e90" acquired by "nova.context.set_target_cell..get_or_set_cached_cell_and_set_connections" :: waited 0.003s {{(pid=130463) inner /usr/local/lib/python3.8/dist-packages/oslo_concurrency/lockutils.py:386}}
