Feb 14 19:22:16.182691 n-d-822053-46 devstack@placement-api.service[116002]: DEBUG placement.requestlog [req-8155262c-ce6a-4404-aa93-10dc5b408651 req-08f7e960-3c25-4543-903d-f1929298d658 None None] Starting request: 10.222.0.71 "GET /placement/allocations/958288b2-c819-4f54-91c2-147f8119d9b8" {{(pid=116002) __call__ /opt/stack/placement/placement/requestlog.py:55}}
Feb 14 19:22:16.199001 n-d-822053-46 devstack@placement-api.service[116002]: INFO placement.requestlog [req-8155262c-ce6a-4404-aa93-10dc5b408651 req-08f7e960-3c25-4543-903d-f1929298d658 service placement] 10.222.0.71 "GET /placement/allocations/958288b2-c819-4f54-91c2-147f8119d9b8" status: 200 len: 259 microversion: 1.28
Feb 14 19:22:16.199604 n-d-822053-46 devstack@placement-api.service[116002]: [pid: 116002|app: 0|req: 402/801] 10.222.0.71 () {60 vars in 1377 bytes} [Mon Feb 14 19:22:16 2022] GET /placement/allocations/958288b2-c819-4f54-91c2-147f8119d9b8 => generated 259 bytes in 17 msecs (HTTP/1.1 200) 8 headers in 296 bytes (1 switches on core 0)
Feb 14 19:22:21.226060 n-d-822053-46 devstack@placement-api.service[116001]: DEBUG placement.requestlog [req-3907fddf-a974-4995-991b-da3c8b89ed8d req-f271eac9-2afb-41ab-9748-dd947299b21d None None] Starting request: 10.222.0.73 "DELETE /placement/allocations/0944454d-9e52-460f-b25b-73bae8311550" {{(pid=116001) __call__ /opt/stack/placement/placement/requestlog.py:55}}
Feb 14 19:22:21.568729 n-d-822053-46 devstack@placement-api.service[116001]: DEBUG placement.handlers.allocation [req-3907fddf-a974-4995-991b-da3c8b89ed8d req-f271eac9-2afb-41ab-9748-dd947299b21d service placement] Successfully deleted allocations [, , ] {{(pid=116001) delete_allocations /opt/stack/placement/placement/handlers/allocation.py:627}}
Feb 14 19:22:21.569224 n-d-822053-46 devstack@placement-api.service[116001]: INFO placement.requestlog [req-3907fddf-a974-4995-991b-da3c8b89ed8d req-f271eac9-2afb-41ab-9748-dd947299b21d service placement] 10.222.0.73 "DELETE /placement/allocations/0944454d-9e52-460f-b25b-73bae8311550" status: 204 len: 0 microversion: 1.0
Feb 14 19:22:21.569805 n-d-822053-46 devstack@placement-api.service[116001]: [pid: 116001|app: 0|req: 400/802] 10.222.0.73 () {60 vars in 1355 bytes} [Mon Feb 14 19:22:21 2022] DELETE /placement/allocations/0944454d-9e52-460f-b25b-73bae8311550 => generated 0 bytes in 344 msecs (HTTP/1.1 204) 5 headers in 198 bytes (1 switches on core 0)
Feb 14 19:22:22.084859 n-d-822053-46 devstack@placement-api.service[116002]: DEBUG placement.requestlog [req-8489feae-acd7-4f83-b2e6-8a4d228c0845 req-9b820c81-4c27-4e4b-9cea-f9dfc2253cfd None None] Starting request: 10.222.0.73 "GET /placement/resource_providers/6af67508-b5d2-4b3a-aab7-e92f89f9039b/allocations" {{(pid=116002) __call__ /opt/stack/placement/placement/requestlog.py:55}}
Feb 14 19:22:22.138056 n-d-822053-46 devstack@placement-api.service[116002]: INFO placement.requestlog [req-8489feae-acd7-4f83-b2e6-8a4d228c0845 req-9b820c81-4c27-4e4b-9cea-f9dfc2253cfd service placement] 10.222.0.73 "GET /placement/resource_providers/6af67508-b5d2-4b3a-aab7-e92f89f9039b/allocations" status: 200 len: 356 microversion: 1.0
Feb 14 19:22:22.140588 n-d-822053-46 devstack@placement-api.service[116002]: [pid: 116002|app: 0|req: 403/803] 10.222.0.73 () {58 vars in 1390 bytes} [Mon Feb 14 19:22:22 2022] GET /placement/resource_providers/6af67508-b5d2-4b3a-aab7-e92f89f9039b/allocations => generated 356 bytes in 55 msecs (HTTP/1.1 200) 6 headers in 224 bytes (1 switches on core 0)
Feb 14 19:22:22.286423 n-d-822053-46 devstack@placement-api.service[116001]: DEBUG placement.requestlog [req-1068bb41-7c87-43f8-a0d2-be5be9708ff7 req-e493cdc3-66dc-4714-b20e-b3ddf93fd6d5 None None] Starting request: 10.222.0.71 "DELETE /placement/allocations/f8848c55-3ff2-4c46-a38d-82747817a1f0" {{(pid=116001) __call__ /opt/stack/placement/placement/requestlog.py:55}}
Feb 14 19:22:22.365440 n-d-822053-46 devstack@placement-api.service[116002]: DEBUG placement.requestlog [req-42b444de-a7d2-4e28-b6de-d9925af8b650 req-d7a5918d-adf8-4a9e-91e9-8200d0ce32b0 None None] Starting request: 10.222.0.71 "GET /placement/resource_providers/065eb424-4684-4b98-ade6-6d5ca97fe707/allocations" {{(pid=116002) __call__ /opt/stack/placement/placement/requestlog.py:55}}
Feb 14 19:22:22.401027 n-d-822053-46 devstack@placement-api.service[116002]: INFO placement.requestlog [req-42b444de-a7d2-4e28-b6de-d9925af8b650 req-d7a5918d-adf8-4a9e-91e9-8200d0ce32b0 service placement] 10.222.0.71 "GET /placement/resource_providers/065eb424-4684-4b98-ade6-6d5ca97fe707/allocations" status: 200 len: 457 microversion: 1.0
Feb 14 19:22:22.402413 n-d-822053-46 devstack@placement-api.service[116002]: [pid: 116002|app: 0|req: 404/804] 10.222.0.71 () {58 vars in 1390 bytes} [Mon Feb 14 19:22:22 2022] GET /placement/resource_providers/065eb424-4684-4b98-ade6-6d5ca97fe707/allocations => generated 457 bytes in 37 msecs (HTTP/1.1 200) 6 headers in 224 bytes (1 switches on core 0)
Feb 14 19:22:22.476043 n-d-822053-46 devstack@placement-api.service[116001]: DEBUG placement.handlers.allocation [req-1068bb41-7c87-43f8-a0d2-be5be9708ff7 req-e493cdc3-66dc-4714-b20e-b3ddf93fd6d5 service placement] Successfully deleted allocations [, , ] {{(pid=116001) delete_allocations /opt/stack/placement/placement/handlers/allocation.py:627}}
Feb 14 19:22:22.478642 n-d-822053-46 devstack@placement-api.service[116001]: INFO placement.requestlog [req-1068bb41-7c87-43f8-a0d2-be5be9708ff7 req-e493cdc3-66dc-4714-b20e-b3ddf93fd6d5 service placement] 10.222.0.71 "DELETE /placement/allocations/f8848c55-3ff2-4c46-a38d-82747817a1f0" status: 204 len: 0 microversion: 1.0
Feb 14 19:22:22.479528 n-d-822053-46 devstack@placement-api.service[116001]: [pid: 116001|app: 0|req: 401/805] 10.222.0.71 () {60 vars in 1355 bytes} [Mon Feb 14 19:22:22 2022] DELETE /placement/allocations/f8848c55-3ff2-4c46-a38d-82747817a1f0 => generated 0 bytes in 193 msecs (HTTP/1.1 204) 5 headers in 198 bytes (1 switches on core 0)
Feb 14 19:22:30.201958 n-d-822053-46 devstack@placement-api.service[116002]: DEBUG placement.requestlog [req-a929493c-befd-413f-86e2-bf4d72b834d1 req-15c91e5c-fb54-47ff-b717-765f46315b81 None None] Starting request: 10.222.0.71 "DELETE /placement/allocations/95e1ca79-bd0e-4122-a7ca-454b29e2ba53" {{(pid=116002) __call__ /opt/stack/placement/placement/requestlog.py:55}}
Feb 14 19:22:30.475577 n-d-822053-46 devstack@placement-api.service[116002]: DEBUG placement.handlers.allocation [req-a929493c-befd-413f-86e2-bf4d72b834d1 req-15c91e5c-fb54-47ff-b717-765f46315b81 service placement] Successfully deleted allocations [, , ] {{(pid=116002) delete_allocations /opt/stack/placement/placement/handlers/allocation.py:627}}
Feb 14 19:22:30.476094 n-d-822053-46 devstack@placement-api.service[116002]: INFO placement.requestlog [req-a929493c-befd-413f-86e2-bf4d72b834d1 req-15c91e5c-fb54-47ff-b717-765f46315b81 service placement] 10.222.0.71 "DELETE /placement/allocations/95e1ca79-bd0e-4122-a7ca-454b29e2ba53" status: 204 len: 0 microversion: 1.0
Feb 14 19:22:30.476724 n-d-822053-46 devstack@placement-api.service[116002]: [pid: 116002|app: 0|req: 405/806] 10.222.0.71 () {60 vars in 1355 bytes} [Mon Feb 14 19:22:30 2022] DELETE /placement/allocations/95e1ca79-bd0e-4122-a7ca-454b29e2ba53 => generated 0 bytes in 275 msecs (HTTP/1.1 204) 5 headers in 198 bytes (1 switches on core 0)
Feb 14 19:22:37.339392 n-d-822053-46 devstack@placement-api.service[116001]: DEBUG placement.requestlog [req-dcf004c3-b14d-433c-9353-01050559bc58 req-1958ba47-2083-4174-8672-ffdfabab8a44 None None] Starting request: 10.222.0.10 "GET /placement/allocation_candidates?resources=DISK_GB%3A1%2CMEMORY_MB%3A1024%2CVCPU%3A1&root_required=%21COMPUTE_STATUS_DISABLED" {{(pid=116001) __call__ /opt/stack/placement/placement/requestlog.py:55}}
Feb 14 19:22:37.386452 n-d-822053-46 devstack@placement-api.service[116001]: DEBUG placement.objects.research_context [req-dcf004c3-b14d-433c-9353-01050559bc58 req-1958ba47-2083-4174-8672-ffdfabab8a44 service placement] getting providers with 1 DISK_GB {{(pid=116001) __init__ /opt/stack/placement/placement/objects/research_context.py:126}}
Feb 14 19:22:37.398334 n-d-822053-46 devstack@placement-api.service[116001]: DEBUG placement.objects.research_context [req-dcf004c3-b14d-433c-9353-01050559bc58 req-1958ba47-2083-4174-8672-ffdfabab8a44 service placement] getting providers with 1024 MEMORY_MB {{(pid=116001) __init__ /opt/stack/placement/placement/objects/research_context.py:126}}
Feb 14 19:22:37.408060 n-d-822053-46 devstack@placement-api.service[116001]: DEBUG placement.objects.research_context [req-dcf004c3-b14d-433c-9353-01050559bc58 req-1958ba47-2083-4174-8672-ffdfabab8a44 service placement] getting providers with 1 VCPU {{(pid=116001) __init__ /opt/stack/placement/placement/objects/research_context.py:126}}
Feb 14 19:22:37.423464 n-d-822053-46 devstack@placement-api.service[116001]: DEBUG placement.objects.research_context [req-dcf004c3-b14d-433c-9353-01050559bc58 req-1958ba47-2083-4174-8672-ffdfabab8a44 service placement] found 2 providers with available 1 DISK_GB {{(pid=116001) get_provider_ids_matching /opt/stack/placement/placement/objects/research_context.py:549}}
Feb 14 19:22:37.423852 n-d-822053-46 devstack@placement-api.service[116001]: DEBUG placement.objects.research_context [req-dcf004c3-b14d-433c-9353-01050559bc58 req-1958ba47-2083-4174-8672-ffdfabab8a44 service placement] found 2 providers with available 1024 MEMORY_MB {{(pid=116001) get_provider_ids_matching /opt/stack/placement/placement/objects/research_context.py:549}}
Feb 14 19:22:37.446085 n-d-822053-46 devstack@placement-api.service[116001]: DEBUG placement.objects.research_context [req-dcf004c3-b14d-433c-9353-01050559bc58 req-1958ba47-2083-4174-8672-ffdfabab8a44 service placement] found 2 providers after filtering by previous result {{(pid=116001) get_provider_ids_matching /opt/stack/placement/placement/objects/research_context.py:580}}
Feb 14 19:22:37.446085 n-d-822053-46 devstack@placement-api.service[116001]: DEBUG placement.objects.research_context [req-dcf004c3-b14d-433c-9353-01050559bc58 req-1958ba47-2083-4174-8672-ffdfabab8a44 service placement] found 2 providers with available 1 VCPU {{(pid=116001) get_provider_ids_matching /opt/stack/placement/placement/objects/research_context.py:549}}
Feb 14 19:22:37.446085 n-d-822053-46 devstack@placement-api.service[116001]: DEBUG placement.objects.research_context [req-dcf004c3-b14d-433c-9353-01050559bc58 req-1958ba47-2083-4174-8672-ffdfabab8a44 service placement] found 2 providers after filtering by previous result {{(pid=116001) get_provider_ids_matching /opt/stack/placement/placement/objects/research_context.py:580}}
Feb 14 19:22:37.451199 n-d-822053-46 devstack@placement-api.service[116001]: DEBUG placement.objects.allocation_candidate [req-dcf004c3-b14d-433c-9353-01050559bc58 req-1958ba47-2083-4174-8672-ffdfabab8a44 service placement] RequestGroup(use_same_provider=False, resources={DISK_GB:1, MEMORY_MB:1024, VCPU:1}, traits=[], aggregates=[]) (suffix '') returned 2 matches {{(pid=116001) _get_by_requests /opt/stack/placement/placement/objects/allocation_candidate.py:145}}
Feb 14 19:22:37.451630 n-d-822053-46 devstack@placement-api.service[116001]: DEBUG placement.objects.allocation_candidate [req-dcf004c3-b14d-433c-9353-01050559bc58 req-1958ba47-2083-4174-8672-ffdfabab8a44 service placement] Merging candidates yields 2 allocation requests and 2 provider summaries {{(pid=116001) _merge_candidates /opt/stack/placement/placement/objects/allocation_candidate.py:783}}
Feb 14 19:22:37.454187 n-d-822053-46 devstack@placement-api.service[116001]: INFO placement.requestlog [req-dcf004c3-b14d-433c-9353-01050559bc58 req-1958ba47-2083-4174-8672-ffdfabab8a44 service placement] 10.222.0.10 "GET /placement/allocation_candidates?resources=DISK_GB%3A1%2CMEMORY_MB%3A1024%2CVCPU%3A1&root_required=%21COMPUTE_STATUS_DISABLED" status: 200 len: 1309 microversion: 1.36
Feb 14 19:22:37.458782 n-d-822053-46 devstack@placement-api.service[116001]: [pid: 116001|app: 0|req: 402/807] 10.222.0.10 () {60 vars in 1484 bytes} [Mon Feb 14 19:22:37 2022] GET /placement/allocation_candidates?resources=DISK_GB%3A1%2CMEMORY_MB%3A1024%2CVCPU%3A1&root_required=%21COMPUTE_STATUS_DISABLED => generated 1309 bytes in 120 msecs (HTTP/1.1 200) 8 headers in 297 bytes (2 switches on core 0)
Feb 14 19:22:37.608564 n-d-822053-46 devstack@placement-api.service[116002]: DEBUG placement.requestlog [req-dcf004c3-b14d-433c-9353-01050559bc58 req-c71a4080-59a8-434c-9ff1-347733afeded None None] Starting request: 10.222.0.10 "GET /placement/allocations/dd4085b3-aaf4-4f87-b817-94891376dcdc" {{(pid=116002) __call__ /opt/stack/placement/placement/requestlog.py:55}}
Feb 14 19:22:37.628431 n-d-822053-46 devstack@placement-api.service[116002]: INFO placement.requestlog [req-dcf004c3-b14d-433c-9353-01050559bc58 req-c71a4080-59a8-434c-9ff1-347733afeded service placement] 10.222.0.10 "GET /placement/allocations/dd4085b3-aaf4-4f87-b817-94891376dcdc" status: 200 len: 19 microversion: 1.28
Feb 14 19:22:37.630906 n-d-822053-46 devstack@placement-api.service[116002]: [pid: 116002|app: 0|req: 406/808] 10.222.0.10 () {60 vars in 1380 bytes} [Mon Feb 14 19:22:37 2022] GET /placement/allocations/dd4085b3-aaf4-4f87-b817-94891376dcdc => generated 19 bytes in 21 msecs (HTTP/1.1 200) 8 headers in 295 bytes (1 switches on core 0)
Feb 14 19:22:37.635566 n-d-822053-46 devstack@placement-api.service[116001]: DEBUG placement.requestlog [req-dcf004c3-b14d-433c-9353-01050559bc58 req-971807a7-aba7-45c2-a829-52d506fd21e6 None None] Starting request: 10.222.0.10 "PUT /placement/allocations/dd4085b3-aaf4-4f87-b817-94891376dcdc" {{(pid=116001) __call__ /opt/stack/placement/placement/requestlog.py:55}}
Feb 14 19:22:38.014562 n-d-822053-46 devstack@placement-api.service[116002]: DEBUG placement.requestlog [req-2acdd882-cea3-4c97-8032-138f47d3f36c req-0b536edf-cb69-4469-afe2-62f22a966951 None None] Starting request: 10.222.0.10 "GET /placement/allocation_candidates?limit=1000&resources=DISK_GB%3A1%2CMEMORY_MB%3A1024%2CVCPU%3A1&root_required=%21COMPUTE_STATUS_DISABLED" {{(pid=116002) __call__ /opt/stack/placement/placement/requestlog.py:55}}
Feb 14 19:22:38.049226 n-d-822053-46 devstack@placement-api.service[116001]: DEBUG placement.handlers.allocation [req-dcf004c3-b14d-433c-9353-01050559bc58 req-971807a7-aba7-45c2-a829-52d506fd21e6 service placement] Successfully wrote allocations [, , ] {{(pid=116001) _update_consumers_and_create_allocations /opt/stack/placement/placement/handlers/allocation.py:462}}
Feb 14 19:22:38.050323 n-d-822053-46 devstack@placement-api.service[116002]: DEBUG placement.objects.research_context [req-2acdd882-cea3-4c97-8032-138f47d3f36c req-0b536edf-cb69-4469-afe2-62f22a966951 service placement] getting providers with 1 DISK_GB {{(pid=116002) __init__ /opt/stack/placement/placement/objects/research_context.py:126}}
Feb 14 19:22:38.056595 n-d-822053-46 devstack@placement-api.service[116002]: DEBUG placement.objects.research_context [req-2acdd882-cea3-4c97-8032-138f47d3f36c req-0b536edf-cb69-4469-afe2-62f22a966951 service placement] getting providers with 1024 MEMORY_MB {{(pid=116002) __init__ /opt/stack/placement/placement/objects/research_context.py:126}}
Feb 14 19:22:38.062460 n-d-822053-46 devstack@placement-api.service[116002]: DEBUG placement.objects.research_context [req-2acdd882-cea3-4c97-8032-138f47d3f36c req-0b536edf-cb69-4469-afe2-62f22a966951 service placement] getting providers with 1 VCPU {{(pid=116002) __init__ /opt/stack/placement/placement/objects/research_context.py:126}}
Feb 14 19:22:38.069147 n-d-822053-46 devstack@placement-api.service[116002]: DEBUG placement.objects.research_context [req-2acdd882-cea3-4c97-8032-138f47d3f36c req-0b536edf-cb69-4469-afe2-62f22a966951 service placement] found 2 providers with available 1 DISK_GB {{(pid=116002) get_provider_ids_matching /opt/stack/placement/placement/objects/research_context.py:549}}
Feb 14 19:22:38.069575 n-d-822053-46 devstack@placement-api.service[116002]: DEBUG placement.objects.research_context [req-2acdd882-cea3-4c97-8032-138f47d3f36c req-0b536edf-cb69-4469-afe2-62f22a966951 service placement] found 2 providers with available 1024 MEMORY_MB {{(pid=116002) get_provider_ids_matching /opt/stack/placement/placement/objects/research_context.py:549}}
Feb 14 19:22:38.070104 n-d-822053-46 devstack@placement-api.service[116002]: DEBUG placement.objects.research_context [req-2acdd882-cea3-4c97-8032-138f47d3f36c req-0b536edf-cb69-4469-afe2-62f22a966951 service placement] found 2 providers after filtering by previous result {{(pid=116002) get_provider_ids_matching /opt/stack/placement/placement/objects/research_context.py:580}}
Feb 14 19:22:38.070455 n-d-822053-46 devstack@placement-api.service[116002]: DEBUG placement.objects.research_context [req-2acdd882-cea3-4c97-8032-138f47d3f36c req-0b536edf-cb69-4469-afe2-62f22a966951 service placement] found 2 providers with available 1 VCPU {{(pid=116002) get_provider_ids_matching /opt/stack/placement/placement/objects/research_context.py:549}}
Feb 14 19:22:38.070860 n-d-822053-46 devstack@placement-api.service[116002]: DEBUG placement.objects.research_context [req-2acdd882-cea3-4c97-8032-138f47d3f36c req-0b536edf-cb69-4469-afe2-62f22a966951 service placement] found 2 providers after filtering by previous result {{(pid=116002) get_provider_ids_matching /opt/stack/placement/placement/objects/research_context.py:580}}
Feb 14 19:22:38.087438 n-d-822053-46 devstack@placement-api.service[116002]: DEBUG placement.objects.allocation_candidate [req-2acdd882-cea3-4c97-8032-138f47d3f36c req-0b536edf-cb69-4469-afe2-62f22a966951 service placement] RequestGroup(use_same_provider=False, resources={DISK_GB:1, MEMORY_MB:1024, VCPU:1}, traits=[], aggregates=[]) (suffix '') returned 2 matches {{(pid=116002) _get_by_requests /opt/stack/placement/placement/objects/allocation_candidate.py:145}}
Feb 14 19:22:38.088670 n-d-822053-46 devstack@placement-api.service[116002]: DEBUG placement.objects.allocation_candidate [req-2acdd882-cea3-4c97-8032-138f47d3f36c req-0b536edf-cb69-4469-afe2-62f22a966951 service placement] Merging candidates yields 2 allocation requests and 2 provider summaries {{(pid=116002) _merge_candidates /opt/stack/placement/placement/objects/allocation_candidate.py:783}}
Feb 14 19:22:38.091672 n-d-822053-46 devstack@placement-api.service[116002]: INFO placement.requestlog [req-2acdd882-cea3-4c97-8032-138f47d3f36c req-0b536edf-cb69-4469-afe2-62f22a966951 service placement] 10.222.0.10 "GET /placement/allocation_candidates?limit=1000&resources=DISK_GB%3A1%2CMEMORY_MB%3A1024%2CVCPU%3A1&root_required=%21COMPUTE_STATUS_DISABLED" status: 200 len: 1309 microversion: 1.36
Feb 14 19:22:38.096194 n-d-822053-46 devstack@placement-api.service[116002]: [pid: 116002|app: 0|req: 407/809] 10.222.0.10 () {60 vars in 1506 bytes} [Mon Feb 14 19:22:38 2022] GET /placement/allocation_candidates?limit=1000&resources=DISK_GB%3A1%2CMEMORY_MB%3A1024%2CVCPU%3A1&root_required=%21COMPUTE_STATUS_DISABLED => generated 1309 bytes in 82 msecs (HTTP/1.1 200) 8 headers in 297 bytes (2 switches on core 0)
Feb 14 19:22:38.133696 n-d-822053-46 devstack@placement-api.service[116001]: INFO placement.requestlog [req-dcf004c3-b14d-433c-9353-01050559bc58 req-971807a7-aba7-45c2-a829-52d506fd21e6 service placement] 10.222.0.10 "PUT /placement/allocations/dd4085b3-aaf4-4f87-b817-94891376dcdc" status: 204 len: 0 microversion: 1.36
Feb 14 19:22:38.134747 n-d-822053-46 devstack@placement-api.service[116001]: [pid: 116001|app: 0|req: 403/810] 10.222.0.10 () {64 vars in 1433 bytes} [Mon Feb 14 19:22:37 2022] PUT /placement/allocations/dd4085b3-aaf4-4f87-b817-94891376dcdc => generated 0 bytes in 500 msecs (HTTP/1.1 204) 5 headers in 199 bytes (1 switches on core 0)
Feb 14 19:22:38.191223 n-d-822053-46 devstack@placement-api.service[116002]: DEBUG placement.requestlog [req-2acdd882-cea3-4c97-8032-138f47d3f36c req-7545932d-4ce7-4583-a0de-6dfccec2cbaf None None] Starting request: 10.222.0.10 "GET /placement/allocations/c9aad30b-85df-47e9-80ac-e1ec727705a0" {{(pid=116002) __call__ /opt/stack/placement/placement/requestlog.py:55}}
Feb 14 19:22:38.207047 n-d-822053-46 devstack@placement-api.service[116002]: INFO placement.requestlog [req-2acdd882-cea3-4c97-8032-138f47d3f36c req-7545932d-4ce7-4583-a0de-6dfccec2cbaf service placement] 10.222.0.10 "GET /placement/allocations/c9aad30b-85df-47e9-80ac-e1ec727705a0" status: 200 len: 19 microversion: 1.28
Feb 14 19:22:38.207876 n-d-822053-46 devstack@placement-api.service[116002]: [pid: 116002|app: 0|req: 408/811] 10.222.0.10 () {60 vars in 1380 bytes} [Mon Feb 14 19:22:38 2022] GET /placement/allocations/c9aad30b-85df-47e9-80ac-e1ec727705a0 => generated 19 bytes in 17 msecs (HTTP/1.1 200) 8 headers in 295 bytes (1 switches on core 0)
Feb 14 19:22:38.217301 n-d-822053-46 devstack@placement-api.service[116001]: DEBUG placement.requestlog [req-2acdd882-cea3-4c97-8032-138f47d3f36c req-bb4fddac-0eab-4bac-89d7-4eb4f1ff2dd2 None None] Starting request: 10.222.0.10 "PUT /placement/allocations/c9aad30b-85df-47e9-80ac-e1ec727705a0" {{(pid=116001) __call__ /opt/stack/placement/placement/requestlog.py:55}}
Feb 14 19:22:38.546649 n-d-822053-46 devstack@placement-api.service[116002]: DEBUG placement.requestlog [req-369a6630-63ef-416e-9dbc-a2965ff9c5cd req-911d398e-0fd6-4b68-b727-55afbabe6c61 None None] Starting request: 10.222.0.10 "GET /placement/allocation_candidates?limit=1000&resources=DISK_GB%3A1%2CMEMORY_MB%3A1024%2CVCPU%3A1&root_required=%21COMPUTE_STATUS_DISABLED" {{(pid=116002) __call__ /opt/stack/placement/placement/requestlog.py:55}}
Feb 14 19:22:38.632096 n-d-822053-46 devstack@placement-api.service[116002]: DEBUG placement.objects.research_context [req-369a6630-63ef-416e-9dbc-a2965ff9c5cd req-911d398e-0fd6-4b68-b727-55afbabe6c61 service placement] getting providers with 1 DISK_GB {{(pid=116002) __init__ /opt/stack/placement/placement/objects/research_context.py:126}}
Feb 14 19:22:38.632096 n-d-822053-46 devstack@placement-api.service[116002]: DEBUG placement.objects.research_context [req-369a6630-63ef-416e-9dbc-a2965ff9c5cd req-911d398e-0fd6-4b68-b727-55afbabe6c61 service placement] getting providers with 1024 MEMORY_MB {{(pid=116002) __init__ /opt/stack/placement/placement/objects/research_context.py:126}}
Feb 14 19:22:38.633936 n-d-822053-46 devstack@placement-api.service[116002]: DEBUG placement.objects.research_context [req-369a6630-63ef-416e-9dbc-a2965ff9c5cd req-911d398e-0fd6-4b68-b727-55afbabe6c61 service placement] getting providers with 1 VCPU {{(pid=116002) __init__ /opt/stack/placement/placement/objects/research_context.py:126}}
Feb 14 19:22:38.641404 n-d-822053-46 devstack@placement-api.service[116002]: DEBUG placement.objects.research_context [req-369a6630-63ef-416e-9dbc-a2965ff9c5cd req-911d398e-0fd6-4b68-b727-55afbabe6c61 service placement] found 2 providers with available 1 DISK_GB {{(pid=116002) get_provider_ids_matching /opt/stack/placement/placement/objects/research_context.py:549}}
Feb 14 19:22:38.642029 n-d-822053-46 devstack@placement-api.service[116002]: DEBUG placement.objects.research_context [req-369a6630-63ef-416e-9dbc-a2965ff9c5cd req-911d398e-0fd6-4b68-b727-55afbabe6c61 service placement] found 2 providers with available 1024 MEMORY_MB {{(pid=116002) get_provider_ids_matching /opt/stack/placement/placement/objects/research_context.py:549}}
Feb 14 19:22:38.643377 n-d-822053-46 devstack@placement-api.service[116002]: DEBUG placement.objects.research_context [req-369a6630-63ef-416e-9dbc-a2965ff9c5cd req-911d398e-0fd6-4b68-b727-55afbabe6c61 service placement] found 2 providers after filtering by previous result {{(pid=116002) get_provider_ids_matching /opt/stack/placement/placement/objects/research_context.py:580}}
Feb 14 19:22:38.644121 n-d-822053-46 devstack@placement-api.service[116002]: DEBUG placement.objects.research_context [req-369a6630-63ef-416e-9dbc-a2965ff9c5cd req-911d398e-0fd6-4b68-b727-55afbabe6c61 service placement] found 2 providers with available 1 VCPU {{(pid=116002) get_provider_ids_matching /opt/stack/placement/placement/objects/research_context.py:549}}
Feb 14 19:22:38.644627 n-d-822053-46 devstack@placement-api.service[116002]: DEBUG placement.objects.research_context [req-369a6630-63ef-416e-9dbc-a2965ff9c5cd req-911d398e-0fd6-4b68-b727-55afbabe6c61 service placement] found 2 providers after filtering by previous result {{(pid=116002) get_provider_ids_matching /opt/stack/placement/placement/objects/research_context.py:580}}
Feb 14 19:22:38.668292 n-d-822053-46 devstack@placement-api.service[116002]: DEBUG placement.objects.allocation_candidate [req-369a6630-63ef-416e-9dbc-a2965ff9c5cd req-911d398e-0fd6-4b68-b727-55afbabe6c61 service placement] RequestGroup(use_same_provider=False, resources={DISK_GB:1, MEMORY_MB:1024, VCPU:1}, traits=[], aggregates=[]) (suffix '') returned 2 matches {{(pid=116002) _get_by_requests /opt/stack/placement/placement/objects/allocation_candidate.py:145}}
Feb 14 19:22:38.668979 n-d-822053-46 devstack@placement-api.service[116002]: DEBUG placement.objects.allocation_candidate [req-369a6630-63ef-416e-9dbc-a2965ff9c5cd req-911d398e-0fd6-4b68-b727-55afbabe6c61 service placement] Merging candidates yields 2 allocation requests and 2 provider summaries {{(pid=116002) _merge_candidates /opt/stack/placement/placement/objects/allocation_candidate.py:783}}
Feb 14 19:22:38.670941 n-d-822053-46 devstack@placement-api.service[116002]: INFO placement.requestlog [req-369a6630-63ef-416e-9dbc-a2965ff9c5cd req-911d398e-0fd6-4b68-b727-55afbabe6c61 service placement] 10.222.0.10 "GET /placement/allocation_candidates?limit=1000&resources=DISK_GB%3A1%2CMEMORY_MB%3A1024%2CVCPU%3A1&root_required=%21COMPUTE_STATUS_DISABLED" status: 200 len: 1309 microversion: 1.36
Feb 14 19:22:38.672203 n-d-822053-46 devstack@placement-api.service[116002]: [pid: 116002|app: 0|req: 409/812] 10.222.0.10 () {60 vars in 1506 bytes} [Mon Feb 14 19:22:38 2022] GET /placement/allocation_candidates?limit=1000&resources=DISK_GB%3A1%2CMEMORY_MB%3A1024%2CVCPU%3A1&root_required=%21COMPUTE_STATUS_DISABLED => generated 1309 bytes in 126 msecs (HTTP/1.1 200) 8 headers in 297 bytes (2 switches on core 0)
Feb 14 19:22:38.791477 n-d-822053-46 devstack@placement-api.service[116002]: DEBUG placement.requestlog [req-369a6630-63ef-416e-9dbc-a2965ff9c5cd req-56c5dd63-295f-4cd0-b06f-36e3d9ff95ba None None] Starting request: 10.222.0.10 "GET /placement/allocations/23841a6f-b965-4bd3-b9fe-46e7e1a1234a" {{(pid=116002) __call__ /opt/stack/placement/placement/requestlog.py:55}}
Feb 14 19:22:38.808799 n-d-822053-46 devstack@placement-api.service[116002]: INFO placement.requestlog [req-369a6630-63ef-416e-9dbc-a2965ff9c5cd req-56c5dd63-295f-4cd0-b06f-36e3d9ff95ba service placement] 10.222.0.10 "GET /placement/allocations/23841a6f-b965-4bd3-b9fe-46e7e1a1234a" status: 200 len: 19 microversion: 1.28
Feb 14 19:22:38.810035 n-d-822053-46 devstack@placement-api.service[116002]: [pid: 116002|app: 0|req: 410/813] 10.222.0.10 () {60 vars in 1380 bytes} [Mon Feb 14 19:22:38 2022] GET /placement/allocations/23841a6f-b965-4bd3-b9fe-46e7e1a1234a => generated 19 bytes in 19 msecs (HTTP/1.1 200) 8 headers in 295 bytes (2 switches on core 0)
Feb 14 19:22:38.811957 n-d-822053-46 devstack@placement-api.service[116001]: DEBUG placement.handlers.allocation [req-2acdd882-cea3-4c97-8032-138f47d3f36c req-bb4fddac-0eab-4bac-89d7-4eb4f1ff2dd2 service placement] Successfully wrote allocations [, , ] {{(pid=116001) _update_consumers_and_create_allocations /opt/stack/placement/placement/handlers/allocation.py:462}}
Feb 14 19:22:38.820625 n-d-822053-46 devstack@placement-api.service[116002]: DEBUG placement.requestlog [req-369a6630-63ef-416e-9dbc-a2965ff9c5cd req-8c6a618d-5180-44d2-bddc-c3a287e50484 None None] Starting request: 10.222.0.10 "PUT /placement/allocations/23841a6f-b965-4bd3-b9fe-46e7e1a1234a" {{(pid=116002) __call__ /opt/stack/placement/placement/requestlog.py:55}}
Feb 14 19:22:38.910767 n-d-822053-46 devstack@placement-api.service[116001]: INFO placement.requestlog [req-2acdd882-cea3-4c97-8032-138f47d3f36c req-bb4fddac-0eab-4bac-89d7-4eb4f1ff2dd2 service placement] 10.222.0.10 "PUT /placement/allocations/c9aad30b-85df-47e9-80ac-e1ec727705a0" status: 204 len: 0 microversion: 1.36
Feb 14 19:22:38.913975 n-d-822053-46 devstack@placement-api.service[116001]: [pid: 116001|app: 0|req: 404/814] 10.222.0.10 () {64 vars in 1433 bytes} [Mon Feb 14 19:22:38 2022] PUT /placement/allocations/c9aad30b-85df-47e9-80ac-e1ec727705a0 => generated 0 bytes in 697 msecs (HTTP/1.1 204) 5 headers in 199 bytes (1 switches on core 0)
Feb 14 19:22:39.419080 n-d-822053-46 devstack@placement-api.service[116002]: DEBUG placement.handlers.allocation [req-369a6630-63ef-416e-9dbc-a2965ff9c5cd req-8c6a618d-5180-44d2-bddc-c3a287e50484 service placement] Successfully wrote allocations [, , ] {{(pid=116002) _update_consumers_and_create_allocations /opt/stack/placement/placement/handlers/allocation.py:462}}
Feb 14 19:22:39.527693 n-d-822053-46 devstack@placement-api.service[116002]: INFO placement.requestlog [req-369a6630-63ef-416e-9dbc-a2965ff9c5cd req-8c6a618d-5180-44d2-bddc-c3a287e50484 service placement] 10.222.0.10 "PUT /placement/allocations/23841a6f-b965-4bd3-b9fe-46e7e1a1234a" status: 204 len: 0 microversion: 1.36
Feb 14 19:22:39.528827 n-d-822053-46 devstack@placement-api.service[116002]: [pid: 116002|app: 0|req: 411/815] 10.222.0.10 () {64 vars in 1433 bytes} [Mon Feb 14 19:22:38 2022] PUT /placement/allocations/23841a6f-b965-4bd3-b9fe-46e7e1a1234a => generated 0 bytes in 708 msecs (HTTP/1.1 204) 5 headers in 199 bytes (1 switches on core 0)
Feb 14 19:22:39.641667 n-d-822053-46 devstack@placement-api.service[116001]: DEBUG placement.requestlog [req-2459cbc9-f00e-4ebd-b8e6-887640f7088a req-9626fdf7-1a71-4b32-90b2-7297546f0672 None None] Starting request: 10.222.0.71 "DELETE /placement/allocations/958288b2-c819-4f54-91c2-147f8119d9b8" {{(pid=116001) __call__ /opt/stack/placement/placement/requestlog.py:55}}
Feb 14 19:22:39.709794 n-d-822053-46 devstack@placement-api.service[116002]: DEBUG placement.requestlog [req-dcf004c3-b14d-433c-9353-01050559bc58 req-00f789b9-2e0f-4371-a732-d11215a81d81 None None] Starting request: 10.222.0.71 "GET /placement/allocations/dd4085b3-aaf4-4f87-b817-94891376dcdc" {{(pid=116002) __call__ /opt/stack/placement/placement/requestlog.py:55}}
Feb 14 19:22:39.743919 n-d-822053-46 devstack@placement-api.service[116002]: INFO placement.requestlog [req-dcf004c3-b14d-433c-9353-01050559bc58 req-00f789b9-2e0f-4371-a732-d11215a81d81 service placement] 10.222.0.71 "GET /placement/allocations/dd4085b3-aaf4-4f87-b817-94891376dcdc" status: 200 len: 259 microversion: 1.28
Feb 14 19:22:39.748047 n-d-822053-46 devstack@placement-api.service[116002]: [pid: 116002|app: 0|req: 412/816] 10.222.0.71 () {60 vars in 1377 bytes} [Mon Feb 14 19:22:39 2022] GET /placement/allocations/dd4085b3-aaf4-4f87-b817-94891376dcdc => generated 259 bytes in 38 msecs (HTTP/1.1 200) 8 headers in 296 bytes (1 switches on core 0)
Feb 14 19:22:39.751850 n-d-822053-46 devstack@placement-api.service[116002]: DEBUG placement.requestlog [req-52521d75-8776-4c4a-a111-e9d1d3736fe0 req-3e658705-406f-452b-af04-748bf3702b35 None None] Starting request: 10.222.0.10 "GET /placement/allocation_candidates?limit=1000&resources=DISK_GB%3A1%2CMEMORY_MB%3A1024%2CVCPU%3A1&root_required=%21COMPUTE_STATUS_DISABLED" {{(pid=116002) __call__ /opt/stack/placement/placement/requestlog.py:55}}
Feb 14 19:22:39.862900 n-d-822053-46 devstack@placement-api.service[116002]: DEBUG placement.objects.research_context [req-52521d75-8776-4c4a-a111-e9d1d3736fe0 req-3e658705-406f-452b-af04-748bf3702b35 service placement] getting providers with 1 DISK_GB {{(pid=116002) __init__ /opt/stack/placement/placement/objects/research_context.py:126}}
Feb 14 19:22:39.876825 n-d-822053-46 devstack@placement-api.service[116002]: DEBUG placement.objects.research_context [req-52521d75-8776-4c4a-a111-e9d1d3736fe0 req-3e658705-406f-452b-af04-748bf3702b35 service placement] getting providers with 1024 MEMORY_MB {{(pid=116002) __init__ /opt/stack/placement/placement/objects/research_context.py:126}}
Feb 14 19:22:39.888851 n-d-822053-46 devstack@placement-api.service[116002]: DEBUG placement.objects.research_context [req-52521d75-8776-4c4a-a111-e9d1d3736fe0 req-3e658705-406f-452b-af04-748bf3702b35 service placement] getting providers with 1 VCPU {{(pid=116002) __init__ /opt/stack/placement/placement/objects/research_context.py:126}}
Feb 14 19:22:39.899241 n-d-822053-46 devstack@placement-api.service[116002]: DEBUG placement.objects.research_context [req-52521d75-8776-4c4a-a111-e9d1d3736fe0 req-3e658705-406f-452b-af04-748bf3702b35 service placement] found 2 providers with available 1 DISK_GB {{(pid=116002) get_provider_ids_matching /opt/stack/placement/placement/objects/research_context.py:549}}
Feb 14 19:22:39.899782 n-d-822053-46 devstack@placement-api.service[116002]: DEBUG placement.objects.research_context [req-52521d75-8776-4c4a-a111-e9d1d3736fe0 req-3e658705-406f-452b-af04-748bf3702b35 service placement] found 2 providers with available 1024 MEMORY_MB {{(pid=116002) get_provider_ids_matching /opt/stack/placement/placement/objects/research_context.py:549}}
Feb 14 19:22:39.900319 n-d-822053-46 devstack@placement-api.service[116002]: DEBUG placement.objects.research_context [req-52521d75-8776-4c4a-a111-e9d1d3736fe0 req-3e658705-406f-452b-af04-748bf3702b35 service placement] found 2 providers after filtering by previous result {{(pid=116002) get_provider_ids_matching /opt/stack/placement/placement/objects/research_context.py:580}}
Feb 14 19:22:39.900852 n-d-822053-46 devstack@placement-api.service[116002]: DEBUG placement.objects.research_context [req-52521d75-8776-4c4a-a111-e9d1d3736fe0 req-3e658705-406f-452b-af04-748bf3702b35 service placement] found 2 providers with available 1 VCPU {{(pid=116002) get_provider_ids_matching /opt/stack/placement/placement/objects/research_context.py:549}}
Feb 14 19:22:39.901267 n-d-822053-46 devstack@placement-api.service[116002]: DEBUG placement.objects.research_context [req-52521d75-8776-4c4a-a111-e9d1d3736fe0 req-3e658705-406f-452b-af04-748bf3702b35 service placement] found 2 providers after filtering by previous result {{(pid=116002) get_provider_ids_matching /opt/stack/placement/placement/objects/research_context.py:580}}
Feb 14 19:22:39.909845 n-d-822053-46 devstack@placement-api.service[116001]: DEBUG placement.handlers.allocation [req-2459cbc9-f00e-4ebd-b8e6-887640f7088a req-9626fdf7-1a71-4b32-90b2-7297546f0672 service placement] Successfully deleted allocations [, , ] {{(pid=116001) delete_allocations /opt/stack/placement/placement/handlers/allocation.py:627}}
Feb 14 19:22:39.910948 n-d-822053-46 devstack@placement-api.service[116001]: INFO placement.requestlog [req-2459cbc9-f00e-4ebd-b8e6-887640f7088a req-9626fdf7-1a71-4b32-90b2-7297546f0672 service placement] 10.222.0.71 "DELETE /placement/allocations/958288b2-c819-4f54-91c2-147f8119d9b8" status: 204 len: 0 microversion: 1.0
Feb 14 19:22:39.911488 n-d-822053-46 devstack@placement-api.service[116001]: [pid: 116001|app: 0|req: 405/817] 10.222.0.71 () {60 vars in 1355 bytes} [Mon Feb 14 19:22:39 2022] DELETE /placement/allocations/958288b2-c819-4f54-91c2-147f8119d9b8 => generated 0 bytes in 270 msecs (HTTP/1.1 204) 5 headers in 198 bytes (2 switches on core 0)
Feb 14 19:22:39.928607 n-d-822053-46 devstack@placement-api.service[116002]: DEBUG placement.objects.allocation_candidate [req-52521d75-8776-4c4a-a111-e9d1d3736fe0 req-3e658705-406f-452b-af04-748bf3702b35 service placement] RequestGroup(use_same_provider=False, resources={DISK_GB:1, MEMORY_MB:1024, VCPU:1}, traits=[], aggregates=[]) (suffix '') returned 2 matches {{(pid=116002) _get_by_requests /opt/stack/placement/placement/objects/allocation_candidate.py:145}}
Feb 14 19:22:39.929723 n-d-822053-46 devstack@placement-api.service[116002]: DEBUG placement.objects.allocation_candidate [req-52521d75-8776-4c4a-a111-e9d1d3736fe0 req-3e658705-406f-452b-af04-748bf3702b35 service placement] Merging candidates yields 2 allocation requests and 2 provider summaries {{(pid=116002) _merge_candidates /opt/stack/placement/placement/objects/allocation_candidate.py:783}}
Feb 14 19:22:39.931704 n-d-822053-46 devstack@placement-api.service[116002]: INFO placement.requestlog [req-52521d75-8776-4c4a-a111-e9d1d3736fe0 req-3e658705-406f-452b-af04-748bf3702b35 service placement] 10.222.0.10 "GET /placement/allocation_candidates?limit=1000&resources=DISK_GB%3A1%2CMEMORY_MB%3A1024%2CVCPU%3A1&root_required=%21COMPUTE_STATUS_DISABLED" status: 200 len: 1309 microversion: 1.36
Feb 14 19:22:39.947658 n-d-822053-46 devstack@placement-api.service[116002]: [pid: 116002|app: 0|req: 413/818] 10.222.0.10 () {60 vars in 1506 bytes} [Mon Feb 14 19:22:39 2022] GET /placement/allocation_candidates?limit=1000&resources=DISK_GB%3A1%2CMEMORY_MB%3A1024%2CVCPU%3A1&root_required=%21COMPUTE_STATUS_DISABLED => generated 1309 bytes in 198 msecs (HTTP/1.1 200) 8 headers in 297 bytes (1 switches on core 0)
Feb 14 19:22:40.050314 n-d-822053-46 devstack@placement-api.service[116001]: DEBUG placement.requestlog [req-52521d75-8776-4c4a-a111-e9d1d3736fe0 req-1d488393-0306-4833-9a1f-4de0fe1b9a80 None None] Starting request: 10.222.0.10 "GET /placement/allocations/0861b25d-aec6-4afd-99c3-12bd19c64392" {{(pid=116001) __call__ /opt/stack/placement/placement/requestlog.py:55}}
Feb 14 19:22:40.071692 n-d-822053-46 devstack@placement-api.service[116001]: INFO placement.requestlog [req-52521d75-8776-4c4a-a111-e9d1d3736fe0 req-1d488393-0306-4833-9a1f-4de0fe1b9a80 service placement] 10.222.0.10 "GET /placement/allocations/0861b25d-aec6-4afd-99c3-12bd19c64392" status: 200 len: 19 microversion: 1.28
Feb 14 19:22:40.077314 n-d-822053-46 devstack@placement-api.service[116001]: [pid: 116001|app: 0|req: 406/819] 10.222.0.10 () {60 vars in 1380 bytes} [Mon Feb 14 19:22:40 2022] GET /placement/allocations/0861b25d-aec6-4afd-99c3-12bd19c64392 => generated 19 bytes in 27 msecs (HTTP/1.1 200) 8 headers in 295 bytes (1 switches on core 0)
Feb 14 19:22:40.079690 n-d-822053-46 devstack@placement-api.service[116002]: DEBUG placement.requestlog [req-52521d75-8776-4c4a-a111-e9d1d3736fe0 req-cc903d06-0ae5-4522-bb13-abea2ba3acf1 None None] Starting request: 10.222.0.10 "PUT /placement/allocations/0861b25d-aec6-4afd-99c3-12bd19c64392" {{(pid=116002) __call__ /opt/stack/placement/placement/requestlog.py:55}}
Feb 14 19:22:40.413070 n-d-822053-46 devstack@placement-api.service[116002]: DEBUG placement.handlers.allocation [req-52521d75-8776-4c4a-a111-e9d1d3736fe0 req-cc903d06-0ae5-4522-bb13-abea2ba3acf1 service placement] Successfully wrote allocations [, , ] {{(pid=116002) _update_consumers_and_create_allocations /opt/stack/placement/placement/handlers/allocation.py:462}}
Feb 14 19:22:40.584666 n-d-822053-46 devstack@placement-api.service[116002]: INFO placement.requestlog [req-52521d75-8776-4c4a-a111-e9d1d3736fe0 req-cc903d06-0ae5-4522-bb13-abea2ba3acf1 service placement] 10.222.0.10 "PUT /placement/allocations/0861b25d-aec6-4afd-99c3-12bd19c64392" status: 204 len: 0 microversion: 1.36
Feb 14 19:22:40.587773 n-d-822053-46 devstack@placement-api.service[116002]: [pid: 116002|app: 0|req: 414/820] 10.222.0.10 () {64 vars in 1433 bytes} [Mon Feb 14 19:22:40 2022] PUT /placement/allocations/0861b25d-aec6-4afd-99c3-12bd19c64392 => generated 0 bytes in 509 msecs (HTTP/1.1 204) 5 headers in 199 bytes (1 switches on core 0)
Feb 14 19:22:40.818261 n-d-822053-46 devstack@placement-api.service[116001]: DEBUG placement.requestlog [req-2acdd882-cea3-4c97-8032-138f47d3f36c req-8932667c-5c81-48d2-a54e-66009382c0f7 None None] Starting request: 10.222.0.71 "GET /placement/allocations/c9aad30b-85df-47e9-80ac-e1ec727705a0" {{(pid=116001) __call__ /opt/stack/placement/placement/requestlog.py:55}}
Feb 14 19:22:40.836426 n-d-822053-46 devstack@placement-api.service[116001]: INFO placement.requestlog [req-2acdd882-cea3-4c97-8032-138f47d3f36c req-8932667c-5c81-48d2-a54e-66009382c0f7 service placement] 10.222.0.71 "GET /placement/allocations/c9aad30b-85df-47e9-80ac-e1ec727705a0" status: 200 len: 259 microversion: 1.28
Feb 14 19:22:40.839910 n-d-822053-46 devstack@placement-api.service[116001]: [pid: 116001|app: 0|req: 407/821] 10.222.0.71 () {60 vars in 1377 bytes} [Mon Feb 14 19:22:40 2022] GET /placement/allocations/c9aad30b-85df-47e9-80ac-e1ec727705a0 => generated 259 bytes in 20 msecs (HTTP/1.1 200) 8 headers in 296 bytes (1 switches on core 0)
Feb 14 19:22:41.460952 n-d-822053-46 devstack@placement-api.service[116002]: DEBUG placement.requestlog [req-369a6630-63ef-416e-9dbc-a2965ff9c5cd req-0875105c-0b14-44a4-8bbc-6743ba4fb4b9 None None] Starting request: 10.222.0.71 "GET /placement/allocations/23841a6f-b965-4bd3-b9fe-46e7e1a1234a" {{(pid=116002) __call__ /opt/stack/placement/placement/requestlog.py:55}}
Feb 14 19:22:41.496430 n-d-822053-46 devstack@placement-api.service[116002]: INFO placement.requestlog [req-369a6630-63ef-416e-9dbc-a2965ff9c5cd req-0875105c-0b14-44a4-8bbc-6743ba4fb4b9 service placement] 10.222.0.71 "GET /placement/allocations/23841a6f-b965-4bd3-b9fe-46e7e1a1234a" status: 200 len: 259 microversion: 1.28
Feb 14 19:22:41.497329 n-d-822053-46 devstack@placement-api.service[116002]: [pid: 116002|app: 0|req: 415/822] 10.222.0.71 () {60 vars in 1377 bytes} [Mon Feb 14 19:22:41 2022] GET /placement/allocations/23841a6f-b965-4bd3-b9fe-46e7e1a1234a => generated 259 bytes in 37 msecs (HTTP/1.1 200) 8 headers in 296 bytes (1 switches on core 0)
Feb 14 19:22:42.174854 n-d-822053-46 devstack@placement-api.service[116001]: DEBUG placement.requestlog [req-52521d75-8776-4c4a-a111-e9d1d3736fe0 req-f898d9d8-8654-43a9-ad1d-0b6f180c3291 None None] Starting request: 10.222.0.71 "GET /placement/allocations/0861b25d-aec6-4afd-99c3-12bd19c64392" {{(pid=116001) __call__ /opt/stack/placement/placement/requestlog.py:55}}
Feb 14 19:22:42.197865 n-d-822053-46 devstack@placement-api.service[116001]: INFO placement.requestlog [req-52521d75-8776-4c4a-a111-e9d1d3736fe0 req-f898d9d8-8654-43a9-ad1d-0b6f180c3291 service placement] 10.222.0.71 "GET /placement/allocations/0861b25d-aec6-4afd-99c3-12bd19c64392" status: 200 len: 259 microversion: 1.28
Feb 14 19:22:42.200210 n-d-822053-46 devstack@placement-api.service[116001]: [pid: 116001|app: 0|req: 408/823] 10.222.0.71 () {60 vars in 1377 bytes} [Mon Feb 14 19:22:42 2022] GET /placement/allocations/0861b25d-aec6-4afd-99c3-12bd19c64392 => generated 259 bytes in 26 msecs (HTTP/1.1 200) 8 headers in 296 bytes (1 switches on core 0)
Feb 14 19:22:44.028506 n-d-822053-46 devstack@placement-api.service[116002]: DEBUG placement.requestlog [req-d6389871-7010-48a9-98de-42925425db70 req-27e6a5a8-ef2f-4be4-9d3d-996bfbe65969 None None] Starting request: 10.222.0.73 "DELETE /placement/allocations/9be1bbe9-c4ff-4346-b048-ef61f486dbd0" {{(pid=116002) __call__ /opt/stack/placement/placement/requestlog.py:55}}
Feb 14 19:22:44.367250 n-d-822053-46 devstack@placement-api.service[116002]: DEBUG placement.handlers.allocation [req-d6389871-7010-48a9-98de-42925425db70 req-27e6a5a8-ef2f-4be4-9d3d-996bfbe65969 service placement] Successfully deleted allocations [, , ] {{(pid=116002) delete_allocations /opt/stack/placement/placement/handlers/allocation.py:627}}
Feb 14 19:22:44.368173 n-d-822053-46 devstack@placement-api.service[116002]: INFO placement.requestlog [req-d6389871-7010-48a9-98de-42925425db70 req-27e6a5a8-ef2f-4be4-9d3d-996bfbe65969 service placement] 10.222.0.73 "DELETE /placement/allocations/9be1bbe9-c4ff-4346-b048-ef61f486dbd0" status: 204 len: 0 microversion: 1.0
Feb 14 19:22:44.368900 n-d-822053-46 devstack@placement-api.service[116002]: [pid: 116002|app: 0|req: 416/824] 10.222.0.73 () {60 vars in 1355 bytes} [Mon Feb 14 19:22:44 2022] DELETE /placement/allocations/9be1bbe9-c4ff-4346-b048-ef61f486dbd0 => generated 0 bytes in 344 msecs (HTTP/1.1 204) 5 headers in 198 bytes (1 switches on core 0)
Feb 14 19:22:50.389978 n-d-822053-46 devstack@placement-api.service[116001]: DEBUG placement.requestlog [req-dc05e3c5-aa3d-4b8c-9940-32e049777381 req-8037bc31-c4e2-4c1e-9957-5e97a942740b None None] Starting request: 10.222.0.71 "GET /placement/allocations/0861b25d-aec6-4afd-99c3-12bd19c64392" {{(pid=116001) __call__ /opt/stack/placement/placement/requestlog.py:55}}
Feb 14 19:22:50.415861 n-d-822053-46 devstack@placement-api.service[116001]: INFO placement.requestlog [req-dc05e3c5-aa3d-4b8c-9940-32e049777381 req-8037bc31-c4e2-4c1e-9957-5e97a942740b service placement] 10.222.0.71 "GET /placement/allocations/0861b25d-aec6-4afd-99c3-12bd19c64392" status: 200 len: 259 microversion: 1.28
Feb 14 19:22:50.417374 n-d-822053-46 devstack@placement-api.service[116001]: [pid: 116001|app: 0|req: 409/825] 10.222.0.71 () {60 vars in 1377 bytes} [Mon Feb 14 19:22:50 2022] GET /placement/allocations/0861b25d-aec6-4afd-99c3-12bd19c64392 => generated 259 bytes in 27 msecs (HTTP/1.1 200) 8 headers in 296 bytes (2 switches on core 0)
Feb 14 19:23:08.266711 n-d-822053-46 devstack@placement-api.service[116002]: DEBUG placement.requestlog [req-12568590-3c70-4b98-895d-2ab91379796b req-346227bb-8942-4288-9f56-d5de1045617e None None] Starting request: 10.222.0.71 "DELETE /placement/allocations/c9aad30b-85df-47e9-80ac-e1ec727705a0" {{(pid=116002) __call__ /opt/stack/placement/placement/requestlog.py:55}}
Feb 14 19:23:08.474672 n-d-822053-46 devstack@placement-api.service[116002]: DEBUG placement.handlers.allocation [req-12568590-3c70-4b98-895d-2ab91379796b req-346227bb-8942-4288-9f56-d5de1045617e service placement] Successfully deleted allocations [, , ] {{(pid=116002) delete_allocations /opt/stack/placement/placement/handlers/allocation.py:627}}
Feb 14 19:23:08.475444 n-d-822053-46 devstack@placement-api.service[116002]: INFO placement.requestlog [req-12568590-3c70-4b98-895d-2ab91379796b req-346227bb-8942-4288-9f56-d5de1045617e service placement] 10.222.0.71 "DELETE /placement/allocations/c9aad30b-85df-47e9-80ac-e1ec727705a0" status: 204 len: 0 microversion: 1.0
Feb 14 19:23:08.476171 n-d-822053-46 devstack@placement-api.service[116002]: [pid: 116002|app: 0|req: 417/826] 10.222.0.71 () {60 vars in 1355 bytes} [Mon Feb 14 19:23:08 2022] DELETE /placement/allocations/c9aad30b-85df-47e9-80ac-e1ec727705a0 => generated 0 bytes in 211 msecs (HTTP/1.1 204) 5 headers in 198 bytes (1 switches on core 0)
Feb 14 19:23:16.379738 n-d-822053-46 devstack@placement-api.service[116001]: DEBUG placement.requestlog [req-270a2c82-0ff0-462c-9dc8-d562f770ccc1 req-5eab7866-8261-4661-a51c-b324ce49e417 None None] Starting request: 10.222.0.10 "GET /placement/allocation_candidates?limit=1000&resources=DISK_GB%3A1%2CMEMORY_MB%3A1024%2CVCPU%3A1&root_required=%21COMPUTE_STATUS_DISABLED" {{(pid=116001) __call__ /opt/stack/placement/placement/requestlog.py:55}}
Feb 14 19:23:16.427317 n-d-822053-46 devstack@placement-api.service[116001]: DEBUG placement.objects.research_context [req-270a2c82-0ff0-462c-9dc8-d562f770ccc1 req-5eab7866-8261-4661-a51c-b324ce49e417 service placement] getting providers with 1 DISK_GB {{(pid=116001) __init__ /opt/stack/placement/placement/objects/research_context.py:126}}
Feb 14 19:23:16.441689 n-d-822053-46 devstack@placement-api.service[116001]: DEBUG placement.objects.research_context [req-270a2c82-0ff0-462c-9dc8-d562f770ccc1 req-5eab7866-8261-4661-a51c-b324ce49e417 service placement] getting providers with 1024 MEMORY_MB {{(pid=116001) __init__ /opt/stack/placement/placement/objects/research_context.py:126}}
Feb 14 19:23:16.448628 n-d-822053-46 devstack@placement-api.service[116001]: DEBUG placement.objects.research_context [req-270a2c82-0ff0-462c-9dc8-d562f770ccc1 req-5eab7866-8261-4661-a51c-b324ce49e417 service placement] getting providers with 1 VCPU {{(pid=116001) __init__ /opt/stack/placement/placement/objects/research_context.py:126}}
Feb 14 19:23:16.454921 n-d-822053-46 devstack@placement-api.service[116001]: DEBUG placement.objects.research_context [req-270a2c82-0ff0-462c-9dc8-d562f770ccc1 req-5eab7866-8261-4661-a51c-b324ce49e417 service placement] found 2 providers with available 1 DISK_GB {{(pid=116001) get_provider_ids_matching /opt/stack/placement/placement/objects/research_context.py:549}}
Feb 14 19:23:16.455199 n-d-822053-46 devstack@placement-api.service[116001]: DEBUG placement.objects.research_context [req-270a2c82-0ff0-462c-9dc8-d562f770ccc1 req-5eab7866-8261-4661-a51c-b324ce49e417 service placement] found 2 providers with available 1024 MEMORY_MB {{(pid=116001) get_provider_ids_matching /opt/stack/placement/placement/objects/research_context.py:549}}
Feb 14 19:23:16.455629 n-d-822053-46 devstack@placement-api.service[116001]: DEBUG placement.objects.research_context [req-270a2c82-0ff0-462c-9dc8-d562f770ccc1 req-5eab7866-8261-4661-a51c-b324ce49e417 service placement] found 2 providers after filtering by previous result {{(pid=116001) get_provider_ids_matching /opt/stack/placement/placement/objects/research_context.py:580}}
Feb 14 19:23:16.456150 n-d-822053-46 devstack@placement-api.service[116001]: DEBUG placement.objects.research_context [req-270a2c82-0ff0-462c-9dc8-d562f770ccc1 req-5eab7866-8261-4661-a51c-b324ce49e417 service placement] found 2 providers with available 1 VCPU {{(pid=116001) get_provider_ids_matching /opt/stack/placement/placement/objects/research_context.py:549}}
Feb 14 19:23:16.456437 n-d-822053-46 devstack@placement-api.service[116001]: DEBUG placement.objects.research_context [req-270a2c82-0ff0-462c-9dc8-d562f770ccc1 req-5eab7866-8261-4661-a51c-b324ce49e417 service placement] found 2 providers after filtering by previous result {{(pid=116001) get_provider_ids_matching /opt/stack/placement/placement/objects/research_context.py:580}}
