Feb 14 19:01:19.185624 n-d-822053-46 devstack@n-api.service[130331]: [pid: 130331|app: 0|req: 51/90] 10.222.0.10 () {60 vars in 1146 bytes} [Mon Feb 14 19:01:18 2022] POST /compute/v2.1/flavors => generated 415 bytes in 496 msecs (HTTP/1.1 200) 9 headers in 357 bytes (1 switches on core 0)
Feb 14 19:01:19.191844 n-d-822053-46 devstack@n-api.service[130332]: [pid: 130332|app: 0|req: 40/91] 10.222.0.10 () {58 vars in 1235 bytes} [Mon Feb 14 19:01:19 2022] GET /compute/v2.1/servers/b9735cfa-dc71-4617-a115-90450f117835 => generated 1278 bytes in 110 msecs (HTTP/1.1 200) 9 headers in 358 bytes (1 switches on core 0)
Feb 14 19:01:19.195299 n-d-822053-46 devstack@n-api.service[130332]: DEBUG nova.api.openstack.wsgi [None req-05665157-bb07-43f6-bf6c-5c16b5767184 tempest-FlavorsAdminTestJSON-760610026 tempest-FlavorsAdminTestJSON-760610026-project-admin] Calling method '>' {{(pid=130332) _process_stack /opt/stack/nova/nova/api/openstack/wsgi.py:513}}
Feb 14 19:01:19.201766 n-d-822053-46 devstack@n-api.service[130331]: DEBUG nova.api.openstack.wsgi [None req-b511897b-7e96-41a3-bef6-ab45d2b9b28b tempest-FlavorsV255TestJSON-1863267672 tempest-FlavorsV255TestJSON-1863267672-project-admin] Action: 'update', calling method: .version_select at 0x7f45ebfe5790>, body: {"flavor": {"description": "new"}} {{(pid=130331) _process_stack /opt/stack/nova/nova/api/openstack/wsgi.py:511}}
Feb 14 19:01:19.245824 n-d-822053-46 devstack@n-api.service[130331]: /usr/local/lib/python3.8/dist-packages/oslo_policy/policy.py:1119: UserWarning: Policy "os_compute_api:os-flavor-manage:update": "rule:system_admin_api" failed scope check. The token used to make the request was project scoped but the policy requires ['system'] scope. This behavior may change in the future where using the intended scope is required
Feb 14 19:01:19.245824 n-d-822053-46 devstack@n-api.service[130331]: warnings.warn(msg)
Feb 14 19:01:19.406542 n-d-822053-46 devstack@n-api.service[130331]: INFO nova.api.openstack.requestlog [None req-b511897b-7e96-41a3-bef6-ab45d2b9b28b tempest-FlavorsV255TestJSON-1863267672 tempest-FlavorsV255TestJSON-1863267672-project-admin] 10.222.0.10 "PUT /compute/v2.1/flavors/547132886" status: 200 len: 446 microversion: 2.55 time: 0.220303
Feb 14 19:01:19.407401 n-d-822053-46 devstack@n-api.service[130331]: [pid: 130331|app: 0|req: 52/92] 10.222.0.10 () {62 vars in 1215 bytes} [Mon Feb 14 19:01:19 2022] PUT /compute/v2.1/flavors/547132886 => generated 446 bytes in 224 msecs (HTTP/1.1 200) 9 headers in 359 bytes (1 switches on core 0)
Feb 14 19:01:19.632964 n-d-822053-46 devstack@n-api.service[130332]: INFO nova.api.openstack.requestlog [None req-05665157-bb07-43f6-bf6c-5c16b5767184 tempest-FlavorsAdminTestJSON-760610026 tempest-FlavorsAdminTestJSON-760610026-project-admin] 10.222.0.10 "GET /compute/v2.1/flavors/detail" status: 200 len: 5810 microversion: 2.1 time: 0.441722
Feb 14 19:01:19.636733 n-d-822053-46 devstack@n-api.service[130332]: [pid: 130332|app: 0|req: 41/93] 10.222.0.10 () {58 vars in 1145 bytes} [Mon Feb 14 19:01:19 2022] GET /compute/v2.1/flavors/detail => generated 5810 bytes in 449 msecs (HTTP/1.1 200) 9 headers in 358 bytes (1 switches on core 0)
Feb 14 19:01:19.647579 n-d-822053-46 devstack@n-api.service[130332]: DEBUG nova.api.openstack.wsgi [None req-5eda080c-b6a8-4391-bbb4-4479f7e426d6 tempest-AggregatesAdminTestJSON-1098359541 tempest-AggregatesAdminTestJSON-1098359541-project] Calling method '>' {{(pid=130332) _process_stack /opt/stack/nova/nova/api/openstack/wsgi.py:513}}
Feb 14 19:01:19.651961 n-d-822053-46 devstack@n-api.service[130332]: DEBUG nova.compute.api [None req-5eda080c-b6a8-4391-bbb4-4479f7e426d6 tempest-AggregatesAdminTestJSON-1098359541 tempest-AggregatesAdminTestJSON-1098359541-project] [instance: 64dd7ff4-1108-4301-8b3c-1d260f57c73f] Fetching instance by UUID {{(pid=130332) get /opt/stack/nova/nova/compute/api.py:2885}}
Feb 14 19:01:19.674418 n-d-822053-46 devstack@n-api.service[130332]: DEBUG oslo_concurrency.lockutils [None req-5eda080c-b6a8-4391-bbb4-4479f7e426d6 tempest-AggregatesAdminTestJSON-1098359541 tempest-AggregatesAdminTestJSON-1098359541-project] Lock "88142ac9-2aa0-4ad7-9729-2428914df86a" acquired by "nova.context.set_target_cell..get_or_set_cached_cell_and_set_connections" :: waited 0.000s {{(pid=130332) inner /usr/local/lib/python3.8/dist-packages/oslo_concurrency/lockutils.py:386}}
Feb 14 19:01:19.676224 n-d-822053-46 devstack@n-api.service[130332]: DEBUG oslo_concurrency.lockutils [None req-5eda080c-b6a8-4391-bbb4-4479f7e426d6 tempest-AggregatesAdminTestJSON-1098359541 tempest-AggregatesAdminTestJSON-1098359541-project] Lock "88142ac9-2aa0-4ad7-9729-2428914df86a" "released" by "nova.context.set_target_cell..get_or_set_cached_cell_and_set_connections" :: held 0.003s {{(pid=130332) inner /usr/local/lib/python3.8/dist-packages/oslo_concurrency/lockutils.py:400}}
Feb 14 19:01:19.679867 n-d-822053-46 devstack@n-api.service[130332]: DEBUG oslo_concurrency.lockutils [None req-5eda080c-b6a8-4391-bbb4-4479f7e426d6 tempest-AggregatesAdminTestJSON-1098359541 tempest-AggregatesAdminTestJSON-1098359541-project] Lock "88142ac9-2aa0-4ad7-9729-2428914df86a" acquired by "nova.context.set_target_cell..get_or_set_cached_cell_and_set_connections" :: waited 0.000s {{(pid=130332) inner /usr/local/lib/python3.8/dist-packages/oslo_concurrency/lockutils.py:386}}
Feb 14 19:01:19.681697 n-d-822053-46 devstack@n-api.service[130332]: DEBUG oslo_concurrency.lockutils [None req-5eda080c-b6a8-4391-bbb4-4479f7e426d6 tempest-AggregatesAdminTestJSON-1098359541 tempest-AggregatesAdminTestJSON-1098359541-project] Lock "88142ac9-2aa0-4ad7-9729-2428914df86a" "released" by "nova.context.set_target_cell..get_or_set_cached_cell_and_set_connections" :: held 0.003s {{(pid=130332) inner /usr/local/lib/python3.8/dist-packages/oslo_concurrency/lockutils.py:400}}
Feb 14 19:01:19.715962 n-d-822053-46 devstack@n-api.service[130331]: DEBUG nova.api.openstack.wsgi [None req-15c7b61a-df37-449a-8fb0-a1dbdd90fe7e tempest-FlavorsExtraSpecsNegativeTestJSON-955782261 tempest-FlavorsExtraSpecsNegativeTestJSON-955782261-project] Calling method '>' {{(pid=130331) _process_stack /opt/stack/nova/nova/api/openstack/wsgi.py:513}}
Feb 14 19:01:19.786368 n-d-822053-46 devstack@n-api.service[130331]: INFO nova.api.openstack.wsgi [None req-15c7b61a-df37-449a-8fb0-a1dbdd90fe7e tempest-FlavorsExtraSpecsNegativeTestJSON-955782261 tempest-FlavorsExtraSpecsNegativeTestJSON-955782261-project] HTTP exception thrown: Flavor 1928631144 has no extra specs with key hw:cpu_thread_policy.
Feb 14 19:01:19.792375 n-d-822053-46 devstack@n-api.service[130331]: DEBUG nova.api.openstack.wsgi [None req-15c7b61a-df37-449a-8fb0-a1dbdd90fe7e tempest-FlavorsExtraSpecsNegativeTestJSON-955782261 tempest-FlavorsExtraSpecsNegativeTestJSON-955782261-project] Returning 404 to user: Flavor 1928631144 has no extra specs with key hw:cpu_thread_policy. {{(pid=130331) __call__ /opt/stack/nova/nova/api/openstack/wsgi.py:936}}
Feb 14 19:01:19.794383 n-d-822053-46 devstack@n-api.service[130331]: INFO nova.api.openstack.requestlog [None req-15c7b61a-df37-449a-8fb0-a1dbdd90fe7e tempest-FlavorsExtraSpecsNegativeTestJSON-955782261 tempest-FlavorsExtraSpecsNegativeTestJSON-955782261-project] 10.222.0.10 "GET /compute/v2.1/flavors/1928631144/os-extra_specs/hw:cpu_thread_policy" status: 404 len: 113 microversion: 2.1 time: 0.385604
Feb 14 19:01:19.800219 n-d-822053-46 devstack@n-api.service[130331]: [pid: 130331|app: 0|req: 53/94] 10.222.0.10 () {58 vars in 1265 bytes} [Mon Feb 14 19:01:19 2022] GET /compute/v2.1/flavors/1928631144/os-extra_specs/hw:cpu_thread_policy => generated 113 bytes in 392 msecs (HTTP/1.1 404) 9 headers in 379 bytes (1 switches on core 0)
Feb 14 19:01:19.818734 n-d-822053-46 devstack@n-api.service[130331]: DEBUG nova.api.openstack.wsgi [None req-4a505b07-befc-48f2-adec-e3915cfd6562 tempest-FlavorsV255TestJSON-1387601330 tempest-FlavorsV255TestJSON-1387601330-project] Calling method '>' {{(pid=130331) _process_stack /opt/stack/nova/nova/api/openstack/wsgi.py:513}}
Feb 14 19:01:19.896610 n-d-822053-46 devstack@n-api.service[130331]: INFO nova.api.openstack.requestlog [None req-4a505b07-befc-48f2-adec-e3915cfd6562 tempest-FlavorsV255TestJSON-1387601330 tempest-FlavorsV255TestJSON-1387601330-project] 10.222.0.10 "GET /compute/v2.1/flavors/detail" status: 200 len: 6147 microversion: 2.55 time: 0.089712
Feb 14 19:01:19.910742 n-d-822053-46 devstack@n-api.service[130331]: [pid: 130331|app: 0|req: 54/95] 10.222.0.10 () {60 vars in 1186 bytes} [Mon Feb 14 19:01:19 2022] GET /compute/v2.1/flavors/detail => generated 6147 bytes in 110 msecs (HTTP/1.1 200) 9 headers in 360 bytes (1 switches on core 0)
Feb 14 19:01:19.923120 n-d-822053-46 devstack@n-api.service[130331]: DEBUG nova.api.openstack.wsgi [None req-21f47ffa-4f8a-42ce-bf0e-27a291755548 tempest-FlavorsAdminTestJSON-760610026 tempest-FlavorsAdminTestJSON-760610026-project-admin] Action: 'create', calling method: >, body: {"flavor": {"ram": 512, "vcpus": 1, "disk": 10, "name": "tempest-test_flavor_-1999721011", "id": 1777724989, "os-flavor-access:is_public": "True"}} {{(pid=130331) _process_stack /opt/stack/nova/nova/api/openstack/wsgi.py:511}}
Feb 14 19:01:19.967283 n-d-822053-46 devstack@n-api.service[130332]: DEBUG nova.policy [None req-5eda080c-b6a8-4391-bbb4-4479f7e426d6 tempest-AggregatesAdminTestJSON-1098359541 tempest-AggregatesAdminTestJSON-1098359541-project] Policy check for os_compute_api:os-extended-server-attributes failed with credentials {'is_admin': False, 'user_id': '9b770649bdfd4dcd847b989f67cad78a', 'user_domain_id': 'default', 'system_scope': None, 'domain_id': None, 'project_id': '6eb0d9536105406ab5a646528e668b4f', 'project_domain_id': 'default', 'roles': ['reader', 'member'], 'is_admin_project': True, 'service_user_id': None, 'service_user_domain_id': None, 'service_project_id': None, 'service_project_domain_id': None, 'service_roles': []} {{(pid=130332) authorize /opt/stack/nova/nova/policy.py:199}}
Feb 14 19:01:19.984621 n-d-822053-46 devstack@n-api.service[130332]: INFO nova.api.openstack.requestlog [None req-5eda080c-b6a8-4391-bbb4-4479f7e426d6 tempest-AggregatesAdminTestJSON-1098359541 tempest-AggregatesAdminTestJSON-1098359541-project] 10.222.0.10 "GET /compute/v2.1/servers/64dd7ff4-1108-4301-8b3c-1d260f57c73f" status: 200 len: 1308 microversion: 2.1 time: 0.346422
Feb 14 19:01:19.987804 n-d-822053-46 devstack@n-api.service[130332]: [pid: 130332|app: 0|req: 42/96] 10.222.0.10 () {58 vars in 1235 bytes} [Mon Feb 14 19:01:19 2022] GET /compute/v2.1/servers/64dd7ff4-1108-4301-8b3c-1d260f57c73f => generated 1308 bytes in 350 msecs (HTTP/1.1 200) 9 headers in 358 bytes (1 switches on core 0)
Feb 14 19:01:20.004527 n-d-822053-46 devstack@n-api.service[130332]: DEBUG nova.api.openstack.wsgi [None req-a0542a3b-1e30-4077-a52e-47ca12ffdecf tempest-FlavorsExtraSpecsNegativeTestJSON-955782261 tempest-FlavorsExtraSpecsNegativeTestJSON-955782261-project] Action: 'create', calling method: >, body: {"extra_specs": {"hw:numa_nodes": "1", "hw:cpu_policy": "shared"}} {{(pid=130332) _process_stack /opt/stack/nova/nova/api/openstack/wsgi.py:511}}
Feb 14 19:01:20.037468 n-d-822053-46 devstack@n-api.service[130332]: /usr/local/lib/python3.8/dist-packages/oslo_policy/policy.py:1119: UserWarning: Policy "os_compute_api:os-flavor-extra-specs:create": "rule:system_admin_api" failed scope check. The token used to make the request was project scoped but the policy requires ['system'] scope. This behavior may change in the future where using the intended scope is required
Feb 14 19:01:20.037468 n-d-822053-46 devstack@n-api.service[130332]: warnings.warn(msg)
Feb 14 19:01:20.040084 n-d-822053-46 devstack@n-api.service[130332]: DEBUG nova.policy [None req-a0542a3b-1e30-4077-a52e-47ca12ffdecf tempest-FlavorsExtraSpecsNegativeTestJSON-955782261 tempest-FlavorsExtraSpecsNegativeTestJSON-955782261-project] Policy check for os_compute_api:os-flavor-extra-specs:create failed with credentials {'is_admin': False, 'user_id': '9bbc59badb8542c1898edb2a72eb6f12', 'user_domain_id': 'default', 'system_scope': None, 'domain_id': None, 'project_id': '7efa796d4e364678a1b26f10692ab970', 'project_domain_id': 'default', 'roles': ['reader', 'member'], 'is_admin_project': True, 'service_user_id': None, 'service_user_domain_id': None, 'service_project_id': None, 'service_project_domain_id': None, 'service_roles': []} {{(pid=130332) authorize /opt/stack/nova/nova/policy.py:199}}
Feb 14 19:01:20.042834 n-d-822053-46 devstack@n-api.service[130332]: DEBUG nova.api.openstack.wsgi [None req-a0542a3b-1e30-4077-a52e-47ca12ffdecf tempest-FlavorsExtraSpecsNegativeTestJSON-955782261 tempest-FlavorsExtraSpecsNegativeTestJSON-955782261-project] Returning 403 to user: Policy doesn't allow os_compute_api:os-flavor-extra-specs:create to be performed. {{(pid=130332) __call__ /opt/stack/nova/nova/api/openstack/wsgi.py:936}}
Feb 14 19:01:20.055840 n-d-822053-46 devstack@n-api.service[130331]: INFO nova.api.openstack.requestlog [None req-21f47ffa-4f8a-42ce-bf0e-27a291755548 tempest-FlavorsAdminTestJSON-760610026 tempest-FlavorsAdminTestJSON-760610026-project-admin] 10.222.0.10 "POST /compute/v2.1/flavors" status: 200 len: 414 microversion: 2.1 time: 0.139851
Feb 14 19:01:20.056684 n-d-822053-46 devstack@n-api.service[130331]: [pid: 130331|app: 0|req: 55/97] 10.222.0.10 () {60 vars in 1146 bytes} [Mon Feb 14 19:01:19 2022] POST /compute/v2.1/flavors => generated 414 bytes in 145 msecs (HTTP/1.1 200) 9 headers in 357 bytes (1 switches on core 0)
Feb 14 19:01:20.059633 n-d-822053-46 devstack@n-api.service[130332]: INFO nova.api.openstack.requestlog [None req-a0542a3b-1e30-4077-a52e-47ca12ffdecf tempest-FlavorsExtraSpecsNegativeTestJSON-955782261 tempest-FlavorsExtraSpecsNegativeTestJSON-955782261-project] 10.222.0.10 "POST /compute/v2.1/flavors/1928631144/os-extra_specs" status: 403 len: 124 microversion: 2.1 time: 0.055532
Feb 14 19:01:20.061355 n-d-822053-46 devstack@n-api.service[130332]: [pid: 130332|app: 0|req: 43/98] 10.222.0.10 () {60 vars in 1223 bytes} [Mon Feb 14 19:01:19 2022] POST /compute/v2.1/flavors/1928631144/os-extra_specs => generated 124 bytes in 73 msecs (HTTP/1.1 403) 9 headers in 379 bytes (1 switches on core 0)
Feb 14 19:01:20.071657 n-d-822053-46 devstack@n-api.service[130331]: DEBUG nova.api.openstack.wsgi [None req-006d962d-7038-435e-a6da-dbbe2e8fd602 tempest-FlavorsV255TestJSON-1387601330 tempest-FlavorsV255TestJSON-1387601330-project] Calling method '>' {{(pid=130331) _process_stack /opt/stack/nova/nova/api/openstack/wsgi.py:513}}
Feb 14 19:01:20.084661 n-d-822053-46 devstack@n-api.service[130332]: DEBUG nova.api.openstack.wsgi [None req-ccc2e893-38b8-4bfa-933c-b55ed5591356 tempest-FlavorsAdminTestJSON-1528123735 tempest-FlavorsAdminTestJSON-1528123735-project] Calling method '>' {{(pid=130332) _process_stack /opt/stack/nova/nova/api/openstack/wsgi.py:513}}
Feb 14 19:01:20.157336 n-d-822053-46 devstack@n-api.service[130331]: INFO nova.api.openstack.requestlog [None req-006d962d-7038-435e-a6da-dbbe2e8fd602 tempest-FlavorsV255TestJSON-1387601330 tempest-FlavorsV255TestJSON-1387601330-project] 10.222.0.10 "GET /compute/v2.1/flavors" status: 200 len: 3659 microversion: 2.55 time: 0.099295
Feb 14 19:01:20.191950 n-d-822053-46 devstack@n-api.service[130331]: [pid: 130331|app: 0|req: 56/99] 10.222.0.10 () {60 vars in 1165 bytes} [Mon Feb 14 19:01:20 2022] GET /compute/v2.1/flavors => generated 3659 bytes in 134 msecs (HTTP/1.1 200) 9 headers in 360 bytes (1 switches on core 0)
Feb 14 19:01:20.194191 n-d-822053-46 devstack@n-api.service[130332]: INFO nova.api.openstack.requestlog [None req-ccc2e893-38b8-4bfa-933c-b55ed5591356 tempest-FlavorsAdminTestJSON-1528123735 tempest-FlavorsAdminTestJSON-1528123735-project] 10.222.0.10 "GET /compute/v2.1/flavors/detail" status: 200 len: 6214 microversion: 2.1 time: 0.126917
Feb 14 19:01:20.209176 n-d-822053-46 devstack@n-api.service[130331]: DEBUG nova.api.openstack.wsgi [None req-a90f258d-74a3-4e13-bc29-52d943775a06 tempest-FlavorsExtraSpecsNegativeTestJSON-92344635 tempest-FlavorsExtraSpecsNegativeTestJSON-92344635-project-admin] Action: 'create', calling method: >, body: {"extra_specs": {"hw:numa_nodes": "1", "hw:cpu_policy": "shared"}} {{(pid=130331) _process_stack /opt/stack/nova/nova/api/openstack/wsgi.py:511}}
Feb 14 19:01:20.209443 n-d-822053-46 devstack@n-api.service[130332]: [pid: 130332|app: 0|req: 44/100] 10.222.0.10 () {58 vars in 1145 bytes} [Mon Feb 14 19:01:20 2022] GET /compute/v2.1/flavors/detail => generated 6214 bytes in 144 msecs (HTTP/1.1 200) 9 headers in 358 bytes (1 switches on core 0)
Feb 14 19:01:20.213885 n-d-822053-46 devstack@n-api.service[130332]: DEBUG nova.api.openstack.wsgi [None req-b48e5b90-8f45-4966-be10-949437270790 tempest-FlavorsV255TestJSON-1863267672 tempest-FlavorsV255TestJSON-1863267672-project-admin] Calling method '>' {{(pid=130332) _process_stack /opt/stack/nova/nova/api/openstack/wsgi.py:513}}
Feb 14 19:01:20.217265 n-d-822053-46 devstack@n-api.service[130331]: /usr/local/lib/python3.8/dist-packages/oslo_policy/policy.py:1119: UserWarning: Policy "os_compute_api:os-flavor-extra-specs:create": "rule:system_admin_api" failed scope check. The token used to make the request was project scoped but the policy requires ['system'] scope. This behavior may change in the future where using the intended scope is required
Feb 14 19:01:20.217265 n-d-822053-46 devstack@n-api.service[130331]: warnings.warn(msg)
Feb 14 19:01:20.235544 n-d-822053-46 devstack@n-api.service[130332]: /usr/local/lib/python3.8/dist-packages/oslo_policy/policy.py:1119: UserWarning: Policy "os_compute_api:os-flavor-manage:delete": "rule:system_admin_api" failed scope check. The token used to make the request was project scoped but the policy requires ['system'] scope. This behavior may change in the future where using the intended scope is required
Feb 14 19:01:20.235544 n-d-822053-46 devstack@n-api.service[130332]: warnings.warn(msg)
Feb 14 19:01:21.832514 n-d-822053-46 devstack@n-api.service[130331]: INFO nova.api.openstack.requestlog [None req-a90f258d-74a3-4e13-bc29-52d943775a06 tempest-FlavorsExtraSpecsNegativeTestJSON-92344635 tempest-FlavorsExtraSpecsNegativeTestJSON-92344635-project-admin] 10.222.0.10 "POST /compute/v2.1/flavors/1928631144/os-extra_specs" status: 200 len: 66 microversion: 2.1 time: 1.638956
Feb 14 19:01:21.833140 n-d-822053-46 devstack@n-api.service[130331]: [pid: 130331|app: 0|req: 57/101] 10.222.0.10 () {60 vars in 1223 bytes} [Mon Feb 14 19:01:20 2022] POST /compute/v2.1/flavors/1928631144/os-extra_specs => generated 66 bytes in 1640 msecs (HTTP/1.1 200) 9 headers in 356 bytes (1 switches on core 0)
Feb 14 19:01:21.847898 n-d-822053-46 devstack@n-api.service[130331]: DEBUG nova.api.openstack.wsgi [None req-49b54afb-490c-4322-9a52-aeec4e716b3f tempest-DeleteServersAdminTestJSON-1834573798 tempest-DeleteServersAdminTestJSON-1834573798-project] Calling method '>' {{(pid=130331) _process_stack /opt/stack/nova/nova/api/openstack/wsgi.py:513}}
Feb 14 19:01:21.848769 n-d-822053-46 devstack@n-api.service[130331]: DEBUG nova.compute.api [None req-49b54afb-490c-4322-9a52-aeec4e716b3f tempest-DeleteServersAdminTestJSON-1834573798 tempest-DeleteServersAdminTestJSON-1834573798-project] [instance: b9735cfa-dc71-4617-a115-90450f117835] Fetching instance by UUID {{(pid=130331) get /opt/stack/nova/nova/compute/api.py:2885}}
Feb 14 19:01:21.867264 n-d-822053-46 devstack@n-api.service[130332]: INFO nova.api.openstack.requestlog [None req-b48e5b90-8f45-4966-be10-949437270790 tempest-FlavorsV255TestJSON-1863267672 tempest-FlavorsV255TestJSON-1863267672-project-admin] 10.222.0.10 "DELETE /compute/v2.1/flavors/547132886" status: 202 len: 0 microversion: 2.55 time: 1.656842
Feb 14 19:01:21.868352 n-d-822053-46 devstack@n-api.service[130332]: [pid: 130332|app: 0|req: 45/102] 10.222.0.10 () {60 vars in 1198 bytes} [Mon Feb 14 19:01:20 2022] DELETE /compute/v2.1/flavors/547132886 => generated 0 bytes in 1658 msecs (HTTP/1.1 202) 9 headers in 363 bytes (1 switches on core 0)
Feb 14 19:01:21.879381 n-d-822053-46 devstack@n-api.service[130332]: DEBUG nova.api.openstack.wsgi [None req-da983f15-fe5d-49f6-b26c-68a4e8a75214 tempest-FlavorsAdminTestJSON-760610026 tempest-FlavorsAdminTestJSON-760610026-project-admin] Calling method '>' {{(pid=130332) _process_stack /opt/stack/nova/nova/api/openstack/wsgi.py:513}}
Feb 14 19:01:21.879897 n-d-822053-46 devstack@n-api.service[130331]: DEBUG oslo_concurrency.lockutils [None req-49b54afb-490c-4322-9a52-aeec4e716b3f tempest-DeleteServersAdminTestJSON-1834573798 tempest-DeleteServersAdminTestJSON-1834573798-project] Lock "88142ac9-2aa0-4ad7-9729-2428914df86a" acquired by "nova.context.set_target_cell..get_or_set_cached_cell_and_set_connections" :: waited 0.000s {{(pid=130331) inner /usr/local/lib/python3.8/dist-packages/oslo_concurrency/lockutils.py:386}}
Feb 14 19:01:21.880367 n-d-822053-46 devstack@n-api.service[130331]: DEBUG oslo_concurrency.lockutils [None req-49b54afb-490c-4322-9a52-aeec4e716b3f tempest-DeleteServersAdminTestJSON-1834573798 tempest-DeleteServersAdminTestJSON-1834573798-project] Lock "88142ac9-2aa0-4ad7-9729-2428914df86a" "released" by "nova.context.set_target_cell..get_or_set_cached_cell_and_set_connections" :: held 0.002s {{(pid=130331) inner /usr/local/lib/python3.8/dist-packages/oslo_concurrency/lockutils.py:400}}
Feb 14 19:01:21.881255 n-d-822053-46 devstack@n-api.service[130331]: DEBUG oslo_concurrency.lockutils [None req-49b54afb-490c-4322-9a52-aeec4e716b3f tempest-DeleteServersAdminTestJSON-1834573798 tempest-DeleteServersAdminTestJSON-1834573798-project] Lock "88142ac9-2aa0-4ad7-9729-2428914df86a" acquired by "nova.context.set_target_cell..get_or_set_cached_cell_and_set_connections" :: waited 0.000s {{(pid=130331) inner /usr/local/lib/python3.8/dist-packages/oslo_concurrency/lockutils.py:386}}
Feb 14 19:01:21.884105 n-d-822053-46 devstack@n-api.service[130331]: DEBUG oslo_concurrency.lockutils [None req-49b54afb-490c-4322-9a52-aeec4e716b3f tempest-DeleteServersAdminTestJSON-1834573798 tempest-DeleteServersAdminTestJSON-1834573798-project] Lock "88142ac9-2aa0-4ad7-9729-2428914df86a" "released" by "nova.context.set_target_cell..get_or_set_cached_cell_and_set_connections" :: held 0.003s {{(pid=130331) inner /usr/local/lib/python3.8/dist-packages/oslo_concurrency/lockutils.py:400}}
Feb 14 19:01:21.988984 n-d-822053-46 devstack@n-api.service[130332]: INFO nova.api.openstack.requestlog [None req-da983f15-fe5d-49f6-b26c-68a4e8a75214 tempest-FlavorsAdminTestJSON-760610026 tempest-FlavorsAdminTestJSON-760610026-project-admin] 10.222.0.10 "DELETE /compute/v2.1/flavors/1777724989" status: 202 len: 0 microversion: 2.1 time: 0.117589
Feb 14 19:01:21.995329 n-d-822053-46 devstack@n-api.service[130332]: [pid: 130332|app: 0|req: 46/103] 10.222.0.10 () {58 vars in 1160 bytes} [Mon Feb 14 19:01:21 2022] DELETE /compute/v2.1/flavors/1777724989 => generated 0 bytes in 126 msecs (HTTP/1.1 202) 9 headers in 361 bytes (1 switches on core 0)
Feb 14 19:01:22.006715 n-d-822053-46 devstack@n-api.service[130332]: DEBUG nova.api.openstack.wsgi [None req-d18fc034-1831-42cd-9b88-1382785abc3d tempest-AggregatesAdminTestJSON-1098359541 tempest-AggregatesAdminTestJSON-1098359541-project] Calling method '>' {{(pid=130332) _process_stack /opt/stack/nova/nova/api/openstack/wsgi.py:513}}
Feb 14 19:01:22.007967 n-d-822053-46 devstack@n-api.service[130332]: DEBUG nova.compute.api [None req-d18fc034-1831-42cd-9b88-1382785abc3d tempest-AggregatesAdminTestJSON-1098359541 tempest-AggregatesAdminTestJSON-1098359541-project] [instance: 64dd7ff4-1108-4301-8b3c-1d260f57c73f] Fetching instance by UUID {{(pid=130332) get /opt/stack/nova/nova/compute/api.py:2885}}
Feb 14 19:01:22.019546 n-d-822053-46 devstack@n-api.service[130332]: DEBUG oslo_concurrency.lockutils [None req-d18fc034-1831-42cd-9b88-1382785abc3d tempest-AggregatesAdminTestJSON-1098359541 tempest-AggregatesAdminTestJSON-1098359541-project] Lock "88142ac9-2aa0-4ad7-9729-2428914df86a" acquired by "nova.context.set_target_cell..get_or_set_cached_cell_and_set_connections" :: waited 0.000s {{(pid=130332) inner /usr/local/lib/python3.8/dist-packages/oslo_concurrency/lockutils.py:386}}
Feb 14 19:01:22.021526 n-d-822053-46 devstack@n-api.service[130332]: DEBUG oslo_concurrency.lockutils [None req-d18fc034-1831-42cd-9b88-1382785abc3d tempest-AggregatesAdminTestJSON-1098359541 tempest-AggregatesAdminTestJSON-1098359541-project] Lock "88142ac9-2aa0-4ad7-9729-2428914df86a" "released" by "nova.context.set_target_cell..get_or_set_cached_cell_and_set_connections" :: held 0.001s {{(pid=130332) inner /usr/local/lib/python3.8/dist-packages/oslo_concurrency/lockutils.py:400}}
Feb 14 19:01:22.021526 n-d-822053-46 devstack@n-api.service[130332]: DEBUG oslo_concurrency.lockutils [None req-d18fc034-1831-42cd-9b88-1382785abc3d tempest-AggregatesAdminTestJSON-1098359541 tempest-AggregatesAdminTestJSON-1098359541-project] Lock "88142ac9-2aa0-4ad7-9729-2428914df86a" acquired by "nova.context.set_target_cell..get_or_set_cached_cell_and_set_connections" :: waited 0.000s {{(pid=130332) inner /usr/local/lib/python3.8/dist-packages/oslo_concurrency/lockutils.py:386}}
Feb 14 19:01:22.021863 n-d-822053-46 devstack@n-api.service[130332]: DEBUG oslo_concurrency.lockutils [None req-d18fc034-1831-42cd-9b88-1382785abc3d tempest-AggregatesAdminTestJSON-1098359541 tempest-AggregatesAdminTestJSON-1098359541-project] Lock "88142ac9-2aa0-4ad7-9729-2428914df86a" "released" by "nova.context.set_target_cell..get_or_set_cached_cell_and_set_connections" :: held 0.000s {{(pid=130332) inner /usr/local/lib/python3.8/dist-packages/oslo_concurrency/lockutils.py:400}}
Feb 14 19:01:22.372889 n-d-822053-46 devstack@n-api.service[130332]: DEBUG nova.policy [None req-d18fc034-1831-42cd-9b88-1382785abc3d tempest-AggregatesAdminTestJSON-1098359541 tempest-AggregatesAdminTestJSON-1098359541-project] Policy check for os_compute_api:os-extended-server-attributes failed with credentials {'is_admin': False, 'user_id': '9b770649bdfd4dcd847b989f67cad78a', 'user_domain_id': 'default', 'system_scope': None, 'domain_id': None, 'project_id': '6eb0d9536105406ab5a646528e668b4f', 'project_domain_id': 'default', 'roles': ['reader', 'member'], 'is_admin_project': True, 'service_user_id': None, 'service_user_domain_id': None, 'service_project_id': None, 'service_project_domain_id': None, 'service_roles': []} {{(pid=130332) authorize /opt/stack/nova/nova/policy.py:199}}
Feb 14 19:01:22.397743 n-d-822053-46 devstack@n-api.service[130332]: INFO nova.api.openstack.requestlog [None req-d18fc034-1831-42cd-9b88-1382785abc3d tempest-AggregatesAdminTestJSON-1098359541 tempest-AggregatesAdminTestJSON-1098359541-project] 10.222.0.10 "GET /compute/v2.1/servers/64dd7ff4-1108-4301-8b3c-1d260f57c73f" status: 200 len: 1296 microversion: 2.1 time: 0.397524
Feb 14 19:01:22.410732 n-d-822053-46 devstack@n-api.service[130332]: [pid: 130332|app: 0|req: 47/104] 10.222.0.10 () {58 vars in 1235 bytes} [Mon Feb 14 19:01:21 2022] GET /compute/v2.1/servers/64dd7ff4-1108-4301-8b3c-1d260f57c73f => generated 1296 bytes in 402 msecs (HTTP/1.1 200) 9 headers in 358 bytes (1 switches on core 0)
Feb 14 19:01:22.420148 n-d-822053-46 devstack@n-api.service[130332]: DEBUG nova.api.openstack.wsgi [None req-930f2c56-9451-4e14-8b32-3714e9f56336 tempest-FlavorsExtraSpecsNegativeTestJSON-955782261 tempest-FlavorsExtraSpecsNegativeTestJSON-955782261-project] Calling method '>' {{(pid=130332) _process_stack /opt/stack/nova/nova/api/openstack/wsgi.py:513}}
Feb 14 19:01:22.420996 n-d-822053-46 devstack@n-api.service[130332]: /usr/local/lib/python3.8/dist-packages/oslo_policy/policy.py:1119: UserWarning: Policy "os_compute_api:os-flavor-extra-specs:delete": "rule:system_admin_api" failed scope check. The token used to make the request was project scoped but the policy requires ['system'] scope. This behavior may change in the future where using the intended scope is required
Feb 14 19:01:22.420996 n-d-822053-46 devstack@n-api.service[130332]: warnings.warn(msg)
Feb 14 19:01:22.422010 n-d-822053-46 devstack@n-api.service[130332]: DEBUG nova.policy [None req-930f2c56-9451-4e14-8b32-3714e9f56336 tempest-FlavorsExtraSpecsNegativeTestJSON-955782261 tempest-FlavorsExtraSpecsNegativeTestJSON-955782261-project] Policy check for os_compute_api:os-flavor-extra-specs:delete failed with credentials {'is_admin': False, 'user_id': '9bbc59badb8542c1898edb2a72eb6f12', 'user_domain_id': 'default', 'system_scope': None, 'domain_id': None, 'project_id': '7efa796d4e364678a1b26f10692ab970', 'project_domain_id': 'default', 'roles': ['reader', 'member'], 'is_admin_project': True, 'service_user_id': None, 'service_user_domain_id': None, 'service_project_id': None, 'service_project_domain_id': None, 'service_roles': []} {{(pid=130332) authorize /opt/stack/nova/nova/policy.py:199}}
Feb 14 19:01:22.422696 n-d-822053-46 devstack@n-api.service[130332]: DEBUG nova.api.openstack.wsgi [None req-930f2c56-9451-4e14-8b32-3714e9f56336 tempest-FlavorsExtraSpecsNegativeTestJSON-955782261 tempest-FlavorsExtraSpecsNegativeTestJSON-955782261-project] Returning 403 to user: Policy doesn't allow os_compute_api:os-flavor-extra-specs:delete to be performed. {{(pid=130332) __call__ /opt/stack/nova/nova/api/openstack/wsgi.py:936}}
Feb 14 19:01:22.423536 n-d-822053-46 devstack@n-api.service[130332]: INFO nova.api.openstack.requestlog [None req-930f2c56-9451-4e14-8b32-3714e9f56336 tempest-FlavorsExtraSpecsNegativeTestJSON-955782261 tempest-FlavorsExtraSpecsNegativeTestJSON-955782261-project] 10.222.0.10 "DELETE /compute/v2.1/flavors/1928631144/os-extra_specs/hw:numa_nodes" status: 403 len: 124 microversion: 2.1 time: 0.020655
Feb 14 19:01:22.432503 n-d-822053-46 devstack@n-api.service[130332]: [pid: 130332|app: 0|req: 48/105] 10.222.0.10 () {58 vars in 1247 bytes} [Mon Feb 14 19:01:22 2022] DELETE /compute/v2.1/flavors/1928631144/os-extra_specs/hw:numa_nodes => generated 124 bytes in 33 msecs (HTTP/1.1 403) 9 headers in 379 bytes (1 switches on core 0)
Feb 14 19:01:22.442818 n-d-822053-46 devstack@n-api.service[130332]: DEBUG nova.api.openstack.wsgi [None req-433f089c-16c8-4573-ab58-0a1b453c6f16 tempest-FlavorsV255TestJSON-1863267672 tempest-FlavorsV255TestJSON-1863267672-project-admin] Calling method '>' {{(pid=130332) _process_stack /opt/stack/nova/nova/api/openstack/wsgi.py:513}}
Feb 14 19:01:22.496172 n-d-822053-46 devstack@n-api.service[130332]: INFO nova.api.openstack.requestlog [None req-433f089c-16c8-4573-ab58-0a1b453c6f16 tempest-FlavorsV255TestJSON-1863267672 tempest-FlavorsV255TestJSON-1863267672-project-admin] 10.222.0.10 "GET /compute/v2.1/flavors/detail" status: 200 len: 5711 microversion: 2.55 time: 0.060920
Feb 14 19:01:22.506128 n-d-822053-46 devstack@n-api.service[130332]: [pid: 130332|app: 0|req: 49/106] 10.222.0.10 () {60 vars in 1186 bytes} [Mon Feb 14 19:01:22 2022] GET /compute/v2.1/flavors/detail => generated 5711 bytes in 64 msecs (HTTP/1.1 200) 9 headers in 360 bytes (1 switches on core 0)
Feb 14 19:01:22.506128 n-d-822053-46 devstack@n-api.service[130332]: DEBUG nova.api.openstack.wsgi [None req-8d5540de-fe45-48b8-b05f-799d2052f3dc tempest-FlavorsAdminTestJSON-760610026 tempest-FlavorsAdminTestJSON-760610026-project-admin] Calling method '>' {{(pid=130332) _process_stack /opt/stack/nova/nova/api/openstack/wsgi.py:513}}
Feb 14 19:01:22.561550 n-d-822053-46 devstack@n-api.service[130332]: INFO nova.api.openstack.requestlog [None req-8d5540de-fe45-48b8-b05f-799d2052f3dc tempest-FlavorsAdminTestJSON-760610026 tempest-FlavorsAdminTestJSON-760610026-project-admin] 10.222.0.10 "GET /compute/v2.1/flavors/detail" status: 200 len: 5396 microversion: 2.1 time: 0.063267
Feb 14 19:01:22.571154 n-d-822053-46 devstack@n-api.service[130332]: [pid: 130332|app: 0|req: 50/107] 10.222.0.10 () {58 vars in 1145 bytes} [Mon Feb 14 19:01:22 2022] GET /compute/v2.1/flavors/detail => generated 5396 bytes in 70 msecs (HTTP/1.1 200) 9 headers in 358 bytes (1 switches on core 0)
Feb 14 19:01:22.588215 n-d-822053-46 devstack@n-api.service[130332]: DEBUG nova.api.openstack.wsgi [None req-c1bb439b-e82c-4808-a2f2-90d62a31a96a tempest-FlavorsExtraSpecsNegativeTestJSON-92344635 tempest-FlavorsExtraSpecsNegativeTestJSON-92344635-project-admin] Action: 'create', calling method: >, body: {"extra_specs": {"hw:numa_nodes": "1", "hw:cpu_policy": "shared"}} {{(pid=130332) _process_stack /opt/stack/nova/nova/api/openstack/wsgi.py:511}}
Feb 14 19:01:22.608182 n-d-822053-46 devstack@n-api.service[130332]: /usr/local/lib/python3.8/dist-packages/oslo_policy/policy.py:1119: UserWarning: Policy "os_compute_api:os-flavor-extra-specs:create": "rule:system_admin_api" failed scope check. The token used to make the request was project scoped but the policy requires ['system'] scope. This behavior may change in the future where using the intended scope is required
Feb 14 19:01:22.608182 n-d-822053-46 devstack@n-api.service[130332]: warnings.warn(msg)
Feb 14 19:01:22.699838 n-d-822053-46 devstack@n-api.service[130332]: INFO nova.api.openstack.requestlog [None req-c1bb439b-e82c-4808-a2f2-90d62a31a96a tempest-FlavorsExtraSpecsNegativeTestJSON-92344635 tempest-FlavorsExtraSpecsNegativeTestJSON-92344635-project-admin] 10.222.0.10 "POST /compute/v2.1/flavors/1928631144/os-extra_specs" status: 200 len: 66 microversion: 2.1 time: 0.130311
Feb 14 19:01:22.702062 n-d-822053-46 devstack@n-api.service[130331]: DEBUG nova.policy [None req-49b54afb-490c-4322-9a52-aeec4e716b3f tempest-DeleteServersAdminTestJSON-1834573798 tempest-DeleteServersAdminTestJSON-1834573798-project] Policy check for os_compute_api:os-extended-server-attributes failed with credentials {'is_admin': False, 'user_id': 'ce5083ff1b8e45559f58d432348ff878', 'user_domain_id': 'default', 'system_scope': None, 'domain_id': None, 'project_id': '2681afc9c5dc484bbcf30df2da9dec77', 'project_domain_id': 'default', 'roles': ['reader', 'member'], 'is_admin_project': True, 'service_user_id': None, 'service_user_domain_id': None, 'service_project_id': None, 'service_project_domain_id': None, 'service_roles': []} {{(pid=130331) authorize /opt/stack/nova/nova/policy.py:199}}
Feb 14 19:01:22.703855 n-d-822053-46 devstack@n-api.service[130332]: [pid: 130332|app: 0|req: 51/108] 10.222.0.10 () {60 vars in 1223 bytes} [Mon Feb 14 19:01:22 2022] POST /compute/v2.1/flavors/1928631144/os-extra_specs => generated 66 bytes in 134 msecs (HTTP/1.1 200) 9 headers in 356 bytes (1 switches on core 0)
Feb 14 19:01:22.724421 n-d-822053-46 devstack@n-api.service[130331]: INFO nova.api.openstack.requestlog [None req-49b54afb-490c-4322-9a52-aeec4e716b3f tempest-DeleteServersAdminTestJSON-1834573798 tempest-DeleteServersAdminTestJSON-1834573798-project] 10.222.0.10 "GET /compute/v2.1/servers/b9735cfa-dc71-4617-a115-90450f117835" status: 200 len: 1320 microversion: 2.1 time: 0.889083
Feb 14 19:01:22.726357 n-d-822053-46 devstack@n-api.service[130331]: [pid: 130331|app: 0|req: 58/109] 10.222.0.10 () {58 vars in 1235 bytes} [Mon Feb 14 19:01:21 2022] GET /compute/v2.1/servers/b9735cfa-dc71-4617-a115-90450f117835 => generated 1320 bytes in 892 msecs (HTTP/1.1 200) 9 headers in 358 bytes (1 switches on core 0)
Feb 14 19:01:22.734752 n-d-822053-46 devstack@n-api.service[130332]: DEBUG nova.api.openstack.wsgi [None req-1f0ade0e-ae75-4203-bb59-ca3109c6c42c tempest-FlavorsExtraSpecsNegativeTestJSON-955782261 tempest-FlavorsExtraSpecsNegativeTestJSON-955782261-project] Action: 'update', calling method: >, body: {"hw:numa_nodes": "1"} {{(pid=130332) _process_stack /opt/stack/nova/nova/api/openstack/wsgi.py:511}}
Feb 14 19:01:22.751537 n-d-822053-46 devstack@n-api.service[130332]: /usr/local/lib/python3.8/dist-packages/oslo_policy/policy.py:1119: UserWarning: Policy "os_compute_api:os-flavor-extra-specs:update": "rule:system_admin_api" failed scope check. The token used to make the request was project scoped but the policy requires ['system'] scope. This behavior may change in the future where using the intended scope is required
Feb 14 19:01:22.751537 n-d-822053-46 devstack@n-api.service[130332]: warnings.warn(msg)
Feb 14 19:01:22.752525 n-d-822053-46 devstack@n-api.service[130332]: DEBUG nova.policy [None req-1f0ade0e-ae75-4203-bb59-ca3109c6c42c tempest-FlavorsExtraSpecsNegativeTestJSON-955782261 tempest-FlavorsExtraSpecsNegativeTestJSON-955782261-project] Policy check for os_compute_api:os-flavor-extra-specs:update failed with credentials {'is_admin': False, 'user_id': '9bbc59badb8542c1898edb2a72eb6f12', 'user_domain_id': 'default', 'system_scope': None, 'domain_id': None, 'project_id': '7efa796d4e364678a1b26f10692ab970', 'project_domain_id': 'default', 'roles': ['reader', 'member'], 'is_admin_project': True, 'service_user_id': None, 'service_user_domain_id': None, 'service_project_id': None, 'service_project_domain_id': None, 'service_roles': []} {{(pid=130332) authorize /opt/stack/nova/nova/policy.py:199}}
Feb 14 19:01:22.755458 n-d-822053-46 devstack@n-api.service[130332]: DEBUG nova.api.openstack.wsgi [None req-1f0ade0e-ae75-4203-bb59-ca3109c6c42c tempest-FlavorsExtraSpecsNegativeTestJSON-955782261 tempest-FlavorsExtraSpecsNegativeTestJSON-955782261-project] Returning 403 to user: Policy doesn't allow os_compute_api:os-flavor-extra-specs:update to be performed. {{(pid=130332) __call__ /opt/stack/nova/nova/api/openstack/wsgi.py:936}}
Feb 14 19:01:22.759227 n-d-822053-46 devstack@n-api.service[130332]: INFO nova.api.openstack.requestlog [None req-1f0ade0e-ae75-4203-bb59-ca3109c6c42c tempest-FlavorsExtraSpecsNegativeTestJSON-955782261 tempest-FlavorsExtraSpecsNegativeTestJSON-955782261-project] 10.222.0.10 "PUT /compute/v2.1/flavors/1928631144/os-extra_specs/hw:numa_nodes" status: 403 len: 124 microversion: 2.1 time: 0.040507
Feb 14 19:01:22.764315 n-d-822053-46 devstack@n-api.service[130332]: [pid: 130332|app: 0|req: 52/110] 10.222.0.10 () {60 vars in 1264 bytes} [Mon Feb 14 19:01:22 2022] PUT /compute/v2.1/flavors/1928631144/os-extra_specs/hw:numa_nodes => generated 124 bytes in 43 msecs (HTTP/1.1 403) 9 headers in 379 bytes (1 switches on core 0)
Feb 14 19:01:22.771710 n-d-822053-46 devstack@n-api.service[130331]: DEBUG nova.api.openstack.wsgi [None req-4c14aaa8-aefd-4125-9bfc-7840106fb6dd tempest-FlavorsExtraSpecsNegativeTestJSON-92344635 tempest-FlavorsExtraSpecsNegativeTestJSON-92344635-project-admin] Calling method '>' {{(pid=130331) _process_stack /opt/stack/nova/nova/api/openstack/wsgi.py:513}}
Feb 14 19:01:22.772743 n-d-822053-46 devstack@n-api.service[130331]: /usr/local/lib/python3.8/dist-packages/oslo_policy/policy.py:1119: UserWarning: Policy "os_compute_api:os-flavor-extra-specs:delete": "rule:system_admin_api" failed scope check. The token used to make the request was project scoped but the policy requires ['system'] scope. This behavior may change in the future where using the intended scope is required
Feb 14 19:01:22.772743 n-d-822053-46 devstack@n-api.service[130331]: warnings.warn(msg)
Feb 14 19:01:22.791122 n-d-822053-46 devstack@n-api.service[130331]: INFO nova.api.openstack.wsgi [None req-4c14aaa8-aefd-4125-9bfc-7840106fb6dd tempest-FlavorsExtraSpecsNegativeTestJSON-92344635 tempest-FlavorsExtraSpecsNegativeTestJSON-92344635-project-admin] HTTP exception thrown: Flavor 1928631144 has no extra specs with key hw:cpu_thread_policy.
Feb 14 19:01:22.791724 n-d-822053-46 devstack@n-api.service[130331]: DEBUG nova.api.openstack.wsgi [None req-4c14aaa8-aefd-4125-9bfc-7840106fb6dd tempest-FlavorsExtraSpecsNegativeTestJSON-92344635 tempest-FlavorsExtraSpecsNegativeTestJSON-92344635-project-admin] Returning 404 to user: Flavor 1928631144 has no extra specs with key hw:cpu_thread_policy. {{(pid=130331) __call__ /opt/stack/nova/nova/api/openstack/wsgi.py:936}}
Feb 14 19:01:22.793852 n-d-822053-46 devstack@n-api.service[130331]: INFO nova.api.openstack.requestlog [None req-4c14aaa8-aefd-4125-9bfc-7840106fb6dd tempest-FlavorsExtraSpecsNegativeTestJSON-92344635 tempest-FlavorsExtraSpecsNegativeTestJSON-92344635-project-admin] 10.222.0.10 "DELETE /compute/v2.1/flavors/1928631144/os-extra_specs/hw:cpu_thread_policy" status: 404 len: 113 microversion: 2.1 time: 0.028421
Feb 14 19:01:22.798002 n-d-822053-46 devstack@n-api.service[130331]: [pid: 130331|app: 0|req: 59/111] 10.222.0.10 () {58 vars in 1268 bytes} [Mon Feb 14 19:01:22 2022] DELETE /compute/v2.1/flavors/1928631144/os-extra_specs/hw:cpu_thread_policy => generated 113 bytes in 33 msecs (HTTP/1.1 404) 9 headers in 379 bytes (1 switches on core 0)
Feb 14 19:01:22.809796 n-d-822053-46 devstack@n-api.service[130332]: DEBUG nova.api.openstack.wsgi [None req-b5059c51-5b7c-49b0-bbf5-08f1daad766c tempest-FlavorsExtraSpecsNegativeTestJSON-92344635 tempest-FlavorsExtraSpecsNegativeTestJSON-92344635-project-admin] Action: 'update', calling method: >, body: {"hw:cpu_policy": "shared"} {{(pid=130332) _process_stack /opt/stack/nova/nova/api/openstack/wsgi.py:511}}
Feb 14 19:01:22.813847 n-d-822053-46 devstack@n-api.service[130332]: INFO nova.api.openstack.wsgi [None req-b5059c51-5b7c-49b0-bbf5-08f1daad766c tempest-FlavorsExtraSpecsNegativeTestJSON-92344635 tempest-FlavorsExtraSpecsNegativeTestJSON-92344635-project-admin] HTTP exception thrown: Request body and URI mismatch
Feb 14 19:01:22.816177 n-d-822053-46 devstack@n-api.service[130332]: DEBUG nova.api.openstack.wsgi [None req-b5059c51-5b7c-49b0-bbf5-08f1daad766c tempest-FlavorsExtraSpecsNegativeTestJSON-92344635 tempest-FlavorsExtraSpecsNegativeTestJSON-92344635-project-admin] Returning 400 to user: Request body and URI mismatch {{(pid=130332) __call__ /opt/stack/nova/nova/api/openstack/wsgi.py:936}}
Feb 14 19:01:22.817282 n-d-822053-46 devstack@n-api.service[130332]: INFO nova.api.openstack.requestlog [None req-b5059c51-5b7c-49b0-bbf5-08f1daad766c tempest-FlavorsExtraSpecsNegativeTestJSON-92344635 tempest-FlavorsExtraSpecsNegativeTestJSON-92344635-project-admin] 10.222.0.10 "PUT /compute/v2.1/flavors/1928631144/os-extra_specs/hw:numa_nodes" status: 400 len: 73 microversion: 2.1 time: 0.014825
Feb 14 19:01:22.818354 n-d-822053-46 devstack@n-api.service[130332]: [pid: 130332|app: 0|req: 53/112] 10.222.0.10 () {60 vars in 1264 bytes} [Mon Feb 14 19:01:22 2022] PUT /compute/v2.1/flavors/1928631144/os-extra_specs/hw:numa_nodes => generated 73 bytes in 16 msecs (HTTP/1.1 400) 9 headers in 380 bytes (1 switches on core 0)
Feb 14 19:01:22.837037 n-d-822053-46 devstack@n-api.service[130331]: DEBUG nova.api.openstack.wsgi [None req-f31fa5b1-c0fb-44dc-aa78-27dc5fb343e6 tempest-FlavorsExtraSpecsNegativeTestJSON-92344635 tempest-FlavorsExtraSpecsNegativeTestJSON-92344635-project-admin] Action: 'update', calling method: >, body: {"hw:numa_nodes": "1", "hw:cpu_policy": "shared"} {{(pid=130331) _process_stack /opt/stack/nova/nova/api/openstack/wsgi.py:511}}
Feb 14 19:01:22.839564 n-d-822053-46 devstack@n-api.service[130331]: DEBUG nova.api.openstack.wsgi [None req-f31fa5b1-c0fb-44dc-aa78-27dc5fb343e6 tempest-FlavorsExtraSpecsNegativeTestJSON-92344635 tempest-FlavorsExtraSpecsNegativeTestJSON-92344635-project-admin] Returning 400 to user: {'hw:numa_nodes': '1', 'hw:cpu_policy': 'shared'} has too many properties {{(pid=130331) __call__ /opt/stack/nova/nova/api/openstack/wsgi.py:936}}
Feb 14 19:01:22.844227 n-d-822053-46 devstack@n-api.service[130331]: INFO nova.api.openstack.requestlog [None req-f31fa5b1-c0fb-44dc-aa78-27dc5fb343e6 tempest-FlavorsExtraSpecsNegativeTestJSON-92344635 tempest-FlavorsExtraSpecsNegativeTestJSON-92344635-project-admin] 10.222.0.10 "PUT /compute/v2.1/flavors/1928631144/os-extra_specs/hw:numa_nodes" status: 400 len: 117 microversion: 2.1 time: 0.016377
Feb 14 19:01:22.846607 n-d-822053-46 devstack@n-api.service[130331]: [pid: 130331|app: 0|req: 60/113] 10.222.0.10 () {60 vars in 1264 bytes} [Mon Feb 14 19:01:22 2022] PUT /compute/v2.1/flavors/1928631144/os-extra_specs/hw:numa_nodes => generated 117 bytes in 22 msecs (HTTP/1.1 400) 9 headers in 381 bytes (1 switches on core 0)
Feb 14 19:01:22.859594 n-d-822053-46 devstack@n-api.service[130332]: DEBUG nova.api.openstack.wsgi [None req-420752a2-405e-423a-9ef1-ff029b75c90f tempest-FlavorsExtraSpecsNegativeTestJSON-92344635 tempest-FlavorsExtraSpecsNegativeTestJSON-92344635-project-admin] Calling method '>' {{(pid=130332) _process_stack /opt/stack/nova/nova/api/openstack/wsgi.py:513}}
Feb 14 19:01:22.860814 n-d-822053-46 devstack@n-api.service[130332]: /usr/local/lib/python3.8/dist-packages/oslo_policy/policy.py:1119: UserWarning: Policy "os_compute_api:os-flavor-manage:delete": "rule:system_admin_api" failed scope check. The token used to make the request was project scoped but the policy requires ['system'] scope. This behavior may change in the future where using the intended scope is required
Feb 14 19:01:22.860814 n-d-822053-46 devstack@n-api.service[130332]: warnings.warn(msg)
Feb 14 19:01:22.980192 n-d-822053-46 devstack@n-api.service[130332]: INFO nova.api.openstack.requestlog [None req-420752a2-405e-423a-9ef1-ff029b75c90f tempest-FlavorsExtraSpecsNegativeTestJSON-92344635 tempest-FlavorsExtraSpecsNegativeTestJSON-92344635-project-admin] 10.222.0.10 "DELETE /compute/v2.1/flavors/1928631144" status: 202 len: 0 microversion: 2.1 time: 0.127352
Feb 14 19:01:22.983801 n-d-822053-46 devstack@n-api.service[130332]: [pid: 130332|app: 0|req: 54/114] 10.222.0.10 () {58 vars in 1160 bytes} [Mon Feb 14 19:01:22 2022] DELETE /compute/v2.1/flavors/1928631144 => generated 0 bytes in 129 msecs (HTTP/1.1 202) 9 headers in 361 bytes (1 switches on core 0)
Feb 14 19:01:22.992661 n-d-822053-46 devstack@n-api.service[130331]: DEBUG nova.api.openstack.wsgi [None req-3410cddf-b54b-4d0c-ac9a-414316b8c07d tempest-FlavorsExtraSpecsNegativeTestJSON-92344635 tempest-FlavorsExtraSpecsNegativeTestJSON-92344635-project-admin] Calling method '>' {{(pid=130331) _process_stack /opt/stack/nova/nova/api/openstack/wsgi.py:513}}
Feb 14 19:01:23.048130 n-d-822053-46 devstack@n-api.service[130331]: INFO nova.api.openstack.requestlog [None req-3410cddf-b54b-4d0c-ac9a-414316b8c07d tempest-FlavorsExtraSpecsNegativeTestJSON-92344635 tempest-FlavorsExtraSpecsNegativeTestJSON-92344635-project-admin] 10.222.0.10 "GET /compute/v2.1/flavors/detail" status: 200 len: 4991 microversion: 2.1 time: 0.061750
Feb 14 19:01:23.050093 n-d-822053-46 devstack@n-api.service[130331]: [pid: 130331|app: 0|req: 61/115] 10.222.0.10 () {58 vars in 1145 bytes} [Mon Feb 14 19:01:22 2022] GET /compute/v2.1/flavors/detail => generated 4991 bytes in 65 msecs (HTTP/1.1 200) 9 headers in 358 bytes (1 switches on core 0)
Feb 14 19:01:23.415037 n-d-822053-46 devstack@n-api.service[130332]: DEBUG nova.api.openstack.wsgi [None req-fcd7c6db-ae26-452b-9c44-ffdc8b34514e tempest-AggregatesAdminTestJSON-1098359541 tempest-AggregatesAdminTestJSON-1098359541-project] Calling method '>' {{(pid=130332) _process_stack /opt/stack/nova/nova/api/openstack/wsgi.py:513}}
Feb 14 19:01:23.415722 n-d-822053-46 devstack@n-api.service[130332]: DEBUG nova.compute.api [None req-fcd7c6db-ae26-452b-9c44-ffdc8b34514e tempest-AggregatesAdminTestJSON-1098359541 tempest-AggregatesAdminTestJSON-1098359541-project] [instance: 64dd7ff4-1108-4301-8b3c-1d260f57c73f] Fetching instance by UUID {{(pid=130332) get /opt/stack/nova/nova/compute/api.py:2885}}
Feb 14 19:01:23.424868 n-d-822053-46 devstack@n-api.service[130332]: DEBUG oslo_concurrency.lockutils [None req-fcd7c6db-ae26-452b-9c44-ffdc8b34514e tempest-AggregatesAdminTestJSON-1098359541 tempest-AggregatesAdminTestJSON-1098359541-project] Lock "88142ac9-2aa0-4ad7-9729-2428914df86a" acquired by "nova.context.set_target_cell..get_or_set_cached_cell_and_set_connections" :: waited 0.000s {{(pid=130332) inner /usr/local/lib/python3.8/dist-packages/oslo_concurrency/lockutils.py:386}}
Feb 14 19:01:23.431516 n-d-822053-46 devstack@n-api.service[130332]: DEBUG oslo_concurrency.lockutils [None req-fcd7c6db-ae26-452b-9c44-ffdc8b34514e tempest-AggregatesAdminTestJSON-1098359541 tempest-AggregatesAdminTestJSON-1098359541-project] Lock "88142ac9-2aa0-4ad7-9729-2428914df86a" "released" by "nova.context.set_target_cell..get_or_set_cached_cell_and_set_connections" :: held 0.001s {{(pid=130332) inner /usr/local/lib/python3.8/dist-packages/oslo_concurrency/lockutils.py:400}}
Feb 14 19:01:23.433046 n-d-822053-46 devstack@n-api.service[130332]: DEBUG oslo_concurrency.lockutils [None req-fcd7c6db-ae26-452b-9c44-ffdc8b34514e tempest-AggregatesAdminTestJSON-1098359541 tempest-AggregatesAdminTestJSON-1098359541-project] Lock "88142ac9-2aa0-4ad7-9729-2428914df86a" acquired by "nova.context.set_target_cell..get_or_set_cached_cell_and_set_connections" :: waited 0.000s {{(pid=130332) inner /usr/local/lib/python3.8/dist-packages/oslo_concurrency/lockutils.py:386}}
Feb 14 19:01:23.435837 n-d-822053-46 devstack@n-api.service[130332]: DEBUG oslo_concurrency.lockutils [None req-fcd7c6db-ae26-452b-9c44-ffdc8b34514e tempest-AggregatesAdminTestJSON-1098359541 tempest-AggregatesAdminTestJSON-1098359541-project] Lock "88142ac9-2aa0-4ad7-9729-2428914df86a" "released" by "nova.context.set_target_cell..get_or_set_cached_cell_and_set_connections" :: held 0.003s {{(pid=130332) inner /usr/local/lib/python3.8/dist-packages/oslo_concurrency/lockutils.py:400}}
Feb 14 19:01:23.745457 n-d-822053-46 devstack@n-api.service[130331]: DEBUG nova.api.openstack.wsgi [None req-0799d87a-d6fc-4c9c-b1d0-e0272dfb3403 tempest-DeleteServersAdminTestJSON-1834573798 tempest-DeleteServersAdminTestJSON-1834573798-project] Calling method '>' {{(pid=130331) _process_stack /opt/stack/nova/nova/api/openstack/wsgi.py:513}}
Feb 14 19:01:23.746177 n-d-822053-46 devstack@n-api.service[130331]: DEBUG nova.compute.api [None req-0799d87a-d6fc-4c9c-b1d0-e0272dfb3403 tempest-DeleteServersAdminTestJSON-1834573798 tempest-DeleteServersAdminTestJSON-1834573798-project] [instance: b9735cfa-dc71-4617-a115-90450f117835] Fetching instance by UUID {{(pid=130331) get /opt/stack/nova/nova/compute/api.py:2885}}
