Feb 11 20:51:53.961107 n-d-822053-44 devstack@placement-api.service[110725]: DEBUG placement.requestlog [req-e4d1e51a-a01f-4e9a-ae6e-004b34124ad6 req-3e2f2574-3575-478e-9b0e-ae80458adcda None None] Starting request: 10.222.0.32 "GET /placement/resource_providers/36ec46cb-10dc-4596-86ca-239977a01682/aggregates" {{(pid=110725) __call__ /opt/stack/placement/placement/requestlog.py:55}}
Feb 11 20:51:53.985794 n-d-822053-44 devstack@placement-api.service[110725]: INFO placement.requestlog [req-e4d1e51a-a01f-4e9a-ae6e-004b34124ad6 req-3e2f2574-3575-478e-9b0e-ae80458adcda service placement] 10.222.0.32 "GET /placement/resource_providers/36ec46cb-10dc-4596-86ca-239977a01682/aggregates" status: 200 len: 53 microversion: 1.19
Feb 11 20:51:53.986880 n-d-822053-44 devstack@placement-api.service[110725]: [pid: 110725|app: 0|req: 31/59] 10.222.0.32 () {60 vars in 1425 bytes} [Fri Feb 11 20:51:53 2022] GET /placement/resource_providers/36ec46cb-10dc-4596-86ca-239977a01682/aggregates => generated 53 bytes in 26 msecs (HTTP/1.1 200) 8 headers in 295 bytes (1 switches on core 0)
Feb 11 20:51:53.993782 n-d-822053-44 devstack@placement-api.service[110726]: DEBUG placement.requestlog [req-e4d1e51a-a01f-4e9a-ae6e-004b34124ad6 req-c2b33d65-6e1d-4d97-9900-b34968285a5d None None] Starting request: 10.222.0.32 "PUT /placement/resource_providers/36ec46cb-10dc-4596-86ca-239977a01682/aggregates" {{(pid=110726) __call__ /opt/stack/placement/placement/requestlog.py:55}}
Feb 11 20:51:54.019916 n-d-822053-44 devstack@placement-api.service[110726]: DEBUG placement.objects.resource_provider [req-e4d1e51a-a01f-4e9a-ae6e-004b34124ad6 req-c2b33d65-6e1d-4d97-9900-b34968285a5d service placement] _ensure_aggregate() did not find aggregate 980fc46a-3791-4356-8367-681078162995. Attempting to create it. {{(pid=110726) _ensure_aggregate /opt/stack/placement/placement/objects/resource_provider.py:320}}
Feb 11 20:51:54.022101 n-d-822053-44 devstack@placement-api.service[110726]: DEBUG placement.objects.resource_provider [req-e4d1e51a-a01f-4e9a-ae6e-004b34124ad6 req-c2b33d65-6e1d-4d97-9900-b34968285a5d service placement] _ensure_aggregate() created new aggregate 980fc46a-3791-4356-8367-681078162995 (id=3). {{(pid=110726) _ensure_aggregate /opt/stack/placement/placement/objects/resource_provider.py:326}}
Feb 11 20:51:54.024905 n-d-822053-44 devstack@placement-api.service[110726]: DEBUG placement.objects.resource_provider [req-e4d1e51a-a01f-4e9a-ae6e-004b34124ad6 req-c2b33d65-6e1d-4d97-9900-b34968285a5d service placement] Setting aggregates for provider 36ec46cb-10dc-4596-86ca-239977a01682. Successfully associated aggregate 980fc46a-3791-4356-8367-681078162995. {{(pid=110726) _set_aggregates /opt/stack/placement/placement/objects/resource_provider.py:388}}
Feb 11 20:51:54.103908 n-d-822053-44 devstack@placement-api.service[110726]: INFO placement.requestlog [req-e4d1e51a-a01f-4e9a-ae6e-004b34124ad6 req-c2b33d65-6e1d-4d97-9900-b34968285a5d service placement] 10.222.0.32 "PUT /placement/resource_providers/36ec46cb-10dc-4596-86ca-239977a01682/aggregates" status: 200 len: 92 microversion: 1.19
Feb 11 20:51:54.104349 n-d-822053-44 devstack@placement-api.service[110726]: [pid: 110726|app: 0|req: 29/60] 10.222.0.32 () {64 vars in 1477 bytes} [Fri Feb 11 20:51:53 2022] PUT /placement/resource_providers/36ec46cb-10dc-4596-86ca-239977a01682/aggregates => generated 92 bytes in 111 msecs (HTTP/1.1 200) 8 headers in 295 bytes (1 switches on core 0)
Feb 11 20:51:54.228560 n-d-822053-44 devstack@placement-api.service[110725]: DEBUG placement.requestlog [req-6455bded-d870-4366-9de7-3251980fd82a req-f19aca86-c68b-4090-b4f8-a79df353bcb5 None None] Starting request: 10.222.0.32 "GET /placement/resource_providers?name=n-h1-822053-44" {{(pid=110725) __call__ /opt/stack/placement/placement/requestlog.py:55}}
Feb 11 20:51:54.248673 n-d-822053-44 devstack@placement-api.service[110725]: INFO placement.requestlog [req-6455bded-d870-4366-9de7-3251980fd82a req-f19aca86-c68b-4090-b4f8-a79df353bcb5 service placement] 10.222.0.32 "GET /placement/resource_providers?name=n-h1-822053-44" status: 200 len: 442 microversion: 1.0
Feb 11 20:51:54.256212 n-d-822053-44 devstack@placement-api.service[110725]: [pid: 110725|app: 0|req: 32/61] 10.222.0.32 () {58 vars in 1276 bytes} [Fri Feb 11 20:51:54 2022] GET /placement/resource_providers?name=n-h1-822053-44 => generated 442 bytes in 23 msecs (HTTP/1.1 200) 6 headers in 224 bytes (2 switches on core 0)
Feb 11 20:51:54.257064 n-d-822053-44 devstack@placement-api.service[110726]: DEBUG placement.requestlog [req-6455bded-d870-4366-9de7-3251980fd82a req-781ccfe8-aeff-4dfc-84e1-c45a6b15b3eb None None] Starting request: 10.222.0.32 "GET /placement/resource_providers/36ec46cb-10dc-4596-86ca-239977a01682/aggregates" {{(pid=110726) __call__ /opt/stack/placement/placement/requestlog.py:55}}
Feb 11 20:51:54.301550 n-d-822053-44 devstack@placement-api.service[110726]: INFO placement.requestlog [req-6455bded-d870-4366-9de7-3251980fd82a req-781ccfe8-aeff-4dfc-84e1-c45a6b15b3eb service placement] 10.222.0.32 "GET /placement/resource_providers/36ec46cb-10dc-4596-86ca-239977a01682/aggregates" status: 200 len: 92 microversion: 1.19
Feb 11 20:51:54.304020 n-d-822053-44 devstack@placement-api.service[110726]: [pid: 110726|app: 0|req: 30/62] 10.222.0.32 () {60 vars in 1425 bytes} [Fri Feb 11 20:51:54 2022] GET /placement/resource_providers/36ec46cb-10dc-4596-86ca-239977a01682/aggregates => generated 92 bytes in 48 msecs (HTTP/1.1 200) 8 headers in 295 bytes (1 switches on core 0)
Feb 11 20:51:54.313139 n-d-822053-44 devstack@placement-api.service[110725]: DEBUG placement.requestlog [req-6455bded-d870-4366-9de7-3251980fd82a req-a7286e86-b7a5-40de-b9e1-cd3acf0de0de None None] Starting request: 10.222.0.32 "PUT /placement/resource_providers/36ec46cb-10dc-4596-86ca-239977a01682/aggregates" {{(pid=110725) __call__ /opt/stack/placement/placement/requestlog.py:55}}
Feb 11 20:51:54.350878 n-d-822053-44 devstack@placement-api.service[110725]: DEBUG placement.objects.resource_provider [req-6455bded-d870-4366-9de7-3251980fd82a req-a7286e86-b7a5-40de-b9e1-cd3acf0de0de service placement] Setting aggregates for provider 36ec46cb-10dc-4596-86ca-239977a01682. Successfully disassociated aggregate 980fc46a-3791-4356-8367-681078162995. {{(pid=110725) _set_aggregates /opt/stack/placement/placement/objects/resource_provider.py:403}}
Feb 11 20:51:54.451633 n-d-822053-44 devstack@placement-api.service[110725]: INFO placement.requestlog [req-6455bded-d870-4366-9de7-3251980fd82a req-a7286e86-b7a5-40de-b9e1-cd3acf0de0de service placement] 10.222.0.32 "PUT /placement/resource_providers/36ec46cb-10dc-4596-86ca-239977a01682/aggregates" status: 200 len: 54 microversion: 1.19
Feb 11 20:51:54.452371 n-d-822053-44 devstack@placement-api.service[110725]: [pid: 110725|app: 0|req: 33/63] 10.222.0.32 () {64 vars in 1477 bytes} [Fri Feb 11 20:51:54 2022] PUT /placement/resource_providers/36ec46cb-10dc-4596-86ca-239977a01682/aggregates => generated 54 bytes in 140 msecs (HTTP/1.1 200) 8 headers in 295 bytes (1 switches on core 0)
Feb 11 20:51:55.404623 n-d-822053-44 devstack@placement-api.service[110726]: DEBUG placement.requestlog [req-62a9d265-5823-432d-9082-f3b7194c71f0 req-c17f6c81-8913-40c5-b5de-ada69bf32238 None None] Starting request: 10.222.0.32 "GET /placement/resource_providers?name=n-h1-822053-44" {{(pid=110726) __call__ /opt/stack/placement/placement/requestlog.py:55}}
Feb 11 20:51:55.419012 n-d-822053-44 devstack@placement-api.service[110726]: INFO placement.requestlog [req-62a9d265-5823-432d-9082-f3b7194c71f0 req-c17f6c81-8913-40c5-b5de-ada69bf32238 service placement] 10.222.0.32 "GET /placement/resource_providers?name=n-h1-822053-44" status: 200 len: 442 microversion: 1.0
Feb 11 20:51:55.419448 n-d-822053-44 devstack@placement-api.service[110726]: [pid: 110726|app: 0|req: 31/64] 10.222.0.32 () {58 vars in 1276 bytes} [Fri Feb 11 20:51:55 2022] GET /placement/resource_providers?name=n-h1-822053-44 => generated 442 bytes in 15 msecs (HTTP/1.1 200) 6 headers in 224 bytes (1 switches on core 0)
Feb 11 20:51:55.426840 n-d-822053-44 devstack@placement-api.service[110725]: DEBUG placement.requestlog [req-62a9d265-5823-432d-9082-f3b7194c71f0 req-2f4aa78b-80f8-46ea-a487-8c99dae0ae68 None None] Starting request: 10.222.0.32 "GET /placement/resource_providers/36ec46cb-10dc-4596-86ca-239977a01682/aggregates" {{(pid=110725) __call__ /opt/stack/placement/placement/requestlog.py:55}}
Feb 11 20:51:55.439987 n-d-822053-44 devstack@placement-api.service[110725]: INFO placement.requestlog [req-62a9d265-5823-432d-9082-f3b7194c71f0 req-2f4aa78b-80f8-46ea-a487-8c99dae0ae68 service placement] 10.222.0.32 "GET /placement/resource_providers/36ec46cb-10dc-4596-86ca-239977a01682/aggregates" status: 200 len: 54 microversion: 1.19
Feb 11 20:51:55.440341 n-d-822053-44 devstack@placement-api.service[110725]: [pid: 110725|app: 0|req: 34/65] 10.222.0.32 () {60 vars in 1425 bytes} [Fri Feb 11 20:51:55 2022] GET /placement/resource_providers/36ec46cb-10dc-4596-86ca-239977a01682/aggregates => generated 54 bytes in 14 msecs (HTTP/1.1 200) 8 headers in 295 bytes (1 switches on core 0)
Feb 11 20:51:55.447546 n-d-822053-44 devstack@placement-api.service[110726]: DEBUG placement.requestlog [req-62a9d265-5823-432d-9082-f3b7194c71f0 req-4ac8f2d7-ced4-4a34-8ca2-98d6f29ae380 None None] Starting request: 10.222.0.32 "PUT /placement/resource_providers/36ec46cb-10dc-4596-86ca-239977a01682/aggregates" {{(pid=110726) __call__ /opt/stack/placement/placement/requestlog.py:55}}
Feb 11 20:51:55.468029 n-d-822053-44 devstack@placement-api.service[110726]: DEBUG placement.objects.resource_provider [req-62a9d265-5823-432d-9082-f3b7194c71f0 req-4ac8f2d7-ced4-4a34-8ca2-98d6f29ae380 service placement] _ensure_aggregate() did not find aggregate 6a2db5bc-56a3-412e-9e99-7a082ee9da45. Attempting to create it. {{(pid=110726) _ensure_aggregate /opt/stack/placement/placement/objects/resource_provider.py:320}}
Feb 11 20:51:55.469864 n-d-822053-44 devstack@placement-api.service[110726]: DEBUG placement.objects.resource_provider [req-62a9d265-5823-432d-9082-f3b7194c71f0 req-4ac8f2d7-ced4-4a34-8ca2-98d6f29ae380 service placement] _ensure_aggregate() created new aggregate 6a2db5bc-56a3-412e-9e99-7a082ee9da45 (id=4). {{(pid=110726) _ensure_aggregate /opt/stack/placement/placement/objects/resource_provider.py:326}}
Feb 11 20:51:55.471150 n-d-822053-44 devstack@placement-api.service[110726]: DEBUG placement.objects.resource_provider [req-62a9d265-5823-432d-9082-f3b7194c71f0 req-4ac8f2d7-ced4-4a34-8ca2-98d6f29ae380 service placement] Setting aggregates for provider 36ec46cb-10dc-4596-86ca-239977a01682. Successfully associated aggregate 6a2db5bc-56a3-412e-9e99-7a082ee9da45. {{(pid=110726) _set_aggregates /opt/stack/placement/placement/objects/resource_provider.py:388}}
Feb 11 20:51:55.577599 n-d-822053-44 devstack@placement-api.service[110726]: INFO placement.requestlog [req-62a9d265-5823-432d-9082-f3b7194c71f0 req-4ac8f2d7-ced4-4a34-8ca2-98d6f29ae380 service placement] 10.222.0.32 "PUT /placement/resource_providers/36ec46cb-10dc-4596-86ca-239977a01682/aggregates" status: 200 len: 92 microversion: 1.19
Feb 11 20:51:55.578509 n-d-822053-44 devstack@placement-api.service[110726]: [pid: 110726|app: 0|req: 32/66] 10.222.0.32 () {64 vars in 1477 bytes} [Fri Feb 11 20:51:55 2022] PUT /placement/resource_providers/36ec46cb-10dc-4596-86ca-239977a01682/aggregates => generated 92 bytes in 131 msecs (HTTP/1.1 200) 8 headers in 295 bytes (2 switches on core 0)
Feb 11 20:51:56.122657 n-d-822053-44 devstack@placement-api.service[110725]: DEBUG placement.requestlog [req-99e23a7e-d6cd-482a-a8fa-f76f84e1e4b5 req-0aee92b5-6d80-49a3-8887-b361d42aaa03 None None] Starting request: 10.222.0.32 "GET /placement/resource_providers?name=n-h1-822053-44" {{(pid=110725) __call__ /opt/stack/placement/placement/requestlog.py:55}}
Feb 11 20:51:56.143766 n-d-822053-44 devstack@placement-api.service[110725]: INFO placement.requestlog [req-99e23a7e-d6cd-482a-a8fa-f76f84e1e4b5 req-0aee92b5-6d80-49a3-8887-b361d42aaa03 service placement] 10.222.0.32 "GET /placement/resource_providers?name=n-h1-822053-44" status: 200 len: 442 microversion: 1.0
Feb 11 20:51:56.144686 n-d-822053-44 devstack@placement-api.service[110725]: [pid: 110725|app: 0|req: 35/67] 10.222.0.32 () {58 vars in 1276 bytes} [Fri Feb 11 20:51:56 2022] GET /placement/resource_providers?name=n-h1-822053-44 => generated 442 bytes in 22 msecs (HTTP/1.1 200) 6 headers in 224 bytes (1 switches on core 0)
Feb 11 20:51:56.155059 n-d-822053-44 devstack@placement-api.service[110726]: DEBUG placement.requestlog [req-99e23a7e-d6cd-482a-a8fa-f76f84e1e4b5 req-6550ce1a-d8cd-4e52-90cf-c18cff119197 None None] Starting request: 10.222.0.32 "GET /placement/resource_providers/36ec46cb-10dc-4596-86ca-239977a01682/aggregates" {{(pid=110726) __call__ /opt/stack/placement/placement/requestlog.py:55}}
Feb 11 20:51:56.184856 n-d-822053-44 devstack@placement-api.service[110726]: INFO placement.requestlog [req-99e23a7e-d6cd-482a-a8fa-f76f84e1e4b5 req-6550ce1a-d8cd-4e52-90cf-c18cff119197 service placement] 10.222.0.32 "GET /placement/resource_providers/36ec46cb-10dc-4596-86ca-239977a01682/aggregates" status: 200 len: 92 microversion: 1.19
Feb 11 20:51:56.185567 n-d-822053-44 devstack@placement-api.service[110726]: [pid: 110726|app: 0|req: 33/68] 10.222.0.32 () {60 vars in 1425 bytes} [Fri Feb 11 20:51:56 2022] GET /placement/resource_providers/36ec46cb-10dc-4596-86ca-239977a01682/aggregates => generated 92 bytes in 31 msecs (HTTP/1.1 200) 8 headers in 295 bytes (1 switches on core 0)
Feb 11 20:51:56.205433 n-d-822053-44 devstack@placement-api.service[110725]: DEBUG placement.requestlog [req-99e23a7e-d6cd-482a-a8fa-f76f84e1e4b5 req-43138835-66f2-42e9-9342-9b2512427f91 None None] Starting request: 10.222.0.32 "PUT /placement/resource_providers/36ec46cb-10dc-4596-86ca-239977a01682/aggregates" {{(pid=110725) __call__ /opt/stack/placement/placement/requestlog.py:55}}
Feb 11 20:51:56.235461 n-d-822053-44 devstack@placement-api.service[110725]: DEBUG placement.objects.resource_provider [req-99e23a7e-d6cd-482a-a8fa-f76f84e1e4b5 req-43138835-66f2-42e9-9342-9b2512427f91 service placement] Setting aggregates for provider 36ec46cb-10dc-4596-86ca-239977a01682. Successfully disassociated aggregate 6a2db5bc-56a3-412e-9e99-7a082ee9da45. {{(pid=110725) _set_aggregates /opt/stack/placement/placement/objects/resource_provider.py:403}}
Feb 11 20:51:56.327701 n-d-822053-44 devstack@placement-api.service[110725]: INFO placement.requestlog [req-99e23a7e-d6cd-482a-a8fa-f76f84e1e4b5 req-43138835-66f2-42e9-9342-9b2512427f91 service placement] 10.222.0.32 "PUT /placement/resource_providers/36ec46cb-10dc-4596-86ca-239977a01682/aggregates" status: 200 len: 54 microversion: 1.19
Feb 11 20:51:56.327701 n-d-822053-44 devstack@placement-api.service[110725]: [pid: 110725|app: 0|req: 36/69] 10.222.0.32 () {64 vars in 1477 bytes} [Fri Feb 11 20:51:56 2022] PUT /placement/resource_providers/36ec46cb-10dc-4596-86ca-239977a01682/aggregates => generated 54 bytes in 119 msecs (HTTP/1.1 200) 8 headers in 295 bytes (1 switches on core 0)
Feb 11 20:51:56.819904 n-d-822053-44 devstack@placement-api.service[110726]: DEBUG placement.requestlog [req-8c350207-a890-492e-9295-d542af3c3310 req-742eb709-99a3-41b6-959d-de334c2df731 None None] Starting request: 10.222.0.32 "GET /placement/allocation_candidates?limit=1000&resources=DISK_GB%3A1%2CMEMORY_MB%3A1024%2CVCPU%3A1&root_required=%21COMPUTE_STATUS_DISABLED" {{(pid=110726) __call__ /opt/stack/placement/placement/requestlog.py:55}}
Feb 11 20:51:56.852711 n-d-822053-44 devstack@placement-api.service[110726]: DEBUG placement.objects.research_context [req-8c350207-a890-492e-9295-d542af3c3310 req-742eb709-99a3-41b6-959d-de334c2df731 service placement] getting providers with 1 DISK_GB {{(pid=110726) __init__ /opt/stack/placement/placement/objects/research_context.py:126}}
Feb 11 20:51:56.859225 n-d-822053-44 devstack@placement-api.service[110726]: DEBUG placement.objects.research_context [req-8c350207-a890-492e-9295-d542af3c3310 req-742eb709-99a3-41b6-959d-de334c2df731 service placement] getting providers with 1024 MEMORY_MB {{(pid=110726) __init__ /opt/stack/placement/placement/objects/research_context.py:126}}
Feb 11 20:51:56.864536 n-d-822053-44 devstack@placement-api.service[110726]: DEBUG placement.objects.research_context [req-8c350207-a890-492e-9295-d542af3c3310 req-742eb709-99a3-41b6-959d-de334c2df731 service placement] getting providers with 1 VCPU {{(pid=110726) __init__ /opt/stack/placement/placement/objects/research_context.py:126}}
Feb 11 20:51:56.870712 n-d-822053-44 devstack@placement-api.service[110726]: DEBUG placement.objects.research_context [req-8c350207-a890-492e-9295-d542af3c3310 req-742eb709-99a3-41b6-959d-de334c2df731 service placement] found 2 providers with available 1 DISK_GB {{(pid=110726) get_provider_ids_matching /opt/stack/placement/placement/objects/research_context.py:549}}
Feb 11 20:51:56.871025 n-d-822053-44 devstack@placement-api.service[110726]: DEBUG placement.objects.research_context [req-8c350207-a890-492e-9295-d542af3c3310 req-742eb709-99a3-41b6-959d-de334c2df731 service placement] found 2 providers with available 1024 MEMORY_MB {{(pid=110726) get_provider_ids_matching /opt/stack/placement/placement/objects/research_context.py:549}}
Feb 11 20:51:56.871295 n-d-822053-44 devstack@placement-api.service[110726]: DEBUG placement.objects.research_context [req-8c350207-a890-492e-9295-d542af3c3310 req-742eb709-99a3-41b6-959d-de334c2df731 service placement] found 2 providers after filtering by previous result {{(pid=110726) get_provider_ids_matching /opt/stack/placement/placement/objects/research_context.py:580}}
Feb 11 20:51:56.871633 n-d-822053-44 devstack@placement-api.service[110726]: DEBUG placement.objects.research_context [req-8c350207-a890-492e-9295-d542af3c3310 req-742eb709-99a3-41b6-959d-de334c2df731 service placement] found 2 providers with available 1 VCPU {{(pid=110726) get_provider_ids_matching /opt/stack/placement/placement/objects/research_context.py:549}}
Feb 11 20:51:56.871835 n-d-822053-44 devstack@placement-api.service[110726]: DEBUG placement.objects.research_context [req-8c350207-a890-492e-9295-d542af3c3310 req-742eb709-99a3-41b6-959d-de334c2df731 service placement] found 2 providers after filtering by previous result {{(pid=110726) get_provider_ids_matching /opt/stack/placement/placement/objects/research_context.py:580}}
Feb 11 20:51:56.884707 n-d-822053-44 devstack@placement-api.service[110726]: DEBUG placement.objects.allocation_candidate [req-8c350207-a890-492e-9295-d542af3c3310 req-742eb709-99a3-41b6-959d-de334c2df731 service placement] RequestGroup(use_same_provider=False, resources={DISK_GB:1, MEMORY_MB:1024, VCPU:1}, traits=[], aggregates=[]) (suffix '') returned 2 matches {{(pid=110726) _get_by_requests /opt/stack/placement/placement/objects/allocation_candidate.py:145}}
Feb 11 20:51:56.885074 n-d-822053-44 devstack@placement-api.service[110726]: DEBUG placement.objects.allocation_candidate [req-8c350207-a890-492e-9295-d542af3c3310 req-742eb709-99a3-41b6-959d-de334c2df731 service placement] Merging candidates yields 2 allocation requests and 2 provider summaries {{(pid=110726) _merge_candidates /opt/stack/placement/placement/objects/allocation_candidate.py:783}}
Feb 11 20:51:56.886603 n-d-822053-44 devstack@placement-api.service[110726]: INFO placement.requestlog [req-8c350207-a890-492e-9295-d542af3c3310 req-742eb709-99a3-41b6-959d-de334c2df731 service placement] 10.222.0.32 "GET /placement/allocation_candidates?limit=1000&resources=DISK_GB%3A1%2CMEMORY_MB%3A1024%2CVCPU%3A1&root_required=%21COMPUTE_STATUS_DISABLED" status: 200 len: 1309 microversion: 1.36
Feb 11 20:51:56.886987 n-d-822053-44 devstack@placement-api.service[110726]: [pid: 110726|app: 0|req: 34/70] 10.222.0.32 () {60 vars in 1506 bytes} [Fri Feb 11 20:51:56 2022] GET /placement/allocation_candidates?limit=1000&resources=DISK_GB%3A1%2CMEMORY_MB%3A1024%2CVCPU%3A1&root_required=%21COMPUTE_STATUS_DISABLED => generated 1309 bytes in 67 msecs (HTTP/1.1 200) 8 headers in 297 bytes (1 switches on core 0)
Feb 11 20:51:56.947518 n-d-822053-44 devstack@placement-api.service[110725]: DEBUG placement.requestlog [req-8c350207-a890-492e-9295-d542af3c3310 req-35fb9c76-94c8-46c9-9e36-fe4ce961f1f4 None None] Starting request: 10.222.0.32 "GET /placement/allocations/b0dd0fc2-1e37-4fa5-9a25-80ee71e58419" {{(pid=110725) __call__ /opt/stack/placement/placement/requestlog.py:55}}
Feb 11 20:51:56.958757 n-d-822053-44 devstack@placement-api.service[110725]: INFO placement.requestlog [req-8c350207-a890-492e-9295-d542af3c3310 req-35fb9c76-94c8-46c9-9e36-fe4ce961f1f4 service placement] 10.222.0.32 "GET /placement/allocations/b0dd0fc2-1e37-4fa5-9a25-80ee71e58419" status: 200 len: 19 microversion: 1.28
Feb 11 20:51:56.959192 n-d-822053-44 devstack@placement-api.service[110725]: [pid: 110725|app: 0|req: 37/71] 10.222.0.32 () {60 vars in 1380 bytes} [Fri Feb 11 20:51:56 2022] GET /placement/allocations/b0dd0fc2-1e37-4fa5-9a25-80ee71e58419 => generated 19 bytes in 12 msecs (HTTP/1.1 200) 8 headers in 295 bytes (1 switches on core 0)
Feb 11 20:51:56.965850 n-d-822053-44 devstack@placement-api.service[110726]: DEBUG placement.requestlog [req-8c350207-a890-492e-9295-d542af3c3310 req-bc5b92d9-84f4-4dc3-9954-5ad6736d37b8 None None] Starting request: 10.222.0.32 "PUT /placement/allocations/b0dd0fc2-1e37-4fa5-9a25-80ee71e58419" {{(pid=110726) __call__ /opt/stack/placement/placement/requestlog.py:55}}
Feb 11 20:51:57.279968 n-d-822053-44 devstack@placement-api.service[110726]: DEBUG placement.handlers.allocation [req-8c350207-a890-492e-9295-d542af3c3310 req-bc5b92d9-84f4-4dc3-9954-5ad6736d37b8 service placement] Successfully wrote allocations [, , ] {{(pid=110726) _update_consumers_and_create_allocations /opt/stack/placement/placement/handlers/allocation.py:462}}
Feb 11 20:51:57.354508 n-d-822053-44 devstack@placement-api.service[110726]: INFO placement.requestlog [req-8c350207-a890-492e-9295-d542af3c3310 req-bc5b92d9-84f4-4dc3-9954-5ad6736d37b8 service placement] 10.222.0.32 "PUT /placement/allocations/b0dd0fc2-1e37-4fa5-9a25-80ee71e58419" status: 204 len: 0 microversion: 1.36
Feb 11 20:51:57.355581 n-d-822053-44 devstack@placement-api.service[110726]: [pid: 110726|app: 0|req: 35/72] 10.222.0.32 () {64 vars in 1433 bytes} [Fri Feb 11 20:51:56 2022] PUT /placement/allocations/b0dd0fc2-1e37-4fa5-9a25-80ee71e58419 => generated 0 bytes in 390 msecs (HTTP/1.1 204) 5 headers in 199 bytes (1 switches on core 0)
Feb 11 20:51:57.560063 n-d-822053-44 devstack@placement-api.service[110725]: DEBUG placement.requestlog [req-3382f81b-4622-4ece-baa2-66e44d30cde4 req-9a81c6fe-fbfa-466e-a68a-803d70e0e89e None None] Starting request: 10.222.0.32 "GET /placement/resource_providers?name=n-h1-822053-44" {{(pid=110725) __call__ /opt/stack/placement/placement/requestlog.py:55}}
Feb 11 20:51:57.576330 n-d-822053-44 devstack@placement-api.service[110725]: INFO placement.requestlog [req-3382f81b-4622-4ece-baa2-66e44d30cde4 req-9a81c6fe-fbfa-466e-a68a-803d70e0e89e service placement] 10.222.0.32 "GET /placement/resource_providers?name=n-h1-822053-44" status: 200 len: 442 microversion: 1.0
Feb 11 20:51:57.577058 n-d-822053-44 devstack@placement-api.service[110725]: [pid: 110725|app: 0|req: 38/73] 10.222.0.32 () {58 vars in 1276 bytes} [Fri Feb 11 20:51:57 2022] GET /placement/resource_providers?name=n-h1-822053-44 => generated 442 bytes in 19 msecs (HTTP/1.1 200) 6 headers in 224 bytes (1 switches on core 0)
Feb 11 20:51:57.583140 n-d-822053-44 devstack@placement-api.service[110726]: DEBUG placement.requestlog [req-3382f81b-4622-4ece-baa2-66e44d30cde4 req-d0d08393-c1b4-41bd-a6e9-71fa6dbaf24a None None] Starting request: 10.222.0.32 "GET /placement/resource_providers/36ec46cb-10dc-4596-86ca-239977a01682/aggregates" {{(pid=110726) __call__ /opt/stack/placement/placement/requestlog.py:55}}
Feb 11 20:51:57.601516 n-d-822053-44 devstack@placement-api.service[110726]: INFO placement.requestlog [req-3382f81b-4622-4ece-baa2-66e44d30cde4 req-d0d08393-c1b4-41bd-a6e9-71fa6dbaf24a service placement] 10.222.0.32 "GET /placement/resource_providers/36ec46cb-10dc-4596-86ca-239977a01682/aggregates" status: 200 len: 54 microversion: 1.19
Feb 11 20:51:57.608045 n-d-822053-44 devstack@placement-api.service[110726]: [pid: 110726|app: 0|req: 36/74] 10.222.0.32 () {60 vars in 1425 bytes} [Fri Feb 11 20:51:57 2022] GET /placement/resource_providers/36ec46cb-10dc-4596-86ca-239977a01682/aggregates => generated 54 bytes in 25 msecs (HTTP/1.1 200) 8 headers in 295 bytes (1 switches on core 0)
Feb 11 20:51:57.608897 n-d-822053-44 devstack@placement-api.service[110725]: DEBUG placement.requestlog [req-3382f81b-4622-4ece-baa2-66e44d30cde4 req-37756717-1928-46d5-92f7-67004bd2f966 None None] Starting request: 10.222.0.32 "PUT /placement/resource_providers/36ec46cb-10dc-4596-86ca-239977a01682/aggregates" {{(pid=110725) __call__ /opt/stack/placement/placement/requestlog.py:55}}
Feb 11 20:51:57.627579 n-d-822053-44 devstack@placement-api.service[110725]: DEBUG placement.objects.resource_provider [req-3382f81b-4622-4ece-baa2-66e44d30cde4 req-37756717-1928-46d5-92f7-67004bd2f966 service placement] _ensure_aggregate() did not find aggregate da19472f-13c8-41ca-a1ab-6e62466f9aa3. Attempting to create it. {{(pid=110725) _ensure_aggregate /opt/stack/placement/placement/objects/resource_provider.py:320}}
Feb 11 20:51:57.629078 n-d-822053-44 devstack@placement-api.service[110725]: DEBUG placement.objects.resource_provider [req-3382f81b-4622-4ece-baa2-66e44d30cde4 req-37756717-1928-46d5-92f7-67004bd2f966 service placement] _ensure_aggregate() created new aggregate da19472f-13c8-41ca-a1ab-6e62466f9aa3 (id=5). {{(pid=110725) _ensure_aggregate /opt/stack/placement/placement/objects/resource_provider.py:326}}
Feb 11 20:51:57.630243 n-d-822053-44 devstack@placement-api.service[110725]: DEBUG placement.objects.resource_provider [req-3382f81b-4622-4ece-baa2-66e44d30cde4 req-37756717-1928-46d5-92f7-67004bd2f966 service placement] Setting aggregates for provider 36ec46cb-10dc-4596-86ca-239977a01682. Successfully associated aggregate da19472f-13c8-41ca-a1ab-6e62466f9aa3. {{(pid=110725) _set_aggregates /opt/stack/placement/placement/objects/resource_provider.py:388}}
Feb 11 20:51:57.723455 n-d-822053-44 devstack@placement-api.service[110725]: INFO placement.requestlog [req-3382f81b-4622-4ece-baa2-66e44d30cde4 req-37756717-1928-46d5-92f7-67004bd2f966 service placement] 10.222.0.32 "PUT /placement/resource_providers/36ec46cb-10dc-4596-86ca-239977a01682/aggregates" status: 200 len: 92 microversion: 1.19
Feb 11 20:51:57.727542 n-d-822053-44 devstack@placement-api.service[110725]: [pid: 110725|app: 0|req: 39/75] 10.222.0.32 () {64 vars in 1477 bytes} [Fri Feb 11 20:51:57 2022] PUT /placement/resource_providers/36ec46cb-10dc-4596-86ca-239977a01682/aggregates => generated 92 bytes in 116 msecs (HTTP/1.1 200) 8 headers in 295 bytes (1 switches on core 0)
Feb 11 20:51:58.032215 n-d-822053-44 devstack@placement-api.service[110726]: DEBUG placement.requestlog [req-5db20819-c4cb-4d42-854a-647306f9a520 req-ae43b396-c594-4457-8b01-c5b37f08f533 None None] Starting request: 10.222.0.32 "GET /placement/resource_providers?name=n-h1-822053-44" {{(pid=110726) __call__ /opt/stack/placement/placement/requestlog.py:55}}
Feb 11 20:51:58.046321 n-d-822053-44 devstack@placement-api.service[110726]: INFO placement.requestlog [req-5db20819-c4cb-4d42-854a-647306f9a520 req-ae43b396-c594-4457-8b01-c5b37f08f533 service placement] 10.222.0.32 "GET /placement/resource_providers?name=n-h1-822053-44" status: 200 len: 442 microversion: 1.0
Feb 11 20:51:58.046869 n-d-822053-44 devstack@placement-api.service[110726]: [pid: 110726|app: 0|req: 37/76] 10.222.0.32 () {58 vars in 1276 bytes} [Fri Feb 11 20:51:58 2022] GET /placement/resource_providers?name=n-h1-822053-44 => generated 442 bytes in 15 msecs (HTTP/1.1 200) 6 headers in 224 bytes (1 switches on core 0)
Feb 11 20:51:58.053541 n-d-822053-44 devstack@placement-api.service[110725]: DEBUG placement.requestlog [req-5db20819-c4cb-4d42-854a-647306f9a520 req-662631fb-065a-45b2-84fa-623b380761ff None None] Starting request: 10.222.0.32 "GET /placement/resource_providers/36ec46cb-10dc-4596-86ca-239977a01682/aggregates" {{(pid=110725) __call__ /opt/stack/placement/placement/requestlog.py:55}}
Feb 11 20:51:58.067709 n-d-822053-44 devstack@placement-api.service[110725]: INFO placement.requestlog [req-5db20819-c4cb-4d42-854a-647306f9a520 req-662631fb-065a-45b2-84fa-623b380761ff service placement] 10.222.0.32 "GET /placement/resource_providers/36ec46cb-10dc-4596-86ca-239977a01682/aggregates" status: 200 len: 92 microversion: 1.19
Feb 11 20:51:58.068540 n-d-822053-44 devstack@placement-api.service[110725]: [pid: 110725|app: 0|req: 40/77] 10.222.0.32 () {60 vars in 1425 bytes} [Fri Feb 11 20:51:58 2022] GET /placement/resource_providers/36ec46cb-10dc-4596-86ca-239977a01682/aggregates => generated 92 bytes in 15 msecs (HTTP/1.1 200) 8 headers in 295 bytes (1 switches on core 0)
Feb 11 20:51:58.075487 n-d-822053-44 devstack@placement-api.service[110726]: DEBUG placement.requestlog [req-5db20819-c4cb-4d42-854a-647306f9a520 req-681298ae-4264-4547-be5b-ebc4dbd34714 None None] Starting request: 10.222.0.32 "PUT /placement/resource_providers/36ec46cb-10dc-4596-86ca-239977a01682/aggregates" {{(pid=110726) __call__ /opt/stack/placement/placement/requestlog.py:55}}
Feb 11 20:51:58.089965 n-d-822053-44 devstack@placement-api.service[110726]: DEBUG placement.objects.resource_provider [req-5db20819-c4cb-4d42-854a-647306f9a520 req-681298ae-4264-4547-be5b-ebc4dbd34714 service placement] Setting aggregates for provider 36ec46cb-10dc-4596-86ca-239977a01682. Successfully disassociated aggregate da19472f-13c8-41ca-a1ab-6e62466f9aa3. {{(pid=110726) _set_aggregates /opt/stack/placement/placement/objects/resource_provider.py:403}}
Feb 11 20:51:58.197279 n-d-822053-44 devstack@placement-api.service[110726]: INFO placement.requestlog [req-5db20819-c4cb-4d42-854a-647306f9a520 req-681298ae-4264-4547-be5b-ebc4dbd34714 service placement] 10.222.0.32 "PUT /placement/resource_providers/36ec46cb-10dc-4596-86ca-239977a01682/aggregates" status: 200 len: 54 microversion: 1.19
Feb 11 20:51:58.197690 n-d-822053-44 devstack@placement-api.service[110726]: [pid: 110726|app: 0|req: 38/78] 10.222.0.32 () {64 vars in 1477 bytes} [Fri Feb 11 20:51:58 2022] PUT /placement/resource_providers/36ec46cb-10dc-4596-86ca-239977a01682/aggregates => generated 54 bytes in 123 msecs (HTTP/1.1 200) 8 headers in 295 bytes (1 switches on core 0)
Feb 11 20:51:58.511855 n-d-822053-44 devstack@placement-api.service[110725]: DEBUG placement.requestlog [req-8c350207-a890-492e-9295-d542af3c3310 req-6efccef8-8c34-438c-a929-6bbd582d03bb None None] Starting request: 10.222.0.31 "GET /placement/allocations/b0dd0fc2-1e37-4fa5-9a25-80ee71e58419" {{(pid=110725) __call__ /opt/stack/placement/placement/requestlog.py:55}}
Feb 11 20:51:58.564077 n-d-822053-44 devstack@placement-api.service[110725]: INFO placement.requestlog [req-8c350207-a890-492e-9295-d542af3c3310 req-6efccef8-8c34-438c-a929-6bbd582d03bb service placement] 10.222.0.31 "GET /placement/allocations/b0dd0fc2-1e37-4fa5-9a25-80ee71e58419" status: 200 len: 259 microversion: 1.28
Feb 11 20:51:58.564675 n-d-822053-44 devstack@placement-api.service[110725]: [pid: 110725|app: 0|req: 41/79] 10.222.0.31 () {60 vars in 1377 bytes} [Fri Feb 11 20:51:58 2022] GET /placement/allocations/b0dd0fc2-1e37-4fa5-9a25-80ee71e58419 => generated 259 bytes in 53 msecs (HTTP/1.1 200) 8 headers in 296 bytes (1 switches on core 0)
Feb 11 20:51:59.043490 n-d-822053-44 devstack@placement-api.service[110726]: DEBUG placement.requestlog [req-5056f0cf-b5e9-4bd0-90a1-a122a14a1052 req-c273b40e-2582-4209-9a1a-d4e293c2fb18 None None] Starting request: 10.222.0.32 "GET /placement/resource_providers?name=n-h1-822053-44" {{(pid=110726) __call__ /opt/stack/placement/placement/requestlog.py:55}}
Feb 11 20:51:59.053941 n-d-822053-44 devstack@placement-api.service[110726]: INFO placement.requestlog [req-5056f0cf-b5e9-4bd0-90a1-a122a14a1052 req-c273b40e-2582-4209-9a1a-d4e293c2fb18 service placement] 10.222.0.32 "GET /placement/resource_providers?name=n-h1-822053-44" status: 200 len: 442 microversion: 1.0
Feb 11 20:51:59.054306 n-d-822053-44 devstack@placement-api.service[110726]: [pid: 110726|app: 0|req: 39/80] 10.222.0.32 () {58 vars in 1276 bytes} [Fri Feb 11 20:51:59 2022] GET /placement/resource_providers?name=n-h1-822053-44 => generated 442 bytes in 11 msecs (HTTP/1.1 200) 6 headers in 224 bytes (1 switches on core 0)
Feb 11 20:51:59.061359 n-d-822053-44 devstack@placement-api.service[110725]: DEBUG placement.requestlog [req-5056f0cf-b5e9-4bd0-90a1-a122a14a1052 req-a808fd21-4e5c-4f04-85a8-d9d71cb2ed11 None None] Starting request: 10.222.0.32 "GET /placement/resource_providers/36ec46cb-10dc-4596-86ca-239977a01682/aggregates" {{(pid=110725) __call__ /opt/stack/placement/placement/requestlog.py:55}}
Feb 11 20:51:59.080894 n-d-822053-44 devstack@placement-api.service[110725]: INFO placement.requestlog [req-5056f0cf-b5e9-4bd0-90a1-a122a14a1052 req-a808fd21-4e5c-4f04-85a8-d9d71cb2ed11 service placement] 10.222.0.32 "GET /placement/resource_providers/36ec46cb-10dc-4596-86ca-239977a01682/aggregates" status: 200 len: 54 microversion: 1.19
Feb 11 20:51:59.081491 n-d-822053-44 devstack@placement-api.service[110725]: [pid: 110725|app: 0|req: 42/81] 10.222.0.32 () {60 vars in 1425 bytes} [Fri Feb 11 20:51:59 2022] GET /placement/resource_providers/36ec46cb-10dc-4596-86ca-239977a01682/aggregates => generated 54 bytes in 20 msecs (HTTP/1.1 200) 8 headers in 295 bytes (1 switches on core 0)
Feb 11 20:51:59.089381 n-d-822053-44 devstack@placement-api.service[110726]: DEBUG placement.requestlog [req-5056f0cf-b5e9-4bd0-90a1-a122a14a1052 req-349345c5-c30b-42cd-95a4-c54ed52b4417 None None] Starting request: 10.222.0.32 "PUT /placement/resource_providers/36ec46cb-10dc-4596-86ca-239977a01682/aggregates" {{(pid=110726) __call__ /opt/stack/placement/placement/requestlog.py:55}}
Feb 11 20:51:59.108932 n-d-822053-44 devstack@placement-api.service[110726]: DEBUG placement.objects.resource_provider [req-5056f0cf-b5e9-4bd0-90a1-a122a14a1052 req-349345c5-c30b-42cd-95a4-c54ed52b4417 service placement] _ensure_aggregate() did not find aggregate 62708a1e-87a4-4d12-a85e-275c77af6643. Attempting to create it. {{(pid=110726) _ensure_aggregate /opt/stack/placement/placement/objects/resource_provider.py:320}}
Feb 11 20:51:59.110830 n-d-822053-44 devstack@placement-api.service[110726]: DEBUG placement.objects.resource_provider [req-5056f0cf-b5e9-4bd0-90a1-a122a14a1052 req-349345c5-c30b-42cd-95a4-c54ed52b4417 service placement] _ensure_aggregate() created new aggregate 62708a1e-87a4-4d12-a85e-275c77af6643 (id=6). {{(pid=110726) _ensure_aggregate /opt/stack/placement/placement/objects/resource_provider.py:326}}
Feb 11 20:51:59.112038 n-d-822053-44 devstack@placement-api.service[110726]: DEBUG placement.objects.resource_provider [req-5056f0cf-b5e9-4bd0-90a1-a122a14a1052 req-349345c5-c30b-42cd-95a4-c54ed52b4417 service placement] Setting aggregates for provider 36ec46cb-10dc-4596-86ca-239977a01682. Successfully associated aggregate 62708a1e-87a4-4d12-a85e-275c77af6643. {{(pid=110726) _set_aggregates /opt/stack/placement/placement/objects/resource_provider.py:388}}
Feb 11 20:51:59.286001 n-d-822053-44 devstack@placement-api.service[110726]: INFO placement.requestlog [req-5056f0cf-b5e9-4bd0-90a1-a122a14a1052 req-349345c5-c30b-42cd-95a4-c54ed52b4417 service placement] 10.222.0.32 "PUT /placement/resource_providers/36ec46cb-10dc-4596-86ca-239977a01682/aggregates" status: 200 len: 92 microversion: 1.19
Feb 11 20:51:59.287086 n-d-822053-44 devstack@placement-api.service[110726]: [pid: 110726|app: 0|req: 40/82] 10.222.0.32 () {64 vars in 1477 bytes} [Fri Feb 11 20:51:59 2022] PUT /placement/resource_providers/36ec46cb-10dc-4596-86ca-239977a01682/aggregates => generated 92 bytes in 198 msecs (HTTP/1.1 200) 8 headers in 295 bytes (1 switches on core 0)
Feb 11 20:51:59.437972 n-d-822053-44 devstack@placement-api.service[110725]: DEBUG placement.requestlog [req-d564cca2-52bc-4ad5-a95e-4f5460de09c0 req-be1c85df-5853-4de6-b4fd-707b5dac6e76 None None] Starting request: 10.222.0.32 "GET /placement/resource_providers?name=n-h1-822053-44" {{(pid=110725) __call__ /opt/stack/placement/placement/requestlog.py:55}}
Feb 11 20:51:59.507279 n-d-822053-44 devstack@placement-api.service[110725]: INFO placement.requestlog [req-d564cca2-52bc-4ad5-a95e-4f5460de09c0 req-be1c85df-5853-4de6-b4fd-707b5dac6e76 service placement] 10.222.0.32 "GET /placement/resource_providers?name=n-h1-822053-44" status: 200 len: 442 microversion: 1.0
Feb 11 20:51:59.508321 n-d-822053-44 devstack@placement-api.service[110725]: [pid: 110725|app: 0|req: 43/83] 10.222.0.32 () {58 vars in 1276 bytes} [Fri Feb 11 20:51:59 2022] GET /placement/resource_providers?name=n-h1-822053-44 => generated 442 bytes in 70 msecs (HTTP/1.1 200) 6 headers in 224 bytes (1 switches on core 0)
Feb 11 20:51:59.521289 n-d-822053-44 devstack@placement-api.service[110726]: DEBUG placement.requestlog [req-d564cca2-52bc-4ad5-a95e-4f5460de09c0 req-0ba6f07c-0954-4016-a2ba-8bbee8aebe7b None None] Starting request: 10.222.0.32 "GET /placement/resource_providers/36ec46cb-10dc-4596-86ca-239977a01682/aggregates" {{(pid=110726) __call__ /opt/stack/placement/placement/requestlog.py:55}}
Feb 11 20:51:59.535482 n-d-822053-44 devstack@placement-api.service[110726]: INFO placement.requestlog [req-d564cca2-52bc-4ad5-a95e-4f5460de09c0 req-0ba6f07c-0954-4016-a2ba-8bbee8aebe7b service placement] 10.222.0.32 "GET /placement/resource_providers/36ec46cb-10dc-4596-86ca-239977a01682/aggregates" status: 200 len: 92 microversion: 1.19
Feb 11 20:51:59.536156 n-d-822053-44 devstack@placement-api.service[110726]: [pid: 110726|app: 0|req: 41/84] 10.222.0.32 () {60 vars in 1425 bytes} [Fri Feb 11 20:51:59 2022] GET /placement/resource_providers/36ec46cb-10dc-4596-86ca-239977a01682/aggregates => generated 92 bytes in 15 msecs (HTTP/1.1 200) 8 headers in 295 bytes (1 switches on core 0)
Feb 11 20:51:59.543706 n-d-822053-44 devstack@placement-api.service[110725]: DEBUG placement.requestlog [req-d564cca2-52bc-4ad5-a95e-4f5460de09c0 req-f1e5cad5-df5f-4655-be7f-2e2d1968b8f0 None None] Starting request: 10.222.0.32 "PUT /placement/resource_providers/36ec46cb-10dc-4596-86ca-239977a01682/aggregates" {{(pid=110725) __call__ /opt/stack/placement/placement/requestlog.py:55}}
Feb 11 20:51:59.575518 n-d-822053-44 devstack@placement-api.service[110725]: DEBUG placement.objects.resource_provider [req-d564cca2-52bc-4ad5-a95e-4f5460de09c0 req-f1e5cad5-df5f-4655-be7f-2e2d1968b8f0 service placement] Setting aggregates for provider 36ec46cb-10dc-4596-86ca-239977a01682. Successfully disassociated aggregate 62708a1e-87a4-4d12-a85e-275c77af6643. {{(pid=110725) _set_aggregates /opt/stack/placement/placement/objects/resource_provider.py:403}}
Feb 11 20:51:59.725599 n-d-822053-44 devstack@placement-api.service[110725]: INFO placement.requestlog [req-d564cca2-52bc-4ad5-a95e-4f5460de09c0 req-f1e5cad5-df5f-4655-be7f-2e2d1968b8f0 service placement] 10.222.0.32 "PUT /placement/resource_providers/36ec46cb-10dc-4596-86ca-239977a01682/aggregates" status: 200 len: 54 microversion: 1.19
Feb 11 20:51:59.726042 n-d-822053-44 devstack@placement-api.service[110725]: [pid: 110725|app: 0|req: 44/85] 10.222.0.32 () {64 vars in 1477 bytes} [Fri Feb 11 20:51:59 2022] PUT /placement/resource_providers/36ec46cb-10dc-4596-86ca-239977a01682/aggregates => generated 54 bytes in 183 msecs (HTTP/1.1 200) 8 headers in 295 bytes (1 switches on core 0)
Feb 11 20:52:15.125904 n-d-822053-44 devstack@placement-api.service[110726]: DEBUG placement.requestlog [req-745838c8-de2b-4b14-9b3b-82d8d306f79e req-b1f1620c-7381-4774-8b2a-479b86b9d556 None None] Starting request: 10.222.0.31 "DELETE /placement/allocations/3f07ce08-6a43-41c5-8e40-403733d56c18" {{(pid=110726) __call__ /opt/stack/placement/placement/requestlog.py:55}}
Feb 11 20:52:15.336208 n-d-822053-44 devstack@placement-api.service[110725]: DEBUG placement.requestlog [req-8623ad74-d1bb-4ba9-b435-df180fd36f95 req-7af682d9-f1db-4674-b4c1-a2493a1efae0 None None] Starting request: 10.222.0.32 "GET /placement/resource_providers?name=n-h1-822053-44" {{(pid=110725) __call__ /opt/stack/placement/placement/requestlog.py:55}}
Feb 11 20:52:15.347677 n-d-822053-44 devstack@placement-api.service[110725]: INFO placement.requestlog [req-8623ad74-d1bb-4ba9-b435-df180fd36f95 req-7af682d9-f1db-4674-b4c1-a2493a1efae0 service placement] 10.222.0.32 "GET /placement/resource_providers?name=n-h1-822053-44" status: 200 len: 442 microversion: 1.0
Feb 11 20:52:15.348017 n-d-822053-44 devstack@placement-api.service[110725]: [pid: 110725|app: 0|req: 45/86] 10.222.0.32 () {58 vars in 1276 bytes} [Fri Feb 11 20:52:15 2022] GET /placement/resource_providers?name=n-h1-822053-44 => generated 442 bytes in 12 msecs (HTTP/1.1 200) 6 headers in 224 bytes (2 switches on core 0)
Feb 11 20:52:15.354401 n-d-822053-44 devstack@placement-api.service[110725]: DEBUG placement.requestlog [req-8623ad74-d1bb-4ba9-b435-df180fd36f95 req-81b99021-158d-400d-9de0-ae3d878d7493 None None] Starting request: 10.222.0.32 "GET /placement/resource_providers/36ec46cb-10dc-4596-86ca-239977a01682/aggregates" {{(pid=110725) __call__ /opt/stack/placement/placement/requestlog.py:55}}
Feb 11 20:52:15.368678 n-d-822053-44 devstack@placement-api.service[110725]: INFO placement.requestlog [req-8623ad74-d1bb-4ba9-b435-df180fd36f95 req-81b99021-158d-400d-9de0-ae3d878d7493 service placement] 10.222.0.32 "GET /placement/resource_providers/36ec46cb-10dc-4596-86ca-239977a01682/aggregates" status: 200 len: 54 microversion: 1.19
Feb 11 20:52:15.369049 n-d-822053-44 devstack@placement-api.service[110725]: [pid: 110725|app: 0|req: 46/87] 10.222.0.32 () {60 vars in 1425 bytes} [Fri Feb 11 20:52:15 2022] GET /placement/resource_providers/36ec46cb-10dc-4596-86ca-239977a01682/aggregates => generated 54 bytes in 15 msecs (HTTP/1.1 200) 8 headers in 295 bytes (2 switches on core 0)
Feb 11 20:52:15.378114 n-d-822053-44 devstack@placement-api.service[110725]: DEBUG placement.requestlog [req-8623ad74-d1bb-4ba9-b435-df180fd36f95 req-5dde6d70-5acf-4bb5-8f40-e0f8f6141592 None None] Starting request: 10.222.0.32 "PUT /placement/resource_providers/36ec46cb-10dc-4596-86ca-239977a01682/aggregates" {{(pid=110725) __call__ /opt/stack/placement/placement/requestlog.py:55}}
Feb 11 20:52:15.393425 n-d-822053-44 devstack@placement-api.service[110725]: DEBUG placement.objects.resource_provider [req-8623ad74-d1bb-4ba9-b435-df180fd36f95 req-5dde6d70-5acf-4bb5-8f40-e0f8f6141592 service placement] _ensure_aggregate() did not find aggregate 2375ee48-0cb3-4de8-af4f-bd91e53057ff. Attempting to create it. {{(pid=110725) _ensure_aggregate /opt/stack/placement/placement/objects/resource_provider.py:320}}
Feb 11 20:52:15.394726 n-d-822053-44 devstack@placement-api.service[110725]: DEBUG placement.objects.resource_provider [req-8623ad74-d1bb-4ba9-b435-df180fd36f95 req-5dde6d70-5acf-4bb5-8f40-e0f8f6141592 service placement] _ensure_aggregate() created new aggregate 2375ee48-0cb3-4de8-af4f-bd91e53057ff (id=7). {{(pid=110725) _ensure_aggregate /opt/stack/placement/placement/objects/resource_provider.py:326}}
Feb 11 20:52:15.395899 n-d-822053-44 devstack@placement-api.service[110725]: DEBUG placement.objects.resource_provider [req-8623ad74-d1bb-4ba9-b435-df180fd36f95 req-5dde6d70-5acf-4bb5-8f40-e0f8f6141592 service placement] Setting aggregates for provider 36ec46cb-10dc-4596-86ca-239977a01682. Successfully associated aggregate 2375ee48-0cb3-4de8-af4f-bd91e53057ff. {{(pid=110725) _set_aggregates /opt/stack/placement/placement/objects/resource_provider.py:388}}
Feb 11 20:52:15.450158 n-d-822053-44 devstack@placement-api.service[110726]: DEBUG placement.handlers.allocation [req-745838c8-de2b-4b14-9b3b-82d8d306f79e req-b1f1620c-7381-4774-8b2a-479b86b9d556 service placement] Successfully deleted allocations [, , ] {{(pid=110726) delete_allocations /opt/stack/placement/placement/handlers/allocation.py:627}}
Feb 11 20:52:15.450773 n-d-822053-44 devstack@placement-api.service[110726]: INFO placement.requestlog [req-745838c8-de2b-4b14-9b3b-82d8d306f79e req-b1f1620c-7381-4774-8b2a-479b86b9d556 service placement] 10.222.0.31 "DELETE /placement/allocations/3f07ce08-6a43-41c5-8e40-403733d56c18" status: 204 len: 0 microversion: 1.0
Feb 11 20:52:15.451185 n-d-822053-44 devstack@placement-api.service[110726]: [pid: 110726|app: 0|req: 42/88] 10.222.0.31 () {60 vars in 1355 bytes} [Fri Feb 11 20:52:15 2022] DELETE /placement/allocations/3f07ce08-6a43-41c5-8e40-403733d56c18 => generated 0 bytes in 326 msecs (HTTP/1.1 204) 5 headers in 198 bytes (1 switches on core 0)
Feb 11 20:52:15.553497 n-d-822053-44 devstack@placement-api.service[110725]: INFO placement.requestlog [req-8623ad74-d1bb-4ba9-b435-df180fd36f95 req-5dde6d70-5acf-4bb5-8f40-e0f8f6141592 service placement] 10.222.0.32 "PUT /placement/resource_providers/36ec46cb-10dc-4596-86ca-239977a01682/aggregates" status: 200 len: 92 microversion: 1.19
Feb 11 20:52:15.554903 n-d-822053-44 devstack@placement-api.service[110725]: [pid: 110725|app: 0|req: 47/89] 10.222.0.32 () {64 vars in 1477 bytes} [Fri Feb 11 20:52:15 2022] PUT /placement/resource_providers/36ec46cb-10dc-4596-86ca-239977a01682/aggregates => generated 92 bytes in 180 msecs (HTTP/1.1 200) 8 headers in 295 bytes (2 switches on core 0)
Feb 11 20:52:16.330473 n-d-822053-44 devstack@placement-api.service[110726]: DEBUG placement.requestlog [req-c736d6af-32f0-4403-86c6-8760e9e2887a req-f811898b-d8e0-4366-926b-6e0e6d899089 None None] Starting request: 10.222.0.32 "GET /placement/resource_providers?name=n-h1-822053-44" {{(pid=110726) __call__ /opt/stack/placement/placement/requestlog.py:55}}
Feb 11 20:52:16.347731 n-d-822053-44 devstack@placement-api.service[110726]: INFO placement.requestlog [req-c736d6af-32f0-4403-86c6-8760e9e2887a req-f811898b-d8e0-4366-926b-6e0e6d899089 service placement] 10.222.0.32 "GET /placement/resource_providers?name=n-h1-822053-44" status: 200 len: 442 microversion: 1.0
Feb 11 20:52:16.354310 n-d-822053-44 devstack@placement-api.service[110725]: DEBUG placement.requestlog [req-c736d6af-32f0-4403-86c6-8760e9e2887a req-9a163c27-f84d-470a-8c4a-3fbf62ad1460 None None] Starting request: 10.222.0.32 "GET /placement/resource_providers/36ec46cb-10dc-4596-86ca-239977a01682/aggregates" {{(pid=110725) __call__ /opt/stack/placement/placement/requestlog.py:55}}
Feb 11 20:52:16.361936 n-d-822053-44 devstack@placement-api.service[110726]: [pid: 110726|app: 0|req: 43/90] 10.222.0.32 () {58 vars in 1276 bytes} [Fri Feb 11 20:52:16 2022] GET /placement/resource_providers?name=n-h1-822053-44 => generated 442 bytes in 32 msecs (HTTP/1.1 200) 6 headers in 224 bytes (1 switches on core 0)
Feb 11 20:52:16.374533 n-d-822053-44 devstack@placement-api.service[110725]: INFO placement.requestlog [req-c736d6af-32f0-4403-86c6-8760e9e2887a req-9a163c27-f84d-470a-8c4a-3fbf62ad1460 service placement] 10.222.0.32 "GET /placement/resource_providers/36ec46cb-10dc-4596-86ca-239977a01682/aggregates" status: 200 len: 92 microversion: 1.19
Feb 11 20:52:16.374710 n-d-822053-44 devstack@placement-api.service[110726]: DEBUG placement.requestlog [req-c736d6af-32f0-4403-86c6-8760e9e2887a req-13d4b3a7-f2c9-4df0-8b3d-54d5e2b26af2 None None] Starting request: 10.222.0.32 "PUT /placement/resource_providers/36ec46cb-10dc-4596-86ca-239977a01682/aggregates" {{(pid=110726) __call__ /opt/stack/placement/placement/requestlog.py:55}}
Feb 11 20:52:16.380314 n-d-822053-44 devstack@placement-api.service[110725]: [pid: 110725|app: 0|req: 48/91] 10.222.0.32 () {60 vars in 1425 bytes} [Fri Feb 11 20:52:16 2022] GET /placement/resource_providers/36ec46cb-10dc-4596-86ca-239977a01682/aggregates => generated 92 bytes in 26 msecs (HTTP/1.1 200) 8 headers in 295 bytes (1 switches on core 0)
Feb 11 20:52:16.389780 n-d-822053-44 devstack@placement-api.service[110726]: DEBUG placement.objects.resource_provider [req-c736d6af-32f0-4403-86c6-8760e9e2887a req-13d4b3a7-f2c9-4df0-8b3d-54d5e2b26af2 service placement] Setting aggregates for provider 36ec46cb-10dc-4596-86ca-239977a01682. Successfully disassociated aggregate 2375ee48-0cb3-4de8-af4f-bd91e53057ff. {{(pid=110726) _set_aggregates /opt/stack/placement/placement/objects/resource_provider.py:403}}
Feb 11 20:52:16.504896 n-d-822053-44 devstack@placement-api.service[110726]: INFO placement.requestlog [req-c736d6af-32f0-4403-86c6-8760e9e2887a req-13d4b3a7-f2c9-4df0-8b3d-54d5e2b26af2 service placement] 10.222.0.32 "PUT /placement/resource_providers/36ec46cb-10dc-4596-86ca-239977a01682/aggregates" status: 200 len: 54 microversion: 1.19
Feb 11 20:52:16.505495 n-d-822053-44 devstack@placement-api.service[110726]: [pid: 110726|app: 0|req: 44/92] 10.222.0.32 () {64 vars in 1477 bytes} [Fri Feb 11 20:52:16 2022] PUT /placement/resource_providers/36ec46cb-10dc-4596-86ca-239977a01682/aggregates => generated 54 bytes in 132 msecs (HTTP/1.1 200) 8 headers in 295 bytes (2 switches on core 0)
Feb 11 20:52:18.446300 n-d-822053-44 devstack@placement-api.service[110725]: DEBUG placement.requestlog [None req-4802fb67-f57f-4f19-89a2-c66a77230ae4 None None] Starting request: 10.222.0.32 "GET /placement/" {{(pid=110725) __call__ /opt/stack/placement/placement/requestlog.py:55}}
Feb 11 20:52:18.447294 n-d-822053-44 devstack@placement-api.service[110725]: INFO placement.requestlog [None req-4802fb67-f57f-4f19-89a2-c66a77230ae4 None None] 10.222.0.32 "GET /placement/" status: 200 len: 136 microversion: 1.0
Feb 11 20:52:18.447638 n-d-822053-44 devstack@placement-api.service[110725]: [pid: 110725|app: 0|req: 49/93] 10.222.0.32 () {54 vars in 916 bytes} [Fri Feb 11 20:52:18 2022] GET /placement => generated 136 bytes in 2 msecs (HTTP/1.1 200) 6 headers in 224 bytes (1 switches on core 0)
