Feb 04 21:47:25.921490 n-d-822053-33 neutron-server[109826]: DEBUG neutron.db.l3_hamode_db [None req-0fee98dd-263a-4811-9172-532375e98b3b None None] neutron.services.l3_router.l3_router_plugin.L3RouterPlugin method _process_sync_ha_data called with arguments (, [{'id': 'cb3104f4-5c8c-493f-9ac9-2dfb1b898271', 'name': 'tempest-ServersWithSpecificFlavorTestJSON-186023416-router', 'tenant_id': '47929f5052254e5eb899ae84069dd71e', 'admin_state_up': True, 'status': 'ACTIVE', 'external_gateway_info': {'network_id': '72a0193d-dc3b-4575-acaa-003a0309fe59', 'external_fixed_ips': [{'subnet_id': '9c945c01-8705-4aaa-a41a-c3f53d5bf0c8', 'ip_address': '172.25.4.96'}], 'enable_snat': True}, 'gw_port_id': '2ce8ceff-301a-4587-b352-aeb72bc08a08', 'description': '', 'availability_zones': ['nova'], 'distributed': False, 'ha': False, 'ha_vr_id': 0, 'availability_zone_hints': [], 'routes': [], 'flavor_id': None, 'tags': [], 'created_at': '2022-02-04T21:47:20Z', 'updated_at': '2022-02-04T21:47:22Z', 'revision_number': 3, 'project_id': '47929f5052254e5eb899ae84069dd71e', 'gw_port': {'id': '2ce8ceff-301a-4587-b352-aeb72bc08a08', 'name': '', 'network_id': '72a0193d-dc3b-4575-acaa-003a0309fe59', 'tenant_id': '', 'mac_address': 'fa:16:3e:db:b0:1b', 'admin_state_up': True, 'status': 'DOWN', 'device_id': 'cb3104f4-5c8c-493f-9ac9-2dfb1b898271', 'device_owner': 'network:router_gateway', 'standard_attr_id': 189, 'fixed_ips': [{'subnet_id': '9c945c01-8705-4aaa-a41a-c3f53d5bf0c8', 'ip_address': '172.25.4.96', 'prefixlen': 24}], 'allowed_address_pairs': [], 'extra_dhcp_opts': [], 'security_groups': [], 'description': '', 'binding:vnic_type': 'normal', 'binding:profile': {}, 'binding:host_id': 'n-d-822053-33', 'binding:vif_type': 'ovs', 'binding:vif_details': {'connectivity': 'l2', 'port_filter': True, 'ovs_hybrid_plug': False, 'datapath_type': 'system', 'bridge_name': 'br-int', 'bound_drivers': {'0': 'openvswitch'}}, 'port_security_enabled': False, 'tags': [], 'created_at': '2022-02-04T21:47:21Z', 'updated_at': '2022-02-04T21:47:25Z', 'revision_number': 3, 'project_id': '', 'subnets': [{'id': '9c945c01-8705-4aaa-a41a-c3f53d5bf0c8', 'cidr': '172.25.4.0/24', 'gateway_ip': '172.25.4.1', 'dns_nameservers': [], 'ipv6_ra_mode': None, 'subnetpool_id': None}], 'extra_subnets': [], 'address_scopes': {4: None, 6: None}, 'mtu': 1500}, 'enable_snat': True, 'gw_port_host': 'n-d-822053-33'}], 'n-d-822053-33', False) {} {{(pid=109826) wrapper /usr/local/lib/python3.8/dist-packages/oslo_log/helpers.py:65}}
Feb 04 21:47:25.925862 n-d-822053-33 neutron-server[109824]: DEBUG neutron.api.rpc.handlers.resources_rpc [None req-d73c1a42-b457-41c3-8844-cf99952f9adb admin admin] Pushing event updated for resources: {'Port': ['ID=71f7cee6-03cd-4a7f-93aa-c27a5fae722f,revision_number=1']} {{(pid=109824) push /opt/stack/neutron/neutron/api/rpc/handlers/resources_rpc.py:237}}
Feb 04 21:47:25.991658 n-d-822053-33 neutron-server[109826]: DEBUG neutron.api.rpc.handlers.l3_rpc [None req-0fee98dd-263a-4811-9172-532375e98b3b None None] The sync data for ids ['cb3104f4-5c8c-493f-9ac9-2dfb1b898271'] in n-d-822053-33 is: [{'id': 'cb3104f4-5c8c-493f-9ac9-2dfb1b898271', 'name': 'tempest-ServersWithSpecificFlavorTestJSON-186023416-router', 'tenant_id': '47929f5052254e5eb899ae84069dd71e', 'admin_state_up': True, 'status': 'ACTIVE', 'external_gateway_info': {'network_id': '72a0193d-dc3b-4575-acaa-003a0309fe59', 'external_fixed_ips': [{'subnet_id': '9c945c01-8705-4aaa-a41a-c3f53d5bf0c8', 'ip_address': '172.25.4.96'}], 'enable_snat': True}, 'gw_port_id': '2ce8ceff-301a-4587-b352-aeb72bc08a08', 'description': '', 'availability_zones': ['nova'], 'distributed': False, 'ha': False, 'ha_vr_id': 0, 'availability_zone_hints': [], 'routes': [], 'flavor_id': None, 'tags': [], 'created_at': '2022-02-04T21:47:20Z', 'updated_at': '2022-02-04T21:47:22Z', 'revision_number': 3, 'project_id': '47929f5052254e5eb899ae84069dd71e', 'gw_port': {'id': '2ce8ceff-301a-4587-b352-aeb72bc08a08', 'name': '', 'network_id': '72a0193d-dc3b-4575-acaa-003a0309fe59', 'tenant_id': '', 'mac_address': 'fa:16:3e:db:b0:1b', 'admin_state_up': True, 'status': 'DOWN', 'device_id': 'cb3104f4-5c8c-493f-9ac9-2dfb1b898271', 'device_owner': 'network:router_gateway', 'standard_attr_id': 189, 'fixed_ips': [{'subnet_id': '9c945c01-8705-4aaa-a41a-c3f53d5bf0c8', 'ip_address': '172.25.4.96', 'prefixlen': 24}], 'allowed_address_pairs': [], 'extra_dhcp_opts': [], 'security_groups': [], 'description': '', 'binding:vnic_type': 'normal', 'binding:profile': {}, 'binding:host_id': 'n-d-822053-33', 'binding:vif_type': 'ovs', 'binding:vif_details': {'connectivity': 'l2', 'port_filter': True, 'ovs_hybrid_plug': False, 'datapath_type': 'system', 'bridge_name': 'br-int', 'bound_drivers': {'0': 'openvswitch'}}, 'port_security_enabled': False, 'tags': [], 'created_at': '2022-02-04T21:47:21Z', 'updated_at': '2022-02-04T21:47:25Z', 'revision_number': 3, 'project_id': '', 'subnets': [{'id': '9c945c01-8705-4aaa-a41a-c3f53d5bf0c8', 'cidr': '172.25.4.0/24', 'gateway_ip': '172.25.4.1', 'dns_nameservers': [], 'ipv6_ra_mode': None, 'subnetpool_id': None}], 'extra_subnets': [], 'address_scopes': {4: None, 6: None}, 'mtu': 1500}, 'enable_snat': True, 'gw_port_host': 'n-d-822053-33'}] {{(pid=109826) sync_routers /opt/stack/neutron/neutron/api/rpc/handlers/l3_rpc.py:137}}
Feb 04 21:47:26.013390 n-d-822053-33 neutron-server[109824]: DEBUG neutron_lib.callbacks.manager [None req-d73c1a42-b457-41c3-8844-cf99952f9adb admin admin] Publish callbacks ['neutron.plugins.ml2.plugin.SecurityGroupDbMixin._ensure_default_security_group_handler-1567327'] for port (71f7cee6-03cd-4a7f-93aa-c27a5fae722f), before_update {{(pid=109824) _notify_loop /usr/local/lib/python3.8/dist-packages/neutron_lib/callbacks/manager.py:176}}
Feb 04 21:47:26.021611 n-d-822053-33 neutron-server[109825]: DEBUG neutron.plugins.ml2.db [None req-48f081d9-8885-4592-87af-5acd05601000 None None] For port c58426f7-aaae-43a4-9a2c-98ffd357f8df, host n-h1-822053-33, got binding levels [PortBindingLevel(driver='hyperv',host='n-h1-822053-33',level=0,port_id=c58426f7-aaae-43a4-9a2c-98ffd357f8df,segment=NetworkSegment(d46fc109-8b08-45cf-b3f4-afc1e81eebe7),segment_id=d46fc109-8b08-45cf-b3f4-afc1e81eebe7)] {{(pid=109825) get_binding_level_objs /opt/stack/neutron/neutron/plugins/ml2/db.py:74}}
Feb 04 21:47:26.027960 n-d-822053-33 neutron-server[109824]: DEBUG neutron.pecan_wsgi.hooks.policy_enforcement [req-4c216138-6f1f-4d64-9a7e-f9fa4d31c82d req-f531548e-349c-448e-b0df-b2091a82c342 tempest-AggregatesAdminTestJSON-1396150666 tempest-AggregatesAdminTestJSON-1396150666-project] Attributes excluded by policy engine: ['standard_attr_id', 'binding:profile', 'binding:host_id', 'binding:vif_type', 'binding:vif_details'] {{(pid=109824) _exclude_attributes_by_policy /opt/stack/neutron/neutron/pecan_wsgi/hooks/policy_enforcement.py:255}}
Feb 04 21:47:26.036485 n-d-822053-33 neutron-server[109824]: INFO neutron.wsgi [req-4c216138-6f1f-4d64-9a7e-f9fa4d31c82d req-f531548e-349c-448e-b0df-b2091a82c342 tempest-AggregatesAdminTestJSON-1396150666 tempest-AggregatesAdminTestJSON-1396150666-project] 10.222.0.45 "GET /v2.0/ports?device_id=f9ab29b6-f4bb-4aeb-919a-b627348c8e1c HTTP/1.1" status: 200 len: 969 time: 0.2041564
Feb 04 21:47:26.041141 n-d-822053-33 neutron-server[109825]: DEBUG neutron_lib.callbacks.manager [None req-48f081d9-8885-4592-87af-5acd05601000 None None] Publish callbacks ['neutron.plugins.ml2.plugin.SecurityGroupServerNotifierRpcMixin._notify_sg_on_port_change-1567384', 'neutron.plugins.ml2.ovo_rpc._ObjectChangeHandler.handle_event-1933472', 'neutron.api.rpc.agentnotifiers.dhcp_rpc_agent_api.DhcpAgentNotifyAPI._native_event_send_dhcp_notification-1518345', 'neutron.db.l3_db.L3RpcNotifierMixin._notify_gateway_port_ip_changed-8761287571191', 'neutron.db.l3_dvrscheduler_db._notify_l3_agent_port_update-8761287074169', 'neutron.db.l3_hascheduler_db._notify_l3_agent_ha_port_update-8761287074187'] for port (c58426f7-aaae-43a4-9a2c-98ffd357f8df), after_update {{(pid=109825) _notify_loop /usr/local/lib/python3.8/dist-packages/neutron_lib/callbacks/manager.py:176}}
Feb 04 21:47:26.140627 n-d-822053-33 neutron-server[109825]: DEBUG neutron.api.rpc.handlers.resources_rpc [None req-48f081d9-8885-4592-87af-5acd05601000 None None] Pushing event updated for resources: {'Port': ['ID=c58426f7-aaae-43a4-9a2c-98ffd357f8df,revision_number=5']} {{(pid=109825) push /opt/stack/neutron/neutron/api/rpc/handlers/resources_rpc.py:237}}
Feb 04 21:47:26.147515 n-d-822053-33 neutron-server[109824]: INFO neutron.wsgi [req-4c216138-6f1f-4d64-9a7e-f9fa4d31c82d req-20ac05f6-c8e5-440f-bbd3-2ee2ab455e1c tempest-AggregatesAdminTestJSON-1396150666 tempest-AggregatesAdminTestJSON-1396150666-project] 10.222.0.45 "GET /v2.0/security-groups?id=872ca2cf-9f14-470e-8821-5c901d74bd7d&fields=id&fields=name HTTP/1.1" status: 200 len: 286 time: 0.1103759
Feb 04 21:47:26.182647 n-d-822053-33 neutron-server[109825]: DEBUG neutron.db.provisioning_blocks [None req-d625ba82-b03e-4a7c-8d96-11eb1e36b5f6 None None] Provisioning complete for port 71f7cee6-03cd-4a7f-93aa-c27a5fae722f triggered by entity DHCP. {{(pid=109825) provisioning_complete /opt/stack/neutron/neutron/db/provisioning_blocks.py:139}}
Feb 04 21:47:26.182647 n-d-822053-33 neutron-server[109825]: DEBUG neutron_lib.callbacks.manager [None req-d625ba82-b03e-4a7c-8d96-11eb1e36b5f6 None None] Publish callbacks ['neutron.plugins.ml2.plugin.Ml2Plugin._port_provisioned-1440351'] for port (71f7cee6-03cd-4a7f-93aa-c27a5fae722f), provisioning_complete {{(pid=109825) _notify_loop /usr/local/lib/python3.8/dist-packages/neutron_lib/callbacks/manager.py:176}}
Feb 04 21:47:26.237572 n-d-822053-33 neutron-server[109825]: DEBUG neutron.plugins.ml2.plugin [None req-d625ba82-b03e-4a7c-8d96-11eb1e36b5f6 None None] Port 71f7cee6-03cd-4a7f-93aa-c27a5fae722f cannot update to ACTIVE because it is not bound. {{(pid=109825) _port_provisioned /opt/stack/neutron/neutron/plugins/ml2/plugin.py:343}}
Feb 04 21:47:26.379139 n-d-822053-33 neutron-server[109823]: INFO neutron.wsgi [req-3a1619fd-e147-4ce5-9f62-248faa1c962e req-a6545e67-2f2e-43fe-b829-e58ae157f4d4 tempest-LiveMigrationTest-2060581066 tempest-LiveMigrationTest-2060581066-project] 10.222.0.45 "GET /v2.0/ports?device_id=6adabd13-488a-4368-bf21-549634f219ac HTTP/1.1" status: 200 len: 210 time: 0.0789258
Feb 04 21:47:26.490559 n-d-822053-33 neutron-server[109825]: DEBUG novaclient.v2.client [-] REQ: curl -g -i --cacert "/opt/stack/data/ca-bundle.pem" -X POST http://10.222.0.45/compute/v2.1/os-server-external-events -H "Accept: application/json" -H "Content-Type: application/json" -H "User-Agent: python-novaclient" -H "X-Auth-Token: {SHA256}e257b7f72097d99389513dd45c94f8d40b981639876c8ecae3bb76a1a62f20b6" -H "X-OpenStack-Nova-API-Version: 2.1" -H "X-OpenStack-Request-ID: req-42e77191-b7c1-40e2-87e2-194824661f52" -d '{"events": [{"server_uuid": "f9ab29b6-f4bb-4aeb-919a-b627348c8e1c", "name": "network-vif-plugged", "status": "completed", "tag": "c58426f7-aaae-43a4-9a2c-98ffd357f8df"}]}' {{(pid=109825) _http_log_request /usr/local/lib/python3.8/dist-packages/keystoneauth1/session.py:519}}
Feb 04 21:47:26.693100 n-d-822053-33 neutron-server[109824]: DEBUG neutron_lib.callbacks.manager [None req-d73c1a42-b457-41c3-8844-cf99952f9adb admin admin] Publish callbacks [] for port (71f7cee6-03cd-4a7f-93aa-c27a5fae722f), precommit_update {{(pid=109824) _notify_loop /usr/local/lib/python3.8/dist-packages/neutron_lib/callbacks/manager.py:176}}
Feb 04 21:47:26.698658 n-d-822053-33 neutron-server[109824]: DEBUG neutron_lib.callbacks.manager [None req-d73c1a42-b457-41c3-8844-cf99952f9adb admin admin] Publish callbacks ['neutron.plugins.ml2.plugin.SecurityGroupServerNotifierRpcMixin._notify_sg_on_port_change-1567384', 'neutron.plugins.ml2.ovo_rpc._ObjectChangeHandler.handle_event-1933472', 'neutron.api.rpc.agentnotifiers.dhcp_rpc_agent_api.DhcpAgentNotifyAPI._native_event_send_dhcp_notification-1518345', 'neutron.db.l3_db.L3RpcNotifierMixin._notify_gateway_port_ip_changed-8761287571191', 'neutron.db.l3_dvrscheduler_db._notify_l3_agent_port_update-8761287074169', 'neutron.db.l3_hascheduler_db._notify_l3_agent_ha_port_update-8761287074187'] for port (71f7cee6-03cd-4a7f-93aa-c27a5fae722f), after_update {{(pid=109824) _notify_loop /usr/local/lib/python3.8/dist-packages/neutron_lib/callbacks/manager.py:176}}
Feb 04 21:47:26.700021 n-d-822053-33 neutron-server[109824]: DEBUG neutron_lib.callbacks.manager [None req-d73c1a42-b457-41c3-8844-cf99952f9adb admin admin] Publish callbacks ['neutron.api.rpc.agentnotifiers.dhcp_rpc_agent_api.DhcpAgentNotifyAPI._after_router_interface_created-1518375', 'neutron.services.l3_router.l3_router_plugin.DVRResourceOperationHandler._update_snat_v6_addrs_after_intf_update-609721'] for router_interface (cb3104f4-5c8c-493f-9ac9-2dfb1b898271), after_create {{(pid=109824) _notify_loop /usr/local/lib/python3.8/dist-packages/neutron_lib/callbacks/manager.py:176}}
Feb 04 21:47:26.806807 n-d-822053-33 neutron-server[109824]: DEBUG neutron.api.rpc.handlers.resources_rpc [None req-d73c1a42-b457-41c3-8844-cf99952f9adb admin admin] Pushing event updated for resources: {'Port': ['ID=71f7cee6-03cd-4a7f-93aa-c27a5fae722f,revision_number=2']} {{(pid=109824) push /opt/stack/neutron/neutron/api/rpc/handlers/resources_rpc.py:237}}
Feb 04 21:47:26.873882 n-d-822053-33 neutron-server[109824]: DEBUG neutron.scheduler.dhcp_agent_scheduler [None req-d73c1a42-b457-41c3-8844-cf99952f9adb admin admin] Network 686724cd-070e-4071-8b66-658da6b20b73 is already hosted by enough agents. {{(pid=109824) _get_dhcp_agents_hosting_network /opt/stack/neutron/neutron/scheduler/dhcp_agent_scheduler.py:275}}
Feb 04 21:47:26.876097 n-d-822053-33 neutron-server[109824]: DEBUG neutron.scheduler.base_scheduler [None req-d73c1a42-b457-41c3-8844-cf99952f9adb admin admin] Resources bound (agent type, host, resource id): {{(pid=109824) schedule /opt/stack/neutron/neutron/scheduler/base_scheduler.py:57}}
Feb 04 21:47:27.117711 n-d-822053-33 neutron-server[109824]: DEBUG neutron.scheduler.l3_agent_scheduler [None req-d73c1a42-b457-41c3-8844-cf99952f9adb admin admin] Router cb3104f4-5c8c-493f-9ac9-2dfb1b898271 has already been hosted by L3 agent d1e06c61-e0e3-4a44-a4b8-bfd47f1df5fa {{(pid=109824) _get_candidates /opt/stack/neutron/neutron/scheduler/l3_agent_scheduler.py:126}}
Feb 04 21:47:27.256588 n-d-822053-33 neutron-server[109823]: DEBUG neutron.wsgi [-] (109823) accepted ('10.222.0.67', 59585) {{(pid=109823) server /usr/local/lib/python3.8/dist-packages/eventlet/wsgi.py:1004}}
Feb 04 21:47:27.282937 n-d-822053-33 neutron-server[109825]: DEBUG neutron.db.provisioning_blocks [None req-42c3251b-5ae8-47e5-98bc-420c647c7e10 None None] Provisioning complete for port 71f7cee6-03cd-4a7f-93aa-c27a5fae722f triggered by entity DHCP. {{(pid=109825) provisioning_complete /opt/stack/neutron/neutron/db/provisioning_blocks.py:139}}
Feb 04 21:47:27.284803 n-d-822053-33 neutron-server[109825]: DEBUG neutron_lib.callbacks.manager [None req-42c3251b-5ae8-47e5-98bc-420c647c7e10 None None] Publish callbacks ['neutron.plugins.ml2.plugin.Ml2Plugin._port_provisioned-1440351'] for port (71f7cee6-03cd-4a7f-93aa-c27a5fae722f), provisioning_complete {{(pid=109825) _notify_loop /usr/local/lib/python3.8/dist-packages/neutron_lib/callbacks/manager.py:176}}
Feb 04 21:47:27.360417 n-d-822053-33 neutron-server[109825]: DEBUG novaclient.v2.client [-] RESP: [200] Connection: close Content-Length: 183 Content-Type: application/json Date: Fri, 04 Feb 2022 21:47:26 GMT OpenStack-API-Version: compute 2.1 Server: Apache/2.4.41 (Ubuntu) Vary: OpenStack-API-Version,X-OpenStack-Nova-API-Version X-OpenStack-Nova-API-Version: 2.1 x-compute-request-id: req-1264b472-366d-4b97-b967-ace9458e0918 x-openstack-request-id: req-1264b472-366d-4b97-b967-ace9458e0918 {{(pid=109825) _http_log_response /usr/local/lib/python3.8/dist-packages/keystoneauth1/session.py:550}}
Feb 04 21:47:27.360948 n-d-822053-33 neutron-server[109825]: DEBUG novaclient.v2.client [-] RESP BODY: {"events": [{"server_uuid": "f9ab29b6-f4bb-4aeb-919a-b627348c8e1c", "name": "network-vif-plugged", "status": "completed", "tag": "c58426f7-aaae-43a4-9a2c-98ffd357f8df", "code": 200}]} {{(pid=109825) _http_log_response /usr/local/lib/python3.8/dist-packages/keystoneauth1/session.py:582}}
Feb 04 21:47:27.361351 n-d-822053-33 neutron-server[109825]: DEBUG novaclient.v2.client [-] POST call to compute for http://10.222.0.45/compute/v2.1/os-server-external-events used request id req-1264b472-366d-4b97-b967-ace9458e0918 {{(pid=109825) request /usr/local/lib/python3.8/dist-packages/keystoneauth1/session.py:954}}
Feb 04 21:47:27.361948 n-d-822053-33 neutron-server[109825]: INFO neutron.notifiers.nova [-] Nova event response: {'server_uuid': 'f9ab29b6-f4bb-4aeb-919a-b627348c8e1c', 'name': 'network-vif-plugged', 'status': 'completed', 'tag': 'c58426f7-aaae-43a4-9a2c-98ffd357f8df', 'code': 200}
Feb 04 21:47:27.403920 n-d-822053-33 neutron-server[109825]: DEBUG neutron.plugins.ml2.plugin [None req-42c3251b-5ae8-47e5-98bc-420c647c7e10 None None] Port 71f7cee6-03cd-4a7f-93aa-c27a5fae722f cannot update to ACTIVE because it is not bound. {{(pid=109825) _port_provisioned /opt/stack/neutron/neutron/plugins/ml2/plugin.py:343}}
Feb 04 21:47:27.454298 n-d-822053-33 neutron-server[109824]: DEBUG neutron.api.rpc.agentnotifiers.l3_rpc_agent_api [None req-d73c1a42-b457-41c3-8844-cf99952f9adb admin admin] Notify agent at l3_agent.n-d-822053-33 the message routers_updated {{(pid=109824) _agent_notification /opt/stack/neutron/neutron/api/rpc/agentnotifiers/l3_rpc_agent_api.py:65}}
Feb 04 21:47:27.496264 n-d-822053-33 neutron-server[109824]: INFO neutron.wsgi [None req-d73c1a42-b457-41c3-8844-cf99952f9adb admin admin] 10.222.0.45 "PUT /v2.0/routers/cb3104f4-5c8c-493f-9ac9-2dfb1b898271/add_router_interface HTTP/1.1" status: 200 len: 503 time: 3.7691362
Feb 04 21:47:27.808590 n-d-822053-33 neutron-server[109824]: DEBUG neutron.pecan_wsgi.hooks.policy_enforcement [req-47aaf518-eb9a-4658-92f2-8462e167ffcb req-60646078-279b-4602-b2c7-0f79126d94fa tempest-AggregatesAdminTestJSON-1396150666 tempest-AggregatesAdminTestJSON-1396150666-project] Attributes excluded by policy engine: ['standard_attr_id', 'binding:profile', 'binding:host_id', 'binding:vif_type', 'binding:vif_details'] {{(pid=109824) _exclude_attributes_by_policy /opt/stack/neutron/neutron/pecan_wsgi/hooks/policy_enforcement.py:255}}
Feb 04 21:47:27.817383 n-d-822053-33 neutron-server[109824]: INFO neutron.wsgi [req-47aaf518-eb9a-4658-92f2-8462e167ffcb req-60646078-279b-4602-b2c7-0f79126d94fa tempest-AggregatesAdminTestJSON-1396150666 tempest-AggregatesAdminTestJSON-1396150666-project] 10.222.0.45 "GET /v2.0/ports?device_id=f9ab29b6-f4bb-4aeb-919a-b627348c8e1c HTTP/1.1" status: 200 len: 970 time: 0.3176067
Feb 04 21:47:27.833584 n-d-822053-33 neutron-server[109823]: DEBUG neutron.pecan_wsgi.hooks.policy_enforcement [req-c0962a7e-bb65-4a01-a9f4-483e08c3affc req-2ff80b4b-9bd2-49cf-8086-ab15deb5b32d tempest-LiveMigrationTest-2060581066 tempest-LiveMigrationTest-2060581066-project] Attributes excluded by policy engine: ['standard_attr_id', 'vlan_transparent', 'provider:network_type', 'provider:physical_network', 'provider:segmentation_id'] {{(pid=109823) _exclude_attributes_by_policy /opt/stack/neutron/neutron/pecan_wsgi/hooks/policy_enforcement.py:255}}
Feb 04 21:47:27.835248 n-d-822053-33 neutron-server[109823]: INFO neutron.wsgi [req-c0962a7e-bb65-4a01-a9f4-483e08c3affc req-2ff80b4b-9bd2-49cf-8086-ab15deb5b32d tempest-LiveMigrationTest-2060581066 tempest-LiveMigrationTest-2060581066-project] 10.222.0.67 "GET /v2.0/networks?id=f92cc545-9946-4086-96db-9f62854fb80c HTTP/1.1" status: 200 len: 808 time: 0.5739028
Feb 04 21:47:27.911793 n-d-822053-33 neutron-server[109823]: INFO neutron.wsgi [req-ad63f2ed-9919-41c9-a301-62045f608181 req-f946a416-0e27-4f1e-9a23-a904701339ff tempest-LiveMigrationTest-2060581066 tempest-LiveMigrationTest-2060581066-project] 10.222.0.45 "GET /v2.0/ports?device_id=6adabd13-488a-4368-bf21-549634f219ac HTTP/1.1" status: 200 len: 210 time: 0.0754290
Feb 04 21:47:27.917873 n-d-822053-33 neutron-server[109824]: DEBUG neutron.pecan_wsgi.hooks.policy_enforcement [req-cc69b23f-b9dd-40c4-9efa-2c48770c9849 req-b5d308a5-055a-492c-86ae-ec20368b05ea service neutron] Attributes excluded by policy engine: ['standard_attr_id'] {{(pid=109824) _exclude_attributes_by_policy /opt/stack/neutron/neutron/pecan_wsgi/hooks/policy_enforcement.py:255}}
Feb 04 21:47:27.925142 n-d-822053-33 neutron-server[109824]: INFO neutron.wsgi [req-cc69b23f-b9dd-40c4-9efa-2c48770c9849 req-b5d308a5-055a-492c-86ae-ec20368b05ea service neutron] 10.222.0.10 "GET /v2.0/ports?device_id=f9ab29b6-f4bb-4aeb-919a-b627348c8e1c HTTP/1.1" status: 200 len: 1153 time: 0.3752363
Feb 04 21:47:27.972603 n-d-822053-33 neutron-server[109825]: DEBUG neutron.plugins.ml2.rpc [None req-e1ad430c-b9b7-4613-b3a6-c28d16b101e7 None None] Device 2ce8ceff-301a-4587-b352-aeb72bc08a08 up at agent ovs-agent-n-d-822053-33 {{(pid=109825) update_device_up /opt/stack/neutron/neutron/plugins/ml2/rpc.py:296}}
Feb 04 21:47:27.977510 n-d-822053-33 neutron-server[109824]: INFO neutron.wsgi [req-47aaf518-eb9a-4658-92f2-8462e167ffcb req-a291cd64-458b-4823-905c-657a959149be tempest-AggregatesAdminTestJSON-1396150666 tempest-AggregatesAdminTestJSON-1396150666-project] 10.222.0.45 "GET /v2.0/security-groups?id=872ca2cf-9f14-470e-8821-5c901d74bd7d&fields=id&fields=name HTTP/1.1" status: 200 len: 286 time: 0.1586013
Feb 04 21:47:27.994755 n-d-822053-33 neutron-server[109824]: DEBUG neutron_lib.callbacks.manager [req-cc69b23f-b9dd-40c4-9efa-2c48770c9849 req-be06a212-d927-42a6-9056-476b7ac8964e service neutron] Publish callbacks [] for security_group (None), before_create {{(pid=109824) _notify_loop /usr/local/lib/python3.8/dist-packages/neutron_lib/callbacks/manager.py:176}}
Feb 04 21:47:28.055867 n-d-822053-33 neutron-server[109825]: DEBUG neutron.db.provisioning_blocks [None req-e1ad430c-b9b7-4613-b3a6-c28d16b101e7 None None] Provisioning complete for port 2ce8ceff-301a-4587-b352-aeb72bc08a08 triggered by entity L2. {{(pid=109825) provisioning_complete /opt/stack/neutron/neutron/db/provisioning_blocks.py:139}}
Feb 04 21:47:28.056378 n-d-822053-33 neutron-server[109825]: DEBUG neutron_lib.callbacks.manager [None req-e1ad430c-b9b7-4613-b3a6-c28d16b101e7 None None] Publish callbacks ['neutron.plugins.ml2.plugin.Ml2Plugin._port_provisioned-1440351'] for port (2ce8ceff-301a-4587-b352-aeb72bc08a08), provisioning_complete {{(pid=109825) _notify_loop /usr/local/lib/python3.8/dist-packages/neutron_lib/callbacks/manager.py:176}}
Feb 04 21:47:28.172580 n-d-822053-33 neutron-server[109824]: DEBUG neutron_lib.callbacks.manager [req-cc69b23f-b9dd-40c4-9efa-2c48770c9849 req-be06a212-d927-42a6-9056-476b7ac8964e service neutron] Publish callbacks [] for security_group (70ed4dab-0a61-499e-9ca6-b2869be6c43f), precommit_create {{(pid=109824) _notify_loop /usr/local/lib/python3.8/dist-packages/neutron_lib/callbacks/manager.py:176}}
Feb 04 21:47:28.182020 n-d-822053-33 neutron-server[109824]: DEBUG neutron_lib.callbacks.manager [req-cc69b23f-b9dd-40c4-9efa-2c48770c9849 req-be06a212-d927-42a6-9056-476b7ac8964e service neutron] Publish callbacks ['neutron.plugins.ml2.ovo_rpc._ObjectChangeHandler.handle_event-1550581'] for security_group (70ed4dab-0a61-499e-9ca6-b2869be6c43f), after_create {{(pid=109824) _notify_loop /usr/local/lib/python3.8/dist-packages/neutron_lib/callbacks/manager.py:176}}
Feb 04 21:47:28.221275 n-d-822053-33 neutron-server[109825]: DEBUG neutron.plugins.ml2.plugin [None req-e1ad430c-b9b7-4613-b3a6-c28d16b101e7 None None] Current status of the port 2ce8ceff-301a-4587-b352-aeb72bc08a08 is: DOWN; New status is: ACTIVE {{(pid=109825) _update_individual_port_db_status /opt/stack/neutron/neutron/plugins/ml2/plugin.py:2238}}
Feb 04 21:47:28.221815 n-d-822053-33 neutron-server[109825]: DEBUG neutron_lib.callbacks.manager [None req-e1ad430c-b9b7-4613-b3a6-c28d16b101e7 None None] Publish callbacks ['neutron.plugins.ml2.plugin.SecurityGroupDbMixin._ensure_default_security_group_handler-1567327'] for port (2ce8ceff-301a-4587-b352-aeb72bc08a08), before_update {{(pid=109825) _notify_loop /usr/local/lib/python3.8/dist-packages/neutron_lib/callbacks/manager.py:176}}
Feb 04 21:47:28.268529 n-d-822053-33 neutron-server[109824]: DEBUG neutron.api.rpc.handlers.resources_rpc [None req-be06a212-d927-42a6-9056-476b7ac8964e service neutron] Pushing event updated for resources: {'SecurityGroup': ['ID=70ed4dab-0a61-499e-9ca6-b2869be6c43f,revision_number=1']} {{(pid=109824) push /opt/stack/neutron/neutron/api/rpc/handlers/resources_rpc.py:237}}
Feb 04 21:47:28.281694 n-d-822053-33 neutron-server[109825]: DEBUG neutron.plugins.ml2.db [None req-e1ad430c-b9b7-4613-b3a6-c28d16b101e7 None None] For port 2ce8ceff-301a-4587-b352-aeb72bc08a08, host n-d-822053-33, got binding levels [PortBindingLevel(driver='openvswitch',host='n-d-822053-33',level=0,port_id=2ce8ceff-301a-4587-b352-aeb72bc08a08,segment=NetworkSegment(dbc61326-36d2-4799-b390-9054b4f5791f),segment_id=dbc61326-36d2-4799-b390-9054b4f5791f)] {{(pid=109825) get_binding_level_objs /opt/stack/neutron/neutron/plugins/ml2/db.py:74}}
Feb 04 21:47:28.288021 n-d-822053-33 neutron-server[109824]: INFO neutron.wsgi [req-cc69b23f-b9dd-40c4-9efa-2c48770c9849 req-be06a212-d927-42a6-9056-476b7ac8964e service neutron] 10.222.0.10 "GET /v2.0/security-groups?id=872ca2cf-9f14-470e-8821-5c901d74bd7d&fields=id&fields=name HTTP/1.1" status: 200 len: 286 time: 0.3532465
Feb 04 21:47:28.289591 n-d-822053-33 neutron-server[109825]: DEBUG neutron_lib.callbacks.manager [None req-e1ad430c-b9b7-4613-b3a6-c28d16b101e7 None None] Publish callbacks ['neutron.plugins.ml2.plugin.SecurityGroupServerNotifierRpcMixin._notify_sg_on_port_change-1567384', 'neutron.plugins.ml2.ovo_rpc._ObjectChangeHandler.handle_event-1933472', 'neutron.api.rpc.agentnotifiers.dhcp_rpc_agent_api.DhcpAgentNotifyAPI._native_event_send_dhcp_notification-1518345', 'neutron.db.l3_db.L3RpcNotifierMixin._notify_gateway_port_ip_changed-8761287571191', 'neutron.db.l3_dvrscheduler_db._notify_l3_agent_port_update-8761287074169', 'neutron.db.l3_hascheduler_db._notify_l3_agent_ha_port_update-8761287074187'] for port (2ce8ceff-301a-4587-b352-aeb72bc08a08), after_update {{(pid=109825) _notify_loop /usr/local/lib/python3.8/dist-packages/neutron_lib/callbacks/manager.py:176}}
Feb 04 21:47:28.379205 n-d-822053-33 neutron-server[109825]: DEBUG neutron.api.rpc.handlers.resources_rpc [None req-e1ad430c-b9b7-4613-b3a6-c28d16b101e7 None None] Pushing event updated for resources: {'Port': ['ID=2ce8ceff-301a-4587-b352-aeb72bc08a08,revision_number=4']} {{(pid=109825) push /opt/stack/neutron/neutron/api/rpc/handlers/resources_rpc.py:237}}
Feb 04 21:47:28.406142 n-d-822053-33 neutron-server[109823]: INFO neutron.wsgi [req-2753d2bd-fbf0-4406-9028-98f1b8a8fe7f req-05df35a7-569c-4b20-96cc-eb4ec3574a3d tempest-LiveMigrationNegativeTest-1467343437 tempest-LiveMigrationNegativeTest-1467343437-project] 10.222.0.45 "GET /v2.0/networks?tenant_id=cfb5e809a53d4feda5b0a3a154e3dc4f&shared=False HTTP/1.1" status: 200 len: 213 time: 0.0281181
Feb 04 21:47:28.550704 n-d-822053-33 neutron-server[109823]: DEBUG neutron.pecan_wsgi.hooks.policy_enforcement [req-2753d2bd-fbf0-4406-9028-98f1b8a8fe7f req-c9ca03b0-cd57-4fb3-aa70-b5966712fa1f tempest-LiveMigrationNegativeTest-1467343437 tempest-LiveMigrationNegativeTest-1467343437-project] Attributes excluded by policy engine: ['standard_attr_id', 'vlan_transparent', 'provider:network_type', 'provider:physical_network', 'provider:segmentation_id'] {{(pid=109823) _exclude_attributes_by_policy /opt/stack/neutron/neutron/pecan_wsgi/hooks/policy_enforcement.py:255}}
Feb 04 21:47:28.552439 n-d-822053-33 neutron-server[109823]: INFO neutron.wsgi [req-2753d2bd-fbf0-4406-9028-98f1b8a8fe7f req-c9ca03b0-cd57-4fb3-aa70-b5966712fa1f tempest-LiveMigrationNegativeTest-1467343437 tempest-LiveMigrationNegativeTest-1467343437-project] 10.222.0.45 "GET /v2.0/networks?shared=True HTTP/1.1" status: 200 len: 769 time: 0.1354899
Feb 04 21:47:28.569351 n-d-822053-33 neutron-server[109823]: INFO neutron.wsgi [req-2753d2bd-fbf0-4406-9028-98f1b8a8fe7f req-ea76ec31-ac73-467d-a91d-d2e74ac4e941 tempest-LiveMigrationNegativeTest-1467343437 tempest-LiveMigrationNegativeTest-1467343437-project] 10.222.0.45 "GET /v2.0/quotas/cfb5e809a53d4feda5b0a3a154e3dc4f HTTP/1.1" status: 200 len: 375 time: 0.0117371
Feb 04 21:47:28.613220 n-d-822053-33 neutron-server[109823]: INFO neutron.wsgi [req-2753d2bd-fbf0-4406-9028-98f1b8a8fe7f req-a06e3568-8b98-42d9-b021-83dbe3bb0353 tempest-LiveMigrationNegativeTest-1467343437 tempest-LiveMigrationNegativeTest-1467343437-project] 10.222.0.45 "GET /v2.0/ports?tenant_id=cfb5e809a53d4feda5b0a3a154e3dc4f&fields=id HTTP/1.1" status: 200 len: 210 time: 0.0380139
Feb 04 21:47:28.719803 n-d-822053-33 neutron-server[109825]: DEBUG neutron.api.rpc.handlers.l3_rpc [None req-594458c0-0fb6-4595-88d0-953e4912a311 None None] Sync routers for ids ['cb3104f4-5c8c-493f-9ac9-2dfb1b898271'] in n-d-822053-33 {{(pid=109825) sync_routers /opt/stack/neutron/neutron/api/rpc/handlers/l3_rpc.py:125}}
Feb 04 21:47:28.745165 n-d-822053-33 neutron-server[109825]: DEBUG neutron.db.l3_dvrscheduler_db [None req-594458c0-0fb6-4595-88d0-953e4912a311 None None] Routers {'cb3104f4-5c8c-493f-9ac9-2dfb1b898271'} bound to L3 agent in host n-d-822053-33 {{(pid=109825) _get_router_ids_for_agent /opt/stack/neutron/neutron/db/l3_dvrscheduler_db.py:421}}
Feb 04 21:47:28.746112 n-d-822053-33 neutron-server[109825]: DEBUG neutron.db.l3_hamode_db [None req-594458c0-0fb6-4595-88d0-953e4912a311 None None] neutron.services.l3_router.l3_router_plugin.L3RouterPlugin method get_ha_sync_data_for_host called with arguments (, 'n-d-822053-33', Agent(admin_state_up=True,agent_type='L3 agent',availability_zone='nova',binary='neutron-l3-agent',configurations={"agent_mode": "legacy", "ex_gw_ports": 2, "extensions": [], "floating_ips": 0, "handle_internal_only_routers": true, "interface_driver": "openvswitch", "interfaces": 2, "log_agent_heartbeats": false, "routers": 2},created_at=2022-02-04T21:36:51Z,description=,heartbeat_timestamp=2022-02-04T21:47:21Z,host='n-d-822053-33',id=d1e06c61-e0e3-4a44-a4b8-bfd47f1df5fa,load=0,resource_versions=,resources_synced=,started_at=2022-02-04T21:36:51Z,topic='l3_agent')) {'router_ids': ['cb3104f4-5c8c-493f-9ac9-2dfb1b898271'], 'active': True} {{(pid=109825) wrapper /usr/local/lib/python3.8/dist-packages/oslo_log/helpers.py:65}}
Feb 04 21:47:28.826121 n-d-822053-33 neutron-server[109823]: INFO neutron.wsgi [req-6d5d0a17-6162-4ad9-a0d9-ac5b24f5e0b3 req-9d3d201e-828d-4e6a-996f-dd26b2eee99b tempest-LiveMigrationNegativeTest-1467343437 tempest-LiveMigrationNegativeTest-1467343437-project] 10.222.0.45 "GET /v2.0/ports?device_id=ba2c5a10-4a74-4b48-bb08-1b842913e148 HTTP/1.1" status: 200 len: 210 time: 0.0325313
Feb 04 21:47:28.897198 n-d-822053-33 neutron-server[109825]: DEBUG neutron.db.l3_dvr_db [None req-594458c0-0fb6-4595-88d0-953e4912a311 None None] Set router cb3104f4-5c8c-493f-9ac9-2dfb1b898271 gateway port host: n-d-822053-33 {{(pid=109825) _build_routers_list /opt/stack/neutron/neutron/db/l3_dvr_db.py:906}}
Feb 04 21:47:29.050741 n-d-822053-33 neutron-server[109824]: INFO neutron.wsgi [req-e474a363-ce1a-4ba8-8a55-db54532b538a req-35a12e47-1713-4f04-962a-b77038069e6a tempest-LiveMigrationTest-2060581066 tempest-LiveMigrationTest-2060581066-project] 10.222.0.45 "GET /v2.0/ports?device_id=6adabd13-488a-4368-bf21-549634f219ac HTTP/1.1" status: 200 len: 210 time: 0.0488505
Feb 04 21:47:29.224855 n-d-822053-33 neutron-server[109824]: DEBUG neutron.pecan_wsgi.hooks.policy_enforcement [req-e0529c79-080e-4e9e-af32-4528fd0067bf req-c0b8d41e-eaa9-4ed9-a404-3eae8a7da144 tempest-AggregatesAdminTestJSON-1396150666 tempest-AggregatesAdminTestJSON-1396150666-project] Attributes excluded by policy engine: ['standard_attr_id', 'binding:profile', 'binding:host_id', 'binding:vif_type', 'binding:vif_details'] {{(pid=109824) _exclude_attributes_by_policy /opt/stack/neutron/neutron/pecan_wsgi/hooks/policy_enforcement.py:255}}
Feb 04 21:47:29.226552 n-d-822053-33 neutron-server[109824]: INFO neutron.wsgi [req-e0529c79-080e-4e9e-af32-4528fd0067bf req-c0b8d41e-eaa9-4ed9-a404-3eae8a7da144 tempest-AggregatesAdminTestJSON-1396150666 tempest-AggregatesAdminTestJSON-1396150666-project] 10.222.0.45 "GET /v2.0/ports?device_id=f9ab29b6-f4bb-4aeb-919a-b627348c8e1c HTTP/1.1" status: 200 len: 970 time: 0.0828609
Feb 04 21:47:29.261258 n-d-822053-33 neutron-server[109825]: DEBUG neutron.db.l3_hamode_db [None req-594458c0-0fb6-4595-88d0-953e4912a311 None None] neutron.services.l3_router.l3_router_plugin.L3RouterPlugin method _process_sync_ha_data called with arguments (, [{'id': 'cb3104f4-5c8c-493f-9ac9-2dfb1b898271', 'name': 'tempest-ServersWithSpecificFlavorTestJSON-186023416-router', 'tenant_id': '47929f5052254e5eb899ae84069dd71e', 'admin_state_up': True, 'status': 'ACTIVE', 'external_gateway_info': {'network_id': '72a0193d-dc3b-4575-acaa-003a0309fe59', 'external_fixed_ips': [{'subnet_id': '9c945c01-8705-4aaa-a41a-c3f53d5bf0c8', 'ip_address': '172.25.4.96'}], 'enable_snat': True}, 'gw_port_id': '2ce8ceff-301a-4587-b352-aeb72bc08a08', 'description': '', 'availability_zones': ['nova'], 'distributed': False, 'ha': False, 'ha_vr_id': 0, 'availability_zone_hints': [], 'routes': [], 'flavor_id': None, 'tags': [], 'created_at': '2022-02-04T21:47:20Z', 'updated_at': '2022-02-04T21:47:25Z', 'revision_number': 4, 'project_id': '47929f5052254e5eb899ae84069dd71e', 'gw_port': {'id': '2ce8ceff-301a-4587-b352-aeb72bc08a08', 'name': '', 'network_id': '72a0193d-dc3b-4575-acaa-003a0309fe59', 'tenant_id': '', 'mac_address': 'fa:16:3e:db:b0:1b', 'admin_state_up': True, 'status': 'ACTIVE', 'device_id': 'cb3104f4-5c8c-493f-9ac9-2dfb1b898271', 'device_owner': 'network:router_gateway', 'standard_attr_id': 189, 'fixed_ips': [{'subnet_id': '9c945c01-8705-4aaa-a41a-c3f53d5bf0c8', 'ip_address': '172.25.4.96', 'prefixlen': 24}], 'allowed_address_pairs': [], 'extra_dhcp_opts': [], 'security_groups': [], 'description': '', 'binding:vnic_type': 'normal', 'binding:profile': {}, 'binding:host_id': 'n-d-822053-33', 'binding:vif_type': 'ovs', 'binding:vif_details': {'connectivity': 'l2', 'port_filter': True, 'ovs_hybrid_plug': False, 'datapath_type': 'system', 'bridge_name': 'br-int', 'bound_drivers': {'0': 'openvswitch'}}, 'port_security_enabled': False, 'tags': [], 'created_at': '2022-02-04T21:47:21Z', 'updated_at': '2022-02-04T21:47:28Z', 'revision_number': 4, 'project_id': '', 'subnets': [{'id': '9c945c01-8705-4aaa-a41a-c3f53d5bf0c8', 'cidr': '172.25.4.0/24', 'gateway_ip': '172.25.4.1', 'dns_nameservers': [], 'ipv6_ra_mode': None, 'subnetpool_id': None}], 'extra_subnets': [], 'address_scopes': {4: None, 6: None}, 'mtu': 1500}, 'enable_snat': True, 'gw_port_host': 'n-d-822053-33', '_interfaces': [{'id': '71f7cee6-03cd-4a7f-93aa-c27a5fae722f', 'name': '', 'network_id': '686724cd-070e-4071-8b66-658da6b20b73', 'tenant_id': '47929f5052254e5eb899ae84069dd71e', 'mac_address': 'fa:16:3e:67:2c:ed', 'admin_state_up': True, 'status': 'DOWN', 'device_id': 'cb3104f4-5c8c-493f-9ac9-2dfb1b898271', 'device_owner': 'network:router_interface', 'standard_attr_id': 201, 'fixed_ips': [{'subnet_id': 'cab440e1-dd29-4ae2-984c-78e22212a7bf', 'ip_address': '172.20.0.1', 'prefixlen': 28}], 'allowed_address_pairs': [], 'extra_dhcp_opts': [], 'security_groups': [], 'description': '', 'binding:vnic_type': 'normal', 'binding:profile': {}, 'binding:host_id': '', 'binding:vif_type': 'unbound', 'binding:vif_details': {}, 'port_security_enabled': False, 'tags': [], 'created_at': '2022-02-04T21:47:24Z', 'updated_at': '2022-02-04T21:47:26Z', 'revision_number': 2, 'project_id': '47929f5052254e5eb899ae84069dd71e', 'subnets': [{'id': 'cab440e1-dd29-4ae2-984c-78e22212a7bf', 'cidr': '172.20.0.0/28', 'gateway_ip': '172.20.0.1', 'dns_nameservers': [], 'ipv6_ra_mode': None, 'subnetpool_id': None}], 'extra_subnets': [], 'address_scopes': {4: None, 6: None}, 'mtu': 1500}]}], 'n-d-822053-33', False) {} {{(pid=109825) wrapper /usr/local/lib/python3.8/dist-packages/oslo_log/helpers.py:65}}
Feb 04 21:47:29.303350 n-d-822053-33 neutron-server[109823]: DEBUG neutron.wsgi [-] (109823) accepted ('10.222.0.45', 49964) {{(pid=109823) server /usr/local/lib/python3.8/dist-packages/eventlet/wsgi.py:1004}}
Feb 04 21:47:29.310032 n-d-822053-33 neutron-server[109823]: DEBUG neutron.api.v2.base [None req-59d976fd-ffaa-472b-9d10-64c42e2afdd7 tempest-ServersWithSpecificFlavorTestJSON-1079962200 tempest-ServersWithSpecificFlavorTestJSON-1079962200-project] Request body: {'security_group': {'name': 'tempest-securitygroup--1896080339', 'description': 'tempest-description--119402469'}} {{(pid=109823) prepare_request_body /opt/stack/neutron/neutron/api/v2/base.py:729}}
Feb 04 21:47:29.316871 n-d-822053-33 neutron-server[109824]: INFO neutron.wsgi [req-e0529c79-080e-4e9e-af32-4528fd0067bf req-985da0be-053e-418c-a5be-1d9b494521d3 tempest-AggregatesAdminTestJSON-1396150666 tempest-AggregatesAdminTestJSON-1396150666-project] 10.222.0.45 "GET /v2.0/security-groups?id=872ca2cf-9f14-470e-8821-5c901d74bd7d&fields=id&fields=name HTTP/1.1" status: 200 len: 286 time: 0.0625348
Feb 04 21:47:29.339969 n-d-822053-33 neutron-server[109825]: DEBUG neutron.api.rpc.handlers.l3_rpc [None req-594458c0-0fb6-4595-88d0-953e4912a311 None None] Checking router: cb3104f4-5c8c-493f-9ac9-2dfb1b898271 for host: n-d-822053-33 {{(pid=109825) _ensure_host_set_on_ports /opt/stack/neutron/neutron/api/rpc/handlers/l3_rpc.py:155}}
Feb 04 21:47:29.340454 n-d-822053-33 neutron-server[109825]: DEBUG neutron.api.rpc.handlers.l3_rpc [None req-594458c0-0fb6-4595-88d0-953e4912a311 None None] Updating router cb3104f4-5c8c-493f-9ac9-2dfb1b898271 port 71f7cee6-03cd-4a7f-93aa-c27a5fae722f binding host n-d-822053-33 {{(pid=109825) _ensure_host_set_on_port /opt/stack/neutron/neutron/api/rpc/handlers/l3_rpc.py:205}}
Feb 04 21:47:29.356687 n-d-822053-33 neutron-server[109823]: DEBUG neutron_lib.callbacks.manager [None req-59d976fd-ffaa-472b-9d10-64c42e2afdd7 tempest-ServersWithSpecificFlavorTestJSON-1079962200 tempest-ServersWithSpecificFlavorTestJSON-1079962200-project] Publish callbacks [] for security_group (None), before_create {{(pid=109823) _notify_loop /usr/local/lib/python3.8/dist-packages/neutron_lib/callbacks/manager.py:176}}
Feb 04 21:47:29.383107 n-d-822053-33 neutron-server[109825]: DEBUG neutron_lib.callbacks.manager [None req-594458c0-0fb6-4595-88d0-953e4912a311 None None] Publish callbacks ['neutron.plugins.ml2.plugin.SecurityGroupDbMixin._ensure_default_security_group_handler-1567327'] for port (71f7cee6-03cd-4a7f-93aa-c27a5fae722f), before_update {{(pid=109825) _notify_loop /usr/local/lib/python3.8/dist-packages/neutron_lib/callbacks/manager.py:176}}
Feb 04 21:47:29.446140 n-d-822053-33 neutron-server[109824]: DEBUG neutron.wsgi [-] (109824) accepted ('10.222.0.45', 49972) {{(pid=109824) server /usr/local/lib/python3.8/dist-packages/eventlet/wsgi.py:1004}}
Feb 04 21:47:29.469894 n-d-822053-33 neutron-server[109823]: DEBUG neutron_lib.callbacks.manager [None req-59d976fd-ffaa-472b-9d10-64c42e2afdd7 tempest-ServersWithSpecificFlavorTestJSON-1079962200 tempest-ServersWithSpecificFlavorTestJSON-1079962200-project] Publish callbacks [] for security_group (1271482e-b7a5-4f83-9fb6-60072bacf114), precommit_create {{(pid=109823) _notify_loop /usr/local/lib/python3.8/dist-packages/neutron_lib/callbacks/manager.py:176}}
Feb 04 21:47:29.483817 n-d-822053-33 neutron-server[109823]: DEBUG neutron_lib.callbacks.manager [None req-59d976fd-ffaa-472b-9d10-64c42e2afdd7 tempest-ServersWithSpecificFlavorTestJSON-1079962200 tempest-ServersWithSpecificFlavorTestJSON-1079962200-project] Publish callbacks ['neutron.plugins.ml2.ovo_rpc._ObjectChangeHandler.handle_event-1550581'] for security_group (1271482e-b7a5-4f83-9fb6-60072bacf114), after_create {{(pid=109823) _notify_loop /usr/local/lib/python3.8/dist-packages/neutron_lib/callbacks/manager.py:176}}
Feb 04 21:47:29.517540 n-d-822053-33 neutron-server[109823]: DEBUG neutron_lib.callbacks.manager [None req-59d976fd-ffaa-472b-9d10-64c42e2afdd7 tempest-ServersWithSpecificFlavorTestJSON-1079962200 tempest-ServersWithSpecificFlavorTestJSON-1079962200-project] Publish callbacks [] for security_group (None), before_response {{(pid=109823) _notify_loop /usr/local/lib/python3.8/dist-packages/neutron_lib/callbacks/manager.py:176}}
Feb 04 21:47:29.519208 n-d-822053-33 neutron-server[109823]: INFO neutron.wsgi [None req-59d976fd-ffaa-472b-9d10-64c42e2afdd7 tempest-ServersWithSpecificFlavorTestJSON-1079962200 tempest-ServersWithSpecificFlavorTestJSON-1079962200-project] 10.222.0.45 "POST /v2.0/security-groups HTTP/1.1" status: 201 len: 1796 time: 0.2146533
Feb 04 21:47:29.522674 n-d-822053-33 neutron-server[109823]: DEBUG neutron.wsgi [-] (109823) accepted ('10.222.0.45', 49976) {{(pid=109823) server /usr/local/lib/python3.8/dist-packages/eventlet/wsgi.py:1004}}
Feb 04 21:47:29.527091 n-d-822053-33 neutron-server[109823]: DEBUG neutron.api.v2.base [None req-b71e28b4-3f76-49c4-8a3c-6b173a291ae7 tempest-ServersWithSpecificFlavorTestJSON-1079962200 tempest-ServersWithSpecificFlavorTestJSON-1079962200-project] Request body: {'security_group_rule': {'security_group_id': '1271482e-b7a5-4f83-9fb6-60072bacf114', 'protocol': 'tcp', 'ethertype': 'IPv4', 'port_range_min': 22, 'port_range_max': 22, 'direction': 'ingress'}} {{(pid=109823) prepare_request_body /opt/stack/neutron/neutron/api/v2/base.py:729}}
Feb 04 21:47:29.555314 n-d-822053-33 neutron-server[109823]: DEBUG neutron.api.rpc.handlers.resources_rpc [None req-59d976fd-ffaa-472b-9d10-64c42e2afdd7 tempest-ServersWithSpecificFlavorTestJSON-1079962200 tempest-ServersWithSpecificFlavorTestJSON-1079962200-project] Pushing event updated for resources: {'SecurityGroup': ['ID=1271482e-b7a5-4f83-9fb6-60072bacf114,revision_number=1']} {{(pid=109823) push /opt/stack/neutron/neutron/api/rpc/handlers/resources_rpc.py:237}}
Feb 04 21:47:29.591236 n-d-822053-33 neutron-server[109823]: DEBUG neutron_lib.callbacks.manager [None req-b71e28b4-3f76-49c4-8a3c-6b173a291ae7 tempest-ServersWithSpecificFlavorTestJSON-1079962200 tempest-ServersWithSpecificFlavorTestJSON-1079962200-project] Publish callbacks [] for security_group_rule (5887d050-523f-472c-8356-c623f3150d0e), before_create {{(pid=109823) _notify_loop /usr/local/lib/python3.8/dist-packages/neutron_lib/callbacks/manager.py:176}}
Feb 04 21:47:29.595642 n-d-822053-33 neutron-server[109824]: DEBUG neutron_lib.callbacks.manager [None req-7a3ba066-d639-4812-936f-e2e458a8e96c admin admin] Publish callbacks [] for security_group (None), before_create {{(pid=109824) _notify_loop /usr/local/lib/python3.8/dist-packages/neutron_lib/callbacks/manager.py:176}}
Feb 04 21:47:29.705043 n-d-822053-33 neutron-server[109823]: DEBUG neutron_lib.callbacks.manager [None req-b71e28b4-3f76-49c4-8a3c-6b173a291ae7 tempest-ServersWithSpecificFlavorTestJSON-1079962200 tempest-ServersWithSpecificFlavorTestJSON-1079962200-project] Publish callbacks [] for security_group_rule (5887d050-523f-472c-8356-c623f3150d0e), precommit_create {{(pid=109823) _notify_loop /usr/local/lib/python3.8/dist-packages/neutron_lib/callbacks/manager.py:176}}
Feb 04 21:47:29.710411 n-d-822053-33 neutron-server[109823]: DEBUG neutron_lib.callbacks.manager [None req-b71e28b4-3f76-49c4-8a3c-6b173a291ae7 tempest-ServersWithSpecificFlavorTestJSON-1079962200 tempest-ServersWithSpecificFlavorTestJSON-1079962200-project] Publish callbacks ['neutron.plugins.ml2.ovo_rpc._ObjectChangeHandler.handle_event-1550374'] for security_group_rule (5887d050-523f-472c-8356-c623f3150d0e), after_create {{(pid=109823) _notify_loop /usr/local/lib/python3.8/dist-packages/neutron_lib/callbacks/manager.py:176}}
Feb 04 21:47:29.718682 n-d-822053-33 neutron-server[109824]: DEBUG neutron_lib.callbacks.manager [None req-7a3ba066-d639-4812-936f-e2e458a8e96c admin admin] Publish callbacks [] for security_group (b1338138-90ea-4d1c-b5fe-d1eae79fabe0), precommit_create {{(pid=109824) _notify_loop /usr/local/lib/python3.8/dist-packages/neutron_lib/callbacks/manager.py:176}}
Feb 04 21:47:29.723886 n-d-822053-33 neutron-server[109824]: DEBUG neutron_lib.callbacks.manager [None req-7a3ba066-d639-4812-936f-e2e458a8e96c admin admin] Publish callbacks ['neutron.plugins.ml2.ovo_rpc._ObjectChangeHandler.handle_event-1550581'] for security_group (b1338138-90ea-4d1c-b5fe-d1eae79fabe0), after_create {{(pid=109824) _notify_loop /usr/local/lib/python3.8/dist-packages/neutron_lib/callbacks/manager.py:176}}
Feb 04 21:47:29.740181 n-d-822053-33 neutron-server[109823]: DEBUG neutron.api.rpc.handlers.resources_rpc [None req-b71e28b4-3f76-49c4-8a3c-6b173a291ae7 tempest-ServersWithSpecificFlavorTestJSON-1079962200 tempest-ServersWithSpecificFlavorTestJSON-1079962200-project] Pushing event updated for resources: {'SecurityGroupRule': ['ID=5887d050-523f-472c-8356-c623f3150d0e,revision_number=0']} {{(pid=109823) push /opt/stack/neutron/neutron/api/rpc/handlers/resources_rpc.py:237}}
Feb 04 21:47:29.744532 n-d-822053-33 neutron-server[109823]: DEBUG neutron_lib.callbacks.manager [None req-b71e28b4-3f76-49c4-8a3c-6b173a291ae7 tempest-ServersWithSpecificFlavorTestJSON-1079962200 tempest-ServersWithSpecificFlavorTestJSON-1079962200-project] Publish callbacks [] for security_group_rule (None), before_response {{(pid=109823) _notify_loop /usr/local/lib/python3.8/dist-packages/neutron_lib/callbacks/manager.py:176}}
Feb 04 21:47:29.745746 n-d-822053-33 neutron-server[109823]: INFO neutron.wsgi [None req-b71e28b4-3f76-49c4-8a3c-6b173a291ae7 tempest-ServersWithSpecificFlavorTestJSON-1079962200 tempest-ServersWithSpecificFlavorTestJSON-1079962200-project] 10.222.0.45 "POST /v2.0/security-group-rules HTTP/1.1" status: 201 len: 764 time: 0.2219489
Feb 04 21:47:29.748904 n-d-822053-33 neutron-server[109825]: DEBUG neutron_lib.callbacks.manager [None req-594458c0-0fb6-4595-88d0-953e4912a311 None None] Publish callbacks [] for port (71f7cee6-03cd-4a7f-93aa-c27a5fae722f), precommit_update {{(pid=109825) _notify_loop /usr/local/lib/python3.8/dist-packages/neutron_lib/callbacks/manager.py:176}}
Feb 04 21:47:29.751025 n-d-822053-33 neutron-server[109824]: DEBUG neutron.wsgi [-] (109824) accepted ('10.222.0.45', 49980) {{(pid=109824) server /usr/local/lib/python3.8/dist-packages/eventlet/wsgi.py:1004}}
Feb 04 21:47:29.760565 n-d-822053-33 neutron-server[109825]: DEBUG neutron_lib.callbacks.manager [None req-594458c0-0fb6-4595-88d0-953e4912a311 None None] Publish callbacks ['neutron.plugins.ml2.plugin.SecurityGroupServerNotifierRpcMixin._notify_sg_on_port_change-1567384', 'neutron.plugins.ml2.ovo_rpc._ObjectChangeHandler.handle_event-1933472', 'neutron.api.rpc.agentnotifiers.dhcp_rpc_agent_api.DhcpAgentNotifyAPI._native_event_send_dhcp_notification-1518345', 'neutron.db.l3_db.L3RpcNotifierMixin._notify_gateway_port_ip_changed-8761287571191', 'neutron.db.l3_dvrscheduler_db._notify_l3_agent_port_update-8761287074169', 'neutron.db.l3_hascheduler_db._notify_l3_agent_ha_port_update-8761287074187'] for port (71f7cee6-03cd-4a7f-93aa-c27a5fae722f), after_update {{(pid=109825) _notify_loop /usr/local/lib/python3.8/dist-packages/neutron_lib/callbacks/manager.py:176}}
Feb 04 21:47:29.769089 n-d-822053-33 neutron-server[109824]: DEBUG neutron.api.v2.base [None req-5ba3db52-c9d1-441d-999d-03c250faa812 tempest-ServersWithSpecificFlavorTestJSON-1079962200 tempest-ServersWithSpecificFlavorTestJSON-1079962200-project] Request body: {'security_group_rule': {'security_group_id': '1271482e-b7a5-4f83-9fb6-60072bacf114', 'protocol': 'icmp', 'ethertype': 'IPv4', 'direction': 'ingress'}} {{(pid=109824) prepare_request_body /opt/stack/neutron/neutron/api/v2/base.py:729}}
Feb 04 21:47:29.774462 n-d-822053-33 neutron-server[109823]: DEBUG neutron.wsgi [-] (109823) accepted ('10.222.0.45', 49982) {{(pid=109823) server /usr/local/lib/python3.8/dist-packages/eventlet/wsgi.py:1004}}
Feb 04 21:47:29.790924 n-d-822053-33 neutron-server[109823]: DEBUG neutron.wsgi [-] (109823) accepted ('10.222.0.45', 49986) {{(pid=109823) server /usr/local/lib/python3.8/dist-packages/eventlet/wsgi.py:1004}}
Feb 04 21:47:29.791048 n-d-822053-33 neutron-server[109824]: INFO neutron.wsgi [None req-7a3ba066-d639-4812-936f-e2e458a8e96c admin admin] 10.222.0.45 "GET /v2.0/security-groups?tenant_id=2a558837360449f480aee4f3adf81a4e&name=default HTTP/1.1" status: 200 len: 2996 time: 0.3435524
Feb 04 21:47:29.794199 n-d-822053-33 neutron-server[109824]: DEBUG neutron.api.rpc.handlers.resources_rpc [None req-7a3ba066-d639-4812-936f-e2e458a8e96c admin admin] Pushing event updated for resources: {'SecurityGroup': ['ID=b1338138-90ea-4d1c-b5fe-d1eae79fabe0,revision_number=1']} {{(pid=109824) push /opt/stack/neutron/neutron/api/rpc/handlers/resources_rpc.py:237}}
Feb 04 21:47:29.823825 n-d-822053-33 neutron-server[109824]: DEBUG neutron_lib.callbacks.manager [None req-5ba3db52-c9d1-441d-999d-03c250faa812 tempest-ServersWithSpecificFlavorTestJSON-1079962200 tempest-ServersWithSpecificFlavorTestJSON-1079962200-project] Publish callbacks [] for security_group_rule (1e29bc56-e5fb-4b0e-b6cc-91281f782522), before_create {{(pid=109824) _notify_loop /usr/local/lib/python3.8/dist-packages/neutron_lib/callbacks/manager.py:176}}
Feb 04 21:47:29.867619 n-d-822053-33 neutron-server[109823]: DEBUG neutron_lib.callbacks.manager [None req-d25b6b14-8d37-49b5-8184-be93cc24cf59 admin admin] Publish callbacks [] for security_group (b1338138-90ea-4d1c-b5fe-d1eae79fabe0), before_delete {{(pid=109823) _notify_loop /usr/local/lib/python3.8/dist-packages/neutron_lib/callbacks/manager.py:176}}
