Feb 04 21:47:57.178413 n-d-822053-33 neutron-server[109824]: DEBUG neutron.pecan_wsgi.hooks.policy_enforcement [req-60e3512b-f29b-47ae-b390-6d1a60630d7e req-9cda4a73-6a62-4e78-a868-b2e2b0fb178c tempest-ServersAdminNegativeTestJSON-1184552558 tempest-ServersAdminNegativeTestJSON-1184552558-project] Attributes excluded by policy engine: ['standard_attr_id', 'binding:profile', 'binding:host_id', 'binding:vif_type', 'binding:vif_details'] {{(pid=109824) _exclude_attributes_by_policy /opt/stack/neutron/neutron/pecan_wsgi/hooks/policy_enforcement.py:255}}
Feb 04 21:47:57.186742 n-d-822053-33 neutron-server[109824]: INFO neutron.wsgi [req-60e3512b-f29b-47ae-b390-6d1a60630d7e req-9cda4a73-6a62-4e78-a868-b2e2b0fb178c tempest-ServersAdminNegativeTestJSON-1184552558 tempest-ServersAdminNegativeTestJSON-1184552558-project] 10.222.0.45 "GET /v2.0/ports?device_id=5396e4e9-5f41-4133-ada8-859c705f169c HTTP/1.1" status: 200 len: 950 time: 0.0861082
Feb 04 21:47:57.217563 n-d-822053-33 neutron-server[109823]: DEBUG neutron.wsgi [-] (109823) accepted ('10.222.0.45', 51114) {{(pid=109823) server /usr/local/lib/python3.8/dist-packages/eventlet/wsgi.py:1004}}
Feb 04 21:47:57.243196 n-d-822053-33 neutron-server[109823]: DEBUG neutron_lib.callbacks.manager [None req-a1a28b24-eeaa-4a5f-b473-0e3c3d9d804c admin admin] Publish callbacks [] for security_group (None), before_create {{(pid=109823) _notify_loop /usr/local/lib/python3.8/dist-packages/neutron_lib/callbacks/manager.py:176}}
Feb 04 21:47:57.251195 n-d-822053-33 neutron-server[109824]: INFO neutron.wsgi [req-60e3512b-f29b-47ae-b390-6d1a60630d7e req-cc54e08d-c071-4afe-bb95-5c352ef2c86c tempest-ServersAdminNegativeTestJSON-1184552558 tempest-ServersAdminNegativeTestJSON-1184552558-project] 10.222.0.45 "GET /v2.0/security-groups?id=916d8b23-eed5-4387-9c12-436c8560be9c&fields=id&fields=name HTTP/1.1" status: 200 len: 286 time: 0.0593708
Feb 04 21:47:57.426856 n-d-822053-33 neutron-server[109824]: DEBUG neutron.pecan_wsgi.hooks.policy_enforcement [req-5786ac76-df39-4ffb-bdd8-5ea82920eb75 req-dd55ac84-c4be-4c8b-9490-0ff44989fbdd tempest-LiveAutoBlockMigrationV225Test-367738483 tempest-LiveAutoBlockMigrationV225Test-367738483-project] Attributes excluded by policy engine: ['standard_attr_id', 'binding:profile', 'binding:host_id', 'binding:vif_type', 'binding:vif_details'] {{(pid=109824) _exclude_attributes_by_policy /opt/stack/neutron/neutron/pecan_wsgi/hooks/policy_enforcement.py:255}}
Feb 04 21:47:57.434882 n-d-822053-33 neutron-server[109824]: INFO neutron.wsgi [req-5786ac76-df39-4ffb-bdd8-5ea82920eb75 req-dd55ac84-c4be-4c8b-9490-0ff44989fbdd tempest-LiveAutoBlockMigrationV225Test-367738483 tempest-LiveAutoBlockMigrationV225Test-367738483-project] 10.222.0.45 "GET /v2.0/ports?device_id=7b14eeec-733c-4b6b-8e18-12d9ea99cbc1 HTTP/1.1" status: 200 len: 944 time: 0.1069221
Feb 04 21:47:57.467313 n-d-822053-33 neutron-server[109826]: DEBUG neutron.db.l3_hamode_db [None req-53b8d675-9685-408f-894e-2e5313820333 None None] neutron.services.l3_router.l3_router_plugin.L3RouterPlugin method _process_sync_ha_data called with arguments (, [{'id': 'c2bc2d5a-108e-40f6-b4e0-d60eeb5a2eb3', 'name': 'tempest-ServersWithSpecificFlavorTestJSON-1671215807-router', 'tenant_id': '2fe20dc587014b53b0eedcd310556dc7', 'admin_state_up': True, 'status': 'ACTIVE', 'external_gateway_info': {'network_id': '72a0193d-dc3b-4575-acaa-003a0309fe59', 'external_fixed_ips': [{'subnet_id': '9c945c01-8705-4aaa-a41a-c3f53d5bf0c8', 'ip_address': '172.25.4.184'}], 'enable_snat': True}, 'gw_port_id': 'b6f5d3a4-78a1-4109-8be8-551d0be18c56', 'description': '', 'availability_zones': ['nova'], 'distributed': False, 'ha': False, 'ha_vr_id': 0, 'availability_zone_hints': [], 'routes': [], 'flavor_id': None, 'tags': [], 'created_at': '2022-02-04T21:47:04Z', 'updated_at': '2022-02-04T21:47:15Z', 'revision_number': 4, 'project_id': '2fe20dc587014b53b0eedcd310556dc7', 'gw_port': {'id': 'b6f5d3a4-78a1-4109-8be8-551d0be18c56', 'name': '', 'network_id': '72a0193d-dc3b-4575-acaa-003a0309fe59', 'tenant_id': '', 'mac_address': 'fa:16:3e:c9:b3:82', 'admin_state_up': True, 'status': 'ACTIVE', 'device_id': 'c2bc2d5a-108e-40f6-b4e0-d60eeb5a2eb3', 'device_owner': 'network:router_gateway', 'standard_attr_id': 107, 'fixed_ips': [{'subnet_id': '9c945c01-8705-4aaa-a41a-c3f53d5bf0c8', 'ip_address': '172.25.4.184', 'prefixlen': 24}], 'allowed_address_pairs': [], 'extra_dhcp_opts': [], 'security_groups': [], 'description': '', 'binding:vnic_type': 'normal', 'binding:profile': {}, 'binding:host_id': 'n-d-822053-33', 'binding:vif_type': 'ovs', 'binding:vif_details': {'connectivity': 'l2', 'port_filter': True, 'ovs_hybrid_plug': False, 'datapath_type': 'system', 'bridge_name': 'br-int', 'bound_drivers': {'0': 'openvswitch'}}, 'port_security_enabled': False, 'tags': [], 'created_at': '2022-02-04T21:47:06Z', 'updated_at': '2022-02-04T21:47:14Z', 'revision_number': 4, 'project_id': '', 'subnets': [{'id': '9c945c01-8705-4aaa-a41a-c3f53d5bf0c8', 'cidr': '172.25.4.0/24', 'gateway_ip': '172.25.4.1', 'dns_nameservers': [], 'ipv6_ra_mode': None, 'subnetpool_id': None}], 'extra_subnets': [], 'address_scopes': {4: None, 6: None}, 'mtu': 1500}, 'enable_snat': True, 'gw_port_host': 'n-d-822053-33', '_floatingips': [{'id': '0dfe7687-2c73-45ff-966c-b2f8f177e142', 'tenant_id': '2fe20dc587014b53b0eedcd310556dc7', 'floating_ip_address': '172.25.4.230', 'floating_network_id': '72a0193d-dc3b-4575-acaa-003a0309fe59', 'router_id': 'c2bc2d5a-108e-40f6-b4e0-d60eeb5a2eb3', 'port_id': 'c34d0753-7c29-4a7b-9eac-808950ce5fd5', 'fixed_ip_address': '172.20.0.10', 'status': 'DOWN', 'standard_attr_id': 228, 'description': '', 'qos_policy_id': None, 'qos_network_policy_id': None, 'port_details': {'name': '', 'network_id': 'ac51b3b8-d868-4734-aa08-60ab5c6bda54', 'mac_address': 'fa:16:3e:3e:60:1c', 'admin_state_up': True, 'status': 'ACTIVE', 'device_id': '2bedf571-921f-420b-bcb4-3a39f2d49a99', 'device_owner': 'compute:nova'}, 'dns_domain': '', 'dns_name': '', 'tags': [], 'created_at': '2022-02-04T21:47:30Z', 'updated_at': '2022-02-04T21:47:54Z', 'revision_number': 1, 'project_id': '2fe20dc587014b53b0eedcd310556dc7', 'fixed_ip_address_scope': None}], '_interfaces': [{'id': '9c7e6fba-798e-470b-9cbb-3f60d5baca82', 'name': '', 'network_id': 'ac51b3b8-d868-4734-aa08-60ab5c6bda54', 'tenant_id': '2fe20dc587014b53b0eedcd310556dc7', 'mac_address': 'fa:16:3e:67:ab:1b', 'admin_state_up': True, 'status': 'ACTIVE', 'device_id': 'c2bc2d5a-108e-40f6-b4e0-d60eeb5a2eb3', 'device_owner': 'network:router_interface', 'standard_attr_id': 133, 'fixed_ips': [{'subnet_id': '338595c3-caa8-4469-8f00-6b42063106ed', 'ip_address': '172.20.0.1', 'prefixlen': 28}], 'allowed_address_pairs': [], 'extra_dhcp_opts': [], 'security_groups': [], 'description': '', 'binding:vnic_type': 'normal', 'binding:profile': {}, 'binding:host_id': 'n-d-822053-33', 'binding:vif_type': 'ovs', 'binding:vif_details': {'connectivity': 'l2', 'port_filter': True, 'ovs_hybrid_plug': False, 'datapath_type': 'system', 'bridge_name': 'br-int', 'bound_drivers': {'0': 'openvswitch'}}, 'port_security_enabled': False, 'tags': [], 'created_at': '2022-02-04T21:47:13Z', 'updated_at': '2022-02-04T21:47:18Z', 'revision_number': 5, 'project_id': '2fe20dc587014b53b0eedcd310556dc7', 'subnets': [{'id': '338595c3-caa8-4469-8f00-6b42063106ed', 'cidr': '172.20.0.0/28', 'gateway_ip': '172.20.0.1', 'dns_nameservers': [], 'ipv6_ra_mode': None, 'subnetpool_id': None}], 'extra_subnets': [], 'address_scopes': {4: None, 6: None}, 'mtu': 1500}]}], 'n-d-822053-33', False) {} {{(pid=109826) wrapper /usr/local/lib/python3.8/dist-packages/oslo_log/helpers.py:65}}
Feb 04 21:47:57.484849 n-d-822053-33 neutron-server[109823]: INFO neutron.wsgi [req-da4ad81b-d82c-401c-b114-c31afb0a4556 req-50317d4a-2807-4c02-b1ad-2cf6825259ad service neutron] 10.222.0.67 "GET /v2.0/floatingips?fixed_ip_address=172.20.0.10&port_id=c34d0753-7c29-4a7b-9eac-808950ce5fd5 HTTP/1.1" status: 200 len: 1000 time: 0.2283792
Feb 04 21:47:57.518290 n-d-822053-33 neutron-server[109824]: INFO neutron.wsgi [req-5786ac76-df39-4ffb-bdd8-5ea82920eb75 req-41efed15-5264-4b56-89b9-5a24dcf10777 tempest-LiveAutoBlockMigrationV225Test-367738483 tempest-LiveAutoBlockMigrationV225Test-367738483-project] 10.222.0.45 "GET /v2.0/security-groups?id=59ef4ddf-acbb-4821-ba23-f0921f5b754e&fields=id&fields=name HTTP/1.1" status: 200 len: 286 time: 0.0803571
Feb 04 21:47:57.555408 n-d-822053-33 neutron-server[109826]: DEBUG neutron.api.rpc.handlers.l3_rpc [None req-53b8d675-9685-408f-894e-2e5313820333 None None] The sync data for ids ['c2bc2d5a-108e-40f6-b4e0-d60eeb5a2eb3'] in n-d-822053-33 is: [{'id': 'c2bc2d5a-108e-40f6-b4e0-d60eeb5a2eb3', 'name': 'tempest-ServersWithSpecificFlavorTestJSON-1671215807-router', 'tenant_id': '2fe20dc587014b53b0eedcd310556dc7', 'admin_state_up': True, 'status': 'ACTIVE', 'external_gateway_info': {'network_id': '72a0193d-dc3b-4575-acaa-003a0309fe59', 'external_fixed_ips': [{'subnet_id': '9c945c01-8705-4aaa-a41a-c3f53d5bf0c8', 'ip_address': '172.25.4.184'}], 'enable_snat': True}, 'gw_port_id': 'b6f5d3a4-78a1-4109-8be8-551d0be18c56', 'description': '', 'availability_zones': ['nova'], 'distributed': False, 'ha': False, 'ha_vr_id': 0, 'availability_zone_hints': [], 'routes': [], 'flavor_id': None, 'tags': [], 'created_at': '2022-02-04T21:47:04Z', 'updated_at': '2022-02-04T21:47:15Z', 'revision_number': 4, 'project_id': '2fe20dc587014b53b0eedcd310556dc7', 'gw_port': {'id': 'b6f5d3a4-78a1-4109-8be8-551d0be18c56', 'name': '', 'network_id': '72a0193d-dc3b-4575-acaa-003a0309fe59', 'tenant_id': '', 'mac_address': 'fa:16:3e:c9:b3:82', 'admin_state_up': True, 'status': 'ACTIVE', 'device_id': 'c2bc2d5a-108e-40f6-b4e0-d60eeb5a2eb3', 'device_owner': 'network:router_gateway', 'standard_attr_id': 107, 'fixed_ips': [{'subnet_id': '9c945c01-8705-4aaa-a41a-c3f53d5bf0c8', 'ip_address': '172.25.4.184', 'prefixlen': 24}], 'allowed_address_pairs': [], 'extra_dhcp_opts': [], 'security_groups': [], 'description': '', 'binding:vnic_type': 'normal', 'binding:profile': {}, 'binding:host_id': 'n-d-822053-33', 'binding:vif_type': 'ovs', 'binding:vif_details': {'connectivity': 'l2', 'port_filter': True, 'ovs_hybrid_plug': False, 'datapath_type': 'system', 'bridge_name': 'br-int', 'bound_drivers': {'0': 'openvswitch'}}, 'port_security_enabled': False, 'tags': [], 'created_at': '2022-02-04T21:47:06Z', 'updated_at': '2022-02-04T21:47:14Z', 'revision_number': 4, 'project_id': '', 'subnets': [{'id': '9c945c01-8705-4aaa-a41a-c3f53d5bf0c8', 'cidr': '172.25.4.0/24', 'gateway_ip': '172.25.4.1', 'dns_nameservers': [], 'ipv6_ra_mode': None, 'subnetpool_id': None}], 'extra_subnets': [], 'address_scopes': {4: None, 6: None}, 'mtu': 1500}, 'enable_snat': True, 'gw_port_host': 'n-d-822053-33', '_floatingips': [{'id': '0dfe7687-2c73-45ff-966c-b2f8f177e142', 'tenant_id': '2fe20dc587014b53b0eedcd310556dc7', 'floating_ip_address': '172.25.4.230', 'floating_network_id': '72a0193d-dc3b-4575-acaa-003a0309fe59', 'router_id': 'c2bc2d5a-108e-40f6-b4e0-d60eeb5a2eb3', 'port_id': 'c34d0753-7c29-4a7b-9eac-808950ce5fd5', 'fixed_ip_address': '172.20.0.10', 'status': 'DOWN', 'standard_attr_id': 228, 'description': '', 'qos_policy_id': None, 'qos_network_policy_id': None, 'port_details': {'name': '', 'network_id': 'ac51b3b8-d868-4734-aa08-60ab5c6bda54', 'mac_address': 'fa:16:3e:3e:60:1c', 'admin_state_up': True, 'status': 'ACTIVE', 'device_id': '2bedf571-921f-420b-bcb4-3a39f2d49a99', 'device_owner': 'compute:nova'}, 'dns_domain': '', 'dns_name': '', 'tags': [], 'created_at': '2022-02-04T21:47:30Z', 'updated_at': '2022-02-04T21:47:54Z', 'revision_number': 1, 'project_id': '2fe20dc587014b53b0eedcd310556dc7', 'fixed_ip_address_scope': None}], '_interfaces': [{'id': '9c7e6fba-798e-470b-9cbb-3f60d5baca82', 'name': '', 'network_id': 'ac51b3b8-d868-4734-aa08-60ab5c6bda54', 'tenant_id': '2fe20dc587014b53b0eedcd310556dc7', 'mac_address': 'fa:16:3e:67:ab:1b', 'admin_state_up': True, 'status': 'ACTIVE', 'device_id': 'c2bc2d5a-108e-40f6-b4e0-d60eeb5a2eb3', 'device_owner': 'network:router_interface', 'standard_attr_id': 133, 'fixed_ips': [{'subnet_id': '338595c3-caa8-4469-8f00-6b42063106ed', 'ip_address': '172.20.0.1', 'prefixlen': 28}], 'allowed_address_pairs': [], 'extra_dhcp_opts': [], 'security_groups': [], 'description': '', 'binding:vnic_type': 'normal', 'binding:profile': {}, 'binding:host_id': 'n-d-822053-33', 'binding:vif_type': 'ovs', 'binding:vif_details': {'connectivity': 'l2', 'port_filter': True, 'ovs_hybrid_plug': False, 'datapath_type': 'system', 'bridge_name': 'br-int', 'bound_drivers': {'0': 'openvswitch'}}, 'port_security_enabled': False, 'tags': [], 'created_at': '2022-02-04T21:47:13Z', 'updated_at': '2022-02-04T21:47:18Z', 'revision_number': 5, 'project_id': '2fe20dc587014b53b0eedcd310556dc7', 'subnets': [{'id': '338595c3-caa8-4469-8f00-6b42063106ed', 'cidr': '172.20.0.0/28', 'gateway_ip': '172.20.0.1', 'dns_nameservers': [], 'ipv6_ra_mode': None, 'subnetpool_id': None}], 'extra_subnets': [], 'address_scopes': {4: None, 6: None}, 'mtu': 1500}]}] {{(pid=109826) sync_routers /opt/stack/neutron/neutron/api/rpc/handlers/l3_rpc.py:137}}
Feb 04 21:47:57.586888 n-d-822053-33 neutron-server[109823]: DEBUG neutron_lib.callbacks.manager [None req-a1a28b24-eeaa-4a5f-b473-0e3c3d9d804c admin admin] Publish callbacks [] for security_group (5f2e506a-9f31-46ed-b170-6bfe1c47fa6e), precommit_create {{(pid=109823) _notify_loop /usr/local/lib/python3.8/dist-packages/neutron_lib/callbacks/manager.py:176}}
Feb 04 21:47:57.592511 n-d-822053-33 neutron-server[109825]: DEBUG neutron.plugins.ml2.rpc [None req-48f081d9-8885-4592-87af-5acd05601000 None None] Device 6b6decd1-454f-4112-bf1a-b88a7642de31 details requested by agent hyperv_n-h1-822053-33 with host n-h1-822053-33 {{(pid=109825) get_device_details /opt/stack/neutron/neutron/plugins/ml2/rpc.py:102}}
Feb 04 21:47:57.610628 n-d-822053-33 neutron-server[109823]: DEBUG neutron_lib.callbacks.manager [None req-a1a28b24-eeaa-4a5f-b473-0e3c3d9d804c admin admin] Publish callbacks ['neutron.plugins.ml2.ovo_rpc._ObjectChangeHandler.handle_event-1550581'] for security_group (5f2e506a-9f31-46ed-b170-6bfe1c47fa6e), after_create {{(pid=109823) _notify_loop /usr/local/lib/python3.8/dist-packages/neutron_lib/callbacks/manager.py:176}}
Feb 04 21:47:57.653157 n-d-822053-33 neutron-server[109823]: DEBUG neutron.pecan_wsgi.hooks.policy_enforcement [req-da4ad81b-d82c-401c-b114-c31afb0a4556 req-00b50c5b-c2c0-48d2-b9c9-d5301294f16d service neutron] Attributes excluded by policy engine: ['standard_attr_id', 'shared'] {{(pid=109823) _exclude_attributes_by_policy /opt/stack/neutron/neutron/pecan_wsgi/hooks/policy_enforcement.py:255}}
Feb 04 21:47:57.654676 n-d-822053-33 neutron-server[109823]: INFO neutron.wsgi [req-da4ad81b-d82c-401c-b114-c31afb0a4556 req-00b50c5b-c2c0-48d2-b9c9-d5301294f16d service neutron] 10.222.0.67 "GET /v2.0/subnets?id=338595c3-caa8-4469-8f00-6b42063106ed HTTP/1.1" status: 200 len: 863 time: 0.1524849
Feb 04 21:47:57.713980 n-d-822053-33 neutron-server[109823]: INFO neutron.wsgi [None req-a1a28b24-eeaa-4a5f-b473-0e3c3d9d804c admin admin] 10.222.0.45 "GET /v2.0/security-groups?tenant_id=78fc359a129246738788c37c77bd80be&name=default HTTP/1.1" status: 200 len: 2996 time: 0.4928753
Feb 04 21:47:57.714504 n-d-822053-33 neutron-server[109823]: DEBUG neutron.wsgi [-] (109823) accepted ('10.222.0.45', 51138) {{(pid=109823) server /usr/local/lib/python3.8/dist-packages/eventlet/wsgi.py:1004}}
Feb 04 21:47:57.720313 n-d-822053-33 neutron-server[109823]: DEBUG neutron.api.rpc.handlers.resources_rpc [None req-a1a28b24-eeaa-4a5f-b473-0e3c3d9d804c admin admin] Pushing event updated for resources: {'SecurityGroup': ['ID=5f2e506a-9f31-46ed-b170-6bfe1c47fa6e,revision_number=1']} {{(pid=109823) push /opt/stack/neutron/neutron/api/rpc/handlers/resources_rpc.py:237}}
Feb 04 21:47:57.761564 n-d-822053-33 neutron-server[109825]: DEBUG neutron.plugins.ml2.db [None req-48f081d9-8885-4592-87af-5acd05601000 None None] For port 6b6decd1-454f-4112-bf1a-b88a7642de31, host n-h1-822053-33, got binding levels [PortBindingLevel(driver='hyperv',host='n-h1-822053-33',level=0,port_id=6b6decd1-454f-4112-bf1a-b88a7642de31,segment=NetworkSegment(5136fc44-c5a0-4def-be0c-aa4425481c6b),segment_id=5136fc44-c5a0-4def-be0c-aa4425481c6b)] {{(pid=109825) get_binding_level_objs /opt/stack/neutron/neutron/plugins/ml2/db.py:74}}
Feb 04 21:47:57.774190 n-d-822053-33 neutron-server[109823]: DEBUG neutron.pecan_wsgi.hooks.policy_enforcement [req-da4ad81b-d82c-401c-b114-c31afb0a4556 req-93416392-f64d-42d6-bff3-a29464a28d5f service neutron] Attributes excluded by policy engine: ['standard_attr_id'] {{(pid=109823) _exclude_attributes_by_policy /opt/stack/neutron/neutron/pecan_wsgi/hooks/policy_enforcement.py:255}}
Feb 04 21:47:57.776360 n-d-822053-33 neutron-server[109823]: INFO neutron.wsgi [req-da4ad81b-d82c-401c-b114-c31afb0a4556 req-93416392-f64d-42d6-bff3-a29464a28d5f service neutron] 10.222.0.67 "GET /v2.0/ports?network_id=ac51b3b8-d868-4734-aa08-60ab5c6bda54&device_owner=network%3Adhcp HTTP/1.1" status: 200 len: 1201 time: 0.1136794
Feb 04 21:47:57.789890 n-d-822053-33 neutron-server[109825]: DEBUG neutron.plugins.ml2.rpc [None req-48f081d9-8885-4592-87af-5acd05601000 None None] Returning: {'device': '6b6decd1-454f-4112-bf1a-b88a7642de31', 'network_id': '7b7c3bae-c8b6-42c8-9b31-ff242d4b91c7', 'port_id': '6b6decd1-454f-4112-bf1a-b88a7642de31', 'mac_address': 'fa:16:3e:b9:7e:a9', 'admin_state_up': True, 'network_type': 'vlan', 'segmentation_id': 196, 'physical_network': 'physnet1', 'mtu': 1500, 'fixed_ips': [{'subnet_id': 'b9ca30ae-06ae-429e-9f6d-54534a973253', 'ip_address': '172.20.0.12'}], 'device_owner': 'compute:nova', 'allowed_address_pairs': [], 'port_security_enabled': True, 'qos_policy_id': None, 'network_qos_policy_id': None, 'profile': {}, 'propagate_uplink_status': False} {{(pid=109825) _get_device_details /opt/stack/neutron/neutron/plugins/ml2/rpc.py:184}}
Feb 04 21:47:57.851427 n-d-822053-33 neutron-server[109825]: DEBUG neutron.plugins.ml2.plugin [None req-48f081d9-8885-4592-87af-5acd05601000 None None] Current status of the port 6b6decd1-454f-4112-bf1a-b88a7642de31 is: DOWN; New status is: BUILD {{(pid=109825) _update_individual_port_db_status /opt/stack/neutron/neutron/plugins/ml2/plugin.py:2238}}
Feb 04 21:47:57.853696 n-d-822053-33 neutron-server[109825]: DEBUG neutron_lib.callbacks.manager [None req-48f081d9-8885-4592-87af-5acd05601000 None None] Publish callbacks ['neutron.plugins.ml2.plugin.SecurityGroupDbMixin._ensure_default_security_group_handler-1567327'] for port (6b6decd1-454f-4112-bf1a-b88a7642de31), before_update {{(pid=109825) _notify_loop /usr/local/lib/python3.8/dist-packages/neutron_lib/callbacks/manager.py:176}}
Feb 04 21:47:57.893209 n-d-822053-33 neutron-server[109823]: DEBUG neutron_lib.callbacks.manager [None req-76bbf297-3ef0-4873-8e60-570a27297836 admin admin] Publish callbacks [] for security_group (5f2e506a-9f31-46ed-b170-6bfe1c47fa6e), before_delete {{(pid=109823) _notify_loop /usr/local/lib/python3.8/dist-packages/neutron_lib/callbacks/manager.py:176}}
Feb 04 21:47:57.895121 n-d-822053-33 neutron-server[109825]: DEBUG neutron.notifiers.nova [None req-48f081d9-8885-4592-87af-5acd05601000 None None] Ignoring state change previous_port_status: DOWN current_port_status: BUILD port_id 6b6decd1-454f-4112-bf1a-b88a7642de31 {{(pid=109825) record_port_status_changed /opt/stack/neutron/neutron/notifiers/nova.py:228}}
Feb 04 21:47:57.937888 n-d-822053-33 neutron-server[109825]: DEBUG neutron.api.rpc.handlers.l3_rpc [None req-75da012f-d381-4985-a7ac-01047022aff3 None None] New status for floating IP 0dfe7687-2c73-45ff-966c-b2f8f177e142: ACTIVE {{(pid=109825) update_floatingip_statuses /opt/stack/neutron/neutron/api/rpc/handlers/l3_rpc.py:270}}
Feb 04 21:47:57.943711 n-d-822053-33 neutron-server[109823]: DEBUG neutron_lib.callbacks.manager [None req-76bbf297-3ef0-4873-8e60-570a27297836 admin admin] Publish callbacks [] for security_group (5f2e506a-9f31-46ed-b170-6bfe1c47fa6e), precommit_delete {{(pid=109823) _notify_loop /usr/local/lib/python3.8/dist-packages/neutron_lib/callbacks/manager.py:176}}
Feb 04 21:47:57.947533 n-d-822053-33 neutron-server[109825]: DEBUG neutron.plugins.ml2.db [None req-48f081d9-8885-4592-87af-5acd05601000 None None] For port 6b6decd1-454f-4112-bf1a-b88a7642de31, host n-h1-822053-33, got binding levels [PortBindingLevel(driver='hyperv',host='n-h1-822053-33',level=0,port_id=6b6decd1-454f-4112-bf1a-b88a7642de31,segment=NetworkSegment(5136fc44-c5a0-4def-be0c-aa4425481c6b),segment_id=5136fc44-c5a0-4def-be0c-aa4425481c6b)] {{(pid=109825) get_binding_level_objs /opt/stack/neutron/neutron/plugins/ml2/db.py:74}}
Feb 04 21:47:58.002514 n-d-822053-33 neutron-server[109823]: INFO neutron.wsgi [req-da4ad81b-d82c-401c-b114-c31afb0a4556 req-421de9cd-8948-48d8-a49c-c2f7457ab6ae service neutron] 10.222.0.67 "GET /v2.0/networks/ac51b3b8-d868-4734-aa08-60ab5c6bda54?fields=segments HTTP/1.1" status: 200 len: 212 time: 0.2180781
Feb 04 21:47:58.075593 n-d-822053-33 neutron-server[109823]: DEBUG neutron_lib.callbacks.manager [None req-76bbf297-3ef0-4873-8e60-570a27297836 admin admin] Publish callbacks ['neutron.plugins.ml2.ovo_rpc._ObjectChangeHandler.handle_event-1550581'] for security_group (5f2e506a-9f31-46ed-b170-6bfe1c47fa6e), after_delete {{(pid=109823) _notify_loop /usr/local/lib/python3.8/dist-packages/neutron_lib/callbacks/manager.py:176}}
Feb 04 21:47:58.078430 n-d-822053-33 neutron-server[109823]: DEBUG neutron_lib.callbacks.manager [None req-76bbf297-3ef0-4873-8e60-570a27297836 admin admin] Publish callbacks [] for security_group (None), before_response {{(pid=109823) _notify_loop /usr/local/lib/python3.8/dist-packages/neutron_lib/callbacks/manager.py:176}}
Feb 04 21:47:58.080382 n-d-822053-33 neutron-server[109823]: INFO neutron.wsgi [None req-76bbf297-3ef0-4873-8e60-570a27297836 admin admin] 10.222.0.45 "DELETE /v2.0/security-groups/5f2e506a-9f31-46ed-b170-6bfe1c47fa6e HTTP/1.1" status: 204 len: 168 time: 0.3652518
Feb 04 21:47:58.092886 n-d-822053-33 neutron-server[109825]: DEBUG neutron_lib.callbacks.manager [None req-48f081d9-8885-4592-87af-5acd05601000 None None] Publish callbacks ['neutron.plugins.ml2.plugin.SecurityGroupServerNotifierRpcMixin._notify_sg_on_port_change-1567384', 'neutron.plugins.ml2.ovo_rpc._ObjectChangeHandler.handle_event-1933472', 'neutron.api.rpc.agentnotifiers.dhcp_rpc_agent_api.DhcpAgentNotifyAPI._native_event_send_dhcp_notification-1518345', 'neutron.db.l3_db.L3RpcNotifierMixin._notify_gateway_port_ip_changed-8761287571191', 'neutron.db.l3_dvrscheduler_db._notify_l3_agent_port_update-8761287074169', 'neutron.db.l3_hascheduler_db._notify_l3_agent_ha_port_update-8761287074187'] for port (6b6decd1-454f-4112-bf1a-b88a7642de31), after_update {{(pid=109825) _notify_loop /usr/local/lib/python3.8/dist-packages/neutron_lib/callbacks/manager.py:176}}
Feb 04 21:47:58.096417 n-d-822053-33 neutron-server[109823]: DEBUG neutron.api.rpc.handlers.resources_rpc [None req-76bbf297-3ef0-4873-8e60-570a27297836 admin admin] Pushing event deleted for resources: {'SecurityGroup': ['ID=5f2e506a-9f31-46ed-b170-6bfe1c47fa6e,revision_number=None']} {{(pid=109823) push /opt/stack/neutron/neutron/api/rpc/handlers/resources_rpc.py:237}}
Feb 04 21:47:58.117902 n-d-822053-33 neutron-server[109823]: DEBUG neutron.api.rpc.callbacks.version_manager [None req-76bbf297-3ef0-4873-8e60-570a27297836 admin admin] Version for resource type AddressGroup changed None to 1.2 on consumer Open vSwitch agent@n-d-822053-33 {{(pid=109823) _set_version /opt/stack/neutron/neutron/api/rpc/callbacks/version_manager.py:113}}
Feb 04 21:47:58.118258 n-d-822053-33 neutron-server[109823]: DEBUG neutron.api.rpc.callbacks.version_manager [None req-76bbf297-3ef0-4873-8e60-570a27297836 admin admin] Version for resource type ConntrackHelper changed None to 1.0 on consumer Open vSwitch agent@n-d-822053-33 {{(pid=109823) _set_version /opt/stack/neutron/neutron/api/rpc/callbacks/version_manager.py:113}}
Feb 04 21:47:58.118649 n-d-822053-33 neutron-server[109823]: DEBUG neutron.api.rpc.callbacks.version_manager [None req-76bbf297-3ef0-4873-8e60-570a27297836 admin admin] Version for resource type LocalIPAssociation changed None to 1.0 on consumer Open vSwitch agent@n-d-822053-33 {{(pid=109823) _set_version /opt/stack/neutron/neutron/api/rpc/callbacks/version_manager.py:113}}
Feb 04 21:47:58.119056 n-d-822053-33 neutron-server[109823]: DEBUG neutron.api.rpc.callbacks.version_manager [None req-76bbf297-3ef0-4873-8e60-570a27297836 admin admin] Version for resource type Log changed None to 1.0 on consumer Open vSwitch agent@n-d-822053-33 {{(pid=109823) _set_version /opt/stack/neutron/neutron/api/rpc/callbacks/version_manager.py:113}}
Feb 04 21:47:58.119461 n-d-822053-33 neutron-server[109823]: DEBUG neutron.api.rpc.callbacks.version_manager [None req-76bbf297-3ef0-4873-8e60-570a27297836 admin admin] Version for resource type Network changed None to 1.1 on consumer Open vSwitch agent@n-d-822053-33 {{(pid=109823) _set_version /opt/stack/neutron/neutron/api/rpc/callbacks/version_manager.py:113}}
Feb 04 21:47:58.119801 n-d-822053-33 neutron-server[109823]: DEBUG neutron.api.rpc.callbacks.version_manager [None req-76bbf297-3ef0-4873-8e60-570a27297836 admin admin] Version for resource type Port changed None to 1.7 on consumer Open vSwitch agent@n-d-822053-33 {{(pid=109823) _set_version /opt/stack/neutron/neutron/api/rpc/callbacks/version_manager.py:113}}
Feb 04 21:47:58.120136 n-d-822053-33 neutron-server[109823]: DEBUG neutron.api.rpc.callbacks.version_manager [None req-76bbf297-3ef0-4873-8e60-570a27297836 admin admin] Version for resource type PortForwarding changed None to 1.2 on consumer Open vSwitch agent@n-d-822053-33 {{(pid=109823) _set_version /opt/stack/neutron/neutron/api/rpc/callbacks/version_manager.py:113}}
Feb 04 21:47:58.120464 n-d-822053-33 neutron-server[109823]: DEBUG neutron.api.rpc.callbacks.version_manager [None req-76bbf297-3ef0-4873-8e60-570a27297836 admin admin] Version for resource type QosPolicy changed None to 1.10 on consumer Open vSwitch agent@n-d-822053-33 {{(pid=109823) _set_version /opt/stack/neutron/neutron/api/rpc/callbacks/version_manager.py:113}}
Feb 04 21:47:58.120791 n-d-822053-33 neutron-server[109823]: DEBUG neutron.api.rpc.callbacks.version_manager [None req-76bbf297-3ef0-4873-8e60-570a27297836 admin admin] Version for resource type SecurityGroup changed None to 1.5 on consumer Open vSwitch agent@n-d-822053-33 {{(pid=109823) _set_version /opt/stack/neutron/neutron/api/rpc/callbacks/version_manager.py:113}}
Feb 04 21:47:58.121115 n-d-822053-33 neutron-server[109823]: DEBUG neutron.api.rpc.callbacks.version_manager [None req-76bbf297-3ef0-4873-8e60-570a27297836 admin admin] Version for resource type SecurityGroupRule changed None to 1.2 on consumer Open vSwitch agent@n-d-822053-33 {{(pid=109823) _set_version /opt/stack/neutron/neutron/api/rpc/callbacks/version_manager.py:113}}
Feb 04 21:47:58.121439 n-d-822053-33 neutron-server[109823]: DEBUG neutron.api.rpc.callbacks.version_manager [None req-76bbf297-3ef0-4873-8e60-570a27297836 admin admin] Version for resource type SubPort changed None to 1.0 on consumer Open vSwitch agent@n-d-822053-33 {{(pid=109823) _set_version /opt/stack/neutron/neutron/api/rpc/callbacks/version_manager.py:113}}
Feb 04 21:47:58.121823 n-d-822053-33 neutron-server[109823]: DEBUG neutron.api.rpc.callbacks.version_manager [None req-76bbf297-3ef0-4873-8e60-570a27297836 admin admin] Version for resource type Subnet changed None to 1.1 on consumer Open vSwitch agent@n-d-822053-33 {{(pid=109823) _set_version /opt/stack/neutron/neutron/api/rpc/callbacks/version_manager.py:113}}
Feb 04 21:47:58.122154 n-d-822053-33 neutron-server[109823]: DEBUG neutron.api.rpc.callbacks.version_manager [None req-76bbf297-3ef0-4873-8e60-570a27297836 admin admin] Version for resource type Trunk changed None to 1.1 on consumer Open vSwitch agent@n-d-822053-33 {{(pid=109823) _set_version /opt/stack/neutron/neutron/api/rpc/callbacks/version_manager.py:113}}
Feb 04 21:47:58.140150 n-d-822053-33 neutron-server[109823]: INFO neutron.wsgi [req-da4ad81b-d82c-401c-b114-c31afb0a4556 req-4efd8c3e-9532-479b-a977-dc59da9d4db7 service neutron] 10.222.0.67 "GET /v2.0/networks/ac51b3b8-d868-4734-aa08-60ab5c6bda54?fields=provider%3Aphysical_network&fields=provider%3Anetwork_type HTTP/1.1" status: 200 len: 281 time: 0.1314743
Feb 04 21:47:58.306762 n-d-822053-33 neutron-server[109824]: DEBUG neutron.pecan_wsgi.hooks.policy_enforcement [req-c52aa0f7-9e0e-48f0-87b3-9568c6ea01a1 req-bad93332-ed24-46b5-9990-47b784c99bc9 tempest-ServersWithSpecificFlavorTestJSON-1079962200 tempest-ServersWithSpecificFlavorTestJSON-1079962200-project] Attributes excluded by policy engine: ['standard_attr_id', 'binding:profile', 'binding:host_id', 'binding:vif_type', 'binding:vif_details'] {{(pid=109824) _exclude_attributes_by_policy /opt/stack/neutron/neutron/pecan_wsgi/hooks/policy_enforcement.py:255}}
Feb 04 21:47:58.308337 n-d-822053-33 neutron-server[109824]: INFO neutron.wsgi [req-c52aa0f7-9e0e-48f0-87b3-9568c6ea01a1 req-bad93332-ed24-46b5-9990-47b784c99bc9 tempest-ServersWithSpecificFlavorTestJSON-1079962200 tempest-ServersWithSpecificFlavorTestJSON-1079962200-project] 10.222.0.45 "GET /v2.0/ports?device_id=2bedf571-921f-420b-bcb4-3a39f2d49a99 HTTP/1.1" status: 200 len: 946 time: 0.0816381
Feb 04 21:47:58.372191 n-d-822053-33 neutron-server[109824]: INFO neutron.wsgi [req-c52aa0f7-9e0e-48f0-87b3-9568c6ea01a1 req-fc0c79c9-11a4-4933-b9d9-59d403789bb7 tempest-ServersWithSpecificFlavorTestJSON-1079962200 tempest-ServersWithSpecificFlavorTestJSON-1079962200-project] 10.222.0.45 "GET /v2.0/security-groups?id=1271482e-b7a5-4f83-9fb6-60072bacf114&fields=id&fields=name HTTP/1.1" status: 200 len: 313 time: 0.0580003
Feb 04 21:47:58.394148 n-d-822053-33 neutron-server[109825]: DEBUG neutron.api.rpc.handlers.resources_rpc [None req-48f081d9-8885-4592-87af-5acd05601000 None None] Pushing event updated for resources: {'Port': ['ID=6b6decd1-454f-4112-bf1a-b88a7642de31,revision_number=4']} {{(pid=109825) push /opt/stack/neutron/neutron/api/rpc/handlers/resources_rpc.py:237}}
Feb 04 21:47:58.484002 n-d-822053-33 neutron-server[109825]: DEBUG neutron.plugins.ml2.db [None req-48f081d9-8885-4592-87af-5acd05601000 None None] get_ports_and_sgs() called for port_ids ['6b6decd1-454f-4112-bf1a-b88a7642de31'] {{(pid=109825) get_ports_and_sgs /opt/stack/neutron/neutron/plugins/ml2/db.py:156}}
Feb 04 21:47:58.653403 n-d-822053-33 neutron-server[109823]: DEBUG neutron.wsgi [-] (109823) accepted ('10.222.0.45', 51180) {{(pid=109823) server /usr/local/lib/python3.8/dist-packages/eventlet/wsgi.py:1004}}
Feb 04 21:47:58.838638 n-d-822053-33 neutron-server[109824]: DEBUG neutron.pecan_wsgi.hooks.policy_enforcement [req-d624f8ed-c638-4abd-af9a-e30ca391663a req-09c878ae-e858-4b06-8819-c47365879418 tempest-LiveMigrationNegativeTest-1467343437 tempest-LiveMigrationNegativeTest-1467343437-project] Attributes excluded by policy engine: ['standard_attr_id', 'binding:profile', 'binding:host_id', 'binding:vif_type', 'binding:vif_details'] {{(pid=109824) _exclude_attributes_by_policy /opt/stack/neutron/neutron/pecan_wsgi/hooks/policy_enforcement.py:255}}
Feb 04 21:47:58.840343 n-d-822053-33 neutron-server[109824]: INFO neutron.wsgi [req-d624f8ed-c638-4abd-af9a-e30ca391663a req-09c878ae-e858-4b06-8819-c47365879418 tempest-LiveMigrationNegativeTest-1467343437 tempest-LiveMigrationNegativeTest-1467343437-project] 10.222.0.45 "GET /v2.0/ports?device_id=ba2c5a10-4a74-4b48-bb08-1b842913e148 HTTP/1.1" status: 200 len: 949 time: 0.0578890
Feb 04 21:47:58.853350 n-d-822053-33 neutron-server[109826]: DEBUG neutron.db.agents_db [None req-4ca96446-a40a-4960-8f79-0b3819894698 None None] Agent healthcheck: found 7 active agents {{(pid=109826) agent_health_check /opt/stack/neutron/neutron/db/agents_db.py:317}}
Feb 04 21:47:58.896529 n-d-822053-33 neutron-server[109824]: INFO neutron.wsgi [req-d624f8ed-c638-4abd-af9a-e30ca391663a req-e794eb2a-72d5-4823-b673-fa9bb43e35a1 tempest-LiveMigrationNegativeTest-1467343437 tempest-LiveMigrationNegativeTest-1467343437-project] 10.222.0.45 "GET /v2.0/security-groups?id=7ef0056e-7b87-4eb2-958f-7854eb0b1b12&fields=id&fields=name HTTP/1.1" status: 200 len: 286 time: 0.0461416
Feb 04 21:47:58.963573 n-d-822053-33 neutron-server[109823]: DEBUG neutron.wsgi [req-5dc30b34-f776-4a57-8bc4-3c923be17982 req-73ae3f7e-2ebc-42c3-a998-d152b00ff563 tempest-LiveMigrationTest-525224513 tempest-LiveMigrationTest-525224513-project-admin] http://10.222.0.45:9696/v2.0/extensions returned with HTTP 200 {{(pid=109823) __call__ /opt/stack/neutron/neutron/wsgi.py:730}}
Feb 04 21:47:58.977346 n-d-822053-33 neutron-server[109823]: INFO neutron.wsgi [req-5dc30b34-f776-4a57-8bc4-3c923be17982 req-73ae3f7e-2ebc-42c3-a998-d152b00ff563 tempest-LiveMigrationTest-525224513 tempest-LiveMigrationTest-525224513-project-admin] 10.222.0.45 "GET /v2.0/extensions HTTP/1.1" status: 200 len: 14082 time: 0.3227410
Feb 04 21:47:59.013783 n-d-822053-33 neutron-server[109824]: DEBUG neutron.pecan_wsgi.hooks.policy_enforcement [req-909017a6-21ae-4d60-8be7-8aa7ad3b14f6 req-2ff9c24f-e2cb-44ff-8e79-61eaccd83919 tempest-ServersWithSpecificFlavorTestJSON-1079962200 tempest-ServersWithSpecificFlavorTestJSON-1079962200-project] Attributes excluded by policy engine: ['standard_attr_id', 'binding:profile', 'binding:host_id', 'binding:vif_type', 'binding:vif_details'] {{(pid=109824) _exclude_attributes_by_policy /opt/stack/neutron/neutron/pecan_wsgi/hooks/policy_enforcement.py:255}}
Feb 04 21:47:59.015476 n-d-822053-33 neutron-server[109824]: INFO neutron.wsgi [req-909017a6-21ae-4d60-8be7-8aa7ad3b14f6 req-2ff9c24f-e2cb-44ff-8e79-61eaccd83919 tempest-ServersWithSpecificFlavorTestJSON-1079962200 tempest-ServersWithSpecificFlavorTestJSON-1079962200-project] 10.222.0.45 "GET /v2.0/ports?device_id=2bedf571-921f-420b-bcb4-3a39f2d49a99 HTTP/1.1" status: 200 len: 946 time: 0.0612483
Feb 04 21:47:59.069534 n-d-822053-33 neutron-server[109824]: INFO neutron.wsgi [req-909017a6-21ae-4d60-8be7-8aa7ad3b14f6 req-ea39e954-d9b2-4913-a643-9fc8edc79803 tempest-ServersWithSpecificFlavorTestJSON-1079962200 tempest-ServersWithSpecificFlavorTestJSON-1079962200-project] 10.222.0.45 "GET /v2.0/security-groups?id=1271482e-b7a5-4f83-9fb6-60072bacf114&fields=id&fields=name HTTP/1.1" status: 200 len: 313 time: 0.0474019
Feb 04 21:47:59.088024 n-d-822053-33 neutron-server[109823]: DEBUG neutron.wsgi [-] (109823) accepted ('10.222.0.45', 51202) {{(pid=109823) server /usr/local/lib/python3.8/dist-packages/eventlet/wsgi.py:1004}}
Feb 04 21:47:59.176241 n-d-822053-33 neutron-server[109824]: INFO neutron.wsgi [req-d7f48926-d804-492d-bbc9-0b1eeeafdddc req-895564c6-eee9-41c2-bf4c-bce0f2503882 tempest-ServersAdminNegativeTestJSON-1184552558 tempest-ServersAdminNegativeTestJSON-1184552558-project] 10.222.0.45 "GET /v2.0/networks?tenant_id=8657a6dbd5bc4b9ba5bc3e2650f70525&shared=False HTTP/1.1" status: 200 len: 213 time: 0.0284677
Feb 04 21:47:59.273439 n-d-822053-33 neutron-server[109823]: DEBUG neutron_lib.callbacks.manager [None req-9d890264-ecb4-4ee1-a91f-360c1c273168 admin admin] Publish callbacks [] for security_group (None), before_create {{(pid=109823) _notify_loop /usr/local/lib/python3.8/dist-packages/neutron_lib/callbacks/manager.py:176}}
Feb 04 21:47:59.302417 n-d-822053-33 neutron-server[109824]: DEBUG neutron.pecan_wsgi.hooks.policy_enforcement [req-d7f48926-d804-492d-bbc9-0b1eeeafdddc req-aba1cf95-6dd3-46a3-bbcc-b587e91678ea tempest-ServersAdminNegativeTestJSON-1184552558 tempest-ServersAdminNegativeTestJSON-1184552558-project] Attributes excluded by policy engine: ['standard_attr_id', 'vlan_transparent', 'provider:network_type', 'provider:physical_network', 'provider:segmentation_id'] {{(pid=109824) _exclude_attributes_by_policy /opt/stack/neutron/neutron/pecan_wsgi/hooks/policy_enforcement.py:255}}
Feb 04 21:47:59.304265 n-d-822053-33 neutron-server[109824]: INFO neutron.wsgi [req-d7f48926-d804-492d-bbc9-0b1eeeafdddc req-aba1cf95-6dd3-46a3-bbcc-b587e91678ea tempest-ServersAdminNegativeTestJSON-1184552558 tempest-ServersAdminNegativeTestJSON-1184552558-project] 10.222.0.45 "GET /v2.0/networks?shared=True HTTP/1.1" status: 200 len: 769 time: 0.1182785
Feb 04 21:47:59.326421 n-d-822053-33 neutron-server[109824]: INFO neutron.wsgi [req-d7f48926-d804-492d-bbc9-0b1eeeafdddc req-618127da-2dfc-44fe-8cc8-64b6307d32ae tempest-ServersAdminNegativeTestJSON-1184552558 tempest-ServersAdminNegativeTestJSON-1184552558-project] 10.222.0.45 "GET /v2.0/quotas/8657a6dbd5bc4b9ba5bc3e2650f70525 HTTP/1.1" status: 200 len: 375 time: 0.0159781
Feb 04 21:47:59.365710 n-d-822053-33 neutron-server[109823]: DEBUG neutron_lib.callbacks.manager [None req-9d890264-ecb4-4ee1-a91f-360c1c273168 admin admin] Publish callbacks [] for security_group (78a03264-e058-4bce-9cd1-5f57f09b986f), precommit_create {{(pid=109823) _notify_loop /usr/local/lib/python3.8/dist-packages/neutron_lib/callbacks/manager.py:176}}
Feb 04 21:47:59.370797 n-d-822053-33 neutron-server[109823]: DEBUG neutron_lib.callbacks.manager [None req-9d890264-ecb4-4ee1-a91f-360c1c273168 admin admin] Publish callbacks ['neutron.plugins.ml2.ovo_rpc._ObjectChangeHandler.handle_event-1550581'] for security_group (78a03264-e058-4bce-9cd1-5f57f09b986f), after_create {{(pid=109823) _notify_loop /usr/local/lib/python3.8/dist-packages/neutron_lib/callbacks/manager.py:176}}
Feb 04 21:47:59.411323 n-d-822053-33 neutron-server[109824]: INFO neutron.wsgi [req-d7f48926-d804-492d-bbc9-0b1eeeafdddc req-7200fc70-ed37-4ac2-bb4e-b52416cfccd2 tempest-ServersAdminNegativeTestJSON-1184552558 tempest-ServersAdminNegativeTestJSON-1184552558-project] 10.222.0.45 "GET /v2.0/ports?tenant_id=8657a6dbd5bc4b9ba5bc3e2650f70525&fields=id HTTP/1.1" status: 200 len: 255 time: 0.0836868
Feb 04 21:47:59.464046 n-d-822053-33 neutron-server[109823]: INFO neutron.wsgi [None req-9d890264-ecb4-4ee1-a91f-360c1c273168 admin admin] 10.222.0.45 "GET /v2.0/security-groups?tenant_id=14fa67e5c8c747ac9f3627d7718149c6&name=default HTTP/1.1" status: 200 len: 2996 time: 0.3724496
Feb 04 21:47:59.464389 n-d-822053-33 neutron-server[109824]: DEBUG neutron.wsgi [-] (109824) accepted ('10.222.0.45', 51228) {{(pid=109824) server /usr/local/lib/python3.8/dist-packages/eventlet/wsgi.py:1004}}
Feb 04 21:47:59.464476 n-d-822053-33 neutron-server[109823]: DEBUG neutron.api.rpc.handlers.resources_rpc [None req-9d890264-ecb4-4ee1-a91f-360c1c273168 admin admin] Pushing event updated for resources: {'SecurityGroup': ['ID=78a03264-e058-4bce-9cd1-5f57f09b986f,revision_number=1']} {{(pid=109823) push /opt/stack/neutron/neutron/api/rpc/handlers/resources_rpc.py:237}}
Feb 04 21:47:59.482174 n-d-822053-33 neutron-server[109823]: DEBUG neutron.pecan_wsgi.hooks.policy_enforcement [req-5dc30b34-f776-4a57-8bc4-3c923be17982 req-ede34ec3-b32f-4ec4-9138-8abc116ef40b service neutron] Attributes excluded by policy engine: ['standard_attr_id'] {{(pid=109823) _exclude_attributes_by_policy /opt/stack/neutron/neutron/pecan_wsgi/hooks/policy_enforcement.py:255}}
Feb 04 21:47:59.490045 n-d-822053-33 neutron-server[109823]: INFO neutron.wsgi [req-5dc30b34-f776-4a57-8bc4-3c923be17982 req-ede34ec3-b32f-4ec4-9138-8abc116ef40b service neutron] 10.222.0.45 "GET /v2.0/ports/7d7f6e92-6f26-457b-ad10-282c471cc17c HTTP/1.1" status: 200 len: 1125 time: 0.3152745
Feb 04 21:47:59.496653 n-d-822053-33 neutron-server[109823]: DEBUG neutron.api.v2.base [req-5dc30b34-f776-4a57-8bc4-3c923be17982 req-d38b9c5f-7099-45a0-a0ca-b9e520f6889b service neutron] Request body: {'binding': {'host': 'n-h1-822053-33', 'vnic_type': 'normal', 'profile': {}}} {{(pid=109823) prepare_request_body /opt/stack/neutron/neutron/api/v2/base.py:729}}
Feb 04 21:47:59.497270 n-d-822053-33 neutron-server[109823]: DEBUG neutron.api.v2.base [req-5dc30b34-f776-4a57-8bc4-3c923be17982 req-d38b9c5f-7099-45a0-a0ca-b9e520f6889b service neutron] Unknown quota resources ['binding']. {{(pid=109823) _create /opt/stack/neutron/neutron/api/v2/base.py:496}}
Feb 04 21:47:59.603483 n-d-822053-33 neutron-server[109824]: DEBUG neutron_lib.callbacks.manager [None req-58476661-3f90-4149-82a7-7428affccd3a admin admin] Publish callbacks [] for security_group (78a03264-e058-4bce-9cd1-5f57f09b986f), before_delete {{(pid=109824) _notify_loop /usr/local/lib/python3.8/dist-packages/neutron_lib/callbacks/manager.py:176}}
Feb 04 21:47:59.608747 n-d-822053-33 neutron-server[109825]: DEBUG neutron.plugins.ml2.rpc [None req-48f081d9-8885-4592-87af-5acd05601000 None None] Device 6b6decd1-454f-4112-bf1a-b88a7642de31 up at agent hyperv_n-h1-822053-33 {{(pid=109825) update_device_up /opt/stack/neutron/neutron/plugins/ml2/rpc.py:296}}
Feb 04 21:47:59.680575 n-d-822053-33 neutron-server[109825]: DEBUG neutron.db.provisioning_blocks [None req-48f081d9-8885-4592-87af-5acd05601000 None None] Provisioning for port 6b6decd1-454f-4112-bf1a-b88a7642de31 completed by entity L2. {{(pid=109825) provisioning_complete /opt/stack/neutron/neutron/db/provisioning_blocks.py:133}}
Feb 04 21:47:59.686333 n-d-822053-33 neutron-server[109825]: DEBUG neutron.db.provisioning_blocks [None req-48f081d9-8885-4592-87af-5acd05601000 None None] Provisioning complete for port 6b6decd1-454f-4112-bf1a-b88a7642de31 triggered by entity L2. {{(pid=109825) provisioning_complete /opt/stack/neutron/neutron/db/provisioning_blocks.py:139}}
Feb 04 21:47:59.687010 n-d-822053-33 neutron-server[109825]: DEBUG neutron_lib.callbacks.manager [None req-48f081d9-8885-4592-87af-5acd05601000 None None] Publish callbacks ['neutron.plugins.ml2.plugin.Ml2Plugin._port_provisioned-1440351'] for port (6b6decd1-454f-4112-bf1a-b88a7642de31), provisioning_complete {{(pid=109825) _notify_loop /usr/local/lib/python3.8/dist-packages/neutron_lib/callbacks/manager.py:176}}
Feb 04 21:47:59.720803 n-d-822053-33 neutron-server[109824]: DEBUG neutron_lib.callbacks.manager [None req-58476661-3f90-4149-82a7-7428affccd3a admin admin] Publish callbacks [] for security_group (78a03264-e058-4bce-9cd1-5f57f09b986f), precommit_delete {{(pid=109824) _notify_loop /usr/local/lib/python3.8/dist-packages/neutron_lib/callbacks/manager.py:176}}
Feb 04 21:47:59.753801 n-d-822053-33 neutron-server[109823]: DEBUG neutron.plugins.ml2.managers [req-5dc30b34-f776-4a57-8bc4-3c923be17982 req-d38b9c5f-7099-45a0-a0ca-b9e520f6889b service neutron] Attempting to bind port 7d7f6e92-6f26-457b-ad10-282c471cc17c on host n-h1-822053-33 for vnic_type normal with profile None {{(pid=109823) bind_port /opt/stack/neutron/neutron/plugins/ml2/managers.py:795}}
Feb 04 21:47:59.754151 n-d-822053-33 neutron-server[109823]: DEBUG neutron.plugins.ml2.managers [req-5dc30b34-f776-4a57-8bc4-3c923be17982 req-d38b9c5f-7099-45a0-a0ca-b9e520f6889b service neutron] Attempting to bind port 7d7f6e92-6f26-457b-ad10-282c471cc17c by drivers openvswitch,hyperv on host n-h1-822053-33 at level 0 using segments [{'id': '94797b59-13f9-489b-884c-413908bd3fd7', 'network_type': 'vlan', 'physical_network': 'physnet1', 'segmentation_id': 163, 'network_id': 'f92cc545-9946-4086-96db-9f62854fb80c'}] {{(pid=109823) _bind_port_level /opt/stack/neutron/neutron/plugins/ml2/managers.py:820}}
Feb 04 21:47:59.754510 n-d-822053-33 neutron-server[109823]: DEBUG neutron.plugins.ml2.drivers.mech_agent [req-5dc30b34-f776-4a57-8bc4-3c923be17982 req-d38b9c5f-7099-45a0-a0ca-b9e520f6889b service neutron] Attempting to bind port 7d7f6e92-6f26-457b-ad10-282c471cc17c on network f92cc545-9946-4086-96db-9f62854fb80c {{(pid=109823) bind_port /opt/stack/neutron/neutron/plugins/ml2/drivers/mech_agent.py:91}}
Feb 04 21:47:59.760915 n-d-822053-33 neutron-server[109823]: DEBUG neutron.plugins.ml2.drivers.mech_agent [req-5dc30b34-f776-4a57-8bc4-3c923be17982 req-d38b9c5f-7099-45a0-a0ca-b9e520f6889b service neutron] Port 7d7f6e92-6f26-457b-ad10-282c471cc17c on network f92cc545-9946-4086-96db-9f62854fb80c not bound, no agent of type Open vSwitch agent registered on host n-h1-822053-33 {{(pid=109823) bind_port /opt/stack/neutron/neutron/plugins/ml2/drivers/mech_agent.py:103}}
Feb 04 21:47:59.761247 n-d-822053-33 neutron-server[109823]: DEBUG neutron.plugins.ml2.drivers.mech_agent [req-5dc30b34-f776-4a57-8bc4-3c923be17982 req-d38b9c5f-7099-45a0-a0ca-b9e520f6889b service neutron] Attempting to bind port 7d7f6e92-6f26-457b-ad10-282c471cc17c on network f92cc545-9946-4086-96db-9f62854fb80c {{(pid=109823) bind_port /opt/stack/neutron/neutron/plugins/ml2/drivers/mech_agent.py:91}}
Feb 04 21:47:59.770250 n-d-822053-33 neutron-server[109823]: DEBUG neutron.plugins.ml2.drivers.mech_agent [req-5dc30b34-f776-4a57-8bc4-3c923be17982 req-d38b9c5f-7099-45a0-a0ca-b9e520f6889b service neutron] Checking agent: {'id': '84f62bf8-5aa3-467e-a845-c89a5d1be8b5', 'agent_type': 'HyperV agent', 'binary': 'neutron-hyperv-agent', 'topic': 'N/A', 'host': 'n-h1-822053-33', 'admin_state_up': True, 'created_at': datetime.datetime(2022, 2, 4, 21, 44, 47), 'started_at': datetime.datetime(2022, 2, 4, 21, 44, 47), 'heartbeat_timestamp': datetime.datetime(2022, 2, 4, 21, 47, 47), 'description': None, 'resources_synced': None, 'availability_zone': None, 'alive': True, 'configurations': {'vswitch_mappings': {'physnet1$': 'br-data'}}, 'resource_versions': {}} {{(pid=109823) bind_port /opt/stack/neutron/neutron/plugins/ml2/drivers/mech_agent.py:110}}
Feb 04 21:47:59.771868 n-d-822053-33 neutron-server[109823]: DEBUG neutron.plugins.ml2.drivers.mech_agent [req-5dc30b34-f776-4a57-8bc4-3c923be17982 req-d38b9c5f-7099-45a0-a0ca-b9e520f6889b service neutron] Checking segment: {'id': '94797b59-13f9-489b-884c-413908bd3fd7', 'network_type': 'vlan', 'physical_network': 'physnet1', 'segmentation_id': 163, 'network_id': 'f92cc545-9946-4086-96db-9f62854fb80c'} for mappings: {'physnet1$': 'br-data'} with network types: ['local', 'flat', 'vlan'] {{(pid=109823) check_segment_for_agent /opt/stack/neutron/neutron/plugins/ml2/drivers/mech_agent.py:373}}
Feb 04 21:47:59.772361 n-d-822053-33 neutron-server[109823]: DEBUG neutron.plugins.ml2.drivers.mech_agent [req-5dc30b34-f776-4a57-8bc4-3c923be17982 req-d38b9c5f-7099-45a0-a0ca-b9e520f6889b service neutron] Bound using segment: {'id': '94797b59-13f9-489b-884c-413908bd3fd7', 'network_type': 'vlan', 'physical_network': 'physnet1', 'segmentation_id': 163, 'network_id': 'f92cc545-9946-4086-96db-9f62854fb80c'} {{(pid=109823) bind_port /opt/stack/neutron/neutron/plugins/ml2/drivers/mech_agent.py:120}}
Feb 04 21:47:59.773023 n-d-822053-33 neutron-server[109823]: DEBUG neutron.plugins.ml2.managers [req-5dc30b34-f776-4a57-8bc4-3c923be17982 req-d38b9c5f-7099-45a0-a0ca-b9e520f6889b service neutron] Bound port: 7d7f6e92-6f26-457b-ad10-282c471cc17c, host: n-h1-822053-33, vif_type: hyperv, vif_details: {"connectivity": "legacy", "port_filter": false}, binding_levels: [{'bound_driver': 'hyperv', 'bound_segment': {'id': '94797b59-13f9-489b-884c-413908bd3fd7', 'network_type': 'vlan', 'physical_network': 'physnet1', 'segmentation_id': 163, 'network_id': 'f92cc545-9946-4086-96db-9f62854fb80c'}}] {{(pid=109823) _bind_port_level /opt/stack/neutron/neutron/plugins/ml2/managers.py:932}}
Feb 04 21:47:59.796036 n-d-822053-33 neutron-server[109824]: DEBUG neutron.pecan_wsgi.hooks.policy_enforcement [req-ae1d7b73-ae98-490c-9a19-a2ec9b42ca04 req-87af53da-e9f8-43c1-8858-fdb313393a96 tempest-LiveAutoBlockMigrationV225Test-367738483 tempest-LiveAutoBlockMigrationV225Test-367738483-project] Attributes excluded by policy engine: ['standard_attr_id', 'binding:profile', 'binding:host_id', 'binding:vif_type', 'binding:vif_details'] {{(pid=109824) _exclude_attributes_by_policy /opt/stack/neutron/neutron/pecan_wsgi/hooks/policy_enforcement.py:255}}
Feb 04 21:47:59.804567 n-d-822053-33 neutron-server[109824]: INFO neutron.wsgi [req-ae1d7b73-ae98-490c-9a19-a2ec9b42ca04 req-87af53da-e9f8-43c1-8858-fdb313393a96 tempest-LiveAutoBlockMigrationV225Test-367738483 tempest-LiveAutoBlockMigrationV225Test-367738483-project] 10.222.0.45 "GET /v2.0/ports?device_id=7b14eeec-733c-4b6b-8e18-12d9ea99cbc1 HTTP/1.1" status: 200 len: 945 time: 0.1707950
Feb 04 21:47:59.827202 n-d-822053-33 neutron-server[109825]: DEBUG neutron.plugins.ml2.plugin [None req-48f081d9-8885-4592-87af-5acd05601000 None None] Current status of the port 6b6decd1-454f-4112-bf1a-b88a7642de31 is: BUILD; New status is: ACTIVE {{(pid=109825) _update_individual_port_db_status /opt/stack/neutron/neutron/plugins/ml2/plugin.py:2238}}
Feb 04 21:47:59.827595 n-d-822053-33 neutron-server[109825]: DEBUG neutron_lib.callbacks.manager [None req-48f081d9-8885-4592-87af-5acd05601000 None None] Publish callbacks ['neutron.plugins.ml2.plugin.SecurityGroupDbMixin._ensure_default_security_group_handler-1567327'] for port (6b6decd1-454f-4112-bf1a-b88a7642de31), before_update {{(pid=109825) _notify_loop /usr/local/lib/python3.8/dist-packages/neutron_lib/callbacks/manager.py:176}}
Feb 04 21:47:59.871842 n-d-822053-33 neutron-server[109824]: DEBUG neutron_lib.callbacks.manager [None req-58476661-3f90-4149-82a7-7428affccd3a admin admin] Publish callbacks ['neutron.plugins.ml2.ovo_rpc._ObjectChangeHandler.handle_event-1550581'] for security_group (78a03264-e058-4bce-9cd1-5f57f09b986f), after_delete {{(pid=109824) _notify_loop /usr/local/lib/python3.8/dist-packages/neutron_lib/callbacks/manager.py:176}}
Feb 04 21:47:59.873600 n-d-822053-33 neutron-server[109825]: DEBUG neutron.plugins.ml2.db [None req-48f081d9-8885-4592-87af-5acd05601000 None None] For port 6b6decd1-454f-4112-bf1a-b88a7642de31, host n-h1-822053-33, got binding levels [PortBindingLevel(driver='hyperv',host='n-h1-822053-33',level=0,port_id=6b6decd1-454f-4112-bf1a-b88a7642de31,segment=NetworkSegment(5136fc44-c5a0-4def-be0c-aa4425481c6b),segment_id=5136fc44-c5a0-4def-be0c-aa4425481c6b)] {{(pid=109825) get_binding_level_objs /opt/stack/neutron/neutron/plugins/ml2/db.py:74}}
