Jan 31 22:00:26.346774 n-d-822053-29 devstack@n-api.service[117901]: DEBUG nova.policy [None req-cc9eff15-e088-484c-9f3c-73284af7defc tempest-TenantUsagesTestJSON-643628823 tempest-TenantUsagesTestJSON-643628823-project] Policy check for os_compute_api:os-extended-server-attributes failed with credentials {'is_admin': False, 'user_id': 'f516b73b455f4079840b0c917b2c6624', 'user_domain_id': 'default', 'system_scope': None, 'domain_id': None, 'project_id': '4e97bebf7b5b44fab70629d3e433016d', 'project_domain_id': 'default', 'roles': ['member', 'reader'], 'is_admin_project': True, 'service_user_id': None, 'service_user_domain_id': None, 'service_project_id': None, 'service_project_domain_id': None, 'service_roles': []} {{(pid=117901) authorize /opt/stack/nova/nova/policy.py:199}}
Jan 31 22:00:26.354865 n-d-822053-29 devstack@n-api.service[117901]: INFO nova.api.openstack.requestlog [None req-cc9eff15-e088-484c-9f3c-73284af7defc tempest-TenantUsagesTestJSON-643628823 tempest-TenantUsagesTestJSON-643628823-project] 10.222.0.43 "GET /compute/v2.1/servers/c682d63d-96c2-4a44-9172-5c862acf47a3" status: 200 len: 1314 microversion: 2.1 time: 0.248163
Jan 31 22:00:26.355677 n-d-822053-29 devstack@n-api.service[117901]: [pid: 117901|app: 0|req: 180/327] 10.222.0.43 () {58 vars in 1235 bytes} [Mon Jan 31 22:00:26 2022] GET /compute/v2.1/servers/c682d63d-96c2-4a44-9172-5c862acf47a3 => generated 1314 bytes in 249 msecs (HTTP/1.1 200) 9 headers in 358 bytes (1 switches on core 0)
Jan 31 22:00:26.367097 n-d-822053-29 devstack@n-api.service[117901]: DEBUG nova.api.openstack.wsgi [None req-cc1bef17-d81f-4cc8-a83d-e17a3ca53f4e tempest-MigrationsAdminTest-1211691477 tempest-MigrationsAdminTest-1211691477-project] Calling method '>' {{(pid=117901) _process_stack /opt/stack/nova/nova/api/openstack/wsgi.py:513}}
Jan 31 22:00:26.370376 n-d-822053-29 devstack@n-api.service[117901]: DEBUG nova.compute.api [None req-cc1bef17-d81f-4cc8-a83d-e17a3ca53f4e tempest-MigrationsAdminTest-1211691477 tempest-MigrationsAdminTest-1211691477-project] [instance: fb8dd263-9697-486c-94fe-027f19eeb586] Fetching instance by UUID {{(pid=117901) get /opt/stack/nova/nova/compute/api.py:2865}}
Jan 31 22:00:26.378436 n-d-822053-29 devstack@n-api.service[117901]: DEBUG oslo_concurrency.lockutils [None req-cc1bef17-d81f-4cc8-a83d-e17a3ca53f4e tempest-MigrationsAdminTest-1211691477 tempest-MigrationsAdminTest-1211691477-project] Lock "4fe16730-0f7a-4996-a3a5-ca346f63e1c6" acquired by "nova.context.set_target_cell..get_or_set_cached_cell_and_set_connections" :: waited 0.000s {{(pid=117901) inner /usr/local/lib/python3.8/dist-packages/oslo_concurrency/lockutils.py:386}}
Jan 31 22:00:26.378890 n-d-822053-29 devstack@n-api.service[117901]: DEBUG oslo_concurrency.lockutils [None req-cc1bef17-d81f-4cc8-a83d-e17a3ca53f4e tempest-MigrationsAdminTest-1211691477 tempest-MigrationsAdminTest-1211691477-project] Lock "4fe16730-0f7a-4996-a3a5-ca346f63e1c6" "released" by "nova.context.set_target_cell..get_or_set_cached_cell_and_set_connections" :: held 0.001s {{(pid=117901) inner /usr/local/lib/python3.8/dist-packages/oslo_concurrency/lockutils.py:400}}
Jan 31 22:00:26.379684 n-d-822053-29 devstack@n-api.service[117901]: DEBUG oslo_concurrency.lockutils [None req-cc1bef17-d81f-4cc8-a83d-e17a3ca53f4e tempest-MigrationsAdminTest-1211691477 tempest-MigrationsAdminTest-1211691477-project] Lock "4fe16730-0f7a-4996-a3a5-ca346f63e1c6" acquired by "nova.context.set_target_cell..get_or_set_cached_cell_and_set_connections" :: waited 0.000s {{(pid=117901) inner /usr/local/lib/python3.8/dist-packages/oslo_concurrency/lockutils.py:386}}
Jan 31 22:00:26.380118 n-d-822053-29 devstack@n-api.service[117901]: DEBUG oslo_concurrency.lockutils [None req-cc1bef17-d81f-4cc8-a83d-e17a3ca53f4e tempest-MigrationsAdminTest-1211691477 tempest-MigrationsAdminTest-1211691477-project] Lock "4fe16730-0f7a-4996-a3a5-ca346f63e1c6" "released" by "nova.context.set_target_cell..get_or_set_cached_cell_and_set_connections" :: held 0.000s {{(pid=117901) inner /usr/local/lib/python3.8/dist-packages/oslo_concurrency/lockutils.py:400}}
Jan 31 22:00:26.584086 n-d-822053-29 devstack@n-api.service[117901]: DEBUG nova.policy [None req-cc1bef17-d81f-4cc8-a83d-e17a3ca53f4e tempest-MigrationsAdminTest-1211691477 tempest-MigrationsAdminTest-1211691477-project] Policy check for os_compute_api:os-extended-server-attributes failed with credentials {'is_admin': False, 'user_id': 'dfc5b6c00aec4fcbab42548f4fc819ad', 'user_domain_id': 'default', 'system_scope': None, 'domain_id': None, 'project_id': '797e9c98353c4cff8a9220890ef51de9', 'project_domain_id': 'default', 'roles': ['member', 'reader'], 'is_admin_project': True, 'service_user_id': None, 'service_user_domain_id': None, 'service_project_id': None, 'service_project_domain_id': None, 'service_roles': []} {{(pid=117901) authorize /opt/stack/nova/nova/policy.py:199}}
Jan 31 22:00:26.586936 n-d-822053-29 devstack@n-api.service[117902]: INFO nova.api.openstack.requestlog [None req-242aaa46-a9b8-4754-8069-71ec6ee128bc tempest-LiveAutoBlockMigrationV225Test-724643586 tempest-LiveAutoBlockMigrationV225Test-724643586-project-admin] 10.222.0.43 "POST /compute/v2.1/servers/dc32ade5-221f-43d0-b21e-e04bd5c98421/action" status: 202 len: 0 microversion: 2.25 time: 2.074883
Jan 31 22:00:26.587605 n-d-822053-29 devstack@n-api.service[117902]: [pid: 117902|app: 0|req: 148/328] 10.222.0.43 () {62 vars in 1318 bytes} [Mon Jan 31 22:00:24 2022] POST /compute/v2.1/servers/dc32ade5-221f-43d0-b21e-e04bd5c98421/action => generated 0 bytes in 2077 msecs (HTTP/1.1 202) 9 headers in 363 bytes (1 switches on core 0)
Jan 31 22:00:26.593511 n-d-822053-29 devstack@n-api.service[117902]: DEBUG nova.api.openstack.wsgi [None req-07df2e02-a0e9-4868-8140-6ce9a4dbe3f2 tempest-AggregatesAdminTestJSON-660176893 tempest-AggregatesAdminTestJSON-660176893-project-admin] Calling method '>' {{(pid=117902) _process_stack /opt/stack/nova/nova/api/openstack/wsgi.py:513}}
Jan 31 22:00:26.594947 n-d-822053-29 devstack@n-api.service[117901]: INFO nova.api.openstack.requestlog [None req-cc1bef17-d81f-4cc8-a83d-e17a3ca53f4e tempest-MigrationsAdminTest-1211691477 tempest-MigrationsAdminTest-1211691477-project] 10.222.0.43 "GET /compute/v2.1/servers/fb8dd263-9697-486c-94fe-027f19eeb586" status: 200 len: 1463 microversion: 2.1 time: 0.233304
Jan 31 22:00:26.595531 n-d-822053-29 devstack@n-api.service[117901]: [pid: 117901|app: 0|req: 181/329] 10.222.0.43 () {58 vars in 1235 bytes} [Mon Jan 31 22:00:26 2022] GET /compute/v2.1/servers/fb8dd263-9697-486c-94fe-027f19eeb586 => generated 1463 bytes in 240 msecs (HTTP/1.1 200) 9 headers in 358 bytes (1 switches on core 0)
Jan 31 22:00:26.597402 n-d-822053-29 devstack@n-api.service[117902]: /usr/local/lib/python3.8/dist-packages/oslo_policy/policy.py:1119: UserWarning: Policy "os_compute_api:os-aggregates:index": "rule:system_reader_api" failed scope check. The token used to make the request was project scoped but the policy requires ['system'] scope. This behavior may change in the future where using the intended scope is required
Jan 31 22:00:26.597402 n-d-822053-29 devstack@n-api.service[117902]: warnings.warn(msg)
Jan 31 22:00:26.599809 n-d-822053-29 devstack@n-api.service[117901]: DEBUG nova.api.openstack.wsgi [None req-6cd95739-4b4d-4b76-b94c-c8a24e5ced1f tempest-SecurityGroupsTestAdminJSON-824527597 tempest-SecurityGroupsTestAdminJSON-824527597-project] Calling method '.version_select at 0x7f589819b160>' {{(pid=117901) _process_stack /opt/stack/nova/nova/api/openstack/wsgi.py:513}}
Jan 31 22:00:26.610228 n-d-822053-29 devstack@n-api.service[117902]: INFO nova.api.openstack.requestlog [None req-07df2e02-a0e9-4868-8140-6ce9a4dbe3f2 tempest-AggregatesAdminTestJSON-660176893 tempest-AggregatesAdminTestJSON-660176893-project-admin] 10.222.0.43 "GET /compute/v2.1/os-aggregates" status: 200 len: 565 microversion: 2.1 time: 0.021151
Jan 31 22:00:26.610790 n-d-822053-29 devstack@n-api.service[117902]: [pid: 117902|app: 0|req: 149/330] 10.222.0.43 () {58 vars in 1142 bytes} [Mon Jan 31 22:00:26 2022] GET /compute/v2.1/os-aggregates => generated 565 bytes in 22 msecs (HTTP/1.1 200) 9 headers in 357 bytes (1 switches on core 0)
Jan 31 22:00:26.615724 n-d-822053-29 devstack@n-api.service[117902]: DEBUG nova.api.openstack.wsgi [None req-fca7c759-5faf-4795-bbb2-82b928428b70 tempest-AggregatesAdminNegativeTestJSON-1792688251 tempest-AggregatesAdminNegativeTestJSON-1792688251-project-admin] Action: 'action', calling method: >, body: {"add_host": {"host": "n-h2-822053-29"}} {{(pid=117902) _process_stack /opt/stack/nova/nova/api/openstack/wsgi.py:511}}
Jan 31 22:00:26.617311 n-d-822053-29 devstack@n-api.service[117902]: /usr/local/lib/python3.8/dist-packages/oslo_policy/policy.py:1119: UserWarning: Policy "os_compute_api:os-aggregates:add_host": "rule:system_admin_api" failed scope check. The token used to make the request was project scoped but the policy requires ['system'] scope. This behavior may change in the future where using the intended scope is required
Jan 31 22:00:26.617311 n-d-822053-29 devstack@n-api.service[117902]: warnings.warn(msg)
Jan 31 22:00:26.626080 n-d-822053-29 devstack@n-api.service[117902]: DEBUG oslo_concurrency.lockutils [None req-fca7c759-5faf-4795-bbb2-82b928428b70 tempest-AggregatesAdminNegativeTestJSON-1792688251 tempest-AggregatesAdminNegativeTestJSON-1792688251-project-admin] Lock "4fe16730-0f7a-4996-a3a5-ca346f63e1c6" acquired by "nova.context.set_target_cell..get_or_set_cached_cell_and_set_connections" :: waited 0.000s {{(pid=117902) inner /usr/local/lib/python3.8/dist-packages/oslo_concurrency/lockutils.py:386}}
Jan 31 22:00:26.626525 n-d-822053-29 devstack@n-api.service[117902]: DEBUG oslo_concurrency.lockutils [None req-fca7c759-5faf-4795-bbb2-82b928428b70 tempest-AggregatesAdminNegativeTestJSON-1792688251 tempest-AggregatesAdminNegativeTestJSON-1792688251-project-admin] Lock "4fe16730-0f7a-4996-a3a5-ca346f63e1c6" "released" by "nova.context.set_target_cell..get_or_set_cached_cell_and_set_connections" :: held 0.001s {{(pid=117902) inner /usr/local/lib/python3.8/dist-packages/oslo_concurrency/lockutils.py:400}}
Jan 31 22:00:26.651834 n-d-822053-29 devstack@n-api.service[117902]: INFO nova.api.openstack.wsgi [None req-fca7c759-5faf-4795-bbb2-82b928428b70 tempest-AggregatesAdminNegativeTestJSON-1792688251 tempest-AggregatesAdminNegativeTestJSON-1792688251-project-admin] HTTP exception thrown: Aggregate 10 already has host n-h2-822053-29.
Jan 31 22:00:26.653115 n-d-822053-29 devstack@n-api.service[117902]: DEBUG nova.api.openstack.wsgi [None req-fca7c759-5faf-4795-bbb2-82b928428b70 tempest-AggregatesAdminNegativeTestJSON-1792688251 tempest-AggregatesAdminNegativeTestJSON-1792688251-project-admin] Returning 409 to user: Aggregate 10 already has host n-h2-822053-29. {{(pid=117902) __call__ /opt/stack/nova/nova/api/openstack/wsgi.py:936}}
Jan 31 22:00:26.653980 n-d-822053-29 devstack@n-api.service[117902]: INFO nova.api.openstack.requestlog [None req-fca7c759-5faf-4795-bbb2-82b928428b70 tempest-AggregatesAdminNegativeTestJSON-1792688251 tempest-AggregatesAdminNegativeTestJSON-1792688251-project-admin] 10.222.0.43 "POST /compute/v2.1/os-aggregates/10/action" status: 409 len: 97 microversion: 2.1 time: 0.042106
Jan 31 22:00:26.654558 n-d-822053-29 devstack@n-api.service[117902]: [pid: 117902|app: 0|req: 150/331] 10.222.0.43 () {60 vars in 1193 bytes} [Mon Jan 31 22:00:26 2022] POST /compute/v2.1/os-aggregates/10/action => generated 97 bytes in 43 msecs (HTTP/1.1 409) 9 headers in 377 bytes (1 switches on core 0)
Jan 31 22:00:26.669595 n-d-822053-29 devstack@n-api.service[117902]: DEBUG nova.api.openstack.wsgi [None req-c3deaac3-d397-41c1-8c9d-117b3fb490cb tempest-LiveMigrationNegativeTest-1715908421 tempest-LiveMigrationNegativeTest-1715908421-project] Calling method '>' {{(pid=117902) _process_stack /opt/stack/nova/nova/api/openstack/wsgi.py:513}}
Jan 31 22:00:26.670267 n-d-822053-29 devstack@n-api.service[117902]: DEBUG nova.compute.api [None req-c3deaac3-d397-41c1-8c9d-117b3fb490cb tempest-LiveMigrationNegativeTest-1715908421 tempest-LiveMigrationNegativeTest-1715908421-project] [instance: 52eed0ed-8e65-432f-a001-ca63a2758ff2] Fetching instance by UUID {{(pid=117902) get /opt/stack/nova/nova/compute/api.py:2865}}
Jan 31 22:00:26.679940 n-d-822053-29 devstack@n-api.service[117902]: DEBUG oslo_concurrency.lockutils [None req-c3deaac3-d397-41c1-8c9d-117b3fb490cb tempest-LiveMigrationNegativeTest-1715908421 tempest-LiveMigrationNegativeTest-1715908421-project] Lock "4fe16730-0f7a-4996-a3a5-ca346f63e1c6" acquired by "nova.context.set_target_cell..get_or_set_cached_cell_and_set_connections" :: waited 0.000s {{(pid=117902) inner /usr/local/lib/python3.8/dist-packages/oslo_concurrency/lockutils.py:386}}
Jan 31 22:00:26.680858 n-d-822053-29 devstack@n-api.service[117902]: DEBUG oslo_concurrency.lockutils [None req-c3deaac3-d397-41c1-8c9d-117b3fb490cb tempest-LiveMigrationNegativeTest-1715908421 tempest-LiveMigrationNegativeTest-1715908421-project] Lock "4fe16730-0f7a-4996-a3a5-ca346f63e1c6" "released" by "nova.context.set_target_cell..get_or_set_cached_cell_and_set_connections" :: held 0.001s {{(pid=117902) inner /usr/local/lib/python3.8/dist-packages/oslo_concurrency/lockutils.py:400}}
Jan 31 22:00:26.681683 n-d-822053-29 devstack@n-api.service[117902]: DEBUG oslo_concurrency.lockutils [None req-c3deaac3-d397-41c1-8c9d-117b3fb490cb tempest-LiveMigrationNegativeTest-1715908421 tempest-LiveMigrationNegativeTest-1715908421-project] Lock "4fe16730-0f7a-4996-a3a5-ca346f63e1c6" acquired by "nova.context.set_target_cell..get_or_set_cached_cell_and_set_connections" :: waited 0.000s {{(pid=117902) inner /usr/local/lib/python3.8/dist-packages/oslo_concurrency/lockutils.py:386}}
Jan 31 22:00:26.682117 n-d-822053-29 devstack@n-api.service[117902]: DEBUG oslo_concurrency.lockutils [None req-c3deaac3-d397-41c1-8c9d-117b3fb490cb tempest-LiveMigrationNegativeTest-1715908421 tempest-LiveMigrationNegativeTest-1715908421-project] Lock "4fe16730-0f7a-4996-a3a5-ca346f63e1c6" "released" by "nova.context.set_target_cell..get_or_set_cached_cell_and_set_connections" :: held 0.000s {{(pid=117902) inner /usr/local/lib/python3.8/dist-packages/oslo_concurrency/lockutils.py:400}}
Jan 31 22:00:26.938573 n-d-822053-29 devstack@n-api.service[117902]: DEBUG nova.policy [None req-c3deaac3-d397-41c1-8c9d-117b3fb490cb tempest-LiveMigrationNegativeTest-1715908421 tempest-LiveMigrationNegativeTest-1715908421-project] Policy check for os_compute_api:os-extended-server-attributes failed with credentials {'is_admin': False, 'user_id': '5ab24f3ee4f741009fdeea063c3c63d8', 'user_domain_id': 'default', 'system_scope': None, 'domain_id': None, 'project_id': '4f3bd1f81257486bb8a8be69ee197680', 'project_domain_id': 'default', 'roles': ['member', 'reader'], 'is_admin_project': True, 'service_user_id': None, 'service_user_domain_id': None, 'service_project_id': None, 'service_project_domain_id': None, 'service_roles': []} {{(pid=117902) authorize /opt/stack/nova/nova/policy.py:199}}
Jan 31 22:00:26.948763 n-d-822053-29 devstack@n-api.service[117902]: INFO nova.api.openstack.requestlog [None req-c3deaac3-d397-41c1-8c9d-117b3fb490cb tempest-LiveMigrationNegativeTest-1715908421 tempest-LiveMigrationNegativeTest-1715908421-project] 10.222.0.43 "GET /compute/v2.1/servers/52eed0ed-8e65-432f-a001-ca63a2758ff2" status: 200 len: 1468 microversion: 2.1 time: 0.292303
Jan 31 22:00:26.948763 n-d-822053-29 devstack@n-api.service[117902]: [pid: 117902|app: 0|req: 151/332] 10.222.0.43 () {58 vars in 1235 bytes} [Mon Jan 31 22:00:26 2022] GET /compute/v2.1/servers/52eed0ed-8e65-432f-a001-ca63a2758ff2 => generated 1468 bytes in 293 msecs (HTTP/1.1 200) 9 headers in 358 bytes (1 switches on core 0)
Jan 31 22:00:26.953499 n-d-822053-29 devstack@n-api.service[117902]: DEBUG nova.api.openstack.wsgi [None req-9e80bfb0-bae5-466a-be3d-114b8e922d40 tempest-ServersOnMultiNodesTest-1880851934 tempest-ServersOnMultiNodesTest-1880851934-project] Calling method '>' {{(pid=117902) _process_stack /opt/stack/nova/nova/api/openstack/wsgi.py:513}}
Jan 31 22:00:26.954282 n-d-822053-29 devstack@n-api.service[117902]: DEBUG nova.compute.api [None req-9e80bfb0-bae5-466a-be3d-114b8e922d40 tempest-ServersOnMultiNodesTest-1880851934 tempest-ServersOnMultiNodesTest-1880851934-project] [instance: 03c1556c-b853-40dc-b0c7-f99744e271e3] Fetching instance by UUID {{(pid=117902) get /opt/stack/nova/nova/compute/api.py:2865}}
Jan 31 22:00:26.955313 n-d-822053-29 devstack@n-api.service[117901]: INFO nova.api.openstack.requestlog [None req-6cd95739-4b4d-4b76-b94c-c8a24e5ced1f tempest-SecurityGroupsTestAdminJSON-824527597 tempest-SecurityGroupsTestAdminJSON-824527597-project] 10.222.0.43 "DELETE /compute/v2.1/os-security-groups/aeec2e27-eead-459c-9f00-4de094dc4357" status: 202 len: 0 microversion: 2.1 time: 0.358736
Jan 31 22:00:26.960867 n-d-822053-29 devstack@n-api.service[117901]: [pid: 117901|app: 0|req: 182/333] 10.222.0.43 () {58 vars in 1271 bytes} [Mon Jan 31 22:00:26 2022] DELETE /compute/v2.1/os-security-groups/aeec2e27-eead-459c-9f00-4de094dc4357 => generated 0 bytes in 360 msecs (HTTP/1.1 202) 9 headers in 361 bytes (1 switches on core 0)
Jan 31 22:00:26.971036 n-d-822053-29 devstack@n-api.service[117902]: DEBUG oslo_concurrency.lockutils [None req-9e80bfb0-bae5-466a-be3d-114b8e922d40 tempest-ServersOnMultiNodesTest-1880851934 tempest-ServersOnMultiNodesTest-1880851934-project] Lock "4fe16730-0f7a-4996-a3a5-ca346f63e1c6" acquired by "nova.context.set_target_cell..get_or_set_cached_cell_and_set_connections" :: waited 0.000s {{(pid=117902) inner /usr/local/lib/python3.8/dist-packages/oslo_concurrency/lockutils.py:386}}
Jan 31 22:00:26.972205 n-d-822053-29 devstack@n-api.service[117902]: DEBUG oslo_concurrency.lockutils [None req-9e80bfb0-bae5-466a-be3d-114b8e922d40 tempest-ServersOnMultiNodesTest-1880851934 tempest-ServersOnMultiNodesTest-1880851934-project] Lock "4fe16730-0f7a-4996-a3a5-ca346f63e1c6" "released" by "nova.context.set_target_cell..get_or_set_cached_cell_and_set_connections" :: held 0.002s {{(pid=117902) inner /usr/local/lib/python3.8/dist-packages/oslo_concurrency/lockutils.py:400}}
Jan 31 22:00:26.973479 n-d-822053-29 devstack@n-api.service[117902]: DEBUG oslo_concurrency.lockutils [None req-9e80bfb0-bae5-466a-be3d-114b8e922d40 tempest-ServersOnMultiNodesTest-1880851934 tempest-ServersOnMultiNodesTest-1880851934-project] Lock "4fe16730-0f7a-4996-a3a5-ca346f63e1c6" acquired by "nova.context.set_target_cell..get_or_set_cached_cell_and_set_connections" :: waited 0.000s {{(pid=117902) inner /usr/local/lib/python3.8/dist-packages/oslo_concurrency/lockutils.py:386}}
Jan 31 22:00:26.974538 n-d-822053-29 devstack@n-api.service[117902]: DEBUG oslo_concurrency.lockutils [None req-9e80bfb0-bae5-466a-be3d-114b8e922d40 tempest-ServersOnMultiNodesTest-1880851934 tempest-ServersOnMultiNodesTest-1880851934-project] Lock "4fe16730-0f7a-4996-a3a5-ca346f63e1c6" "released" by "nova.context.set_target_cell..get_or_set_cached_cell_and_set_connections" :: held 0.001s {{(pid=117902) inner /usr/local/lib/python3.8/dist-packages/oslo_concurrency/lockutils.py:400}}
Jan 31 22:00:26.981976 n-d-822053-29 devstack@n-api.service[117901]: DEBUG nova.api.openstack.wsgi [None req-007b1392-be86-4dab-9cb0-6d1e28874b97 tempest-LiveAutoBlockMigrationV225Test-1455556412 tempest-LiveAutoBlockMigrationV225Test-1455556412-project] Calling method '>' {{(pid=117901) _process_stack /opt/stack/nova/nova/api/openstack/wsgi.py:513}}
Jan 31 22:00:26.982709 n-d-822053-29 devstack@n-api.service[117901]: DEBUG nova.compute.api [None req-007b1392-be86-4dab-9cb0-6d1e28874b97 tempest-LiveAutoBlockMigrationV225Test-1455556412 tempest-LiveAutoBlockMigrationV225Test-1455556412-project] [instance: dc32ade5-221f-43d0-b21e-e04bd5c98421] Fetching instance by UUID {{(pid=117901) get /opt/stack/nova/nova/compute/api.py:2865}}
Jan 31 22:00:27.003820 n-d-822053-29 devstack@n-api.service[117901]: DEBUG oslo_concurrency.lockutils [None req-007b1392-be86-4dab-9cb0-6d1e28874b97 tempest-LiveAutoBlockMigrationV225Test-1455556412 tempest-LiveAutoBlockMigrationV225Test-1455556412-project] Lock "4fe16730-0f7a-4996-a3a5-ca346f63e1c6" acquired by "nova.context.set_target_cell..get_or_set_cached_cell_and_set_connections" :: waited 0.000s {{(pid=117901) inner /usr/local/lib/python3.8/dist-packages/oslo_concurrency/lockutils.py:386}}
Jan 31 22:00:27.004902 n-d-822053-29 devstack@n-api.service[117901]: DEBUG oslo_concurrency.lockutils [None req-007b1392-be86-4dab-9cb0-6d1e28874b97 tempest-LiveAutoBlockMigrationV225Test-1455556412 tempest-LiveAutoBlockMigrationV225Test-1455556412-project] Lock "4fe16730-0f7a-4996-a3a5-ca346f63e1c6" "released" by "nova.context.set_target_cell..get_or_set_cached_cell_and_set_connections" :: held 0.001s {{(pid=117901) inner /usr/local/lib/python3.8/dist-packages/oslo_concurrency/lockutils.py:400}}
Jan 31 22:00:27.005906 n-d-822053-29 devstack@n-api.service[117901]: DEBUG oslo_concurrency.lockutils [None req-007b1392-be86-4dab-9cb0-6d1e28874b97 tempest-LiveAutoBlockMigrationV225Test-1455556412 tempest-LiveAutoBlockMigrationV225Test-1455556412-project] Lock "4fe16730-0f7a-4996-a3a5-ca346f63e1c6" acquired by "nova.context.set_target_cell..get_or_set_cached_cell_and_set_connections" :: waited 0.000s {{(pid=117901) inner /usr/local/lib/python3.8/dist-packages/oslo_concurrency/lockutils.py:386}}
Jan 31 22:00:27.006348 n-d-822053-29 devstack@n-api.service[117901]: DEBUG oslo_concurrency.lockutils [None req-007b1392-be86-4dab-9cb0-6d1e28874b97 tempest-LiveAutoBlockMigrationV225Test-1455556412 tempest-LiveAutoBlockMigrationV225Test-1455556412-project] Lock "4fe16730-0f7a-4996-a3a5-ca346f63e1c6" "released" by "nova.context.set_target_cell..get_or_set_cached_cell_and_set_connections" :: held 0.000s {{(pid=117901) inner /usr/local/lib/python3.8/dist-packages/oslo_concurrency/lockutils.py:400}}
Jan 31 22:00:27.530813 n-d-822053-29 devstack@n-api.service[117901]: DEBUG nova.policy [None req-007b1392-be86-4dab-9cb0-6d1e28874b97 tempest-LiveAutoBlockMigrationV225Test-1455556412 tempest-LiveAutoBlockMigrationV225Test-1455556412-project] Policy check for os_compute_api:os-extended-server-attributes failed with credentials {'is_admin': False, 'user_id': '8d4f1f37ed004b4eaee24627cadbb4a9', 'user_domain_id': 'default', 'system_scope': None, 'domain_id': None, 'project_id': '2e8a9137b2a94ecb9eefbe5c178d0b82', 'project_domain_id': 'default', 'roles': ['member', 'reader'], 'is_admin_project': True, 'service_user_id': None, 'service_user_domain_id': None, 'service_project_id': None, 'service_project_domain_id': None, 'service_roles': []} {{(pid=117901) authorize /opt/stack/nova/nova/policy.py:199}}
Jan 31 22:00:27.533552 n-d-822053-29 devstack@n-api.service[117902]: DEBUG nova.policy [None req-9e80bfb0-bae5-466a-be3d-114b8e922d40 tempest-ServersOnMultiNodesTest-1880851934 tempest-ServersOnMultiNodesTest-1880851934-project] Policy check for os_compute_api:os-extended-server-attributes failed with credentials {'is_admin': False, 'user_id': '8815af216a1c4947872c952ccc273cf2', 'user_domain_id': 'default', 'system_scope': None, 'domain_id': None, 'project_id': 'f2eb37aa98d9425381cbab9398f84de2', 'project_domain_id': 'default', 'roles': ['member', 'reader'], 'is_admin_project': True, 'service_user_id': None, 'service_user_domain_id': None, 'service_project_id': None, 'service_project_domain_id': None, 'service_roles': []} {{(pid=117902) authorize /opt/stack/nova/nova/policy.py:199}}
Jan 31 22:00:27.545008 n-d-822053-29 devstack@n-api.service[117901]: DEBUG nova.policy [None req-007b1392-be86-4dab-9cb0-6d1e28874b97 tempest-LiveAutoBlockMigrationV225Test-1455556412 tempest-LiveAutoBlockMigrationV225Test-1455556412-project] Policy check for os_compute_api:servers:show:host_status failed with credentials {'is_admin': False, 'user_id': '8d4f1f37ed004b4eaee24627cadbb4a9', 'user_domain_id': 'default', 'system_scope': None, 'domain_id': None, 'project_id': '2e8a9137b2a94ecb9eefbe5c178d0b82', 'project_domain_id': 'default', 'roles': ['member', 'reader'], 'is_admin_project': True, 'service_user_id': None, 'service_user_domain_id': None, 'service_project_id': None, 'service_project_domain_id': None, 'service_roles': []} {{(pid=117901) authorize /opt/stack/nova/nova/policy.py:199}}
Jan 31 22:00:27.546509 n-d-822053-29 devstack@n-api.service[117901]: DEBUG nova.policy [None req-007b1392-be86-4dab-9cb0-6d1e28874b97 tempest-LiveAutoBlockMigrationV225Test-1455556412 tempest-LiveAutoBlockMigrationV225Test-1455556412-project] Policy check for os_compute_api:servers:show:host_status:unknown-only failed with credentials {'is_admin': False, 'user_id': '8d4f1f37ed004b4eaee24627cadbb4a9', 'user_domain_id': 'default', 'system_scope': None, 'domain_id': None, 'project_id': '2e8a9137b2a94ecb9eefbe5c178d0b82', 'project_domain_id': 'default', 'roles': ['member', 'reader'], 'is_admin_project': True, 'service_user_id': None, 'service_user_domain_id': None, 'service_project_id': None, 'service_project_domain_id': None, 'service_roles': []} {{(pid=117901) authorize /opt/stack/nova/nova/policy.py:199}}
Jan 31 22:00:27.549057 n-d-822053-29 devstack@n-api.service[117902]: INFO nova.api.openstack.requestlog [None req-9e80bfb0-bae5-466a-be3d-114b8e922d40 tempest-ServersOnMultiNodesTest-1880851934 tempest-ServersOnMultiNodesTest-1880851934-project] 10.222.0.43 "GET /compute/v2.1/servers/03c1556c-b853-40dc-b0c7-f99744e271e3" status: 200 len: 1317 microversion: 2.1 time: 0.599393
Jan 31 22:00:27.558448 n-d-822053-29 devstack@n-api.service[117902]: [pid: 117902|app: 0|req: 152/334] 10.222.0.43 () {58 vars in 1235 bytes} [Mon Jan 31 22:00:26 2022] GET /compute/v2.1/servers/03c1556c-b853-40dc-b0c7-f99744e271e3 => generated 1317 bytes in 601 msecs (HTTP/1.1 200) 9 headers in 358 bytes (1 switches on core 0)
Jan 31 22:00:27.564893 n-d-822053-29 devstack@n-api.service[117901]: INFO nova.api.openstack.requestlog [None req-007b1392-be86-4dab-9cb0-6d1e28874b97 tempest-LiveAutoBlockMigrationV225Test-1455556412 tempest-LiveAutoBlockMigrationV225Test-1455556412-project] 10.222.0.43 "GET /compute/v2.1/servers/dc32ade5-221f-43d0-b21e-e04bd5c98421" status: 200 len: 1567 microversion: 2.25 time: 0.607853
Jan 31 22:00:27.565508 n-d-822053-29 devstack@n-api.service[117901]: [pid: 117901|app: 0|req: 183/335] 10.222.0.43 () {60 vars in 1276 bytes} [Mon Jan 31 22:00:26 2022] GET /compute/v2.1/servers/dc32ade5-221f-43d0-b21e-e04bd5c98421 => generated 1567 bytes in 609 msecs (HTTP/1.1 200) 9 headers in 360 bytes (1 switches on core 0)
Jan 31 22:00:27.569859 n-d-822053-29 devstack@n-api.service[117901]: DEBUG nova.api.openstack.wsgi [None req-136fb181-7541-4ea0-a185-33e272d8c1f5 tempest-AggregatesAdminTestJSON-660176893 tempest-AggregatesAdminTestJSON-660176893-project-admin] Calling method '>' {{(pid=117901) _process_stack /opt/stack/nova/nova/api/openstack/wsgi.py:513}}
Jan 31 22:00:27.570711 n-d-822053-29 devstack@n-api.service[117901]: /usr/local/lib/python3.8/dist-packages/oslo_policy/policy.py:1119: UserWarning: Policy "os_compute_api:os-aggregates:delete": "rule:system_admin_api" failed scope check. The token used to make the request was project scoped but the policy requires ['system'] scope. This behavior may change in the future where using the intended scope is required
Jan 31 22:00:27.570711 n-d-822053-29 devstack@n-api.service[117901]: warnings.warn(msg)
Jan 31 22:00:27.616656 n-d-822053-29 devstack@n-api.service[117901]: INFO nova.api.openstack.requestlog [None req-136fb181-7541-4ea0-a185-33e272d8c1f5 tempest-AggregatesAdminTestJSON-660176893 tempest-AggregatesAdminTestJSON-660176893-project-admin] 10.222.0.43 "DELETE /compute/v2.1/os-aggregates/9" status: 200 len: 0 microversion: 2.1 time: 0.049531
Jan 31 22:00:27.623191 n-d-822053-29 devstack@n-api.service[117901]: [pid: 117901|app: 0|req: 184/336] 10.222.0.43 () {58 vars in 1151 bytes} [Mon Jan 31 22:00:27 2022] DELETE /compute/v2.1/os-aggregates/9 => generated 0 bytes in 57 msecs (HTTP/1.1 200) 9 headers in 355 bytes (1 switches on core 0)
Jan 31 22:00:27.631608 n-d-822053-29 devstack@n-api.service[117901]: DEBUG nova.api.openstack.wsgi [None req-b7de4dac-c0df-4193-abfb-585983ab5030 tempest-AggregatesAdminNegativeTestJSON-1792688251 tempest-AggregatesAdminNegativeTestJSON-1792688251-project-admin] Action: 'action', calling method: >, body: {"remove_host": {"host": "n-h2-822053-29"}} {{(pid=117901) _process_stack /opt/stack/nova/nova/api/openstack/wsgi.py:511}}
Jan 31 22:00:27.633070 n-d-822053-29 devstack@n-api.service[117901]: /usr/local/lib/python3.8/dist-packages/oslo_policy/policy.py:1119: UserWarning: Policy "os_compute_api:os-aggregates:remove_host": "rule:system_admin_api" failed scope check. The token used to make the request was project scoped but the policy requires ['system'] scope. This behavior may change in the future where using the intended scope is required
Jan 31 22:00:27.633070 n-d-822053-29 devstack@n-api.service[117901]: warnings.warn(msg)
Jan 31 22:00:27.644815 n-d-822053-29 devstack@n-api.service[117901]: DEBUG oslo_concurrency.lockutils [None req-b7de4dac-c0df-4193-abfb-585983ab5030 tempest-AggregatesAdminNegativeTestJSON-1792688251 tempest-AggregatesAdminNegativeTestJSON-1792688251-project-admin] Lock "4fe16730-0f7a-4996-a3a5-ca346f63e1c6" acquired by "nova.context.set_target_cell..get_or_set_cached_cell_and_set_connections" :: waited 0.000s {{(pid=117901) inner /usr/local/lib/python3.8/dist-packages/oslo_concurrency/lockutils.py:386}}
Jan 31 22:00:27.645565 n-d-822053-29 devstack@n-api.service[117901]: DEBUG oslo_concurrency.lockutils [None req-b7de4dac-c0df-4193-abfb-585983ab5030 tempest-AggregatesAdminNegativeTestJSON-1792688251 tempest-AggregatesAdminNegativeTestJSON-1792688251-project-admin] Lock "4fe16730-0f7a-4996-a3a5-ca346f63e1c6" "released" by "nova.context.set_target_cell..get_or_set_cached_cell_and_set_connections" :: held 0.001s {{(pid=117901) inner /usr/local/lib/python3.8/dist-packages/oslo_concurrency/lockutils.py:400}}
Jan 31 22:00:27.775547 n-d-822053-29 devstack@n-api.service[117901]: INFO nova.api.openstack.requestlog [None req-b7de4dac-c0df-4193-abfb-585983ab5030 tempest-AggregatesAdminNegativeTestJSON-1792688251 tempest-AggregatesAdminNegativeTestJSON-1792688251-project-admin] 10.222.0.43 "POST /compute/v2.1/os-aggregates/10/action" status: 200 len: 227 microversion: 2.1 time: 0.150077
Jan 31 22:00:27.778024 n-d-822053-29 devstack@n-api.service[117901]: [pid: 117901|app: 0|req: 185/337] 10.222.0.43 () {60 vars in 1193 bytes} [Mon Jan 31 22:00:27 2022] POST /compute/v2.1/os-aggregates/10/action => generated 227 bytes in 154 msecs (HTTP/1.1 200) 9 headers in 357 bytes (1 switches on core 0)
Jan 31 22:00:27.783901 n-d-822053-29 devstack@n-api.service[117901]: DEBUG nova.api.openstack.wsgi [req-00c202ba-4c20-451b-acdc-8117c33aebdc req-165d8955-a8a9-46d3-b3ab-b321c08c5733 service nova] Action: 'create', calling method: >, body: {"events": [{"server_uuid": "03c1556c-b853-40dc-b0c7-f99744e271e3", "name": "network-vif-plugged", "status": "completed", "tag": "b865faef-f968-47c7-bef6-5f19aab3541f"}]} {{(pid=117901) _process_stack /opt/stack/nova/nova/api/openstack/wsgi.py:511}}
Jan 31 22:00:27.785496 n-d-822053-29 devstack@n-api.service[117901]: /usr/local/lib/python3.8/dist-packages/oslo_policy/policy.py:1119: UserWarning: Policy "os_compute_api:os-server-external-events:create": "rule:system_admin_api" failed scope check. The token used to make the request was project scoped but the policy requires ['system'] scope. This behavior may change in the future where using the intended scope is required
Jan 31 22:00:27.785496 n-d-822053-29 devstack@n-api.service[117901]: warnings.warn(msg)
Jan 31 22:00:27.807605 n-d-822053-29 devstack@n-api.service[117901]: DEBUG oslo_concurrency.lockutils [req-00c202ba-4c20-451b-acdc-8117c33aebdc req-165d8955-a8a9-46d3-b3ab-b321c08c5733 service nova] Lock "4fe16730-0f7a-4996-a3a5-ca346f63e1c6" acquired by "nova.context.set_target_cell..get_or_set_cached_cell_and_set_connections" :: waited 0.000s {{(pid=117901) inner /usr/local/lib/python3.8/dist-packages/oslo_concurrency/lockutils.py:386}}
Jan 31 22:00:27.809025 n-d-822053-29 devstack@n-api.service[117901]: DEBUG oslo_concurrency.lockutils [req-00c202ba-4c20-451b-acdc-8117c33aebdc req-165d8955-a8a9-46d3-b3ab-b321c08c5733 service nova] Lock "4fe16730-0f7a-4996-a3a5-ca346f63e1c6" "released" by "nova.context.set_target_cell..get_or_set_cached_cell_and_set_connections" :: held 0.001s {{(pid=117901) inner /usr/local/lib/python3.8/dist-packages/oslo_concurrency/lockutils.py:400}}
Jan 31 22:00:27.820535 n-d-822053-29 devstack@n-api.service[117901]: INFO nova.api.openstack.compute.server_external_events [req-00c202ba-4c20-451b-acdc-8117c33aebdc req-165d8955-a8a9-46d3-b3ab-b321c08c5733 service nova] Creating event network-vif-plugged:b865faef-f968-47c7-bef6-5f19aab3541f for instance 03c1556c-b853-40dc-b0c7-f99744e271e3 on n-h2-822053-29
Jan 31 22:00:27.826522 n-d-822053-29 devstack@n-api.service[117901]: INFO nova.api.openstack.requestlog [req-00c202ba-4c20-451b-acdc-8117c33aebdc req-165d8955-a8a9-46d3-b3ab-b321c08c5733 service nova] 10.222.0.43 "POST /compute/v2.1/os-server-external-events" status: 200 len: 183 microversion: 2.1 time: 0.046975
Jan 31 22:00:27.827239 n-d-822053-29 devstack@n-api.service[117901]: [pid: 117901|app: 0|req: 186/338] 10.222.0.43 () {64 vars in 1317 bytes} [Mon Jan 31 22:00:27 2022] POST /compute/v2.1/os-server-external-events => generated 183 bytes in 48 msecs (HTTP/1.1 200) 9 headers in 357 bytes (1 switches on core 0)
Jan 31 22:00:27.832377 n-d-822053-29 devstack@n-api.service[117901]: DEBUG nova.api.openstack.wsgi [None req-c11e61e7-3f7b-43b9-93b3-e8dd6bac6c15 tempest-LiveMigrationNegativeTest-1715908421 tempest-LiveMigrationNegativeTest-1715908421-project] Action: 'create', calling method: >, body: {"server": {"name": "tempest-LiveMigrationNegativeTest-server-1192818270", "imageRef": "117b709f-6c98-41b7-9931-c266a945d79e", "flavorRef": "452"}} {{(pid=117901) _process_stack /opt/stack/nova/nova/api/openstack/wsgi.py:511}}
Jan 31 22:00:27.875738 n-d-822053-29 devstack@n-api.service[117902]: DEBUG nova.api.openstack.wsgi [None req-3f975120-78e1-4378-891b-0b169b445c65 tempest-MigrationsAdminTest-921539245 tempest-MigrationsAdminTest-921539245-project-admin] Calling method '>' {{(pid=117902) _process_stack /opt/stack/nova/nova/api/openstack/wsgi.py:513}}
Jan 31 22:00:27.876389 n-d-822053-29 devstack@n-api.service[117902]: DEBUG nova.compute.api [None req-3f975120-78e1-4378-891b-0b169b445c65 tempest-MigrationsAdminTest-921539245 tempest-MigrationsAdminTest-921539245-project-admin] [instance: fb8dd263-9697-486c-94fe-027f19eeb586] Fetching instance by UUID {{(pid=117902) get /opt/stack/nova/nova/compute/api.py:2865}}
Jan 31 22:00:27.886996 n-d-822053-29 devstack@n-api.service[117901]: DEBUG nova.network.neutron [None req-c11e61e7-3f7b-43b9-93b3-e8dd6bac6c15 tempest-LiveMigrationNegativeTest-1715908421 tempest-LiveMigrationNegativeTest-1715908421-project] validate_networks() for None {{(pid=117901) validate_networks /opt/stack/nova/nova/network/neutron.py:2482}}
Jan 31 22:00:27.890509 n-d-822053-29 devstack@n-api.service[117902]: DEBUG oslo_concurrency.lockutils [None req-3f975120-78e1-4378-891b-0b169b445c65 tempest-MigrationsAdminTest-921539245 tempest-MigrationsAdminTest-921539245-project-admin] Lock "4fe16730-0f7a-4996-a3a5-ca346f63e1c6" acquired by "nova.context.set_target_cell..get_or_set_cached_cell_and_set_connections" :: waited 0.000s {{(pid=117902) inner /usr/local/lib/python3.8/dist-packages/oslo_concurrency/lockutils.py:386}}
Jan 31 22:00:27.891941 n-d-822053-29 devstack@n-api.service[117902]: DEBUG oslo_concurrency.lockutils [None req-3f975120-78e1-4378-891b-0b169b445c65 tempest-MigrationsAdminTest-921539245 tempest-MigrationsAdminTest-921539245-project-admin] Lock "4fe16730-0f7a-4996-a3a5-ca346f63e1c6" "released" by "nova.context.set_target_cell..get_or_set_cached_cell_and_set_connections" :: held 0.001s {{(pid=117902) inner /usr/local/lib/python3.8/dist-packages/oslo_concurrency/lockutils.py:400}}
Jan 31 22:00:27.893087 n-d-822053-29 devstack@n-api.service[117902]: DEBUG oslo_concurrency.lockutils [None req-3f975120-78e1-4378-891b-0b169b445c65 tempest-MigrationsAdminTest-921539245 tempest-MigrationsAdminTest-921539245-project-admin] Lock "4fe16730-0f7a-4996-a3a5-ca346f63e1c6" acquired by "nova.context.set_target_cell..get_or_set_cached_cell_and_set_connections" :: waited 0.000s {{(pid=117902) inner /usr/local/lib/python3.8/dist-packages/oslo_concurrency/lockutils.py:386}}
Jan 31 22:00:27.893769 n-d-822053-29 devstack@n-api.service[117902]: DEBUG oslo_concurrency.lockutils [None req-3f975120-78e1-4378-891b-0b169b445c65 tempest-MigrationsAdminTest-921539245 tempest-MigrationsAdminTest-921539245-project-admin] Lock "4fe16730-0f7a-4996-a3a5-ca346f63e1c6" "released" by "nova.context.set_target_cell..get_or_set_cached_cell_and_set_connections" :: held 0.001s {{(pid=117902) inner /usr/local/lib/python3.8/dist-packages/oslo_concurrency/lockutils.py:400}}
Jan 31 22:00:28.363710 n-d-822053-29 devstack@n-api.service[117901]: DEBUG nova.virt.hardware [None req-c11e61e7-3f7b-43b9-93b3-e8dd6bac6c15 tempest-LiveMigrationNegativeTest-1715908421 tempest-LiveMigrationNegativeTest-1715908421-project] Flavor limits 0:0:0 {{(pid=117901) get_cpu_topology_constraints /opt/stack/nova/nova/virt/hardware.py:343}}
Jan 31 22:00:28.364230 n-d-822053-29 devstack@n-api.service[117901]: DEBUG nova.virt.hardware [None req-c11e61e7-3f7b-43b9-93b3-e8dd6bac6c15 tempest-LiveMigrationNegativeTest-1715908421 tempest-LiveMigrationNegativeTest-1715908421-project] Image limits 0:0:0 {{(pid=117901) get_cpu_topology_constraints /opt/stack/nova/nova/virt/hardware.py:347}}
Jan 31 22:00:28.364758 n-d-822053-29 devstack@n-api.service[117901]: DEBUG nova.virt.hardware [None req-c11e61e7-3f7b-43b9-93b3-e8dd6bac6c15 tempest-LiveMigrationNegativeTest-1715908421 tempest-LiveMigrationNegativeTest-1715908421-project] Flavor pref 0:0:0 {{(pid=117901) get_cpu_topology_constraints /opt/stack/nova/nova/virt/hardware.py:383}}
Jan 31 22:00:28.365412 n-d-822053-29 devstack@n-api.service[117901]: DEBUG nova.virt.hardware [None req-c11e61e7-3f7b-43b9-93b3-e8dd6bac6c15 tempest-LiveMigrationNegativeTest-1715908421 tempest-LiveMigrationNegativeTest-1715908421-project] Image pref 0:0:0 {{(pid=117901) get_cpu_topology_constraints /opt/stack/nova/nova/virt/hardware.py:387}}
Jan 31 22:00:28.365876 n-d-822053-29 devstack@n-api.service[117901]: DEBUG nova.virt.hardware [None req-c11e61e7-3f7b-43b9-93b3-e8dd6bac6c15 tempest-LiveMigrationNegativeTest-1715908421 tempest-LiveMigrationNegativeTest-1715908421-project] Chose sockets=0, cores=0, threads=0; limits were sockets=65536, cores=65536, threads=65536 {{(pid=117901) get_cpu_topology_constraints /opt/stack/nova/nova/virt/hardware.py:425}}
Jan 31 22:00:28.376768 n-d-822053-29 devstack@n-api.service[117901]: DEBUG oslo_concurrency.lockutils [None req-c11e61e7-3f7b-43b9-93b3-e8dd6bac6c15 tempest-LiveMigrationNegativeTest-1715908421 tempest-LiveMigrationNegativeTest-1715908421-project] Lock "00000000-0000-0000-0000-000000000000" acquired by "nova.context.set_target_cell..get_or_set_cached_cell_and_set_connections" :: waited 0.000s {{(pid=117901) inner /usr/local/lib/python3.8/dist-packages/oslo_concurrency/lockutils.py:386}}
Jan 31 22:00:28.377396 n-d-822053-29 devstack@n-api.service[117901]: DEBUG oslo_concurrency.lockutils [None req-c11e61e7-3f7b-43b9-93b3-e8dd6bac6c15 tempest-LiveMigrationNegativeTest-1715908421 tempest-LiveMigrationNegativeTest-1715908421-project] Lock "00000000-0000-0000-0000-000000000000" "released" by "nova.context.set_target_cell..get_or_set_cached_cell_and_set_connections" :: held 0.001s {{(pid=117901) inner /usr/local/lib/python3.8/dist-packages/oslo_concurrency/lockutils.py:400}}
Jan 31 22:00:28.381761 n-d-822053-29 devstack@n-api.service[117901]: DEBUG oslo_concurrency.lockutils [None req-c11e61e7-3f7b-43b9-93b3-e8dd6bac6c15 tempest-LiveMigrationNegativeTest-1715908421 tempest-LiveMigrationNegativeTest-1715908421-project] Lock "4fe16730-0f7a-4996-a3a5-ca346f63e1c6" acquired by "nova.context.set_target_cell..get_or_set_cached_cell_and_set_connections" :: waited 0.000s {{(pid=117901) inner /usr/local/lib/python3.8/dist-packages/oslo_concurrency/lockutils.py:386}}
Jan 31 22:00:28.382473 n-d-822053-29 devstack@n-api.service[117901]: DEBUG oslo_concurrency.lockutils [None req-c11e61e7-3f7b-43b9-93b3-e8dd6bac6c15 tempest-LiveMigrationNegativeTest-1715908421 tempest-LiveMigrationNegativeTest-1715908421-project] Lock "4fe16730-0f7a-4996-a3a5-ca346f63e1c6" "released" by "nova.context.set_target_cell..get_or_set_cached_cell_and_set_connections" :: held 0.004s {{(pid=117901) inner /usr/local/lib/python3.8/dist-packages/oslo_concurrency/lockutils.py:400}}
Jan 31 22:00:28.405055 n-d-822053-29 devstack@n-api.service[117901]: DEBUG nova.quota [None req-c11e61e7-3f7b-43b9-93b3-e8dd6bac6c15 tempest-LiveMigrationNegativeTest-1715908421 tempest-LiveMigrationNegativeTest-1715908421-project] Getting quotas for project 4f3bd1f81257486bb8a8be69ee197680. Resources: {'ram', 'cores', 'instances'} {{(pid=117901) _get_quotas /opt/stack/nova/nova/quota.py:387}}
Jan 31 22:00:28.414405 n-d-822053-29 devstack@n-api.service[117901]: DEBUG nova.quota [None req-c11e61e7-3f7b-43b9-93b3-e8dd6bac6c15 tempest-LiveMigrationNegativeTest-1715908421 tempest-LiveMigrationNegativeTest-1715908421-project] Getting quotas for user 5ab24f3ee4f741009fdeea063c3c63d8 and project 4f3bd1f81257486bb8a8be69ee197680. Resources: {'ram', 'cores', 'instances'} {{(pid=117901) _get_quotas /opt/stack/nova/nova/quota.py:377}}
Jan 31 22:00:28.429013 n-d-822053-29 devstack@n-api.service[117901]: DEBUG nova.compute.api [None req-c11e61e7-3f7b-43b9-93b3-e8dd6bac6c15 tempest-LiveMigrationNegativeTest-1715908421 tempest-LiveMigrationNegativeTest-1715908421-project] Going to run 1 instances... {{(pid=117901) _provision_instances /opt/stack/nova/nova/compute/api.py:1350}}
Jan 31 22:00:28.432729 n-d-822053-29 devstack@n-api.service[117901]: DEBUG nova.compute.api [None req-c11e61e7-3f7b-43b9-93b3-e8dd6bac6c15 tempest-LiveMigrationNegativeTest-1715908421 tempest-LiveMigrationNegativeTest-1715908421-project] [instance: 0db39c12-6038-4811-be5c-27b33a42a35d] block_device_mapping [BlockDeviceMapping(attachment_id=,boot_index=0,connection_info=None,created_at=,delete_on_termination=True,deleted=,deleted_at=,destination_type='local',device_name=None,device_type='disk',disk_bus=None,guest_format=None,id=,image_id='117b709f-6c98-41b7-9931-c266a945d79e',instance=,instance_uuid=,no_device=False,snapshot_id=None,source_type='image',tag=None,updated_at=,uuid=,volume_id=None,volume_size=None,volume_type=None)] {{(pid=117901) _bdm_validate_set_size_and_instance /opt/stack/nova/nova/compute/api.py:1757}}
Jan 31 22:00:28.517754 n-d-822053-29 devstack@n-api.service[117901]: INFO nova.api.openstack.requestlog [None req-c11e61e7-3f7b-43b9-93b3-e8dd6bac6c15 tempest-LiveMigrationNegativeTest-1715908421 tempest-LiveMigrationNegativeTest-1715908421-project] 10.222.0.43 "POST /compute/v2.1/servers" status: 202 len: 380 microversion: 2.1 time: 0.688079
Jan 31 22:00:28.518905 n-d-822053-29 devstack@n-api.service[117901]: [pid: 117901|app: 0|req: 187/339] 10.222.0.43 () {60 vars in 1146 bytes} [Mon Jan 31 22:00:27 2022] POST /compute/v2.1/servers => generated 380 bytes in 691 msecs (HTTP/1.1 202) 10 headers in 451 bytes (1 switches on core 0)
Jan 31 22:00:28.536907 n-d-822053-29 devstack@n-api.service[117902]: INFO nova.api.openstack.requestlog [None req-3f975120-78e1-4378-891b-0b169b445c65 tempest-MigrationsAdminTest-921539245 tempest-MigrationsAdminTest-921539245-project-admin] 10.222.0.43 "GET /compute/v2.1/servers/fb8dd263-9697-486c-94fe-027f19eeb586" status: 200 len: 1616 microversion: 2.1 time: 0.977277
Jan 31 22:00:28.537538 n-d-822053-29 devstack@n-api.service[117902]: [pid: 117902|app: 0|req: 153/340] 10.222.0.43 () {58 vars in 1235 bytes} [Mon Jan 31 22:00:27 2022] GET /compute/v2.1/servers/fb8dd263-9697-486c-94fe-027f19eeb586 => generated 1616 bytes in 979 msecs (HTTP/1.1 200) 9 headers in 358 bytes (1 switches on core 0)
Jan 31 22:00:28.557838 n-d-822053-29 devstack@n-api.service[117901]: DEBUG nova.api.openstack.wsgi [None req-40501801-f015-4bc1-85b5-035327c23ef5 tempest-TenantUsagesTestJSON-643628823 tempest-TenantUsagesTestJSON-643628823-project] Calling method '>' {{(pid=117901) _process_stack /opt/stack/nova/nova/api/openstack/wsgi.py:513}}
Jan 31 22:00:28.558831 n-d-822053-29 devstack@n-api.service[117901]: DEBUG nova.compute.api [None req-40501801-f015-4bc1-85b5-035327c23ef5 tempest-TenantUsagesTestJSON-643628823 tempest-TenantUsagesTestJSON-643628823-project] [instance: c682d63d-96c2-4a44-9172-5c862acf47a3] Fetching instance by UUID {{(pid=117901) get /opt/stack/nova/nova/compute/api.py:2865}}
Jan 31 22:00:28.565940 n-d-822053-29 devstack@n-api.service[117902]: DEBUG nova.api.openstack.wsgi [None req-d7123ca4-0e87-4ea1-96af-d294c43b16ca tempest-AggregatesAdminTestJSON-660176893 tempest-AggregatesAdminTestJSON-660176893-project-admin] Action: 'create', calling method: >, body: {"aggregate": {"name": "tempest-test_aggregate-969311593"}} {{(pid=117902) _process_stack /opt/stack/nova/nova/api/openstack/wsgi.py:511}}
Jan 31 22:00:28.567288 n-d-822053-29 devstack@n-api.service[117902]: /usr/local/lib/python3.8/dist-packages/oslo_policy/policy.py:1119: UserWarning: Policy "os_compute_api:os-aggregates:create": "rule:system_admin_api" failed scope check. The token used to make the request was project scoped but the policy requires ['system'] scope. This behavior may change in the future where using the intended scope is required
Jan 31 22:00:28.567288 n-d-822053-29 devstack@n-api.service[117902]: warnings.warn(msg)
Jan 31 22:00:28.595471 n-d-822053-29 devstack@n-api.service[117901]: DEBUG oslo_concurrency.lockutils [None req-40501801-f015-4bc1-85b5-035327c23ef5 tempest-TenantUsagesTestJSON-643628823 tempest-TenantUsagesTestJSON-643628823-project] Lock "4fe16730-0f7a-4996-a3a5-ca346f63e1c6" acquired by "nova.context.set_target_cell..get_or_set_cached_cell_and_set_connections" :: waited 0.000s {{(pid=117901) inner /usr/local/lib/python3.8/dist-packages/oslo_concurrency/lockutils.py:386}}
Jan 31 22:00:28.595916 n-d-822053-29 devstack@n-api.service[117901]: DEBUG oslo_concurrency.lockutils [None req-40501801-f015-4bc1-85b5-035327c23ef5 tempest-TenantUsagesTestJSON-643628823 tempest-TenantUsagesTestJSON-643628823-project] Lock "4fe16730-0f7a-4996-a3a5-ca346f63e1c6" "released" by "nova.context.set_target_cell..get_or_set_cached_cell_and_set_connections" :: held 0.001s {{(pid=117901) inner /usr/local/lib/python3.8/dist-packages/oslo_concurrency/lockutils.py:400}}
Jan 31 22:00:28.596701 n-d-822053-29 devstack@n-api.service[117901]: DEBUG oslo_concurrency.lockutils [None req-40501801-f015-4bc1-85b5-035327c23ef5 tempest-TenantUsagesTestJSON-643628823 tempest-TenantUsagesTestJSON-643628823-project] Lock "4fe16730-0f7a-4996-a3a5-ca346f63e1c6" acquired by "nova.context.set_target_cell..get_or_set_cached_cell_and_set_connections" :: waited 0.000s {{(pid=117901) inner /usr/local/lib/python3.8/dist-packages/oslo_concurrency/lockutils.py:386}}
Jan 31 22:00:28.597266 n-d-822053-29 devstack@n-api.service[117901]: DEBUG oslo_concurrency.lockutils [None req-40501801-f015-4bc1-85b5-035327c23ef5 tempest-TenantUsagesTestJSON-643628823 tempest-TenantUsagesTestJSON-643628823-project] Lock "4fe16730-0f7a-4996-a3a5-ca346f63e1c6" "released" by "nova.context.set_target_cell..get_or_set_cached_cell_and_set_connections" :: held 0.000s {{(pid=117901) inner /usr/local/lib/python3.8/dist-packages/oslo_concurrency/lockutils.py:400}}
Jan 31 22:00:28.599862 n-d-822053-29 devstack@n-api.service[117902]: DEBUG nova.objects.aggregate [None req-d7123ca4-0e87-4ea1-96af-d294c43b16ca tempest-AggregatesAdminTestJSON-660176893 tempest-AggregatesAdminTestJSON-660176893-project-admin] Generated uuid 75350a09-fb14-44d4-bc82-14d2922d6f94 for aggregate {{(pid=117902) create /opt/stack/nova/nova/objects/aggregate.py:298}}
Jan 31 22:00:28.667675 n-d-822053-29 devstack@n-api.service[117902]: INFO nova.api.openstack.requestlog [None req-d7123ca4-0e87-4ea1-96af-d294c43b16ca tempest-AggregatesAdminTestJSON-660176893 tempest-AggregatesAdminTestJSON-660176893-project-admin] 10.222.0.43 "POST /compute/v2.1/os-aggregates" status: 200 len: 198 microversion: 2.1 time: 0.107839
Jan 31 22:00:28.673618 n-d-822053-29 devstack@n-api.service[117902]: [pid: 117902|app: 0|req: 154/341] 10.222.0.43 () {60 vars in 1163 bytes} [Mon Jan 31 22:00:28 2022] POST /compute/v2.1/os-aggregates => generated 198 bytes in 131 msecs (HTTP/1.1 200) 9 headers in 357 bytes (1 switches on core 0)
Jan 31 22:00:28.677390 n-d-822053-29 devstack@n-api.service[117902]: DEBUG nova.api.openstack.wsgi [None req-20595d61-edf4-44e0-8b54-0cb1426c0747 tempest-AggregatesAdminNegativeTestJSON-1792688251 tempest-AggregatesAdminNegativeTestJSON-1792688251-project-admin] Calling method '>' {{(pid=117902) _process_stack /opt/stack/nova/nova/api/openstack/wsgi.py:513}}
Jan 31 22:00:28.680871 n-d-822053-29 devstack@n-api.service[117902]: /usr/local/lib/python3.8/dist-packages/oslo_policy/policy.py:1119: UserWarning: Policy "os_compute_api:os-aggregates:delete": "rule:system_admin_api" failed scope check. The token used to make the request was project scoped but the policy requires ['system'] scope. This behavior may change in the future where using the intended scope is required
Jan 31 22:00:28.680871 n-d-822053-29 devstack@n-api.service[117902]: warnings.warn(msg)
