Jan 31 22:00:03.952247 n-d-822053-29 devstack@n-api.service[117901]: [pid: 117901|app: 0|req: 93/176] 10.222.0.43 () {62 vars in 1199 bytes} [Mon Jan 31 22:00:03 2022] POST /compute/v2.1/os-keypairs => generated 2320 bytes in 236 msecs (HTTP/1.1 201) 9 headers in 365 bytes (1 switches on core 0)
Jan 31 22:00:03.961232 n-d-822053-29 devstack@n-api.service[117901]: DEBUG nova.api.openstack.wsgi [None req-7e24237e-583e-44c3-8c63-b28da332fe5e tempest-InstanceUsageAuditLogTestJSON-604494169 tempest-InstanceUsageAuditLogTestJSON-604494169-project-admin] Calling method '>' {{(pid=117901) _process_stack /opt/stack/nova/nova/api/openstack/wsgi.py:513}}
Jan 31 22:00:03.962008 n-d-822053-29 devstack@n-api.service[117901]: /usr/local/lib/python3.8/dist-packages/oslo_policy/policy.py:1119: UserWarning: Policy "os_compute_api:os-instance-usage-audit-log:list": "rule:system_reader_api" failed scope check. The token used to make the request was project scoped but the policy requires ['system'] scope. This behavior may change in the future where using the intended scope is required
Jan 31 22:00:03.962008 n-d-822053-29 devstack@n-api.service[117901]: warnings.warn(msg)
Jan 31 22:00:03.975738 n-d-822053-29 devstack@n-api.service[117901]: INFO nova.api.openstack.requestlog [None req-7e24237e-583e-44c3-8c63-b28da332fe5e tempest-InstanceUsageAuditLogTestJSON-604494169 tempest-InstanceUsageAuditLogTestJSON-604494169-project-admin] 10.222.0.43 "GET /compute/v2.1/os-instance_usage_audit_log" status: 200 len: 319 microversion: 2.1 time: 0.022379
Jan 31 22:00:03.977025 n-d-822053-29 devstack@n-api.service[117901]: [pid: 117901|app: 0|req: 94/177] 10.222.0.43 () {58 vars in 1184 bytes} [Mon Jan 31 22:00:03 2022] GET /compute/v2.1/os-instance_usage_audit_log => generated 319 bytes in 24 msecs (HTTP/1.1 200) 9 headers in 357 bytes (1 switches on core 0)
Jan 31 22:00:03.982444 n-d-822053-29 devstack@n-api.service[117901]: DEBUG nova.api.openstack.wsgi [None req-5c4b10dd-492b-4162-872c-df8d6193c8dd tempest-MigrationsAdminTest-1211691477 tempest-MigrationsAdminTest-1211691477-project] Calling method '>' {{(pid=117901) _process_stack /opt/stack/nova/nova/api/openstack/wsgi.py:513}}
Jan 31 22:00:03.982979 n-d-822053-29 devstack@n-api.service[117901]: DEBUG nova.compute.api [None req-5c4b10dd-492b-4162-872c-df8d6193c8dd tempest-MigrationsAdminTest-1211691477 tempest-MigrationsAdminTest-1211691477-project] [instance: fb8dd263-9697-486c-94fe-027f19eeb586] Fetching instance by UUID {{(pid=117901) get /opt/stack/nova/nova/compute/api.py:2865}}
Jan 31 22:00:03.989707 n-d-822053-29 devstack@n-api.service[117901]: DEBUG oslo_concurrency.lockutils [None req-5c4b10dd-492b-4162-872c-df8d6193c8dd tempest-MigrationsAdminTest-1211691477 tempest-MigrationsAdminTest-1211691477-project] Lock "4fe16730-0f7a-4996-a3a5-ca346f63e1c6" acquired by "nova.context.set_target_cell..get_or_set_cached_cell_and_set_connections" :: waited 0.000s {{(pid=117901) inner /usr/local/lib/python3.8/dist-packages/oslo_concurrency/lockutils.py:386}}
Jan 31 22:00:03.990350 n-d-822053-29 devstack@n-api.service[117901]: DEBUG oslo_concurrency.lockutils [None req-5c4b10dd-492b-4162-872c-df8d6193c8dd tempest-MigrationsAdminTest-1211691477 tempest-MigrationsAdminTest-1211691477-project] Lock "4fe16730-0f7a-4996-a3a5-ca346f63e1c6" "released" by "nova.context.set_target_cell..get_or_set_cached_cell_and_set_connections" :: held 0.001s {{(pid=117901) inner /usr/local/lib/python3.8/dist-packages/oslo_concurrency/lockutils.py:400}}
Jan 31 22:00:03.991332 n-d-822053-29 devstack@n-api.service[117901]: DEBUG oslo_concurrency.lockutils [None req-5c4b10dd-492b-4162-872c-df8d6193c8dd tempest-MigrationsAdminTest-1211691477 tempest-MigrationsAdminTest-1211691477-project] Lock "4fe16730-0f7a-4996-a3a5-ca346f63e1c6" acquired by "nova.context.set_target_cell..get_or_set_cached_cell_and_set_connections" :: waited 0.000s {{(pid=117901) inner /usr/local/lib/python3.8/dist-packages/oslo_concurrency/lockutils.py:386}}
Jan 31 22:00:03.992250 n-d-822053-29 devstack@n-api.service[117901]: DEBUG oslo_concurrency.lockutils [None req-5c4b10dd-492b-4162-872c-df8d6193c8dd tempest-MigrationsAdminTest-1211691477 tempest-MigrationsAdminTest-1211691477-project] Lock "4fe16730-0f7a-4996-a3a5-ca346f63e1c6" "released" by "nova.context.set_target_cell..get_or_set_cached_cell_and_set_connections" :: held 0.001s {{(pid=117901) inner /usr/local/lib/python3.8/dist-packages/oslo_concurrency/lockutils.py:400}}
Jan 31 22:00:04.067031 n-d-822053-29 devstack@n-api.service[117901]: DEBUG nova.policy [None req-5c4b10dd-492b-4162-872c-df8d6193c8dd tempest-MigrationsAdminTest-1211691477 tempest-MigrationsAdminTest-1211691477-project] Policy check for os_compute_api:os-extended-server-attributes failed with credentials {'is_admin': False, 'user_id': 'dfc5b6c00aec4fcbab42548f4fc819ad', 'user_domain_id': 'default', 'system_scope': None, 'domain_id': None, 'project_id': '797e9c98353c4cff8a9220890ef51de9', 'project_domain_id': 'default', 'roles': ['member', 'reader'], 'is_admin_project': True, 'service_user_id': None, 'service_user_domain_id': None, 'service_project_id': None, 'service_project_domain_id': None, 'service_roles': []} {{(pid=117901) authorize /opt/stack/nova/nova/policy.py:199}}
Jan 31 22:00:04.081939 n-d-822053-29 devstack@n-api.service[117901]: INFO nova.api.openstack.requestlog [None req-5c4b10dd-492b-4162-872c-df8d6193c8dd tempest-MigrationsAdminTest-1211691477 tempest-MigrationsAdminTest-1211691477-project] 10.222.0.43 "GET /compute/v2.1/servers/fb8dd263-9697-486c-94fe-027f19eeb586" status: 200 len: 1217 microversion: 2.1 time: 0.103600
Jan 31 22:00:04.083000 n-d-822053-29 devstack@n-api.service[117901]: [pid: 117901|app: 0|req: 95/178] 10.222.0.43 () {58 vars in 1235 bytes} [Mon Jan 31 22:00:03 2022] GET /compute/v2.1/servers/fb8dd263-9697-486c-94fe-027f19eeb586 => generated 1217 bytes in 105 msecs (HTTP/1.1 200) 9 headers in 358 bytes (1 switches on core 0)
Jan 31 22:00:04.088860 n-d-822053-29 devstack@n-api.service[117901]: DEBUG nova.api.openstack.wsgi [req-a0264420-3933-4da6-b84c-86de3761dc4e req-7004225b-613c-424f-864b-a40c1f72c462 service nova] Action: 'create', calling method: >, body: {"events": [{"server_uuid": "7e40893c-f806-4ff8-9bc7-8caedb521273", "name": "network-vif-plugged", "status": "completed", "tag": "aca65162-2145-4380-bd97-50ad2309663c"}]} {{(pid=117901) _process_stack /opt/stack/nova/nova/api/openstack/wsgi.py:511}}
Jan 31 22:00:04.090356 n-d-822053-29 devstack@n-api.service[117901]: /usr/local/lib/python3.8/dist-packages/oslo_policy/policy.py:1119: UserWarning: Policy "os_compute_api:os-server-external-events:create": "rule:system_admin_api" failed scope check. The token used to make the request was project scoped but the policy requires ['system'] scope. This behavior may change in the future where using the intended scope is required
Jan 31 22:00:04.090356 n-d-822053-29 devstack@n-api.service[117901]: warnings.warn(msg)
Jan 31 22:00:04.097472 n-d-822053-29 devstack@n-api.service[117901]: DEBUG oslo_concurrency.lockutils [req-a0264420-3933-4da6-b84c-86de3761dc4e req-7004225b-613c-424f-864b-a40c1f72c462 service nova] Lock "4fe16730-0f7a-4996-a3a5-ca346f63e1c6" acquired by "nova.context.set_target_cell..get_or_set_cached_cell_and_set_connections" :: waited 0.000s {{(pid=117901) inner /usr/local/lib/python3.8/dist-packages/oslo_concurrency/lockutils.py:386}}
Jan 31 22:00:04.097990 n-d-822053-29 devstack@n-api.service[117901]: DEBUG oslo_concurrency.lockutils [req-a0264420-3933-4da6-b84c-86de3761dc4e req-7004225b-613c-424f-864b-a40c1f72c462 service nova] Lock "4fe16730-0f7a-4996-a3a5-ca346f63e1c6" "released" by "nova.context.set_target_cell..get_or_set_cached_cell_and_set_connections" :: held 0.001s {{(pid=117901) inner /usr/local/lib/python3.8/dist-packages/oslo_concurrency/lockutils.py:400}}
Jan 31 22:00:04.118295 n-d-822053-29 devstack@n-api.service[117901]: INFO nova.api.openstack.compute.server_external_events [req-a0264420-3933-4da6-b84c-86de3761dc4e req-7004225b-613c-424f-864b-a40c1f72c462 service nova] Creating event network-vif-plugged:aca65162-2145-4380-bd97-50ad2309663c for instance 7e40893c-f806-4ff8-9bc7-8caedb521273 on n-h2-822053-29
Jan 31 22:00:04.136190 n-d-822053-29 devstack@n-api.service[117901]: INFO nova.api.openstack.requestlog [req-a0264420-3933-4da6-b84c-86de3761dc4e req-7004225b-613c-424f-864b-a40c1f72c462 service nova] 10.222.0.43 "POST /compute/v2.1/os-server-external-events" status: 200 len: 183 microversion: 2.1 time: 0.051593
Jan 31 22:00:04.141100 n-d-822053-29 devstack@n-api.service[117901]: [pid: 117901|app: 0|req: 96/179] 10.222.0.43 () {64 vars in 1317 bytes} [Mon Jan 31 22:00:04 2022] POST /compute/v2.1/os-server-external-events => generated 183 bytes in 57 msecs (HTTP/1.1 200) 9 headers in 357 bytes (1 switches on core 0)
Jan 31 22:00:04.149204 n-d-822053-29 devstack@n-api.service[117901]: DEBUG nova.api.openstack.wsgi [None req-dfb97ff8-7fb7-47ea-8b18-4aa6f6cd3c00 tempest-KeyPairsV210TestJSON-1299073332 tempest-KeyPairsV210TestJSON-1299073332-project-admin] Calling method '.version_select at 0x7f58983f3550>' {{(pid=117901) _process_stack /opt/stack/nova/nova/api/openstack/wsgi.py:513}}
Jan 31 22:00:04.161560 n-d-822053-29 devstack@n-api.service[117901]: INFO nova.api.openstack.requestlog [None req-dfb97ff8-7fb7-47ea-8b18-4aa6f6cd3c00 tempest-KeyPairsV210TestJSON-1299073332 tempest-KeyPairsV210TestJSON-1299073332-project-admin] 10.222.0.43 "GET /compute/v2.1/os-keypairs/tempest-keypair-391946595?user_id=4136653ea87e4a8b8a59e34c0443cab5" status: 200 len: 705 microversion: 2.10 time: 0.018750
Jan 31 22:00:04.167426 n-d-822053-29 devstack@n-api.service[117901]: [pid: 117901|app: 0|req: 97/180] 10.222.0.43 () {60 vars in 1336 bytes} [Mon Jan 31 22:00:04 2022] GET /compute/v2.1/os-keypairs/tempest-keypair-391946595?user_id=4136653ea87e4a8b8a59e34c0443cab5 => generated 705 bytes in 21 msecs (HTTP/1.1 200) 9 headers in 359 bytes (1 switches on core 0)
Jan 31 22:00:04.174554 n-d-822053-29 devstack@n-api.service[117901]: DEBUG nova.api.openstack.wsgi [None req-61fae93d-fc0d-4d61-9809-e24d556d32f5 tempest-KeyPairsV210TestJSON-1299073332 tempest-KeyPairsV210TestJSON-1299073332-project-admin] Action: 'create', calling method: .version_select at 0x7f58983f3700>, body: {"keypair": {"name": "tempest-KeyPairsV210TestJSON-keypair-972364724", "type": "ssh"}} {{(pid=117901) _process_stack /opt/stack/nova/nova/api/openstack/wsgi.py:511}}
Jan 31 22:00:04.189533 n-d-822053-29 devstack@n-api.service[117902]: DEBUG nova.policy [None req-6503fd53-ddbc-4c93-bed9-0cec7120138b tempest-ServerDiagnosticsNegativeTest-706250044 tempest-ServerDiagnosticsNegativeTest-706250044-project] Policy check for os_compute_api:os-extended-server-attributes failed with credentials {'is_admin': False, 'user_id': '881c4f6fd58846dc87f92bf0eb2f684d', 'user_domain_id': 'default', 'system_scope': None, 'domain_id': None, 'project_id': '5f2556b305584df685f502db85600316', 'project_domain_id': 'default', 'roles': ['member', 'reader'], 'is_admin_project': True, 'service_user_id': None, 'service_user_domain_id': None, 'service_project_id': None, 'service_project_domain_id': None, 'service_roles': []} {{(pid=117902) authorize /opt/stack/nova/nova/policy.py:199}}
Jan 31 22:00:04.199925 n-d-822053-29 devstack@n-api.service[117901]: DEBUG nova.quota [None req-61fae93d-fc0d-4d61-9809-e24d556d32f5 tempest-KeyPairsV210TestJSON-1299073332 tempest-KeyPairsV210TestJSON-1299073332-project-admin] Getting quotas for project 3f6e02b657dd43b9ae5d4c3ba265737a. Resources: {'key_pairs'} {{(pid=117901) _get_quotas /opt/stack/nova/nova/quota.py:387}}
Jan 31 22:00:04.201373 n-d-822053-29 devstack@n-api.service[117902]: INFO nova.api.openstack.requestlog [None req-6503fd53-ddbc-4c93-bed9-0cec7120138b tempest-ServerDiagnosticsNegativeTest-706250044 tempest-ServerDiagnosticsNegativeTest-706250044-project] 10.222.0.43 "GET /compute/v2.1/servers/060bf4fc-d932-434b-8f3a-a93307d1c7b2" status: 200 len: 1344 microversion: 2.1 time: 0.280755
Jan 31 22:00:04.207132 n-d-822053-29 devstack@n-api.service[117902]: [pid: 117902|app: 0|req: 84/181] 10.222.0.43 () {58 vars in 1235 bytes} [Mon Jan 31 22:00:03 2022] GET /compute/v2.1/servers/060bf4fc-d932-434b-8f3a-a93307d1c7b2 => generated 1344 bytes in 287 msecs (HTTP/1.1 200) 9 headers in 358 bytes (1 switches on core 0)
Jan 31 22:00:04.217437 n-d-822053-29 devstack@n-api.service[117901]: DEBUG nova.quota [None req-61fae93d-fc0d-4d61-9809-e24d556d32f5 tempest-KeyPairsV210TestJSON-1299073332 tempest-KeyPairsV210TestJSON-1299073332-project-admin] Getting quotas for user 5f815e2df463410fa818b459337c834f and project 3f6e02b657dd43b9ae5d4c3ba265737a. Resources: {'key_pairs'} {{(pid=117901) _get_quotas /opt/stack/nova/nova/quota.py:377}}
Jan 31 22:00:04.490223 n-d-822053-29 devstack@n-api.service[117902]: DEBUG nova.api.openstack.wsgi [None req-cb8ba3e6-d06a-4f5e-80cc-983b38578a52 tempest-AggregatesAdminTestJSON-939633441 tempest-AggregatesAdminTestJSON-939633441-project] Calling method '>' {{(pid=117902) _process_stack /opt/stack/nova/nova/api/openstack/wsgi.py:513}}
Jan 31 22:00:04.491050 n-d-822053-29 devstack@n-api.service[117902]: DEBUG nova.compute.api [None req-cb8ba3e6-d06a-4f5e-80cc-983b38578a52 tempest-AggregatesAdminTestJSON-939633441 tempest-AggregatesAdminTestJSON-939633441-project] [instance: 7e40893c-f806-4ff8-9bc7-8caedb521273] Fetching instance by UUID {{(pid=117902) get /opt/stack/nova/nova/compute/api.py:2865}}
Jan 31 22:00:04.502863 n-d-822053-29 devstack@n-api.service[117902]: DEBUG oslo_concurrency.lockutils [None req-cb8ba3e6-d06a-4f5e-80cc-983b38578a52 tempest-AggregatesAdminTestJSON-939633441 tempest-AggregatesAdminTestJSON-939633441-project] Lock "4fe16730-0f7a-4996-a3a5-ca346f63e1c6" acquired by "nova.context.set_target_cell..get_or_set_cached_cell_and_set_connections" :: waited 0.000s {{(pid=117902) inner /usr/local/lib/python3.8/dist-packages/oslo_concurrency/lockutils.py:386}}
Jan 31 22:00:04.503307 n-d-822053-29 devstack@n-api.service[117902]: DEBUG oslo_concurrency.lockutils [None req-cb8ba3e6-d06a-4f5e-80cc-983b38578a52 tempest-AggregatesAdminTestJSON-939633441 tempest-AggregatesAdminTestJSON-939633441-project] Lock "4fe16730-0f7a-4996-a3a5-ca346f63e1c6" "released" by "nova.context.set_target_cell..get_or_set_cached_cell_and_set_connections" :: held 0.001s {{(pid=117902) inner /usr/local/lib/python3.8/dist-packages/oslo_concurrency/lockutils.py:400}}
Jan 31 22:00:04.504106 n-d-822053-29 devstack@n-api.service[117902]: DEBUG oslo_concurrency.lockutils [None req-cb8ba3e6-d06a-4f5e-80cc-983b38578a52 tempest-AggregatesAdminTestJSON-939633441 tempest-AggregatesAdminTestJSON-939633441-project] Lock "4fe16730-0f7a-4996-a3a5-ca346f63e1c6" acquired by "nova.context.set_target_cell..get_or_set_cached_cell_and_set_connections" :: waited 0.000s {{(pid=117902) inner /usr/local/lib/python3.8/dist-packages/oslo_concurrency/lockutils.py:386}}
Jan 31 22:00:04.506656 n-d-822053-29 devstack@n-api.service[117902]: DEBUG oslo_concurrency.lockutils [None req-cb8ba3e6-d06a-4f5e-80cc-983b38578a52 tempest-AggregatesAdminTestJSON-939633441 tempest-AggregatesAdminTestJSON-939633441-project] Lock "4fe16730-0f7a-4996-a3a5-ca346f63e1c6" "released" by "nova.context.set_target_cell..get_or_set_cached_cell_and_set_connections" :: held 0.002s {{(pid=117902) inner /usr/local/lib/python3.8/dist-packages/oslo_concurrency/lockutils.py:400}}
Jan 31 22:00:04.645776 n-d-822053-29 devstack@n-api.service[117901]: DEBUG nova.quota [None req-61fae93d-fc0d-4d61-9809-e24d556d32f5 tempest-KeyPairsV210TestJSON-1299073332 tempest-KeyPairsV210TestJSON-1299073332-project-admin] Getting quotas for project 3f6e02b657dd43b9ae5d4c3ba265737a. Resources: {'key_pairs'} {{(pid=117901) _get_quotas /opt/stack/nova/nova/quota.py:387}}
Jan 31 22:00:04.661713 n-d-822053-29 devstack@n-api.service[117901]: DEBUG nova.quota [None req-61fae93d-fc0d-4d61-9809-e24d556d32f5 tempest-KeyPairsV210TestJSON-1299073332 tempest-KeyPairsV210TestJSON-1299073332-project-admin] Getting quotas for user 5f815e2df463410fa818b459337c834f and project 3f6e02b657dd43b9ae5d4c3ba265737a. Resources: {'key_pairs'} {{(pid=117901) _get_quotas /opt/stack/nova/nova/quota.py:377}}
Jan 31 22:00:04.684248 n-d-822053-29 devstack@n-api.service[117901]: INFO nova.api.openstack.requestlog [None req-61fae93d-fc0d-4d61-9809-e24d556d32f5 tempest-KeyPairsV210TestJSON-1299073332 tempest-KeyPairsV210TestJSON-1299073332-project-admin] 10.222.0.43 "POST /compute/v2.1/os-keypairs" status: 201 len: 2340 microversion: 2.10 time: 0.513950
Jan 31 22:00:04.685524 n-d-822053-29 devstack@n-api.service[117901]: [pid: 117901|app: 0|req: 98/182] 10.222.0.43 () {62 vars in 1198 bytes} [Mon Jan 31 22:00:04 2022] POST /compute/v2.1/os-keypairs => generated 2340 bytes in 518 msecs (HTTP/1.1 201) 9 headers in 365 bytes (2 switches on core 0)
Jan 31 22:00:04.697718 n-d-822053-29 devstack@n-api.service[117901]: DEBUG nova.api.openstack.wsgi [None req-49061633-92f2-425c-8ce8-b830b259d307 tempest-KeyPairsV210TestJSON-1299073332 tempest-KeyPairsV210TestJSON-1299073332-project-admin] Calling method '.version_select at 0x7f58984aa4c0>' {{(pid=117901) _process_stack /opt/stack/nova/nova/api/openstack/wsgi.py:513}}
Jan 31 22:00:04.701052 n-d-822053-29 devstack@n-api.service[117901]: WARNING oslo_db.sqlalchemy.utils [None req-49061633-92f2-425c-8ce8-b830b259d307 tempest-KeyPairsV210TestJSON-1299073332 tempest-KeyPairsV210TestJSON-1299073332-project-admin] Unique keys not in sort_keys. The sorting order may be unstable.
Jan 31 22:00:04.705838 n-d-822053-29 devstack@n-api.service[117902]: DEBUG nova.policy [None req-cb8ba3e6-d06a-4f5e-80cc-983b38578a52 tempest-AggregatesAdminTestJSON-939633441 tempest-AggregatesAdminTestJSON-939633441-project] Policy check for os_compute_api:os-extended-server-attributes failed with credentials {'is_admin': False, 'user_id': 'f1738d9c557e40dfa85f162cefee3620', 'user_domain_id': 'default', 'system_scope': None, 'domain_id': None, 'project_id': 'a1a499fcd7c041309d4178644cb749ea', 'project_domain_id': 'default', 'roles': ['member', 'reader'], 'is_admin_project': True, 'service_user_id': None, 'service_user_domain_id': None, 'service_project_id': None, 'service_project_domain_id': None, 'service_roles': []} {{(pid=117902) authorize /opt/stack/nova/nova/policy.py:199}}
Jan 31 22:00:04.711929 n-d-822053-29 devstack@n-api.service[117901]: INFO nova.api.openstack.requestlog [None req-49061633-92f2-425c-8ce8-b830b259d307 tempest-KeyPairsV210TestJSON-1299073332 tempest-KeyPairsV210TestJSON-1299073332-project-admin] 10.222.0.43 "GET /compute/v2.1/os-keypairs?user_id=4136653ea87e4a8b8a59e34c0443cab5" status: 200 len: 1113 microversion: 2.10 time: 0.019778
Jan 31 22:00:04.713043 n-d-822053-29 devstack@n-api.service[117901]: [pid: 117901|app: 0|req: 99/183] 10.222.0.43 () {60 vars in 1258 bytes} [Mon Jan 31 22:00:04 2022] GET /compute/v2.1/os-keypairs?user_id=4136653ea87e4a8b8a59e34c0443cab5 => generated 1113 bytes in 21 msecs (HTTP/1.1 200) 9 headers in 360 bytes (1 switches on core 0)
Jan 31 22:00:04.725418 n-d-822053-29 devstack@n-api.service[117901]: DEBUG nova.api.openstack.wsgi [None req-1d208337-5161-4145-9aae-2c520f244b1a tempest-KeyPairsV210TestJSON-1299073332 tempest-KeyPairsV210TestJSON-1299073332-project-admin] Calling method '.version_select at 0x7f58983f3670>' {{(pid=117901) _process_stack /opt/stack/nova/nova/api/openstack/wsgi.py:513}}
Jan 31 22:00:04.727518 n-d-822053-29 devstack@n-api.service[117902]: INFO nova.api.openstack.requestlog [None req-cb8ba3e6-d06a-4f5e-80cc-983b38578a52 tempest-AggregatesAdminTestJSON-939633441 tempest-AggregatesAdminTestJSON-939633441-project] 10.222.0.43 "GET /compute/v2.1/servers/7e40893c-f806-4ff8-9bc7-8caedb521273" status: 200 len: 1338 microversion: 2.1 time: 0.244349
Jan 31 22:00:04.730313 n-d-822053-29 devstack@n-api.service[117902]: [pid: 117902|app: 0|req: 85/184] 10.222.0.43 () {58 vars in 1235 bytes} [Mon Jan 31 22:00:04 2022] GET /compute/v2.1/servers/7e40893c-f806-4ff8-9bc7-8caedb521273 => generated 1338 bytes in 248 msecs (HTTP/1.1 200) 9 headers in 358 bytes (1 switches on core 0)
Jan 31 22:00:04.745961 n-d-822053-29 devstack@n-api.service[117901]: INFO nova.api.openstack.requestlog [None req-1d208337-5161-4145-9aae-2c520f244b1a tempest-KeyPairsV210TestJSON-1299073332 tempest-KeyPairsV210TestJSON-1299073332-project-admin] 10.222.0.43 "DELETE /compute/v2.1/os-keypairs/tempest-KeyPairsV210TestJSON-keypair-972364724" status: 204 len: 0 microversion: 2.10 time: 0.026842
Jan 31 22:00:04.746729 n-d-822053-29 devstack@n-api.service[117901]: [pid: 117901|app: 0|req: 100/185] 10.222.0.43 () {60 vars in 1321 bytes} [Mon Jan 31 22:00:04 2022] DELETE /compute/v2.1/os-keypairs/tempest-KeyPairsV210TestJSON-keypair-972364724 => generated 0 bytes in 28 msecs (HTTP/1.1 204) 9 headers in 365 bytes (1 switches on core 0)
Jan 31 22:00:04.756108 n-d-822053-29 devstack@n-api.service[117902]: DEBUG nova.api.openstack.wsgi [None req-f6bceb2e-c0f9-48b5-b025-0dda1f36388c tempest-KeyPairsV210TestJSON-1299073332 tempest-KeyPairsV210TestJSON-1299073332-project-admin] Calling method '.version_select at 0x7f58984640d0>' {{(pid=117902) _process_stack /opt/stack/nova/nova/api/openstack/wsgi.py:513}}
Jan 31 22:00:04.785967 n-d-822053-29 devstack@n-api.service[117902]: INFO nova.api.openstack.requestlog [None req-f6bceb2e-c0f9-48b5-b025-0dda1f36388c tempest-KeyPairsV210TestJSON-1299073332 tempest-KeyPairsV210TestJSON-1299073332-project-admin] 10.222.0.43 "DELETE /compute/v2.1/os-keypairs/tempest-keypair-1910975334?user_id=4136653ea87e4a8b8a59e34c0443cab5" status: 204 len: 0 microversion: 2.10 time: 0.033844
Jan 31 22:00:04.786612 n-d-822053-29 devstack@n-api.service[117902]: [pid: 117902|app: 0|req: 86/186] 10.222.0.43 () {60 vars in 1342 bytes} [Mon Jan 31 22:00:04 2022] DELETE /compute/v2.1/os-keypairs/tempest-keypair-1910975334?user_id=4136653ea87e4a8b8a59e34c0443cab5 => generated 0 bytes in 35 msecs (HTTP/1.1 204) 9 headers in 365 bytes (1 switches on core 0)
Jan 31 22:00:04.798970 n-d-822053-29 devstack@n-api.service[117901]: DEBUG nova.api.openstack.wsgi [None req-37e6796f-4110-48e4-9431-57ca0637548c tempest-KeyPairsV210TestJSON-1299073332 tempest-KeyPairsV210TestJSON-1299073332-project-admin] Calling method '.version_select at 0x7f589846b790>' {{(pid=117901) _process_stack /opt/stack/nova/nova/api/openstack/wsgi.py:513}}
Jan 31 22:00:04.826176 n-d-822053-29 devstack@n-api.service[117901]: INFO nova.api.openstack.requestlog [None req-37e6796f-4110-48e4-9431-57ca0637548c tempest-KeyPairsV210TestJSON-1299073332 tempest-KeyPairsV210TestJSON-1299073332-project-admin] 10.222.0.43 "DELETE /compute/v2.1/os-keypairs/tempest-keypair-391946595?user_id=4136653ea87e4a8b8a59e34c0443cab5" status: 204 len: 0 microversion: 2.10 time: 0.034435
Jan 31 22:00:04.826678 n-d-822053-29 devstack@n-api.service[117901]: [pid: 117901|app: 0|req: 101/187] 10.222.0.43 () {60 vars in 1339 bytes} [Mon Jan 31 22:00:04 2022] DELETE /compute/v2.1/os-keypairs/tempest-keypair-391946595?user_id=4136653ea87e4a8b8a59e34c0443cab5 => generated 0 bytes in 36 msecs (HTTP/1.1 204) 9 headers in 365 bytes (2 switches on core 0)
Jan 31 22:00:04.937842 n-d-822053-29 devstack@n-api.service[117902]: DEBUG nova.api.openstack.wsgi [None req-c6c5113f-0c86-48f0-b019-94671faf07aa tempest-LiveAutoBlockMigrationV225Test-1455556412 tempest-LiveAutoBlockMigrationV225Test-1455556412-project] Calling method '>' {{(pid=117902) _process_stack /opt/stack/nova/nova/api/openstack/wsgi.py:513}}
Jan 31 22:00:04.938487 n-d-822053-29 devstack@n-api.service[117902]: DEBUG nova.compute.api [None req-c6c5113f-0c86-48f0-b019-94671faf07aa tempest-LiveAutoBlockMigrationV225Test-1455556412 tempest-LiveAutoBlockMigrationV225Test-1455556412-project] [instance: dc32ade5-221f-43d0-b21e-e04bd5c98421] Fetching instance by UUID {{(pid=117902) get /opt/stack/nova/nova/compute/api.py:2865}}
Jan 31 22:00:04.946302 n-d-822053-29 devstack@n-api.service[117902]: DEBUG oslo_concurrency.lockutils [None req-c6c5113f-0c86-48f0-b019-94671faf07aa tempest-LiveAutoBlockMigrationV225Test-1455556412 tempest-LiveAutoBlockMigrationV225Test-1455556412-project] Lock "4fe16730-0f7a-4996-a3a5-ca346f63e1c6" acquired by "nova.context.set_target_cell..get_or_set_cached_cell_and_set_connections" :: waited 0.001s {{(pid=117902) inner /usr/local/lib/python3.8/dist-packages/oslo_concurrency/lockutils.py:386}}
Jan 31 22:00:04.947235 n-d-822053-29 devstack@n-api.service[117902]: DEBUG oslo_concurrency.lockutils [None req-c6c5113f-0c86-48f0-b019-94671faf07aa tempest-LiveAutoBlockMigrationV225Test-1455556412 tempest-LiveAutoBlockMigrationV225Test-1455556412-project] Lock "4fe16730-0f7a-4996-a3a5-ca346f63e1c6" "released" by "nova.context.set_target_cell..get_or_set_cached_cell_and_set_connections" :: held 0.001s {{(pid=117902) inner /usr/local/lib/python3.8/dist-packages/oslo_concurrency/lockutils.py:400}}
Jan 31 22:00:04.948172 n-d-822053-29 devstack@n-api.service[117902]: DEBUG oslo_concurrency.lockutils [None req-c6c5113f-0c86-48f0-b019-94671faf07aa tempest-LiveAutoBlockMigrationV225Test-1455556412 tempest-LiveAutoBlockMigrationV225Test-1455556412-project] Lock "4fe16730-0f7a-4996-a3a5-ca346f63e1c6" acquired by "nova.context.set_target_cell..get_or_set_cached_cell_and_set_connections" :: waited 0.000s {{(pid=117902) inner /usr/local/lib/python3.8/dist-packages/oslo_concurrency/lockutils.py:386}}
Jan 31 22:00:04.948762 n-d-822053-29 devstack@n-api.service[117902]: DEBUG oslo_concurrency.lockutils [None req-c6c5113f-0c86-48f0-b019-94671faf07aa tempest-LiveAutoBlockMigrationV225Test-1455556412 tempest-LiveAutoBlockMigrationV225Test-1455556412-project] Lock "4fe16730-0f7a-4996-a3a5-ca346f63e1c6" "released" by "nova.context.set_target_cell..get_or_set_cached_cell_and_set_connections" :: held 0.001s {{(pid=117902) inner /usr/local/lib/python3.8/dist-packages/oslo_concurrency/lockutils.py:400}}
Jan 31 22:00:05.100995 n-d-822053-29 devstack@n-api.service[117901]: DEBUG nova.api.openstack.wsgi [None req-28e9ea24-972c-4f25-b3db-549b0c8e61a9 tempest-MigrationsAdminTest-1211691477 tempest-MigrationsAdminTest-1211691477-project] Calling method '>' {{(pid=117901) _process_stack /opt/stack/nova/nova/api/openstack/wsgi.py:513}}
Jan 31 22:00:05.102264 n-d-822053-29 devstack@n-api.service[117901]: DEBUG nova.compute.api [None req-28e9ea24-972c-4f25-b3db-549b0c8e61a9 tempest-MigrationsAdminTest-1211691477 tempest-MigrationsAdminTest-1211691477-project] [instance: fb8dd263-9697-486c-94fe-027f19eeb586] Fetching instance by UUID {{(pid=117901) get /opt/stack/nova/nova/compute/api.py:2865}}
Jan 31 22:00:05.113954 n-d-822053-29 devstack@n-api.service[117901]: DEBUG oslo_concurrency.lockutils [None req-28e9ea24-972c-4f25-b3db-549b0c8e61a9 tempest-MigrationsAdminTest-1211691477 tempest-MigrationsAdminTest-1211691477-project] Lock "4fe16730-0f7a-4996-a3a5-ca346f63e1c6" acquired by "nova.context.set_target_cell..get_or_set_cached_cell_and_set_connections" :: waited 0.000s {{(pid=117901) inner /usr/local/lib/python3.8/dist-packages/oslo_concurrency/lockutils.py:386}}
Jan 31 22:00:05.115902 n-d-822053-29 devstack@n-api.service[117901]: DEBUG oslo_concurrency.lockutils [None req-28e9ea24-972c-4f25-b3db-549b0c8e61a9 tempest-MigrationsAdminTest-1211691477 tempest-MigrationsAdminTest-1211691477-project] Lock "4fe16730-0f7a-4996-a3a5-ca346f63e1c6" "released" by "nova.context.set_target_cell..get_or_set_cached_cell_and_set_connections" :: held 0.001s {{(pid=117901) inner /usr/local/lib/python3.8/dist-packages/oslo_concurrency/lockutils.py:400}}
Jan 31 22:00:05.120816 n-d-822053-29 devstack@n-api.service[117901]: DEBUG oslo_concurrency.lockutils [None req-28e9ea24-972c-4f25-b3db-549b0c8e61a9 tempest-MigrationsAdminTest-1211691477 tempest-MigrationsAdminTest-1211691477-project] Lock "4fe16730-0f7a-4996-a3a5-ca346f63e1c6" acquired by "nova.context.set_target_cell..get_or_set_cached_cell_and_set_connections" :: waited 0.000s {{(pid=117901) inner /usr/local/lib/python3.8/dist-packages/oslo_concurrency/lockutils.py:386}}
Jan 31 22:00:05.121538 n-d-822053-29 devstack@n-api.service[117901]: DEBUG oslo_concurrency.lockutils [None req-28e9ea24-972c-4f25-b3db-549b0c8e61a9 tempest-MigrationsAdminTest-1211691477 tempest-MigrationsAdminTest-1211691477-project] Lock "4fe16730-0f7a-4996-a3a5-ca346f63e1c6" "released" by "nova.context.set_target_cell..get_or_set_cached_cell_and_set_connections" :: held 0.001s {{(pid=117901) inner /usr/local/lib/python3.8/dist-packages/oslo_concurrency/lockutils.py:400}}
Jan 31 22:00:05.209650 n-d-822053-29 devstack@n-api.service[117901]: DEBUG nova.policy [None req-28e9ea24-972c-4f25-b3db-549b0c8e61a9 tempest-MigrationsAdminTest-1211691477 tempest-MigrationsAdminTest-1211691477-project] Policy check for os_compute_api:os-extended-server-attributes failed with credentials {'is_admin': False, 'user_id': 'dfc5b6c00aec4fcbab42548f4fc819ad', 'user_domain_id': 'default', 'system_scope': None, 'domain_id': None, 'project_id': '797e9c98353c4cff8a9220890ef51de9', 'project_domain_id': 'default', 'roles': ['member', 'reader'], 'is_admin_project': True, 'service_user_id': None, 'service_user_domain_id': None, 'service_project_id': None, 'service_project_domain_id': None, 'service_roles': []} {{(pid=117901) authorize /opt/stack/nova/nova/policy.py:199}}
Jan 31 22:00:05.221277 n-d-822053-29 devstack@n-api.service[117901]: INFO nova.api.openstack.requestlog [None req-28e9ea24-972c-4f25-b3db-549b0c8e61a9 tempest-MigrationsAdminTest-1211691477 tempest-MigrationsAdminTest-1211691477-project] 10.222.0.43 "GET /compute/v2.1/servers/fb8dd263-9697-486c-94fe-027f19eeb586" status: 200 len: 1217 microversion: 2.1 time: 0.124313
Jan 31 22:00:05.230921 n-d-822053-29 devstack@n-api.service[117901]: [pid: 117901|app: 0|req: 102/188] 10.222.0.43 () {58 vars in 1235 bytes} [Mon Jan 31 22:00:05 2022] GET /compute/v2.1/servers/fb8dd263-9697-486c-94fe-027f19eeb586 => generated 1217 bytes in 126 msecs (HTTP/1.1 200) 9 headers in 358 bytes (1 switches on core 0)
Jan 31 22:00:05.231201 n-d-822053-29 devstack@n-api.service[117902]: DEBUG nova.policy [None req-c6c5113f-0c86-48f0-b019-94671faf07aa tempest-LiveAutoBlockMigrationV225Test-1455556412 tempest-LiveAutoBlockMigrationV225Test-1455556412-project] Policy check for os_compute_api:os-extended-server-attributes failed with credentials {'is_admin': False, 'user_id': '8d4f1f37ed004b4eaee24627cadbb4a9', 'user_domain_id': 'default', 'system_scope': None, 'domain_id': None, 'project_id': '2e8a9137b2a94ecb9eefbe5c178d0b82', 'project_domain_id': 'default', 'roles': ['member', 'reader'], 'is_admin_project': True, 'service_user_id': None, 'service_user_domain_id': None, 'service_project_id': None, 'service_project_domain_id': None, 'service_roles': []} {{(pid=117902) authorize /opt/stack/nova/nova/policy.py:199}}
Jan 31 22:00:05.247372 n-d-822053-29 devstack@n-api.service[117902]: DEBUG nova.policy [None req-c6c5113f-0c86-48f0-b019-94671faf07aa tempest-LiveAutoBlockMigrationV225Test-1455556412 tempest-LiveAutoBlockMigrationV225Test-1455556412-project] Policy check for os_compute_api:servers:show:host_status failed with credentials {'is_admin': False, 'user_id': '8d4f1f37ed004b4eaee24627cadbb4a9', 'user_domain_id': 'default', 'system_scope': None, 'domain_id': None, 'project_id': '2e8a9137b2a94ecb9eefbe5c178d0b82', 'project_domain_id': 'default', 'roles': ['member', 'reader'], 'is_admin_project': True, 'service_user_id': None, 'service_user_domain_id': None, 'service_project_id': None, 'service_project_domain_id': None, 'service_roles': []} {{(pid=117902) authorize /opt/stack/nova/nova/policy.py:199}}
Jan 31 22:00:05.253202 n-d-822053-29 devstack@n-api.service[117901]: DEBUG nova.api.openstack.wsgi [None req-1319be4f-1533-474f-ba26-0c838ac0e980 tempest-ServerDiagnosticsNegativeTest-706250044 tempest-ServerDiagnosticsNegativeTest-706250044-project] Calling method '>' {{(pid=117901) _process_stack /opt/stack/nova/nova/api/openstack/wsgi.py:513}}
Jan 31 22:00:05.253876 n-d-822053-29 devstack@n-api.service[117901]: DEBUG nova.compute.api [None req-1319be4f-1533-474f-ba26-0c838ac0e980 tempest-ServerDiagnosticsNegativeTest-706250044 tempest-ServerDiagnosticsNegativeTest-706250044-project] [instance: 060bf4fc-d932-434b-8f3a-a93307d1c7b2] Fetching instance by UUID {{(pid=117901) get /opt/stack/nova/nova/compute/api.py:2865}}
Jan 31 22:00:05.256814 n-d-822053-29 devstack@n-api.service[117902]: DEBUG nova.policy [None req-c6c5113f-0c86-48f0-b019-94671faf07aa tempest-LiveAutoBlockMigrationV225Test-1455556412 tempest-LiveAutoBlockMigrationV225Test-1455556412-project] Policy check for os_compute_api:servers:show:host_status:unknown-only failed with credentials {'is_admin': False, 'user_id': '8d4f1f37ed004b4eaee24627cadbb4a9', 'user_domain_id': 'default', 'system_scope': None, 'domain_id': None, 'project_id': '2e8a9137b2a94ecb9eefbe5c178d0b82', 'project_domain_id': 'default', 'roles': ['member', 'reader'], 'is_admin_project': True, 'service_user_id': None, 'service_user_domain_id': None, 'service_project_id': None, 'service_project_domain_id': None, 'service_roles': []} {{(pid=117902) authorize /opt/stack/nova/nova/policy.py:199}}
Jan 31 22:00:05.258214 n-d-822053-29 devstack@n-api.service[117902]: INFO nova.api.openstack.requestlog [None req-c6c5113f-0c86-48f0-b019-94671faf07aa tempest-LiveAutoBlockMigrationV225Test-1455556412 tempest-LiveAutoBlockMigrationV225Test-1455556412-project] 10.222.0.43 "GET /compute/v2.1/servers/dc32ade5-221f-43d0-b21e-e04bd5c98421" status: 200 len: 1362 microversion: 2.25 time: 0.325830
Jan 31 22:00:05.259328 n-d-822053-29 devstack@n-api.service[117902]: [pid: 117902|app: 0|req: 87/189] 10.222.0.43 () {60 vars in 1276 bytes} [Mon Jan 31 22:00:04 2022] GET /compute/v2.1/servers/dc32ade5-221f-43d0-b21e-e04bd5c98421 => generated 1362 bytes in 327 msecs (HTTP/1.1 200) 9 headers in 360 bytes (2 switches on core 0)
Jan 31 22:00:05.265203 n-d-822053-29 devstack@n-api.service[117901]: DEBUG oslo_concurrency.lockutils [None req-1319be4f-1533-474f-ba26-0c838ac0e980 tempest-ServerDiagnosticsNegativeTest-706250044 tempest-ServerDiagnosticsNegativeTest-706250044-project] Lock "4fe16730-0f7a-4996-a3a5-ca346f63e1c6" acquired by "nova.context.set_target_cell..get_or_set_cached_cell_and_set_connections" :: waited 0.001s {{(pid=117901) inner /usr/local/lib/python3.8/dist-packages/oslo_concurrency/lockutils.py:386}}
Jan 31 22:00:05.265755 n-d-822053-29 devstack@n-api.service[117901]: DEBUG oslo_concurrency.lockutils [None req-1319be4f-1533-474f-ba26-0c838ac0e980 tempest-ServerDiagnosticsNegativeTest-706250044 tempest-ServerDiagnosticsNegativeTest-706250044-project] Lock "4fe16730-0f7a-4996-a3a5-ca346f63e1c6" "released" by "nova.context.set_target_cell..get_or_set_cached_cell_and_set_connections" :: held 0.001s {{(pid=117901) inner /usr/local/lib/python3.8/dist-packages/oslo_concurrency/lockutils.py:400}}
Jan 31 22:00:05.266577 n-d-822053-29 devstack@n-api.service[117901]: DEBUG oslo_concurrency.lockutils [None req-1319be4f-1533-474f-ba26-0c838ac0e980 tempest-ServerDiagnosticsNegativeTest-706250044 tempest-ServerDiagnosticsNegativeTest-706250044-project] Lock "4fe16730-0f7a-4996-a3a5-ca346f63e1c6" acquired by "nova.context.set_target_cell..get_or_set_cached_cell_and_set_connections" :: waited 0.000s {{(pid=117901) inner /usr/local/lib/python3.8/dist-packages/oslo_concurrency/lockutils.py:386}}
Jan 31 22:00:05.267006 n-d-822053-29 devstack@n-api.service[117901]: DEBUG oslo_concurrency.lockutils [None req-1319be4f-1533-474f-ba26-0c838ac0e980 tempest-ServerDiagnosticsNegativeTest-706250044 tempest-ServerDiagnosticsNegativeTest-706250044-project] Lock "4fe16730-0f7a-4996-a3a5-ca346f63e1c6" "released" by "nova.context.set_target_cell..get_or_set_cached_cell_and_set_connections" :: held 0.000s {{(pid=117901) inner /usr/local/lib/python3.8/dist-packages/oslo_concurrency/lockutils.py:400}}
Jan 31 22:00:05.415891 n-d-822053-29 devstack@n-api.service[117901]: DEBUG nova.policy [None req-1319be4f-1533-474f-ba26-0c838ac0e980 tempest-ServerDiagnosticsNegativeTest-706250044 tempest-ServerDiagnosticsNegativeTest-706250044-project] Policy check for os_compute_api:os-extended-server-attributes failed with credentials {'is_admin': False, 'user_id': '881c4f6fd58846dc87f92bf0eb2f684d', 'user_domain_id': 'default', 'system_scope': None, 'domain_id': None, 'project_id': '5f2556b305584df685f502db85600316', 'project_domain_id': 'default', 'roles': ['member', 'reader'], 'is_admin_project': True, 'service_user_id': None, 'service_user_domain_id': None, 'service_project_id': None, 'service_project_domain_id': None, 'service_roles': []} {{(pid=117901) authorize /opt/stack/nova/nova/policy.py:199}}
Jan 31 22:00:05.423585 n-d-822053-29 devstack@n-api.service[117901]: INFO nova.api.openstack.requestlog [None req-1319be4f-1533-474f-ba26-0c838ac0e980 tempest-ServerDiagnosticsNegativeTest-706250044 tempest-ServerDiagnosticsNegativeTest-706250044-project] 10.222.0.43 "GET /compute/v2.1/servers/060bf4fc-d932-434b-8f3a-a93307d1c7b2" status: 200 len: 1494 microversion: 2.1 time: 0.200300
Jan 31 22:00:05.436011 n-d-822053-29 devstack@n-api.service[117901]: [pid: 117901|app: 0|req: 103/190] 10.222.0.43 () {58 vars in 1235 bytes} [Mon Jan 31 22:00:05 2022] GET /compute/v2.1/servers/060bf4fc-d932-434b-8f3a-a93307d1c7b2 => generated 1494 bytes in 213 msecs (HTTP/1.1 200) 9 headers in 358 bytes (1 switches on core 0)
Jan 31 22:00:05.441882 n-d-822053-29 devstack@n-api.service[117902]: DEBUG nova.api.openstack.wsgi [None req-75769664-25b8-469b-8c47-42eb5d53ac74 tempest-ServerDiagnosticsNegativeTest-706250044 tempest-ServerDiagnosticsNegativeTest-706250044-project] Calling method '>' {{(pid=117902) _process_stack /opt/stack/nova/nova/api/openstack/wsgi.py:513}}
Jan 31 22:00:05.442720 n-d-822053-29 devstack@n-api.service[117902]: DEBUG nova.compute.api [None req-75769664-25b8-469b-8c47-42eb5d53ac74 tempest-ServerDiagnosticsNegativeTest-706250044 tempest-ServerDiagnosticsNegativeTest-706250044-project] [instance: 060bf4fc-d932-434b-8f3a-a93307d1c7b2] Fetching instance by UUID {{(pid=117902) get /opt/stack/nova/nova/compute/api.py:2865}}
Jan 31 22:00:05.449897 n-d-822053-29 devstack@n-api.service[117902]: DEBUG oslo_concurrency.lockutils [None req-75769664-25b8-469b-8c47-42eb5d53ac74 tempest-ServerDiagnosticsNegativeTest-706250044 tempest-ServerDiagnosticsNegativeTest-706250044-project] Lock "4fe16730-0f7a-4996-a3a5-ca346f63e1c6" acquired by "nova.context.set_target_cell..get_or_set_cached_cell_and_set_connections" :: waited 0.000s {{(pid=117902) inner /usr/local/lib/python3.8/dist-packages/oslo_concurrency/lockutils.py:386}}
Jan 31 22:00:05.450693 n-d-822053-29 devstack@n-api.service[117902]: DEBUG oslo_concurrency.lockutils [None req-75769664-25b8-469b-8c47-42eb5d53ac74 tempest-ServerDiagnosticsNegativeTest-706250044 tempest-ServerDiagnosticsNegativeTest-706250044-project] Lock "4fe16730-0f7a-4996-a3a5-ca346f63e1c6" "released" by "nova.context.set_target_cell..get_or_set_cached_cell_and_set_connections" :: held 0.001s {{(pid=117902) inner /usr/local/lib/python3.8/dist-packages/oslo_concurrency/lockutils.py:400}}
Jan 31 22:00:05.451722 n-d-822053-29 devstack@n-api.service[117902]: DEBUG oslo_concurrency.lockutils [None req-75769664-25b8-469b-8c47-42eb5d53ac74 tempest-ServerDiagnosticsNegativeTest-706250044 tempest-ServerDiagnosticsNegativeTest-706250044-project] Lock "4fe16730-0f7a-4996-a3a5-ca346f63e1c6" acquired by "nova.context.set_target_cell..get_or_set_cached_cell_and_set_connections" :: waited 0.000s {{(pid=117902) inner /usr/local/lib/python3.8/dist-packages/oslo_concurrency/lockutils.py:386}}
Jan 31 22:00:05.452408 n-d-822053-29 devstack@n-api.service[117902]: DEBUG oslo_concurrency.lockutils [None req-75769664-25b8-469b-8c47-42eb5d53ac74 tempest-ServerDiagnosticsNegativeTest-706250044 tempest-ServerDiagnosticsNegativeTest-706250044-project] Lock "4fe16730-0f7a-4996-a3a5-ca346f63e1c6" "released" by "nova.context.set_target_cell..get_or_set_cached_cell_and_set_connections" :: held 0.001s {{(pid=117902) inner /usr/local/lib/python3.8/dist-packages/oslo_concurrency/lockutils.py:400}}
Jan 31 22:00:05.531172 n-d-822053-29 devstack@n-api.service[117902]: DEBUG nova.policy [None req-75769664-25b8-469b-8c47-42eb5d53ac74 tempest-ServerDiagnosticsNegativeTest-706250044 tempest-ServerDiagnosticsNegativeTest-706250044-project] Policy check for os_compute_api:os-server-diagnostics failed with credentials {'is_admin': False, 'user_id': '881c4f6fd58846dc87f92bf0eb2f684d', 'user_domain_id': 'default', 'system_scope': None, 'domain_id': None, 'project_id': '5f2556b305584df685f502db85600316', 'project_domain_id': 'default', 'roles': ['member', 'reader'], 'is_admin_project': True, 'service_user_id': None, 'service_user_domain_id': None, 'service_project_id': None, 'service_project_domain_id': None, 'service_roles': []} {{(pid=117902) authorize /opt/stack/nova/nova/policy.py:199}}
Jan 31 22:00:05.532408 n-d-822053-29 devstack@n-api.service[117902]: DEBUG nova.api.openstack.wsgi [None req-75769664-25b8-469b-8c47-42eb5d53ac74 tempest-ServerDiagnosticsNegativeTest-706250044 tempest-ServerDiagnosticsNegativeTest-706250044-project] Returning 403 to user: Policy doesn't allow os_compute_api:os-server-diagnostics to be performed. {{(pid=117902) __call__ /opt/stack/nova/nova/api/openstack/wsgi.py:936}}
Jan 31 22:00:05.533640 n-d-822053-29 devstack@n-api.service[117902]: INFO nova.api.openstack.requestlog [None req-75769664-25b8-469b-8c47-42eb5d53ac74 tempest-ServerDiagnosticsNegativeTest-706250044 tempest-ServerDiagnosticsNegativeTest-706250044-project] 10.222.0.43 "GET /compute/v2.1/servers/060bf4fc-d932-434b-8f3a-a93307d1c7b2/diagnostics" status: 403 len: 117 microversion: 2.1 time: 0.095727
Jan 31 22:00:05.534326 n-d-822053-29 devstack@n-api.service[117902]: [pid: 117902|app: 0|req: 88/191] 10.222.0.43 () {58 vars in 1271 bytes} [Mon Jan 31 22:00:05 2022] GET /compute/v2.1/servers/060bf4fc-d932-434b-8f3a-a93307d1c7b2/diagnostics => generated 117 bytes in 97 msecs (HTTP/1.1 403) 9 headers in 379 bytes (1 switches on core 0)
Jan 31 22:00:05.544166 n-d-822053-29 devstack@n-api.service[117901]: DEBUG nova.api.openstack.wsgi [None req-177f221e-97e7-4adf-b55d-870225011ffb tempest-ServerDiagnosticsNegativeTest-706250044 tempest-ServerDiagnosticsNegativeTest-706250044-project] Calling method '>' {{(pid=117901) _process_stack /opt/stack/nova/nova/api/openstack/wsgi.py:513}}
Jan 31 22:00:05.544910 n-d-822053-29 devstack@n-api.service[117901]: DEBUG nova.compute.api [None req-177f221e-97e7-4adf-b55d-870225011ffb tempest-ServerDiagnosticsNegativeTest-706250044 tempest-ServerDiagnosticsNegativeTest-706250044-project] [instance: 060bf4fc-d932-434b-8f3a-a93307d1c7b2] Fetching instance by UUID {{(pid=117901) get /opt/stack/nova/nova/compute/api.py:2865}}
Jan 31 22:00:05.566927 n-d-822053-29 devstack@n-api.service[117901]: DEBUG oslo_concurrency.lockutils [None req-177f221e-97e7-4adf-b55d-870225011ffb tempest-ServerDiagnosticsNegativeTest-706250044 tempest-ServerDiagnosticsNegativeTest-706250044-project] Lock "4fe16730-0f7a-4996-a3a5-ca346f63e1c6" acquired by "nova.context.set_target_cell..get_or_set_cached_cell_and_set_connections" :: waited 0.000s {{(pid=117901) inner /usr/local/lib/python3.8/dist-packages/oslo_concurrency/lockutils.py:386}}
Jan 31 22:00:05.567796 n-d-822053-29 devstack@n-api.service[117901]: DEBUG oslo_concurrency.lockutils [None req-177f221e-97e7-4adf-b55d-870225011ffb tempest-ServerDiagnosticsNegativeTest-706250044 tempest-ServerDiagnosticsNegativeTest-706250044-project] Lock "4fe16730-0f7a-4996-a3a5-ca346f63e1c6" "released" by "nova.context.set_target_cell..get_or_set_cached_cell_and_set_connections" :: held 0.001s {{(pid=117901) inner /usr/local/lib/python3.8/dist-packages/oslo_concurrency/lockutils.py:400}}
Jan 31 22:00:05.569555 n-d-822053-29 devstack@n-api.service[117901]: DEBUG oslo_concurrency.lockutils [None req-177f221e-97e7-4adf-b55d-870225011ffb tempest-ServerDiagnosticsNegativeTest-706250044 tempest-ServerDiagnosticsNegativeTest-706250044-project] Lock "4fe16730-0f7a-4996-a3a5-ca346f63e1c6" acquired by "nova.context.set_target_cell..get_or_set_cached_cell_and_set_connections" :: waited 0.000s {{(pid=117901) inner /usr/local/lib/python3.8/dist-packages/oslo_concurrency/lockutils.py:386}}
Jan 31 22:00:05.570895 n-d-822053-29 devstack@n-api.service[117901]: DEBUG oslo_concurrency.lockutils [None req-177f221e-97e7-4adf-b55d-870225011ffb tempest-ServerDiagnosticsNegativeTest-706250044 tempest-ServerDiagnosticsNegativeTest-706250044-project] Lock "4fe16730-0f7a-4996-a3a5-ca346f63e1c6" "released" by "nova.context.set_target_cell..get_or_set_cached_cell_and_set_connections" :: held 0.002s {{(pid=117901) inner /usr/local/lib/python3.8/dist-packages/oslo_concurrency/lockutils.py:400}}
Jan 31 22:00:05.602508 n-d-822053-29 devstack@n-api.service[117901]: DEBUG nova.compute.api [None req-177f221e-97e7-4adf-b55d-870225011ffb tempest-ServerDiagnosticsNegativeTest-706250044 tempest-ServerDiagnosticsNegativeTest-706250044-project] [instance: 060bf4fc-d932-434b-8f3a-a93307d1c7b2] Going to try to terminate instance {{(pid=117901) delete /opt/stack/nova/nova/compute/api.py:2614}}
Jan 31 22:00:05.749265 n-d-822053-29 devstack@n-api.service[117902]: DEBUG nova.api.openstack.wsgi [None req-4052429d-de95-4767-816c-45122444f35a tempest-AggregatesAdminTestJSON-939633441 tempest-AggregatesAdminTestJSON-939633441-project] Calling method '>' {{(pid=117902) _process_stack /opt/stack/nova/nova/api/openstack/wsgi.py:513}}
Jan 31 22:00:05.750792 n-d-822053-29 devstack@n-api.service[117902]: DEBUG nova.compute.api [None req-4052429d-de95-4767-816c-45122444f35a tempest-AggregatesAdminTestJSON-939633441 tempest-AggregatesAdminTestJSON-939633441-project] [instance: 7e40893c-f806-4ff8-9bc7-8caedb521273] Fetching instance by UUID {{(pid=117902) get /opt/stack/nova/nova/compute/api.py:2865}}
Jan 31 22:00:05.763922 n-d-822053-29 devstack@n-api.service[117902]: DEBUG oslo_concurrency.lockutils [None req-4052429d-de95-4767-816c-45122444f35a tempest-AggregatesAdminTestJSON-939633441 tempest-AggregatesAdminTestJSON-939633441-project] Lock "4fe16730-0f7a-4996-a3a5-ca346f63e1c6" acquired by "nova.context.set_target_cell..get_or_set_cached_cell_and_set_connections" :: waited 0.003s {{(pid=117902) inner /usr/local/lib/python3.8/dist-packages/oslo_concurrency/lockutils.py:386}}
Jan 31 22:00:05.766539 n-d-822053-29 devstack@n-api.service[117902]: DEBUG oslo_concurrency.lockutils [None req-4052429d-de95-4767-816c-45122444f35a tempest-AggregatesAdminTestJSON-939633441 tempest-AggregatesAdminTestJSON-939633441-project] Lock "4fe16730-0f7a-4996-a3a5-ca346f63e1c6" "released" by "nova.context.set_target_cell..get_or_set_cached_cell_and_set_connections" :: held 0.003s {{(pid=117902) inner /usr/local/lib/python3.8/dist-packages/oslo_concurrency/lockutils.py:400}}
Jan 31 22:00:05.767652 n-d-822053-29 devstack@n-api.service[117902]: DEBUG oslo_concurrency.lockutils [None req-4052429d-de95-4767-816c-45122444f35a tempest-AggregatesAdminTestJSON-939633441 tempest-AggregatesAdminTestJSON-939633441-project] Lock "4fe16730-0f7a-4996-a3a5-ca346f63e1c6" acquired by "nova.context.set_target_cell..get_or_set_cached_cell_and_set_connections" :: waited 0.000s {{(pid=117902) inner /usr/local/lib/python3.8/dist-packages/oslo_concurrency/lockutils.py:386}}
Jan 31 22:00:05.769325 n-d-822053-29 devstack@n-api.service[117902]: DEBUG oslo_concurrency.lockutils [None req-4052429d-de95-4767-816c-45122444f35a tempest-AggregatesAdminTestJSON-939633441 tempest-AggregatesAdminTestJSON-939633441-project] Lock "4fe16730-0f7a-4996-a3a5-ca346f63e1c6" "released" by "nova.context.set_target_cell..get_or_set_cached_cell_and_set_connections" :: held 0.002s {{(pid=117902) inner /usr/local/lib/python3.8/dist-packages/oslo_concurrency/lockutils.py:400}}
Jan 31 22:00:05.802339 n-d-822053-29 devstack@n-api.service[117901]: INFO nova.api.openstack.requestlog [None req-177f221e-97e7-4adf-b55d-870225011ffb tempest-ServerDiagnosticsNegativeTest-706250044 tempest-ServerDiagnosticsNegativeTest-706250044-project] 10.222.0.43 "DELETE /compute/v2.1/servers/060bf4fc-d932-434b-8f3a-a93307d1c7b2" status: 204 len: 0 microversion: 2.1 time: 0.259871
Jan 31 22:00:05.804271 n-d-822053-29 devstack@n-api.service[117901]: [pid: 117901|app: 0|req: 104/192] 10.222.0.43 () {58 vars in 1238 bytes} [Mon Jan 31 22:00:05 2022] DELETE /compute/v2.1/servers/060bf4fc-d932-434b-8f3a-a93307d1c7b2 => generated 0 bytes in 264 msecs (HTTP/1.1 204) 9 headers in 363 bytes (1 switches on core 0)
Jan 31 22:00:05.815026 n-d-822053-29 devstack@n-api.service[117901]: DEBUG nova.api.openstack.wsgi [None req-4094606d-8671-46dc-b900-6e39544d2d5d tempest-ServerDiagnosticsNegativeTest-706250044 tempest-ServerDiagnosticsNegativeTest-706250044-project] Calling method '>' {{(pid=117901) _process_stack /opt/stack/nova/nova/api/openstack/wsgi.py:513}}
Jan 31 22:00:05.816315 n-d-822053-29 devstack@n-api.service[117901]: DEBUG nova.compute.api [None req-4094606d-8671-46dc-b900-6e39544d2d5d tempest-ServerDiagnosticsNegativeTest-706250044 tempest-ServerDiagnosticsNegativeTest-706250044-project] [instance: 060bf4fc-d932-434b-8f3a-a93307d1c7b2] Fetching instance by UUID {{(pid=117901) get /opt/stack/nova/nova/compute/api.py:2865}}
Jan 31 22:00:05.829838 n-d-822053-29 devstack@n-api.service[117901]: DEBUG oslo_concurrency.lockutils [None req-4094606d-8671-46dc-b900-6e39544d2d5d tempest-ServerDiagnosticsNegativeTest-706250044 tempest-ServerDiagnosticsNegativeTest-706250044-project] Lock "4fe16730-0f7a-4996-a3a5-ca346f63e1c6" acquired by "nova.context.set_target_cell..get_or_set_cached_cell_and_set_connections" :: waited 0.000s {{(pid=117901) inner /usr/local/lib/python3.8/dist-packages/oslo_concurrency/lockutils.py:386}}
