Jan 31 19:50:43.032161 n-d-822053-22 devstack@placement-api.service[103975]: DEBUG placement.handlers.allocation [req-d88dda5b-fb79-4851-be6b-9b8409035660 req-a6e24c84-5191-409d-ba97-c54db527c5d5 service placement] Successfully deleted allocations [, , ] {{(pid=103975) delete_allocations /opt/stack/placement/placement/handlers/allocation.py:627}}
Jan 31 19:50:43.032161 n-d-822053-22 devstack@placement-api.service[103975]: INFO placement.requestlog [req-d88dda5b-fb79-4851-be6b-9b8409035660 req-a6e24c84-5191-409d-ba97-c54db527c5d5 service placement] 10.222.0.55 "DELETE /placement/allocations/b4435913-bdcb-4be5-b2e3-dfc67edaab4f" status: 204 len: 0 microversion: 1.0
Jan 31 19:50:43.037499 n-d-822053-22 devstack@placement-api.service[103975]: [pid: 103975|app: 0|req: 270/542] 10.222.0.55 () {60 vars in 1355 bytes} [Mon Jan 31 19:50:42 2022] DELETE /placement/allocations/b4435913-bdcb-4be5-b2e3-dfc67edaab4f => generated 0 bytes in 61 msecs (HTTP/1.1 204) 5 headers in 198 bytes (1 switches on core 0)
Jan 31 19:50:44.831124 n-d-822053-22 devstack@placement-api.service[103976]: DEBUG placement.requestlog [req-6d4e61bb-54ef-4edd-b3fe-328ea799d75f req-886c918a-cf02-4f35-b6ea-501c03118c76 None None] Starting request: 10.222.0.37 "DELETE /placement/allocations/43657144-b24b-4b9c-a79d-421e1aae3cee" {{(pid=103976) __call__ /opt/stack/placement/placement/requestlog.py:55}}
Jan 31 19:50:44.894665 n-d-822053-22 devstack@placement-api.service[103976]: DEBUG placement.handlers.allocation [req-6d4e61bb-54ef-4edd-b3fe-328ea799d75f req-886c918a-cf02-4f35-b6ea-501c03118c76 service placement] Successfully deleted allocations [, ] {{(pid=103976) delete_allocations /opt/stack/placement/placement/handlers/allocation.py:627}}
Jan 31 19:50:44.895358 n-d-822053-22 devstack@placement-api.service[103976]: INFO placement.requestlog [req-6d4e61bb-54ef-4edd-b3fe-328ea799d75f req-886c918a-cf02-4f35-b6ea-501c03118c76 service placement] 10.222.0.37 "DELETE /placement/allocations/43657144-b24b-4b9c-a79d-421e1aae3cee" status: 204 len: 0 microversion: 1.0
Jan 31 19:50:44.896767 n-d-822053-22 devstack@placement-api.service[103976]: [pid: 103976|app: 0|req: 273/543] 10.222.0.37 () {60 vars in 1355 bytes} [Mon Jan 31 19:50:44 2022] DELETE /placement/allocations/43657144-b24b-4b9c-a79d-421e1aae3cee => generated 0 bytes in 66 msecs (HTTP/1.1 204) 5 headers in 198 bytes (1 switches on core 0)
Jan 31 19:50:47.048046 n-d-822053-22 devstack@placement-api.service[103975]: DEBUG placement.requestlog [req-a1c49dbd-101c-495c-b474-aa91f5da4dfd req-b1958a19-6a44-4e54-9009-2d3302a46d36 None None] Starting request: 10.222.0.37 "GET /placement/resource_providers/07f5b482-f6a3-4044-a0fa-4ac4ede41ebe/allocations" {{(pid=103975) __call__ /opt/stack/placement/placement/requestlog.py:55}}
Jan 31 19:50:47.082467 n-d-822053-22 devstack@placement-api.service[103975]: INFO placement.requestlog [req-a1c49dbd-101c-495c-b474-aa91f5da4dfd req-b1958a19-6a44-4e54-9009-2d3302a46d36 service placement] 10.222.0.37 "GET /placement/resource_providers/07f5b482-f6a3-4044-a0fa-4ac4ede41ebe/allocations" status: 200 len: 659 microversion: 1.0
Jan 31 19:50:47.083119 n-d-822053-22 devstack@placement-api.service[103975]: [pid: 103975|app: 0|req: 271/544] 10.222.0.37 () {58 vars in 1390 bytes} [Mon Jan 31 19:50:47 2022] GET /placement/resource_providers/07f5b482-f6a3-4044-a0fa-4ac4ede41ebe/allocations => generated 659 bytes in 35 msecs (HTTP/1.1 200) 6 headers in 224 bytes (1 switches on core 0)
Jan 31 19:51:00.655177 n-d-822053-22 devstack@placement-api.service[103976]: DEBUG placement.requestlog [req-23e0dbfc-08d8-4e16-8592-71b087fb682a req-806fd7ad-9674-4451-93ec-8dcf30331db3 None None] Starting request: 10.222.0.57 "GET /placement/allocation_candidates?limit=1000&resources=MEMORY_MB%3A1024%2CVCPU%3A1&root_required=%21COMPUTE_STATUS_DISABLED" {{(pid=103976) __call__ /opt/stack/placement/placement/requestlog.py:55}}
Jan 31 19:51:00.787654 n-d-822053-22 devstack@placement-api.service[103976]: DEBUG placement.objects.research_context [req-23e0dbfc-08d8-4e16-8592-71b087fb682a req-806fd7ad-9674-4451-93ec-8dcf30331db3 service placement] getting providers with 1024 MEMORY_MB {{(pid=103976) __init__ /opt/stack/placement/placement/objects/research_context.py:126}}
Jan 31 19:51:00.802294 n-d-822053-22 devstack@placement-api.service[103976]: DEBUG placement.objects.research_context [req-23e0dbfc-08d8-4e16-8592-71b087fb682a req-806fd7ad-9674-4451-93ec-8dcf30331db3 service placement] getting providers with 1 VCPU {{(pid=103976) __init__ /opt/stack/placement/placement/objects/research_context.py:126}}
Jan 31 19:51:00.813935 n-d-822053-22 devstack@placement-api.service[103976]: DEBUG placement.objects.research_context [req-23e0dbfc-08d8-4e16-8592-71b087fb682a req-806fd7ad-9674-4451-93ec-8dcf30331db3 service placement] found 2 providers with available 1024 MEMORY_MB {{(pid=103976) get_provider_ids_matching /opt/stack/placement/placement/objects/research_context.py:549}}
Jan 31 19:51:00.817532 n-d-822053-22 devstack@placement-api.service[103976]: DEBUG placement.objects.research_context [req-23e0dbfc-08d8-4e16-8592-71b087fb682a req-806fd7ad-9674-4451-93ec-8dcf30331db3 service placement] found 2 providers with available 1 VCPU {{(pid=103976) get_provider_ids_matching /opt/stack/placement/placement/objects/research_context.py:549}}
Jan 31 19:51:00.830071 n-d-822053-22 devstack@placement-api.service[103976]: DEBUG placement.objects.research_context [req-23e0dbfc-08d8-4e16-8592-71b087fb682a req-806fd7ad-9674-4451-93ec-8dcf30331db3 service placement] found 2 providers after filtering by previous result {{(pid=103976) get_provider_ids_matching /opt/stack/placement/placement/objects/research_context.py:580}}
Jan 31 19:51:00.875002 n-d-822053-22 devstack@placement-api.service[103976]: DEBUG placement.objects.allocation_candidate [req-23e0dbfc-08d8-4e16-8592-71b087fb682a req-806fd7ad-9674-4451-93ec-8dcf30331db3 service placement] RequestGroup(use_same_provider=False, resources={MEMORY_MB:1024, VCPU:1}, traits=[], aggregates=[]) (suffix '') returned 2 matches {{(pid=103976) _get_by_requests /opt/stack/placement/placement/objects/allocation_candidate.py:145}}
Jan 31 19:51:00.879080 n-d-822053-22 devstack@placement-api.service[103976]: DEBUG placement.objects.allocation_candidate [req-23e0dbfc-08d8-4e16-8592-71b087fb682a req-806fd7ad-9674-4451-93ec-8dcf30331db3 service placement] Merging candidates yields 2 allocation requests and 2 provider summaries {{(pid=103976) _merge_candidates /opt/stack/placement/placement/objects/allocation_candidate.py:783}}
Jan 31 19:51:00.887417 n-d-822053-22 devstack@placement-api.service[103976]: INFO placement.requestlog [req-23e0dbfc-08d8-4e16-8592-71b087fb682a req-806fd7ad-9674-4451-93ec-8dcf30331db3 service placement] 10.222.0.57 "GET /placement/allocation_candidates?limit=1000&resources=MEMORY_MB%3A1024%2CVCPU%3A1&root_required=%21COMPUTE_STATUS_DISABLED" status: 200 len: 1281 microversion: 1.36
Jan 31 19:51:00.889177 n-d-822053-22 devstack@placement-api.service[103976]: [pid: 103976|app: 0|req: 274/545] 10.222.0.57 () {60 vars in 1478 bytes} [Mon Jan 31 19:51:00 2022] GET /placement/allocation_candidates?limit=1000&resources=MEMORY_MB%3A1024%2CVCPU%3A1&root_required=%21COMPUTE_STATUS_DISABLED => generated 1281 bytes in 235 msecs (HTTP/1.1 200) 8 headers in 297 bytes (1 switches on core 0)
Jan 31 19:51:01.107233 n-d-822053-22 devstack@placement-api.service[103975]: DEBUG placement.requestlog [req-23e0dbfc-08d8-4e16-8592-71b087fb682a req-fbe49782-186c-4193-b876-07239fb9dbcb None None] Starting request: 10.222.0.57 "GET /placement/allocations/1be9fec3-26ce-407f-9c6b-76a5981eca6d" {{(pid=103975) __call__ /opt/stack/placement/placement/requestlog.py:55}}
Jan 31 19:51:01.134104 n-d-822053-22 devstack@placement-api.service[103975]: INFO placement.requestlog [req-23e0dbfc-08d8-4e16-8592-71b087fb682a req-fbe49782-186c-4193-b876-07239fb9dbcb service placement] 10.222.0.57 "GET /placement/allocations/1be9fec3-26ce-407f-9c6b-76a5981eca6d" status: 200 len: 19 microversion: 1.28
Jan 31 19:51:01.150488 n-d-822053-22 devstack@placement-api.service[103975]: [pid: 103975|app: 0|req: 272/546] 10.222.0.57 () {60 vars in 1380 bytes} [Mon Jan 31 19:51:01 2022] GET /placement/allocations/1be9fec3-26ce-407f-9c6b-76a5981eca6d => generated 19 bytes in 43 msecs (HTTP/1.1 200) 8 headers in 295 bytes (1 switches on core 0)
Jan 31 19:51:01.160004 n-d-822053-22 devstack@placement-api.service[103976]: DEBUG placement.requestlog [req-23e0dbfc-08d8-4e16-8592-71b087fb682a req-3168f4b4-67d9-4ec5-b82b-355792b9ccb2 None None] Starting request: 10.222.0.57 "PUT /placement/allocations/1be9fec3-26ce-407f-9c6b-76a5981eca6d" {{(pid=103976) __call__ /opt/stack/placement/placement/requestlog.py:55}}
Jan 31 19:51:01.294133 n-d-822053-22 devstack@placement-api.service[103976]: DEBUG placement.handlers.allocation [req-23e0dbfc-08d8-4e16-8592-71b087fb682a req-3168f4b4-67d9-4ec5-b82b-355792b9ccb2 service placement] Successfully wrote allocations [, ] {{(pid=103976) _update_consumers_and_create_allocations /opt/stack/placement/placement/handlers/allocation.py:462}}
Jan 31 19:51:01.308118 n-d-822053-22 devstack@placement-api.service[103976]: INFO placement.requestlog [req-23e0dbfc-08d8-4e16-8592-71b087fb682a req-3168f4b4-67d9-4ec5-b82b-355792b9ccb2 service placement] 10.222.0.57 "PUT /placement/allocations/1be9fec3-26ce-407f-9c6b-76a5981eca6d" status: 204 len: 0 microversion: 1.36
Jan 31 19:51:01.309426 n-d-822053-22 devstack@placement-api.service[103976]: [pid: 103976|app: 0|req: 275/547] 10.222.0.57 () {64 vars in 1433 bytes} [Mon Jan 31 19:51:01 2022] PUT /placement/allocations/1be9fec3-26ce-407f-9c6b-76a5981eca6d => generated 0 bytes in 149 msecs (HTTP/1.1 204) 5 headers in 199 bytes (1 switches on core 0)
Jan 31 19:51:02.311291 n-d-822053-22 devstack@placement-api.service[103975]: DEBUG placement.requestlog [req-23e0dbfc-08d8-4e16-8592-71b087fb682a req-7da8aad8-04ec-469c-8fe5-8d1b898876fd None None] Starting request: 10.222.0.55 "GET /placement/allocations/1be9fec3-26ce-407f-9c6b-76a5981eca6d" {{(pid=103975) __call__ /opt/stack/placement/placement/requestlog.py:55}}
Jan 31 19:51:02.351505 n-d-822053-22 devstack@placement-api.service[103975]: INFO placement.requestlog [req-23e0dbfc-08d8-4e16-8592-71b087fb682a req-7da8aad8-04ec-469c-8fe5-8d1b898876fd service placement] 10.222.0.55 "GET /placement/allocations/1be9fec3-26ce-407f-9c6b-76a5981eca6d" status: 200 len: 245 microversion: 1.28
Jan 31 19:51:02.357764 n-d-822053-22 devstack@placement-api.service[103975]: [pid: 103975|app: 0|req: 273/548] 10.222.0.55 () {60 vars in 1377 bytes} [Mon Jan 31 19:51:02 2022] GET /placement/allocations/1be9fec3-26ce-407f-9c6b-76a5981eca6d => generated 245 bytes in 47 msecs (HTTP/1.1 200) 8 headers in 296 bytes (1 switches on core 0)
Jan 31 19:51:08.869112 n-d-822053-22 devstack@placement-api.service[103976]: DEBUG placement.requestlog [req-5363469d-da90-4682-b84c-c1b3dfcf77a8 req-5afb903a-8e23-44dc-8549-4732529be97b None None] Starting request: 10.222.0.57 "GET /placement/allocation_candidates?limit=1000&resources=DISK_GB%3A1%2CMEMORY_MB%3A1024%2CVCPU%3A1&root_required=%21COMPUTE_STATUS_DISABLED" {{(pid=103976) __call__ /opt/stack/placement/placement/requestlog.py:55}}
Jan 31 19:51:08.976125 n-d-822053-22 devstack@placement-api.service[103976]: DEBUG placement.objects.research_context [req-5363469d-da90-4682-b84c-c1b3dfcf77a8 req-5afb903a-8e23-44dc-8549-4732529be97b service placement] getting providers with 1 DISK_GB {{(pid=103976) __init__ /opt/stack/placement/placement/objects/research_context.py:126}}
Jan 31 19:51:09.000064 n-d-822053-22 devstack@placement-api.service[103976]: DEBUG placement.objects.research_context [req-5363469d-da90-4682-b84c-c1b3dfcf77a8 req-5afb903a-8e23-44dc-8549-4732529be97b service placement] getting providers with 1024 MEMORY_MB {{(pid=103976) __init__ /opt/stack/placement/placement/objects/research_context.py:126}}
Jan 31 19:51:09.020497 n-d-822053-22 devstack@placement-api.service[103976]: DEBUG placement.objects.research_context [req-5363469d-da90-4682-b84c-c1b3dfcf77a8 req-5afb903a-8e23-44dc-8549-4732529be97b service placement] getting providers with 1 VCPU {{(pid=103976) __init__ /opt/stack/placement/placement/objects/research_context.py:126}}
Jan 31 19:51:09.043119 n-d-822053-22 devstack@placement-api.service[103976]: DEBUG placement.objects.research_context [req-5363469d-da90-4682-b84c-c1b3dfcf77a8 req-5afb903a-8e23-44dc-8549-4732529be97b service placement] found 2 providers with available 1 DISK_GB {{(pid=103976) get_provider_ids_matching /opt/stack/placement/placement/objects/research_context.py:549}}
Jan 31 19:51:09.045516 n-d-822053-22 devstack@placement-api.service[103976]: DEBUG placement.objects.research_context [req-5363469d-da90-4682-b84c-c1b3dfcf77a8 req-5afb903a-8e23-44dc-8549-4732529be97b service placement] found 2 providers with available 1024 MEMORY_MB {{(pid=103976) get_provider_ids_matching /opt/stack/placement/placement/objects/research_context.py:549}}
Jan 31 19:51:09.045989 n-d-822053-22 devstack@placement-api.service[103976]: DEBUG placement.objects.research_context [req-5363469d-da90-4682-b84c-c1b3dfcf77a8 req-5afb903a-8e23-44dc-8549-4732529be97b service placement] found 2 providers after filtering by previous result {{(pid=103976) get_provider_ids_matching /opt/stack/placement/placement/objects/research_context.py:580}}
Jan 31 19:51:09.046857 n-d-822053-22 devstack@placement-api.service[103976]: DEBUG placement.objects.research_context [req-5363469d-da90-4682-b84c-c1b3dfcf77a8 req-5afb903a-8e23-44dc-8549-4732529be97b service placement] found 2 providers with available 1 VCPU {{(pid=103976) get_provider_ids_matching /opt/stack/placement/placement/objects/research_context.py:549}}
Jan 31 19:51:09.049606 n-d-822053-22 devstack@placement-api.service[103976]: DEBUG placement.objects.research_context [req-5363469d-da90-4682-b84c-c1b3dfcf77a8 req-5afb903a-8e23-44dc-8549-4732529be97b service placement] found 2 providers after filtering by previous result {{(pid=103976) get_provider_ids_matching /opt/stack/placement/placement/objects/research_context.py:580}}
Jan 31 19:51:09.077706 n-d-822053-22 devstack@placement-api.service[103976]: DEBUG placement.objects.allocation_candidate [req-5363469d-da90-4682-b84c-c1b3dfcf77a8 req-5afb903a-8e23-44dc-8549-4732529be97b service placement] RequestGroup(use_same_provider=False, resources={DISK_GB:1, MEMORY_MB:1024, VCPU:1}, traits=[], aggregates=[]) (suffix '') returned 2 matches {{(pid=103976) _get_by_requests /opt/stack/placement/placement/objects/allocation_candidate.py:145}}
Jan 31 19:51:09.078311 n-d-822053-22 devstack@placement-api.service[103976]: DEBUG placement.objects.allocation_candidate [req-5363469d-da90-4682-b84c-c1b3dfcf77a8 req-5afb903a-8e23-44dc-8549-4732529be97b service placement] Merging candidates yields 2 allocation requests and 2 provider summaries {{(pid=103976) _merge_candidates /opt/stack/placement/placement/objects/allocation_candidate.py:783}}
Jan 31 19:51:09.083466 n-d-822053-22 devstack@placement-api.service[103976]: INFO placement.requestlog [req-5363469d-da90-4682-b84c-c1b3dfcf77a8 req-5afb903a-8e23-44dc-8549-4732529be97b service placement] 10.222.0.57 "GET /placement/allocation_candidates?limit=1000&resources=DISK_GB%3A1%2CMEMORY_MB%3A1024%2CVCPU%3A1&root_required=%21COMPUTE_STATUS_DISABLED" status: 200 len: 1309 microversion: 1.36
Jan 31 19:51:09.084060 n-d-822053-22 devstack@placement-api.service[103976]: [pid: 103976|app: 0|req: 276/549] 10.222.0.57 () {60 vars in 1506 bytes} [Mon Jan 31 19:51:08 2022] GET /placement/allocation_candidates?limit=1000&resources=DISK_GB%3A1%2CMEMORY_MB%3A1024%2CVCPU%3A1&root_required=%21COMPUTE_STATUS_DISABLED => generated 1309 bytes in 215 msecs (HTTP/1.1 200) 8 headers in 297 bytes (1 switches on core 0)
Jan 31 19:51:09.192067 n-d-822053-22 devstack@placement-api.service[103975]: DEBUG placement.requestlog [req-5363469d-da90-4682-b84c-c1b3dfcf77a8 req-f15f9536-3a92-4df1-b57a-113168362552 None None] Starting request: 10.222.0.57 "GET /placement/allocations/287a1d37-32fb-481b-aaa4-2c2797634a9c" {{(pid=103975) __call__ /opt/stack/placement/placement/requestlog.py:55}}
Jan 31 19:51:09.212279 n-d-822053-22 devstack@placement-api.service[103975]: INFO placement.requestlog [req-5363469d-da90-4682-b84c-c1b3dfcf77a8 req-f15f9536-3a92-4df1-b57a-113168362552 service placement] 10.222.0.57 "GET /placement/allocations/287a1d37-32fb-481b-aaa4-2c2797634a9c" status: 200 len: 19 microversion: 1.28
Jan 31 19:51:09.212669 n-d-822053-22 devstack@placement-api.service[103975]: [pid: 103975|app: 0|req: 274/550] 10.222.0.57 () {60 vars in 1380 bytes} [Mon Jan 31 19:51:09 2022] GET /placement/allocations/287a1d37-32fb-481b-aaa4-2c2797634a9c => generated 19 bytes in 21 msecs (HTTP/1.1 200) 8 headers in 295 bytes (1 switches on core 0)
Jan 31 19:51:09.220025 n-d-822053-22 devstack@placement-api.service[103976]: DEBUG placement.requestlog [req-5363469d-da90-4682-b84c-c1b3dfcf77a8 req-5f515d46-baf4-40c7-8846-530f1b3c55a2 None None] Starting request: 10.222.0.57 "PUT /placement/allocations/287a1d37-32fb-481b-aaa4-2c2797634a9c" {{(pid=103976) __call__ /opt/stack/placement/placement/requestlog.py:55}}
Jan 31 19:51:09.337744 n-d-822053-22 devstack@placement-api.service[103976]: DEBUG placement.handlers.allocation [req-5363469d-da90-4682-b84c-c1b3dfcf77a8 req-5f515d46-baf4-40c7-8846-530f1b3c55a2 service placement] Successfully wrote allocations [, , ] {{(pid=103976) _update_consumers_and_create_allocations /opt/stack/placement/placement/handlers/allocation.py:462}}
Jan 31 19:51:09.343768 n-d-822053-22 devstack@placement-api.service[103976]: INFO placement.requestlog [req-5363469d-da90-4682-b84c-c1b3dfcf77a8 req-5f515d46-baf4-40c7-8846-530f1b3c55a2 service placement] 10.222.0.57 "PUT /placement/allocations/287a1d37-32fb-481b-aaa4-2c2797634a9c" status: 204 len: 0 microversion: 1.36
Jan 31 19:51:09.344616 n-d-822053-22 devstack@placement-api.service[103976]: [pid: 103976|app: 0|req: 277/551] 10.222.0.57 () {64 vars in 1433 bytes} [Mon Jan 31 19:51:09 2022] PUT /placement/allocations/287a1d37-32fb-481b-aaa4-2c2797634a9c => generated 0 bytes in 125 msecs (HTTP/1.1 204) 5 headers in 199 bytes (1 switches on core 0)
Jan 31 19:51:09.924095 n-d-822053-22 devstack@placement-api.service[103975]: DEBUG placement.requestlog [req-5363469d-da90-4682-b84c-c1b3dfcf77a8 req-2e0e0282-bb0c-4f15-a867-4e2500ae78cf None None] Starting request: 10.222.0.55 "GET /placement/allocations/287a1d37-32fb-481b-aaa4-2c2797634a9c" {{(pid=103975) __call__ /opt/stack/placement/placement/requestlog.py:55}}
Jan 31 19:51:09.947017 n-d-822053-22 devstack@placement-api.service[103975]: INFO placement.requestlog [req-5363469d-da90-4682-b84c-c1b3dfcf77a8 req-2e0e0282-bb0c-4f15-a867-4e2500ae78cf service placement] 10.222.0.55 "GET /placement/allocations/287a1d37-32fb-481b-aaa4-2c2797634a9c" status: 200 len: 259 microversion: 1.28
Jan 31 19:51:09.948041 n-d-822053-22 devstack@placement-api.service[103975]: [pid: 103975|app: 0|req: 275/552] 10.222.0.55 () {60 vars in 1377 bytes} [Mon Jan 31 19:51:09 2022] GET /placement/allocations/287a1d37-32fb-481b-aaa4-2c2797634a9c => generated 259 bytes in 24 msecs (HTTP/1.1 200) 8 headers in 296 bytes (1 switches on core 0)
Jan 31 19:51:20.545725 n-d-822053-22 devstack@placement-api.service[103976]: DEBUG placement.requestlog [req-8969345c-c880-4fcd-9a65-43f3d94b715f req-64d407e0-313a-4888-8d80-438475b444fa None None] Starting request: 10.222.0.37 "DELETE /placement/allocations/d732a958-c5a6-4e84-8efe-61b0daa650bb" {{(pid=103976) __call__ /opt/stack/placement/placement/requestlog.py:55}}
Jan 31 19:51:20.609646 n-d-822053-22 devstack@placement-api.service[103976]: DEBUG placement.handlers.allocation [req-8969345c-c880-4fcd-9a65-43f3d94b715f req-64d407e0-313a-4888-8d80-438475b444fa service placement] Successfully deleted allocations [, , ] {{(pid=103976) delete_allocations /opt/stack/placement/placement/handlers/allocation.py:627}}
Jan 31 19:51:20.610139 n-d-822053-22 devstack@placement-api.service[103976]: INFO placement.requestlog [req-8969345c-c880-4fcd-9a65-43f3d94b715f req-64d407e0-313a-4888-8d80-438475b444fa service placement] 10.222.0.37 "DELETE /placement/allocations/d732a958-c5a6-4e84-8efe-61b0daa650bb" status: 204 len: 0 microversion: 1.0
Jan 31 19:51:20.610591 n-d-822053-22 devstack@placement-api.service[103976]: [pid: 103976|app: 0|req: 278/553] 10.222.0.37 () {60 vars in 1355 bytes} [Mon Jan 31 19:51:20 2022] DELETE /placement/allocations/d732a958-c5a6-4e84-8efe-61b0daa650bb => generated 0 bytes in 65 msecs (HTTP/1.1 204) 5 headers in 198 bytes (1 switches on core 0)
Jan 31 19:51:21.666300 n-d-822053-22 devstack@placement-api.service[103975]: DEBUG placement.requestlog [req-43b270a5-32ae-41e0-b711-390755f1cda5 req-12610c90-7456-4033-b48c-6bce094eeca0 None None] Starting request: 10.222.0.55 "DELETE /placement/allocations/45d82ea9-c022-4eb5-9e49-0cb41f98a5a6" {{(pid=103975) __call__ /opt/stack/placement/placement/requestlog.py:55}}
Jan 31 19:51:21.716771 n-d-822053-22 devstack@placement-api.service[103975]: DEBUG placement.handlers.allocation [req-43b270a5-32ae-41e0-b711-390755f1cda5 req-12610c90-7456-4033-b48c-6bce094eeca0 service placement] Successfully deleted allocations [, , ] {{(pid=103975) delete_allocations /opt/stack/placement/placement/handlers/allocation.py:627}}
Jan 31 19:51:21.717563 n-d-822053-22 devstack@placement-api.service[103975]: INFO placement.requestlog [req-43b270a5-32ae-41e0-b711-390755f1cda5 req-12610c90-7456-4033-b48c-6bce094eeca0 service placement] 10.222.0.55 "DELETE /placement/allocations/45d82ea9-c022-4eb5-9e49-0cb41f98a5a6" status: 204 len: 0 microversion: 1.0
Jan 31 19:51:21.718930 n-d-822053-22 devstack@placement-api.service[103975]: [pid: 103975|app: 0|req: 276/554] 10.222.0.55 () {60 vars in 1355 bytes} [Mon Jan 31 19:51:21 2022] DELETE /placement/allocations/45d82ea9-c022-4eb5-9e49-0cb41f98a5a6 => generated 0 bytes in 53 msecs (HTTP/1.1 204) 5 headers in 198 bytes (1 switches on core 0)
Jan 31 19:51:25.370235 n-d-822053-22 devstack@placement-api.service[103976]: DEBUG placement.requestlog [req-9ee357f9-b2c7-431b-a341-0dc6744c5f9e req-f34783c5-edd4-444e-86fa-ed05981beae1 None None] Starting request: 10.222.0.57 "GET /placement/allocation_candidates?limit=1000&resources=DISK_GB%3A1%2CMEMORY_MB%3A1024%2CVCPU%3A1&root_required=%21COMPUTE_STATUS_DISABLED" {{(pid=103976) __call__ /opt/stack/placement/placement/requestlog.py:55}}
Jan 31 19:51:25.400932 n-d-822053-22 devstack@placement-api.service[103976]: DEBUG placement.objects.research_context [req-9ee357f9-b2c7-431b-a341-0dc6744c5f9e req-f34783c5-edd4-444e-86fa-ed05981beae1 service placement] getting providers with 1 DISK_GB {{(pid=103976) __init__ /opt/stack/placement/placement/objects/research_context.py:126}}
Jan 31 19:51:25.407192 n-d-822053-22 devstack@placement-api.service[103976]: DEBUG placement.objects.research_context [req-9ee357f9-b2c7-431b-a341-0dc6744c5f9e req-f34783c5-edd4-444e-86fa-ed05981beae1 service placement] getting providers with 1024 MEMORY_MB {{(pid=103976) __init__ /opt/stack/placement/placement/objects/research_context.py:126}}
Jan 31 19:51:25.413320 n-d-822053-22 devstack@placement-api.service[103976]: DEBUG placement.objects.research_context [req-9ee357f9-b2c7-431b-a341-0dc6744c5f9e req-f34783c5-edd4-444e-86fa-ed05981beae1 service placement] getting providers with 1 VCPU {{(pid=103976) __init__ /opt/stack/placement/placement/objects/research_context.py:126}}
Jan 31 19:51:25.419509 n-d-822053-22 devstack@placement-api.service[103976]: DEBUG placement.objects.research_context [req-9ee357f9-b2c7-431b-a341-0dc6744c5f9e req-f34783c5-edd4-444e-86fa-ed05981beae1 service placement] found 2 providers with available 1 DISK_GB {{(pid=103976) get_provider_ids_matching /opt/stack/placement/placement/objects/research_context.py:549}}
Jan 31 19:51:25.419985 n-d-822053-22 devstack@placement-api.service[103976]: DEBUG placement.objects.research_context [req-9ee357f9-b2c7-431b-a341-0dc6744c5f9e req-f34783c5-edd4-444e-86fa-ed05981beae1 service placement] found 2 providers with available 1024 MEMORY_MB {{(pid=103976) get_provider_ids_matching /opt/stack/placement/placement/objects/research_context.py:549}}
Jan 31 19:51:25.420410 n-d-822053-22 devstack@placement-api.service[103976]: DEBUG placement.objects.research_context [req-9ee357f9-b2c7-431b-a341-0dc6744c5f9e req-f34783c5-edd4-444e-86fa-ed05981beae1 service placement] found 2 providers after filtering by previous result {{(pid=103976) get_provider_ids_matching /opt/stack/placement/placement/objects/research_context.py:580}}
Jan 31 19:51:25.420822 n-d-822053-22 devstack@placement-api.service[103976]: DEBUG placement.objects.research_context [req-9ee357f9-b2c7-431b-a341-0dc6744c5f9e req-f34783c5-edd4-444e-86fa-ed05981beae1 service placement] found 2 providers with available 1 VCPU {{(pid=103976) get_provider_ids_matching /opt/stack/placement/placement/objects/research_context.py:549}}
Jan 31 19:51:25.421262 n-d-822053-22 devstack@placement-api.service[103976]: DEBUG placement.objects.research_context [req-9ee357f9-b2c7-431b-a341-0dc6744c5f9e req-f34783c5-edd4-444e-86fa-ed05981beae1 service placement] found 2 providers after filtering by previous result {{(pid=103976) get_provider_ids_matching /opt/stack/placement/placement/objects/research_context.py:580}}
Jan 31 19:51:25.437891 n-d-822053-22 devstack@placement-api.service[103976]: DEBUG placement.objects.allocation_candidate [req-9ee357f9-b2c7-431b-a341-0dc6744c5f9e req-f34783c5-edd4-444e-86fa-ed05981beae1 service placement] RequestGroup(use_same_provider=False, resources={DISK_GB:1, MEMORY_MB:1024, VCPU:1}, traits=[], aggregates=[]) (suffix '') returned 2 matches {{(pid=103976) _get_by_requests /opt/stack/placement/placement/objects/allocation_candidate.py:145}}
Jan 31 19:51:25.438260 n-d-822053-22 devstack@placement-api.service[103976]: DEBUG placement.objects.allocation_candidate [req-9ee357f9-b2c7-431b-a341-0dc6744c5f9e req-f34783c5-edd4-444e-86fa-ed05981beae1 service placement] Merging candidates yields 2 allocation requests and 2 provider summaries {{(pid=103976) _merge_candidates /opt/stack/placement/placement/objects/allocation_candidate.py:783}}
Jan 31 19:51:25.439935 n-d-822053-22 devstack@placement-api.service[103976]: INFO placement.requestlog [req-9ee357f9-b2c7-431b-a341-0dc6744c5f9e req-f34783c5-edd4-444e-86fa-ed05981beae1 service placement] 10.222.0.57 "GET /placement/allocation_candidates?limit=1000&resources=DISK_GB%3A1%2CMEMORY_MB%3A1024%2CVCPU%3A1&root_required=%21COMPUTE_STATUS_DISABLED" status: 200 len: 1309 microversion: 1.36
Jan 31 19:51:25.443065 n-d-822053-22 devstack@placement-api.service[103975]: DEBUG placement.requestlog [req-0c3a8612-2df9-410e-af4f-42fb6a4c6557 req-d835eae1-8ba4-4279-8114-858b034eadb0 None None] Starting request: 10.222.0.55 "DELETE /placement/allocations/9ad13c8e-b06b-42ee-9a66-7f610a4a46fc" {{(pid=103975) __call__ /opt/stack/placement/placement/requestlog.py:55}}
Jan 31 19:51:25.444445 n-d-822053-22 devstack@placement-api.service[103976]: [pid: 103976|app: 0|req: 279/555] 10.222.0.57 () {60 vars in 1506 bytes} [Mon Jan 31 19:51:25 2022] GET /placement/allocation_candidates?limit=1000&resources=DISK_GB%3A1%2CMEMORY_MB%3A1024%2CVCPU%3A1&root_required=%21COMPUTE_STATUS_DISABLED => generated 1309 bytes in 74 msecs (HTTP/1.1 200) 8 headers in 297 bytes (1 switches on core 0)
Jan 31 19:51:25.501567 n-d-822053-22 devstack@placement-api.service[103975]: DEBUG placement.handlers.allocation [req-0c3a8612-2df9-410e-af4f-42fb6a4c6557 req-d835eae1-8ba4-4279-8114-858b034eadb0 service placement] Successfully deleted allocations [, , ] {{(pid=103975) delete_allocations /opt/stack/placement/placement/handlers/allocation.py:627}}
Jan 31 19:51:25.502240 n-d-822053-22 devstack@placement-api.service[103975]: INFO placement.requestlog [req-0c3a8612-2df9-410e-af4f-42fb6a4c6557 req-d835eae1-8ba4-4279-8114-858b034eadb0 service placement] 10.222.0.55 "DELETE /placement/allocations/9ad13c8e-b06b-42ee-9a66-7f610a4a46fc" status: 204 len: 0 microversion: 1.0
Jan 31 19:51:25.502990 n-d-822053-22 devstack@placement-api.service[103975]: [pid: 103975|app: 0|req: 277/556] 10.222.0.55 () {60 vars in 1355 bytes} [Mon Jan 31 19:51:25 2022] DELETE /placement/allocations/9ad13c8e-b06b-42ee-9a66-7f610a4a46fc => generated 0 bytes in 60 msecs (HTTP/1.1 204) 5 headers in 198 bytes (1 switches on core 0)
Jan 31 19:51:25.505676 n-d-822053-22 devstack@placement-api.service[103976]: DEBUG placement.requestlog [req-9ee357f9-b2c7-431b-a341-0dc6744c5f9e req-683661bc-c6fc-4c3f-8e56-e8e543967d5c None None] Starting request: 10.222.0.57 "GET /placement/allocations/436484a1-47e3-4678-8178-8151f9656ad7" {{(pid=103976) __call__ /opt/stack/placement/placement/requestlog.py:55}}
Jan 31 19:51:25.517299 n-d-822053-22 devstack@placement-api.service[103976]: INFO placement.requestlog [req-9ee357f9-b2c7-431b-a341-0dc6744c5f9e req-683661bc-c6fc-4c3f-8e56-e8e543967d5c service placement] 10.222.0.57 "GET /placement/allocations/436484a1-47e3-4678-8178-8151f9656ad7" status: 200 len: 19 microversion: 1.28
Jan 31 19:51:25.517688 n-d-822053-22 devstack@placement-api.service[103976]: [pid: 103976|app: 0|req: 280/557] 10.222.0.57 () {60 vars in 1380 bytes} [Mon Jan 31 19:51:25 2022] GET /placement/allocations/436484a1-47e3-4678-8178-8151f9656ad7 => generated 19 bytes in 12 msecs (HTTP/1.1 200) 8 headers in 295 bytes (1 switches on core 0)
Jan 31 19:51:25.523723 n-d-822053-22 devstack@placement-api.service[103975]: DEBUG placement.requestlog [req-9ee357f9-b2c7-431b-a341-0dc6744c5f9e req-329103d2-458f-4235-b04e-d145ff8bae5f None None] Starting request: 10.222.0.57 "PUT /placement/allocations/436484a1-47e3-4678-8178-8151f9656ad7" {{(pid=103975) __call__ /opt/stack/placement/placement/requestlog.py:55}}
Jan 31 19:51:25.612094 n-d-822053-22 devstack@placement-api.service[103975]: DEBUG placement.handlers.allocation [req-9ee357f9-b2c7-431b-a341-0dc6744c5f9e req-329103d2-458f-4235-b04e-d145ff8bae5f service placement] Successfully wrote allocations [, , ] {{(pid=103975) _update_consumers_and_create_allocations /opt/stack/placement/placement/handlers/allocation.py:462}}
Jan 31 19:51:25.620020 n-d-822053-22 devstack@placement-api.service[103975]: INFO placement.requestlog [req-9ee357f9-b2c7-431b-a341-0dc6744c5f9e req-329103d2-458f-4235-b04e-d145ff8bae5f service placement] 10.222.0.57 "PUT /placement/allocations/436484a1-47e3-4678-8178-8151f9656ad7" status: 204 len: 0 microversion: 1.36
Jan 31 19:51:25.621144 n-d-822053-22 devstack@placement-api.service[103975]: [pid: 103975|app: 0|req: 278/558] 10.222.0.57 () {64 vars in 1433 bytes} [Mon Jan 31 19:51:25 2022] PUT /placement/allocations/436484a1-47e3-4678-8178-8151f9656ad7 => generated 0 bytes in 97 msecs (HTTP/1.1 204) 5 headers in 199 bytes (1 switches on core 0)
Jan 31 19:51:25.970676 n-d-822053-22 devstack@placement-api.service[103976]: DEBUG placement.requestlog [req-9ee357f9-b2c7-431b-a341-0dc6744c5f9e req-39f2276a-4797-4ade-a3e1-fbb85c87e129 None None] Starting request: 10.222.0.55 "GET /placement/allocations/436484a1-47e3-4678-8178-8151f9656ad7" {{(pid=103976) __call__ /opt/stack/placement/placement/requestlog.py:55}}
Jan 31 19:51:25.993306 n-d-822053-22 devstack@placement-api.service[103976]: INFO placement.requestlog [req-9ee357f9-b2c7-431b-a341-0dc6744c5f9e req-39f2276a-4797-4ade-a3e1-fbb85c87e129 service placement] 10.222.0.55 "GET /placement/allocations/436484a1-47e3-4678-8178-8151f9656ad7" status: 200 len: 259 microversion: 1.28
Jan 31 19:51:25.993836 n-d-822053-22 devstack@placement-api.service[103976]: [pid: 103976|app: 0|req: 281/559] 10.222.0.55 () {60 vars in 1377 bytes} [Mon Jan 31 19:51:25 2022] GET /placement/allocations/436484a1-47e3-4678-8178-8151f9656ad7 => generated 259 bytes in 24 msecs (HTTP/1.1 200) 8 headers in 296 bytes (1 switches on core 0)
Jan 31 19:51:27.197890 n-d-822053-22 devstack@placement-api.service[103975]: DEBUG placement.requestlog [req-488c20f6-e613-4f7f-8aac-e5a88ced76d5 req-39523684-9583-4cc2-bc69-6d68c8aad90f None None] Starting request: 10.222.0.55 "DELETE /placement/allocations/914f2e17-fd26-47c0-93f1-d4b18dcdf360" {{(pid=103975) __call__ /opt/stack/placement/placement/requestlog.py:55}}
Jan 31 19:51:27.237040 n-d-822053-22 devstack@placement-api.service[103975]: DEBUG placement.handlers.allocation [req-488c20f6-e613-4f7f-8aac-e5a88ced76d5 req-39523684-9583-4cc2-bc69-6d68c8aad90f service placement] Successfully deleted allocations [, , ] {{(pid=103975) delete_allocations /opt/stack/placement/placement/handlers/allocation.py:627}}
Jan 31 19:51:27.239098 n-d-822053-22 devstack@placement-api.service[103975]: INFO placement.requestlog [req-488c20f6-e613-4f7f-8aac-e5a88ced76d5 req-39523684-9583-4cc2-bc69-6d68c8aad90f service placement] 10.222.0.55 "DELETE /placement/allocations/914f2e17-fd26-47c0-93f1-d4b18dcdf360" status: 204 len: 0 microversion: 1.0
Jan 31 19:51:27.239955 n-d-822053-22 devstack@placement-api.service[103975]: [pid: 103975|app: 0|req: 279/560] 10.222.0.55 () {60 vars in 1355 bytes} [Mon Jan 31 19:51:27 2022] DELETE /placement/allocations/914f2e17-fd26-47c0-93f1-d4b18dcdf360 => generated 0 bytes in 42 msecs (HTTP/1.1 204) 5 headers in 198 bytes (1 switches on core 0)
Jan 31 19:51:27.823909 n-d-822053-22 devstack@placement-api.service[103976]: DEBUG placement.requestlog [req-9ee357f9-b2c7-431b-a341-0dc6744c5f9e req-74444892-0c9b-4340-a36f-f052bd9a90c6 None None] Starting request: 10.222.0.55 "DELETE /placement/allocations/436484a1-47e3-4678-8178-8151f9656ad7" {{(pid=103976) __call__ /opt/stack/placement/placement/requestlog.py:55}}
Jan 31 19:51:27.875010 n-d-822053-22 devstack@placement-api.service[103976]: DEBUG placement.handlers.allocation [req-9ee357f9-b2c7-431b-a341-0dc6744c5f9e req-74444892-0c9b-4340-a36f-f052bd9a90c6 service placement] Successfully deleted allocations [, , ] {{(pid=103976) delete_allocations /opt/stack/placement/placement/handlers/allocation.py:627}}
Jan 31 19:51:27.876553 n-d-822053-22 devstack@placement-api.service[103976]: INFO placement.requestlog [req-9ee357f9-b2c7-431b-a341-0dc6744c5f9e req-74444892-0c9b-4340-a36f-f052bd9a90c6 service placement] 10.222.0.55 "DELETE /placement/allocations/436484a1-47e3-4678-8178-8151f9656ad7" status: 204 len: 0 microversion: 1.0
Jan 31 19:51:27.884689 n-d-822053-22 devstack@placement-api.service[103976]: [pid: 103976|app: 0|req: 282/561] 10.222.0.55 () {60 vars in 1355 bytes} [Mon Jan 31 19:51:27 2022] DELETE /placement/allocations/436484a1-47e3-4678-8178-8151f9656ad7 => generated 0 bytes in 61 msecs (HTTP/1.1 204) 5 headers in 198 bytes (1 switches on core 0)
Jan 31 19:51:28.870568 n-d-822053-22 devstack@placement-api.service[103975]: DEBUG placement.requestlog [req-9538a643-56bd-4aa9-a3a0-7461271c2c38 req-d18df408-9ef0-4b36-93a3-3fdf3134bbed None None] Starting request: 10.222.0.55 "DELETE /placement/allocations/436484a1-47e3-4678-8178-8151f9656ad7" {{(pid=103975) __call__ /opt/stack/placement/placement/requestlog.py:55}}
Jan 31 19:51:28.881946 n-d-822053-22 devstack@placement-api.service[103975]: DEBUG placement.wsgi_wrapper [req-9538a643-56bd-4aa9-a3a0-7461271c2c38 req-d18df408-9ef0-4b36-93a3-3fdf3134bbed service placement] Placement API returning an error response: No allocations for consumer '436484a1-47e3-4678-8178-8151f9656ad7' {{(pid=103975) call_func /opt/stack/placement/placement/wsgi_wrapper.py:31}}
Jan 31 19:51:28.882602 n-d-822053-22 devstack@placement-api.service[103975]: INFO placement.requestlog [req-9538a643-56bd-4aa9-a3a0-7461271c2c38 req-d18df408-9ef0-4b36-93a3-3fdf3134bbed service placement] 10.222.0.55 "DELETE /placement/allocations/436484a1-47e3-4678-8178-8151f9656ad7" status: 404 len: 228 microversion: 1.0
Jan 31 19:51:28.882950 n-d-822053-22 devstack@placement-api.service[103975]: [pid: 103975|app: 0|req: 280/562] 10.222.0.55 () {60 vars in 1355 bytes} [Mon Jan 31 19:51:28 2022] DELETE /placement/allocations/436484a1-47e3-4678-8178-8151f9656ad7 => generated 228 bytes in 13 msecs (HTTP/1.1 404) 6 headers in 231 bytes (2 switches on core 0)
Jan 31 19:51:29.024830 n-d-822053-22 devstack@placement-api.service[103976]: DEBUG placement.requestlog [req-a485225f-cc6b-4dd6-94fc-b1b7c5fc0bf5 req-1350ed5b-abba-4270-b6ea-7847105f2da9 None None] Starting request: 10.222.0.37 "DELETE /placement/allocations/1cb4dbac-6bcd-457b-a20d-d09dc1f7d325" {{(pid=103976) __call__ /opt/stack/placement/placement/requestlog.py:55}}
Jan 31 19:51:29.068237 n-d-822053-22 devstack@placement-api.service[103976]: DEBUG placement.handlers.allocation [req-a485225f-cc6b-4dd6-94fc-b1b7c5fc0bf5 req-1350ed5b-abba-4270-b6ea-7847105f2da9 service placement] Successfully deleted allocations [, , ] {{(pid=103976) delete_allocations /opt/stack/placement/placement/handlers/allocation.py:627}}
Jan 31 19:51:29.069133 n-d-822053-22 devstack@placement-api.service[103976]: INFO placement.requestlog [req-a485225f-cc6b-4dd6-94fc-b1b7c5fc0bf5 req-1350ed5b-abba-4270-b6ea-7847105f2da9 service placement] 10.222.0.37 "DELETE /placement/allocations/1cb4dbac-6bcd-457b-a20d-d09dc1f7d325" status: 204 len: 0 microversion: 1.0
Jan 31 19:51:29.071883 n-d-822053-22 devstack@placement-api.service[103976]: [pid: 103976|app: 0|req: 283/563] 10.222.0.37 () {60 vars in 1355 bytes} [Mon Jan 31 19:51:29 2022] DELETE /placement/allocations/1cb4dbac-6bcd-457b-a20d-d09dc1f7d325 => generated 0 bytes in 47 msecs (HTTP/1.1 204) 5 headers in 198 bytes (1 switches on core 0)
Jan 31 19:51:30.550924 n-d-822053-22 devstack@placement-api.service[103975]: DEBUG placement.requestlog [req-93a99f22-36a3-42bd-80e1-0c7da7200476 req-3f3bf497-6c44-4343-b904-e9fda198b1cf None None] Starting request: 10.222.0.57 "DELETE /placement/allocations/914f2e17-fd26-47c0-93f1-d4b18dcdf360" {{(pid=103975) __call__ /opt/stack/placement/placement/requestlog.py:55}}
Jan 31 19:51:30.562619 n-d-822053-22 devstack@placement-api.service[103975]: DEBUG placement.wsgi_wrapper [req-93a99f22-36a3-42bd-80e1-0c7da7200476 req-3f3bf497-6c44-4343-b904-e9fda198b1cf service placement] Placement API returning an error response: No allocations for consumer '914f2e17-fd26-47c0-93f1-d4b18dcdf360' {{(pid=103975) call_func /opt/stack/placement/placement/wsgi_wrapper.py:31}}
Jan 31 19:51:30.563381 n-d-822053-22 devstack@placement-api.service[103975]: INFO placement.requestlog [req-93a99f22-36a3-42bd-80e1-0c7da7200476 req-3f3bf497-6c44-4343-b904-e9fda198b1cf service placement] 10.222.0.57 "DELETE /placement/allocations/914f2e17-fd26-47c0-93f1-d4b18dcdf360" status: 404 len: 228 microversion: 1.0
Jan 31 19:51:30.563709 n-d-822053-22 devstack@placement-api.service[103975]: [pid: 103975|app: 0|req: 281/564] 10.222.0.57 () {60 vars in 1349 bytes} [Mon Jan 31 19:51:30 2022] DELETE /placement/allocations/914f2e17-fd26-47c0-93f1-d4b18dcdf360 => generated 228 bytes in 13 msecs (HTTP/1.1 404) 6 headers in 231 bytes (2 switches on core 0)
Jan 31 19:51:30.651887 n-d-822053-22 devstack@placement-api.service[103976]: DEBUG placement.requestlog [req-dfe4e676-72af-43f2-8b25-c8bb64eb551d req-936fea65-0b68-4522-8cb8-6fa55568500b None None] Starting request: 10.222.0.55 "DELETE /placement/allocations/e6aa62ad-8c0e-48c6-9f17-0e10c18b9a90" {{(pid=103976) __call__ /opt/stack/placement/placement/requestlog.py:55}}
Jan 31 19:51:30.680691 n-d-822053-22 devstack@placement-api.service[103976]: DEBUG placement.handlers.allocation [req-dfe4e676-72af-43f2-8b25-c8bb64eb551d req-936fea65-0b68-4522-8cb8-6fa55568500b service placement] Successfully deleted allocations [, , ] {{(pid=103976) delete_allocations /opt/stack/placement/placement/handlers/allocation.py:627}}
Jan 31 19:51:30.681503 n-d-822053-22 devstack@placement-api.service[103976]: INFO placement.requestlog [req-dfe4e676-72af-43f2-8b25-c8bb64eb551d req-936fea65-0b68-4522-8cb8-6fa55568500b service placement] 10.222.0.55 "DELETE /placement/allocations/e6aa62ad-8c0e-48c6-9f17-0e10c18b9a90" status: 204 len: 0 microversion: 1.0
Jan 31 19:51:30.682037 n-d-822053-22 devstack@placement-api.service[103976]: [pid: 103976|app: 0|req: 284/565] 10.222.0.55 () {60 vars in 1355 bytes} [Mon Jan 31 19:51:30 2022] DELETE /placement/allocations/e6aa62ad-8c0e-48c6-9f17-0e10c18b9a90 => generated 0 bytes in 30 msecs (HTTP/1.1 204) 5 headers in 198 bytes (1 switches on core 0)
Jan 31 19:51:32.071655 n-d-822053-22 devstack@placement-api.service[103975]: DEBUG placement.requestlog [req-d077a92f-357c-4c82-a853-8ee026949816 req-74f2a8d3-fdcd-4d45-b01f-87e492ef2d34 None None] Starting request: 10.222.0.57 "GET /placement/allocation_candidates?limit=1000&resources=DISK_GB%3A1%2CMEMORY_MB%3A1024%2CVCPU%3A1&root_required=%21COMPUTE_STATUS_DISABLED" {{(pid=103975) __call__ /opt/stack/placement/placement/requestlog.py:55}}
Jan 31 19:51:32.116689 n-d-822053-22 devstack@placement-api.service[103975]: DEBUG placement.objects.research_context [req-d077a92f-357c-4c82-a853-8ee026949816 req-74f2a8d3-fdcd-4d45-b01f-87e492ef2d34 service placement] getting providers with 1 DISK_GB {{(pid=103975) __init__ /opt/stack/placement/placement/objects/research_context.py:126}}
Jan 31 19:51:32.123780 n-d-822053-22 devstack@placement-api.service[103975]: DEBUG placement.objects.research_context [req-d077a92f-357c-4c82-a853-8ee026949816 req-74f2a8d3-fdcd-4d45-b01f-87e492ef2d34 service placement] getting providers with 1024 MEMORY_MB {{(pid=103975) __init__ /opt/stack/placement/placement/objects/research_context.py:126}}
Jan 31 19:51:32.132710 n-d-822053-22 devstack@placement-api.service[103975]: DEBUG placement.objects.research_context [req-d077a92f-357c-4c82-a853-8ee026949816 req-74f2a8d3-fdcd-4d45-b01f-87e492ef2d34 service placement] getting providers with 1 VCPU {{(pid=103975) __init__ /opt/stack/placement/placement/objects/research_context.py:126}}
Jan 31 19:51:32.140877 n-d-822053-22 devstack@placement-api.service[103975]: DEBUG placement.objects.research_context [req-d077a92f-357c-4c82-a853-8ee026949816 req-74f2a8d3-fdcd-4d45-b01f-87e492ef2d34 service placement] found 2 providers with available 1 DISK_GB {{(pid=103975) get_provider_ids_matching /opt/stack/placement/placement/objects/research_context.py:549}}
Jan 31 19:51:32.141885 n-d-822053-22 devstack@placement-api.service[103975]: DEBUG placement.objects.research_context [req-d077a92f-357c-4c82-a853-8ee026949816 req-74f2a8d3-fdcd-4d45-b01f-87e492ef2d34 service placement] found 2 providers with available 1024 MEMORY_MB {{(pid=103975) get_provider_ids_matching /opt/stack/placement/placement/objects/research_context.py:549}}
Jan 31 19:51:32.142262 n-d-822053-22 devstack@placement-api.service[103975]: DEBUG placement.objects.research_context [req-d077a92f-357c-4c82-a853-8ee026949816 req-74f2a8d3-fdcd-4d45-b01f-87e492ef2d34 service placement] found 2 providers after filtering by previous result {{(pid=103975) get_provider_ids_matching /opt/stack/placement/placement/objects/research_context.py:580}}
Jan 31 19:51:32.144075 n-d-822053-22 devstack@placement-api.service[103975]: DEBUG placement.objects.research_context [req-d077a92f-357c-4c82-a853-8ee026949816 req-74f2a8d3-fdcd-4d45-b01f-87e492ef2d34 service placement] found 2 providers with available 1 VCPU {{(pid=103975) get_provider_ids_matching /opt/stack/placement/placement/objects/research_context.py:549}}
Jan 31 19:51:32.144075 n-d-822053-22 devstack@placement-api.service[103975]: DEBUG placement.objects.research_context [req-d077a92f-357c-4c82-a853-8ee026949816 req-74f2a8d3-fdcd-4d45-b01f-87e492ef2d34 service placement] found 2 providers after filtering by previous result {{(pid=103975) get_provider_ids_matching /opt/stack/placement/placement/objects/research_context.py:580}}
Jan 31 19:51:32.155778 n-d-822053-22 devstack@placement-api.service[103975]: DEBUG placement.objects.allocation_candidate [req-d077a92f-357c-4c82-a853-8ee026949816 req-74f2a8d3-fdcd-4d45-b01f-87e492ef2d34 service placement] RequestGroup(use_same_provider=False, resources={DISK_GB:1, MEMORY_MB:1024, VCPU:1}, traits=[], aggregates=[]) (suffix '') returned 2 matches {{(pid=103975) _get_by_requests /opt/stack/placement/placement/objects/allocation_candidate.py:145}}
Jan 31 19:51:32.156399 n-d-822053-22 devstack@placement-api.service[103975]: DEBUG placement.objects.allocation_candidate [req-d077a92f-357c-4c82-a853-8ee026949816 req-74f2a8d3-fdcd-4d45-b01f-87e492ef2d34 service placement] Merging candidates yields 2 allocation requests and 2 provider summaries {{(pid=103975) _merge_candidates /opt/stack/placement/placement/objects/allocation_candidate.py:783}}
Jan 31 19:51:32.158559 n-d-822053-22 devstack@placement-api.service[103975]: INFO placement.requestlog [req-d077a92f-357c-4c82-a853-8ee026949816 req-74f2a8d3-fdcd-4d45-b01f-87e492ef2d34 service placement] 10.222.0.57 "GET /placement/allocation_candidates?limit=1000&resources=DISK_GB%3A1%2CMEMORY_MB%3A1024%2CVCPU%3A1&root_required=%21COMPUTE_STATUS_DISABLED" status: 200 len: 1309 microversion: 1.36
Jan 31 19:51:32.159012 n-d-822053-22 devstack@placement-api.service[103975]: [pid: 103975|app: 0|req: 282/566] 10.222.0.57 () {60 vars in 1506 bytes} [Mon Jan 31 19:51:32 2022] GET /placement/allocation_candidates?limit=1000&resources=DISK_GB%3A1%2CMEMORY_MB%3A1024%2CVCPU%3A1&root_required=%21COMPUTE_STATUS_DISABLED => generated 1309 bytes in 88 msecs (HTTP/1.1 200) 8 headers in 297 bytes (1 switches on core 0)
Jan 31 19:51:32.221262 n-d-822053-22 devstack@placement-api.service[103976]: DEBUG placement.requestlog [req-d077a92f-357c-4c82-a853-8ee026949816 req-63aa4b86-fb70-422a-9410-6b245a1b0b06 None None] Starting request: 10.222.0.57 "GET /placement/allocations/4d89a961-8ddf-4b1e-bb23-db5ea6b4f9eb" {{(pid=103976) __call__ /opt/stack/placement/placement/requestlog.py:55}}
Jan 31 19:51:32.233253 n-d-822053-22 devstack@placement-api.service[103976]: INFO placement.requestlog [req-d077a92f-357c-4c82-a853-8ee026949816 req-63aa4b86-fb70-422a-9410-6b245a1b0b06 service placement] 10.222.0.57 "GET /placement/allocations/4d89a961-8ddf-4b1e-bb23-db5ea6b4f9eb" status: 200 len: 19 microversion: 1.28
Jan 31 19:51:32.234168 n-d-822053-22 devstack@placement-api.service[103976]: [pid: 103976|app: 0|req: 285/567] 10.222.0.57 () {60 vars in 1380 bytes} [Mon Jan 31 19:51:32 2022] GET /placement/allocations/4d89a961-8ddf-4b1e-bb23-db5ea6b4f9eb => generated 19 bytes in 13 msecs (HTTP/1.1 200) 8 headers in 295 bytes (1 switches on core 0)
Jan 31 19:51:32.243436 n-d-822053-22 devstack@placement-api.service[103975]: DEBUG placement.requestlog [req-d077a92f-357c-4c82-a853-8ee026949816 req-9d4e4bec-54eb-4960-ab95-0db6f57e8c81 None None] Starting request: 10.222.0.57 "PUT /placement/allocations/4d89a961-8ddf-4b1e-bb23-db5ea6b4f9eb" {{(pid=103975) __call__ /opt/stack/placement/placement/requestlog.py:55}}
Jan 31 19:51:32.298536 n-d-822053-22 devstack@placement-api.service[103975]: DEBUG placement.handlers.allocation [req-d077a92f-357c-4c82-a853-8ee026949816 req-9d4e4bec-54eb-4960-ab95-0db6f57e8c81 service placement] Successfully wrote allocations [, , ] {{(pid=103975) _update_consumers_and_create_allocations /opt/stack/placement/placement/handlers/allocation.py:462}}
Jan 31 19:51:32.302846 n-d-822053-22 devstack@placement-api.service[103975]: INFO placement.requestlog [req-d077a92f-357c-4c82-a853-8ee026949816 req-9d4e4bec-54eb-4960-ab95-0db6f57e8c81 service placement] 10.222.0.57 "PUT /placement/allocations/4d89a961-8ddf-4b1e-bb23-db5ea6b4f9eb" status: 204 len: 0 microversion: 1.36
Jan 31 19:51:32.304110 n-d-822053-22 devstack@placement-api.service[103975]: [pid: 103975|app: 0|req: 283/568] 10.222.0.57 () {64 vars in 1433 bytes} [Mon Jan 31 19:51:32 2022] PUT /placement/allocations/4d89a961-8ddf-4b1e-bb23-db5ea6b4f9eb => generated 0 bytes in 64 msecs (HTTP/1.1 204) 5 headers in 199 bytes (1 switches on core 0)
Jan 31 19:51:32.671423 n-d-822053-22 devstack@placement-api.service[103976]: DEBUG placement.requestlog [req-d077a92f-357c-4c82-a853-8ee026949816 req-9b40aa93-da2c-4a5a-a73a-aa6fd0482674 None None] Starting request: 10.222.0.55 "GET /placement/allocations/4d89a961-8ddf-4b1e-bb23-db5ea6b4f9eb" {{(pid=103976) __call__ /opt/stack/placement/placement/requestlog.py:55}}
Jan 31 19:51:32.699043 n-d-822053-22 devstack@placement-api.service[103976]: INFO placement.requestlog [req-d077a92f-357c-4c82-a853-8ee026949816 req-9b40aa93-da2c-4a5a-a73a-aa6fd0482674 service placement] 10.222.0.55 "GET /placement/allocations/4d89a961-8ddf-4b1e-bb23-db5ea6b4f9eb" status: 200 len: 259 microversion: 1.28
Jan 31 19:51:32.700103 n-d-822053-22 devstack@placement-api.service[103976]: [pid: 103976|app: 0|req: 286/569] 10.222.0.55 () {60 vars in 1377 bytes} [Mon Jan 31 19:51:32 2022] GET /placement/allocations/4d89a961-8ddf-4b1e-bb23-db5ea6b4f9eb => generated 259 bytes in 29 msecs (HTTP/1.1 200) 8 headers in 296 bytes (1 switches on core 0)
Jan 31 19:51:32.810817 n-d-822053-22 devstack@placement-api.service[103975]: DEBUG placement.requestlog [req-29ea4667-1c71-4173-8421-840b00c3de61 req-f1621f4d-3688-4d78-8f6c-aacc8907fed6 None None] Starting request: 10.222.0.57 "GET /placement/allocation_candidates?limit=1000&resources=DISK_GB%3A1%2CMEMORY_MB%3A1024%2CVCPU%3A1&root_required=%21COMPUTE_STATUS_DISABLED" {{(pid=103975) __call__ /opt/stack/placement/placement/requestlog.py:55}}
Jan 31 19:51:32.892811 n-d-822053-22 devstack@placement-api.service[103975]: DEBUG placement.objects.research_context [req-29ea4667-1c71-4173-8421-840b00c3de61 req-f1621f4d-3688-4d78-8f6c-aacc8907fed6 service placement] getting providers with 1 DISK_GB {{(pid=103975) __init__ /opt/stack/placement/placement/objects/research_context.py:126}}
Jan 31 19:51:32.900814 n-d-822053-22 devstack@placement-api.service[103975]: DEBUG placement.objects.research_context [req-29ea4667-1c71-4173-8421-840b00c3de61 req-f1621f4d-3688-4d78-8f6c-aacc8907fed6 service placement] getting providers with 1024 MEMORY_MB {{(pid=103975) __init__ /opt/stack/placement/placement/objects/research_context.py:126}}
