Dec 16 11:52:07.784448 n-d-821947-1 neutron-server[115611]: DEBUG neutron.api.rpc.callbacks.version_manager [None req-36610b17-be90-4385-a97a-8af456cf65c1 None None] Version for resource type Log changed None to 1.0 on consumer Open vSwitch agent@n-d-821947-1 {{(pid=115611) _set_version /opt/stack/neutron/neutron/api/rpc/callbacks/version_manager.py:113}}
Dec 16 11:52:07.784852 n-d-821947-1 neutron-server[115611]: DEBUG neutron.api.rpc.callbacks.version_manager [None req-36610b17-be90-4385-a97a-8af456cf65c1 None None] Version for resource type Network changed None to 1.1 on consumer Open vSwitch agent@n-d-821947-1 {{(pid=115611) _set_version /opt/stack/neutron/neutron/api/rpc/callbacks/version_manager.py:113}}
Dec 16 11:52:07.785255 n-d-821947-1 neutron-server[115611]: DEBUG neutron.api.rpc.callbacks.version_manager [None req-36610b17-be90-4385-a97a-8af456cf65c1 None None] Version for resource type Port changed None to 1.7 on consumer Open vSwitch agent@n-d-821947-1 {{(pid=115611) _set_version /opt/stack/neutron/neutron/api/rpc/callbacks/version_manager.py:113}}
Dec 16 11:52:07.785647 n-d-821947-1 neutron-server[115611]: DEBUG neutron.api.rpc.callbacks.version_manager [None req-36610b17-be90-4385-a97a-8af456cf65c1 None None] Version for resource type PortForwarding changed None to 1.2 on consumer Open vSwitch agent@n-d-821947-1 {{(pid=115611) _set_version /opt/stack/neutron/neutron/api/rpc/callbacks/version_manager.py:113}}
Dec 16 11:52:07.786036 n-d-821947-1 neutron-server[115611]: DEBUG neutron.api.rpc.callbacks.version_manager [None req-36610b17-be90-4385-a97a-8af456cf65c1 None None] Version for resource type QosPolicy changed None to 1.10 on consumer Open vSwitch agent@n-d-821947-1 {{(pid=115611) _set_version /opt/stack/neutron/neutron/api/rpc/callbacks/version_manager.py:113}}
Dec 16 11:52:07.786478 n-d-821947-1 neutron-server[115611]: DEBUG neutron.api.rpc.callbacks.version_manager [None req-36610b17-be90-4385-a97a-8af456cf65c1 None None] Version for resource type SecurityGroup changed None to 1.5 on consumer Open vSwitch agent@n-d-821947-1 {{(pid=115611) _set_version /opt/stack/neutron/neutron/api/rpc/callbacks/version_manager.py:113}}
Dec 16 11:52:07.786994 n-d-821947-1 neutron-server[115611]: DEBUG neutron.api.rpc.callbacks.version_manager [None req-36610b17-be90-4385-a97a-8af456cf65c1 None None] Version for resource type SecurityGroupRule changed None to 1.2 on consumer Open vSwitch agent@n-d-821947-1 {{(pid=115611) _set_version /opt/stack/neutron/neutron/api/rpc/callbacks/version_manager.py:113}}
Dec 16 11:52:07.787382 n-d-821947-1 neutron-server[115611]: DEBUG neutron.api.rpc.callbacks.version_manager [None req-36610b17-be90-4385-a97a-8af456cf65c1 None None] Version for resource type SubPort changed None to 1.0 on consumer Open vSwitch agent@n-d-821947-1 {{(pid=115611) _set_version /opt/stack/neutron/neutron/api/rpc/callbacks/version_manager.py:113}}
Dec 16 11:52:07.787785 n-d-821947-1 neutron-server[115611]: DEBUG neutron.api.rpc.callbacks.version_manager [None req-36610b17-be90-4385-a97a-8af456cf65c1 None None] Version for resource type Subnet changed None to 1.1 on consumer Open vSwitch agent@n-d-821947-1 {{(pid=115611) _set_version /opt/stack/neutron/neutron/api/rpc/callbacks/version_manager.py:113}}
Dec 16 11:52:07.791687 n-d-821947-1 neutron-server[115611]: DEBUG neutron.api.rpc.callbacks.version_manager [None req-36610b17-be90-4385-a97a-8af456cf65c1 None None] Version for resource type Trunk changed None to 1.1 on consumer Open vSwitch agent@n-d-821947-1 {{(pid=115611) _set_version /opt/stack/neutron/neutron/api/rpc/callbacks/version_manager.py:113}}
Dec 16 11:52:07.791829 n-d-821947-1 neutron-server[115609]: DEBUG neutron.scheduler.l3_agent_scheduler [None req-52f46ff3-edc7-40b1-ab6b-7ed8a25a7328 admin admin] Router ae4ac91d-8651-46de-aece-58e1567f5c84 has already been hosted by L3 agent a3842e2f-6aac-4447-880d-371d89d6d6e1 {{(pid=115609) _get_candidates /opt/stack/neutron/neutron/scheduler/l3_agent_scheduler.py:126}}
Dec 16 11:52:07.800089 n-d-821947-1 neutron-server[115609]: DEBUG neutron.api.rpc.handlers.resources_rpc [None req-121f6a99-5464-4279-b9cf-81154c299e16 tempest-DeleteServersAdminTestJSON-1118016377 tempest-DeleteServersAdminTestJSON-1118016377-project] Pushing event updated for resources: {'Port': ['ID=9862459c-72cb-485c-925c-4659c4898a7c,revision_number=1']} {{(pid=115609) push /opt/stack/neutron/neutron/api/rpc/handlers/resources_rpc.py:237}}
Dec 16 11:52:07.894009 n-d-821947-1 neutron-server[115610]: DEBUG neutron.pecan_wsgi.hooks.policy_enforcement [req-bd4ddb37-2bc7-488d-a755-e2afcc29f501 req-9c926313-fb1a-4d74-9f10-37d65fbf6aba tempest-LiveMigrationTest-2093847670 tempest-LiveMigrationTest-2093847670-project-admin] Attributes excluded by policy engine: ['standard_attr_id'] {{(pid=115610) _exclude_attributes_by_policy /opt/stack/neutron/neutron/pecan_wsgi/hooks/policy_enforcement.py:255}}
Dec 16 11:52:07.895546 n-d-821947-1 neutron-server[115610]: INFO neutron.wsgi [req-bd4ddb37-2bc7-488d-a755-e2afcc29f501 req-9c926313-fb1a-4d74-9f10-37d65fbf6aba tempest-LiveMigrationTest-2093847670 tempest-LiveMigrationTest-2093847670-project-admin] 10.222.0.16 "GET /v2.0/ports?device_id=99a7b308-0712-4620-a82e-febf8dc0b69f&tenant_id=bd4fc044b3554b0db8029ea3d8ce3bd4&binding%3Ahost_id=n-h1-821947-1 HTTP/1.1" status: 200 len: 1118 time: 0.2797432
Dec 16 11:52:07.913294 n-d-821947-1 neutron-server[115611]: DEBUG neutron.db.provisioning_blocks [None req-7366c5bf-0e73-42b7-aeb6-afcb6f0e5f47 None None] Provisioning complete for port 026e57f6-632f-4cb5-893f-df9431c6359d triggered by entity DHCP. {{(pid=115611) provisioning_complete /opt/stack/neutron/neutron/db/provisioning_blocks.py:139}}
Dec 16 11:52:07.913294 n-d-821947-1 neutron-server[115611]: DEBUG neutron_lib.callbacks.manager [None req-7366c5bf-0e73-42b7-aeb6-afcb6f0e5f47 None None] Publish callbacks ['neutron.plugins.ml2.plugin.Ml2Plugin._port_provisioned-4183016'] for port, provisioning_complete {{(pid=115611) _notify_loop /usr/local/lib/python3.8/dist-packages/neutron_lib/callbacks/manager.py:175}}
Dec 16 11:52:07.913592 n-d-821947-1 neutron-server[115610]: DEBUG neutron.api.v2.base [req-bd4ddb37-2bc7-488d-a755-e2afcc29f501 req-9cdf0b1b-10b6-4b10-910f-a33d211dc2e5 service neutron] Request body: {'port': {'binding:profile': {'migrating_to': 'n-h2-821947-1'}}} {{(pid=115610) prepare_request_body /opt/stack/neutron/neutron/api/v2/base.py:729}}
Dec 16 11:52:07.913689 n-d-821947-1 neutron-server[115609]: INFO neutron.wsgi [req-39017188-3347-472c-81f9-613e06b2070c req-121f6a99-5464-4279-b9cf-81154c299e16 tempest-DeleteServersAdminTestJSON-1118016377 tempest-DeleteServersAdminTestJSON-1118016377-project] 10.222.0.16 "POST /v2.0/ports HTTP/1.1" status: 201 len: 938 time: 1.6242635
Dec 16 11:52:07.951145 n-d-821947-1 neutron-server[115610]: DEBUG neutron.pecan_wsgi.hooks.policy_enforcement [req-535dff77-650a-41d0-ad6e-5c7baaa9d506 req-708c1e3f-c8ee-4ebd-a62a-f9cfe6ffb591 tempest-DeleteServersAdminTestJSON-1118016377 tempest-DeleteServersAdminTestJSON-1118016377-project] Attributes excluded by policy engine: ['standard_attr_id', 'binding:profile', 'binding:host_id', 'binding:vif_type', 'binding:vif_details'] {{(pid=115610) _exclude_attributes_by_policy /opt/stack/neutron/neutron/pecan_wsgi/hooks/policy_enforcement.py:255}}
Dec 16 11:52:07.952426 n-d-821947-1 neutron-server[115609]: DEBUG neutron.api.v2.base [req-39017188-3347-472c-81f9-613e06b2070c req-5b4e4621-2a8c-46ad-bdf4-ef26605c0893 service neutron] Request body: {'port': {'device_id': '4ddb2550-510f-415e-8488-26d59bb4f548', 'device_owner': 'compute:nova', 'binding:host_id': 'n-h2-821947-1'}} {{(pid=115609) prepare_request_body /opt/stack/neutron/neutron/api/v2/base.py:729}}
Dec 16 11:52:07.958932 n-d-821947-1 neutron-server[115609]: DEBUG neutron.api.rpc.agentnotifiers.l3_rpc_agent_api [None req-52f46ff3-edc7-40b1-ab6b-7ed8a25a7328 admin admin] Notify agent at l3_agent.n-d-821947-1 the message routers_updated {{(pid=115609) _agent_notification /opt/stack/neutron/neutron/api/rpc/agentnotifiers/l3_rpc_agent_api.py:65}}
Dec 16 11:52:07.960651 n-d-821947-1 neutron-server[115610]: INFO neutron.wsgi [req-535dff77-650a-41d0-ad6e-5c7baaa9d506 req-708c1e3f-c8ee-4ebd-a62a-f9cfe6ffb591 tempest-DeleteServersAdminTestJSON-1118016377 tempest-DeleteServersAdminTestJSON-1118016377-project] 10.222.0.59 "GET /v2.0/ports?device_id=4ddb2550-510f-415e-8488-26d59bb4f548 HTTP/1.1" status: 200 len: 936 time: 0.2236996
Dec 16 11:52:07.966939 n-d-821947-1 neutron-server[115611]: DEBUG neutron.plugins.ml2.plugin [None req-7366c5bf-0e73-42b7-aeb6-afcb6f0e5f47 None None] Port 026e57f6-632f-4cb5-893f-df9431c6359d cannot update to ACTIVE because it is not bound. {{(pid=115611) _port_provisioned /opt/stack/neutron/neutron/plugins/ml2/plugin.py:342}}
Dec 16 11:52:07.980527 n-d-821947-1 neutron-server[115609]: INFO neutron.wsgi [None req-52f46ff3-edc7-40b1-ab6b-7ed8a25a7328 admin admin] 10.222.0.59 "PUT /v2.0/routers/ae4ac91d-8651-46de-aece-58e1567f5c84/add_router_interface HTTP/1.1" status: 200 len: 503 time: 4.0479131
Dec 16 11:52:08.019655 n-d-821947-1 neutron-server[115609]: DEBUG neutron_lib.callbacks.manager [req-39017188-3347-472c-81f9-613e06b2070c req-5b4e4621-2a8c-46ad-bdf4-ef26605c0893 service neutron] Publish callbacks ['neutron.plugins.ml2.plugin.SecurityGroupDbMixin._ensure_default_security_group_handler-3732761'] for port, before_update {{(pid=115609) _notify_loop /usr/local/lib/python3.8/dist-packages/neutron_lib/callbacks/manager.py:175}}
Dec 16 11:52:08.045134 n-d-821947-1 neutron-server[115610]: DEBUG neutron_lib.callbacks.manager [req-28ca0613-2171-4941-a250-f60e586d57be req-2c638f51-e717-40a6-877f-b9559491d7d8 tempest-FloatingIPsAssociationTestJSON-1180773000 tempest-FloatingIPsAssociationTestJSON-1180773000-project] Publish callbacks [] for port, precommit_create {{(pid=115610) _notify_loop /usr/local/lib/python3.8/dist-packages/neutron_lib/callbacks/manager.py:175}}
Dec 16 11:52:08.083839 n-d-821947-1 neutron-server[115610]: DEBUG neutron_lib.callbacks.manager [req-bd4ddb37-2bc7-488d-a755-e2afcc29f501 req-9cdf0b1b-10b6-4b10-910f-a33d211dc2e5 service neutron] Publish callbacks ['neutron.plugins.ml2.plugin.SecurityGroupDbMixin._ensure_default_security_group_handler-3732761'] for port, before_update {{(pid=115610) _notify_loop /usr/local/lib/python3.8/dist-packages/neutron_lib/callbacks/manager.py:175}}
Dec 16 11:52:08.095093 n-d-821947-1 neutron-server[115611]: DEBUG neutron.db.provisioning_blocks [None req-527a680e-5718-4b05-a749-c607941d41d0 None None] Provisioning complete for port 9862459c-72cb-485c-925c-4659c4898a7c triggered by entity DHCP. {{(pid=115611) provisioning_complete /opt/stack/neutron/neutron/db/provisioning_blocks.py:139}}
Dec 16 11:52:08.095910 n-d-821947-1 neutron-server[115611]: DEBUG neutron_lib.callbacks.manager [None req-527a680e-5718-4b05-a749-c607941d41d0 None None] Publish callbacks ['neutron.plugins.ml2.plugin.Ml2Plugin._port_provisioned-4183016'] for port, provisioning_complete {{(pid=115611) _notify_loop /usr/local/lib/python3.8/dist-packages/neutron_lib/callbacks/manager.py:175}}
Dec 16 11:52:08.105520 n-d-821947-1 neutron-server[115610]: INFO neutron.wsgi [req-535dff77-650a-41d0-ad6e-5c7baaa9d506 req-e398d0bf-425d-4f51-89ce-df77bfd0d914 tempest-DeleteServersAdminTestJSON-1118016377 tempest-DeleteServersAdminTestJSON-1118016377-project] 10.222.0.59 "GET /v2.0/security-groups?id=8169cab4-ce7a-4f1b-ace1-b4896323f4e6&fields=id&fields=name HTTP/1.1" status: 200 len: 286 time: 0.1407108
Dec 16 11:52:08.173961 n-d-821947-1 neutron-server[115610]: DEBUG neutron.wsgi [-] (115610) accepted ('10.222.0.16', 55154) {{(pid=115610) server /usr/local/lib/python3.8/dist-packages/eventlet/wsgi.py:1004}}
Dec 16 11:52:08.207081 n-d-821947-1 neutron-server[115611]: DEBUG neutron.plugins.ml2.plugin [None req-527a680e-5718-4b05-a749-c607941d41d0 None None] Port 9862459c-72cb-485c-925c-4659c4898a7c cannot update to ACTIVE because it is not bound. {{(pid=115611) _port_provisioned /opt/stack/neutron/neutron/plugins/ml2/plugin.py:342}}
Dec 16 11:52:08.292803 n-d-821947-1 neutron-server[115610]: INFO neutron.wsgi [req-d79077bd-b5b2-43dc-9380-d46facaeded6 req-6226aff6-4c69-4636-9a21-8f8c8fe0fa7a service neutron] 10.222.0.16 "GET /v2.0/ports?device_id=e5193644-4dad-47bd-be92-8a9749568e0f&fields=binding%3Ahost_id&fields=binding%3Avif_type HTTP/1.1" status: 200 len: 273 time: 0.1176951
Dec 16 11:52:08.318977 n-d-821947-1 neutron-server[115610]: DEBUG neutron_lib.callbacks.manager [req-28ca0613-2171-4941-a250-f60e586d57be req-2c638f51-e717-40a6-877f-b9559491d7d8 tempest-FloatingIPsAssociationTestJSON-1180773000 tempest-FloatingIPsAssociationTestJSON-1180773000-project] Publish callbacks ['neutron.plugins.ml2.plugin.SecurityGroupServerNotifierRpcMixin._notify_sg_on_port_change-3730374', 'neutron.plugins.ml2.ovo_rpc._ObjectChangeHandler.handle_event-48992', 'neutron.api.rpc.agentnotifiers.dhcp_rpc_agent_api.DhcpAgentNotifyAPI._native_event_send_dhcp_notification-572492', 'neutron.db.l3_dvrscheduler_db._notify_l3_agent_new_port-8742528853176', 'neutron.services.segments.plugin.NovaSegmentNotifier._notify_port_created_or_deleted-29284190'] for port, after_create {{(pid=115610) _notify_loop /usr/local/lib/python3.8/dist-packages/neutron_lib/callbacks/manager.py:175}}
Dec 16 11:52:08.346118 n-d-821947-1 neutron-server[115610]: DEBUG neutron.plugins.ml2.db [req-bd4ddb37-2bc7-488d-a755-e2afcc29f501 req-9cdf0b1b-10b6-4b10-910f-a33d211dc2e5 service neutron] For port 1cd85d48-c13a-42be-8bcc-3fb75124db32, host n-h1-821947-1, got binding levels [PortBindingLevel(driver='hyperv',host='n-h1-821947-1',level=0,port_id=1cd85d48-c13a-42be-8bcc-3fb75124db32,segment=NetworkSegment(b667008a-401e-407c-8388-a48e97759236),segment_id=b667008a-401e-407c-8388-a48e97759236)] {{(pid=115610) get_binding_level_objs /opt/stack/neutron/neutron/plugins/ml2/db.py:74}}
Dec 16 11:52:08.391710 n-d-821947-1 neutron-server[115610]: DEBUG neutron.scheduler.dhcp_agent_scheduler [req-28ca0613-2171-4941-a250-f60e586d57be req-2c638f51-e717-40a6-877f-b9559491d7d8 tempest-FloatingIPsAssociationTestJSON-1180773000 tempest-FloatingIPsAssociationTestJSON-1180773000-project] Network 1a02e8b0-9607-45b1-a23c-70b8c173a1be is already hosted by enough agents. {{(pid=115610) _get_dhcp_agents_hosting_network /opt/stack/neutron/neutron/scheduler/dhcp_agent_scheduler.py:275}}
Dec 16 11:52:08.400031 n-d-821947-1 neutron-server[115610]: DEBUG neutron.scheduler.base_scheduler [req-28ca0613-2171-4941-a250-f60e586d57be req-2c638f51-e717-40a6-877f-b9559491d7d8 tempest-FloatingIPsAssociationTestJSON-1180773000 tempest-FloatingIPsAssociationTestJSON-1180773000-project] Resources bound (agent type, host, resource id): {{(pid=115610) schedule /opt/stack/neutron/neutron/scheduler/base_scheduler.py:57}}
Dec 16 11:52:08.410686 n-d-821947-1 neutron-server[115610]: DEBUG neutron.db.l3_dvrscheduler_db [req-28ca0613-2171-4941-a250-f60e586d57be req-2c638f51-e717-40a6-877f-b9559491d7d8 tempest-FloatingIPsAssociationTestJSON-1180773000 tempest-FloatingIPsAssociationTestJSON-1180773000-project] Received port after_create {{(pid=115610) _notify_l3_agent_new_port /opt/stack/neutron/neutron/db/l3_dvrscheduler_db.py:535}}
Dec 16 11:52:08.453415 n-d-821947-1 neutron-server[115609]: DEBUG neutron.notifiers.nova [req-39017188-3347-472c-81f9-613e06b2070c req-5b4e4621-2a8c-46ad-bdf4-ef26605c0893 service neutron] Ignoring state change previous_port_status: DOWN current_port_status: DOWN port_id 9862459c-72cb-485c-925c-4659c4898a7c {{(pid=115609) record_port_status_changed /opt/stack/neutron/neutron/notifiers/nova.py:224}}
Dec 16 11:52:08.471891 n-d-821947-1 neutron-server[115609]: DEBUG neutron_lib.callbacks.manager [req-39017188-3347-472c-81f9-613e06b2070c req-5b4e4621-2a8c-46ad-bdf4-ef26605c0893 service neutron] Publish callbacks [] for port, precommit_update {{(pid=115609) _notify_loop /usr/local/lib/python3.8/dist-packages/neutron_lib/callbacks/manager.py:175}}
Dec 16 11:52:08.487325 n-d-821947-1 neutron-server[115609]: DEBUG neutron.db.provisioning_blocks [req-39017188-3347-472c-81f9-613e06b2070c req-5b4e4621-2a8c-46ad-bdf4-ef26605c0893 service neutron] Transition to ACTIVE for port object 9862459c-72cb-485c-925c-4659c4898a7c will not be triggered until provisioned by entity L2. {{(pid=115609) add_provisioning_component /opt/stack/neutron/neutron/db/provisioning_blocks.py:73}}
Dec 16 11:52:08.495854 n-d-821947-1 neutron-server[115610]: DEBUG neutron.api.rpc.handlers.resources_rpc [None req-2c638f51-e717-40a6-877f-b9559491d7d8 tempest-FloatingIPsAssociationTestJSON-1180773000 tempest-FloatingIPsAssociationTestJSON-1180773000-project] Pushing event updated for resources: {'Port': ['ID=822c7f96-63e0-450b-b9f3-ce7795fc1052,revision_number=1']} {{(pid=115610) push /opt/stack/neutron/neutron/api/rpc/handlers/resources_rpc.py:237}}
Dec 16 11:52:08.507973 n-d-821947-1 neutron-server[115610]: DEBUG neutron.plugins.ml2.db [req-bd4ddb37-2bc7-488d-a755-e2afcc29f501 req-9cdf0b1b-10b6-4b10-910f-a33d211dc2e5 service neutron] For port 1cd85d48-c13a-42be-8bcc-3fb75124db32, host n-h1-821947-1, cleared binding levels {{(pid=115610) clear_binding_levels /opt/stack/neutron/neutron/plugins/ml2/db.py:87}}
Dec 16 11:52:08.544374 n-d-821947-1 neutron-server[115610]: DEBUG neutron.api.rpc.callbacks.version_manager [None req-2c638f51-e717-40a6-877f-b9559491d7d8 tempest-FloatingIPsAssociationTestJSON-1180773000 tempest-FloatingIPsAssociationTestJSON-1180773000-project] Version for resource type AddressGroup changed None to 1.2 on consumer Open vSwitch agent@n-d-821947-1 {{(pid=115610) _set_version /opt/stack/neutron/neutron/api/rpc/callbacks/version_manager.py:113}}
Dec 16 11:52:08.544733 n-d-821947-1 neutron-server[115610]: DEBUG neutron.api.rpc.callbacks.version_manager [None req-2c638f51-e717-40a6-877f-b9559491d7d8 tempest-FloatingIPsAssociationTestJSON-1180773000 tempest-FloatingIPsAssociationTestJSON-1180773000-project] Version for resource type ConntrackHelper changed None to 1.0 on consumer Open vSwitch agent@n-d-821947-1 {{(pid=115610) _set_version /opt/stack/neutron/neutron/api/rpc/callbacks/version_manager.py:113}}
Dec 16 11:52:08.545081 n-d-821947-1 neutron-server[115610]: DEBUG neutron.api.rpc.callbacks.version_manager [None req-2c638f51-e717-40a6-877f-b9559491d7d8 tempest-FloatingIPsAssociationTestJSON-1180773000 tempest-FloatingIPsAssociationTestJSON-1180773000-project] Version for resource type LocalIPAssociation changed None to 1.0 on consumer Open vSwitch agent@n-d-821947-1 {{(pid=115610) _set_version /opt/stack/neutron/neutron/api/rpc/callbacks/version_manager.py:113}}
Dec 16 11:52:08.545424 n-d-821947-1 neutron-server[115610]: DEBUG neutron.api.rpc.callbacks.version_manager [None req-2c638f51-e717-40a6-877f-b9559491d7d8 tempest-FloatingIPsAssociationTestJSON-1180773000 tempest-FloatingIPsAssociationTestJSON-1180773000-project] Version for resource type Log changed None to 1.0 on consumer Open vSwitch agent@n-d-821947-1 {{(pid=115610) _set_version /opt/stack/neutron/neutron/api/rpc/callbacks/version_manager.py:113}}
Dec 16 11:52:08.545816 n-d-821947-1 neutron-server[115610]: DEBUG neutron.api.rpc.callbacks.version_manager [None req-2c638f51-e717-40a6-877f-b9559491d7d8 tempest-FloatingIPsAssociationTestJSON-1180773000 tempest-FloatingIPsAssociationTestJSON-1180773000-project] Version for resource type Network changed None to 1.1 on consumer Open vSwitch agent@n-d-821947-1 {{(pid=115610) _set_version /opt/stack/neutron/neutron/api/rpc/callbacks/version_manager.py:113}}
Dec 16 11:52:08.546165 n-d-821947-1 neutron-server[115610]: DEBUG neutron.api.rpc.callbacks.version_manager [None req-2c638f51-e717-40a6-877f-b9559491d7d8 tempest-FloatingIPsAssociationTestJSON-1180773000 tempest-FloatingIPsAssociationTestJSON-1180773000-project] Version for resource type Port changed None to 1.7 on consumer Open vSwitch agent@n-d-821947-1 {{(pid=115610) _set_version /opt/stack/neutron/neutron/api/rpc/callbacks/version_manager.py:113}}
Dec 16 11:52:08.546518 n-d-821947-1 neutron-server[115610]: DEBUG neutron.api.rpc.callbacks.version_manager [None req-2c638f51-e717-40a6-877f-b9559491d7d8 tempest-FloatingIPsAssociationTestJSON-1180773000 tempest-FloatingIPsAssociationTestJSON-1180773000-project] Version for resource type PortForwarding changed None to 1.2 on consumer Open vSwitch agent@n-d-821947-1 {{(pid=115610) _set_version /opt/stack/neutron/neutron/api/rpc/callbacks/version_manager.py:113}}
Dec 16 11:52:08.546855 n-d-821947-1 neutron-server[115610]: DEBUG neutron.api.rpc.callbacks.version_manager [None req-2c638f51-e717-40a6-877f-b9559491d7d8 tempest-FloatingIPsAssociationTestJSON-1180773000 tempest-FloatingIPsAssociationTestJSON-1180773000-project] Version for resource type QosPolicy changed None to 1.10 on consumer Open vSwitch agent@n-d-821947-1 {{(pid=115610) _set_version /opt/stack/neutron/neutron/api/rpc/callbacks/version_manager.py:113}}
Dec 16 11:52:08.547186 n-d-821947-1 neutron-server[115610]: DEBUG neutron.api.rpc.callbacks.version_manager [None req-2c638f51-e717-40a6-877f-b9559491d7d8 tempest-FloatingIPsAssociationTestJSON-1180773000 tempest-FloatingIPsAssociationTestJSON-1180773000-project] Version for resource type SecurityGroup changed None to 1.5 on consumer Open vSwitch agent@n-d-821947-1 {{(pid=115610) _set_version /opt/stack/neutron/neutron/api/rpc/callbacks/version_manager.py:113}}
Dec 16 11:52:08.547516 n-d-821947-1 neutron-server[115610]: DEBUG neutron.api.rpc.callbacks.version_manager [None req-2c638f51-e717-40a6-877f-b9559491d7d8 tempest-FloatingIPsAssociationTestJSON-1180773000 tempest-FloatingIPsAssociationTestJSON-1180773000-project] Version for resource type SecurityGroupRule changed None to 1.2 on consumer Open vSwitch agent@n-d-821947-1 {{(pid=115610) _set_version /opt/stack/neutron/neutron/api/rpc/callbacks/version_manager.py:113}}
Dec 16 11:52:08.547844 n-d-821947-1 neutron-server[115610]: DEBUG neutron.api.rpc.callbacks.version_manager [None req-2c638f51-e717-40a6-877f-b9559491d7d8 tempest-FloatingIPsAssociationTestJSON-1180773000 tempest-FloatingIPsAssociationTestJSON-1180773000-project] Version for resource type SubPort changed None to 1.0 on consumer Open vSwitch agent@n-d-821947-1 {{(pid=115610) _set_version /opt/stack/neutron/neutron/api/rpc/callbacks/version_manager.py:113}}
Dec 16 11:52:08.548245 n-d-821947-1 neutron-server[115610]: DEBUG neutron.api.rpc.callbacks.version_manager [None req-2c638f51-e717-40a6-877f-b9559491d7d8 tempest-FloatingIPsAssociationTestJSON-1180773000 tempest-FloatingIPsAssociationTestJSON-1180773000-project] Version for resource type Subnet changed None to 1.1 on consumer Open vSwitch agent@n-d-821947-1 {{(pid=115610) _set_version /opt/stack/neutron/neutron/api/rpc/callbacks/version_manager.py:113}}
Dec 16 11:52:08.548581 n-d-821947-1 neutron-server[115610]: DEBUG neutron.api.rpc.callbacks.version_manager [None req-2c638f51-e717-40a6-877f-b9559491d7d8 tempest-FloatingIPsAssociationTestJSON-1180773000 tempest-FloatingIPsAssociationTestJSON-1180773000-project] Version for resource type Trunk changed None to 1.1 on consumer Open vSwitch agent@n-d-821947-1 {{(pid=115610) _set_version /opt/stack/neutron/neutron/api/rpc/callbacks/version_manager.py:113}}
Dec 16 11:52:08.554677 n-d-821947-1 neutron-server[115609]: DEBUG neutron_lib.callbacks.manager [req-39017188-3347-472c-81f9-613e06b2070c req-5b4e4621-2a8c-46ad-bdf4-ef26605c0893 service neutron] Publish callbacks ['neutron.plugins.ml2.plugin.SecurityGroupServerNotifierRpcMixin._notify_sg_on_port_change-3730374', 'neutron.plugins.ml2.ovo_rpc._ObjectChangeHandler.handle_event-48992', 'neutron.api.rpc.agentnotifiers.dhcp_rpc_agent_api.DhcpAgentNotifyAPI._native_event_send_dhcp_notification-572492', 'neutron.db.l3_db.L3RpcNotifierMixin._notify_gateway_port_ip_changed-8742529418469', 'neutron.db.l3_dvrscheduler_db._notify_l3_agent_port_update-8742528853194', 'neutron.db.l3_hascheduler_db._notify_l3_agent_ha_port_update-8742528853212', 'neutron.services.segments.plugin.NovaSegmentNotifier._notify_port_updated-25173514'] for port, after_update {{(pid=115609) _notify_loop /usr/local/lib/python3.8/dist-packages/neutron_lib/callbacks/manager.py:175}}
Dec 16 11:52:08.572041 n-d-821947-1 neutron-server[115610]: DEBUG neutron.pecan_wsgi.hooks.policy_enforcement [req-d79077bd-b5b2-43dc-9380-d46facaeded6 req-ec7579de-aafd-48ad-862f-5ccd0471248d service neutron] Attributes excluded by policy engine: ['standard_attr_id'] {{(pid=115610) _exclude_attributes_by_policy /opt/stack/neutron/neutron/pecan_wsgi/hooks/policy_enforcement.py:255}}
Dec 16 11:52:08.573542 n-d-821947-1 neutron-server[115610]: INFO neutron.wsgi [req-d79077bd-b5b2-43dc-9380-d46facaeded6 req-ec7579de-aafd-48ad-862f-5ccd0471248d service neutron] 10.222.0.16 "GET /v2.0/ports?tenant_id=fb5580f644004a35a27572235f8548ff&device_id=e5193644-4dad-47bd-be92-8a9749568e0f HTTP/1.1" status: 200 len: 1097 time: 0.1667268
Dec 16 11:52:08.576264 n-d-821947-1 neutron-server[115611]: DEBUG neutron_lib.callbacks.manager [None req-46458eaa-fc2f-4640-8fa6-879cf38067bd None None] Publish callbacks ['neutron.services.segments.db._update_segment_host_mapping_for_agent-8742529387093', 'neutron.plugins.ml2.plugin.Ml2Plugin._retry_binding_revived_agents-4182919'] for agent, after_update {{(pid=115611) _notify_loop /usr/local/lib/python3.8/dist-packages/neutron_lib/callbacks/manager.py:175}}
Dec 16 11:52:08.649679 n-d-821947-1 neutron-server[115609]: DEBUG neutron.api.rpc.handlers.resources_rpc [None req-5b4e4621-2a8c-46ad-bdf4-ef26605c0893 service neutron] Pushing event updated for resources: {'Port': ['ID=9862459c-72cb-485c-925c-4659c4898a7c,revision_number=2']} {{(pid=115609) push /opt/stack/neutron/neutron/api/rpc/handlers/resources_rpc.py:237}}
Dec 16 11:52:08.650488 n-d-821947-1 neutron-server[115610]: DEBUG neutron.notifiers.nova [-] Sending events: [{'server_uuid': '99a7b308-0712-4620-a82e-febf8dc0b69f', 'name': 'network-vif-unplugged', 'status': 'completed', 'tag': '1cd85d48-c13a-42be-8bcc-3fb75124db32'}] {{(pid=115610) send_events /opt/stack/neutron/neutron/notifiers/nova.py:262}}
Dec 16 11:52:08.652760 n-d-821947-1 neutron-server[115610]: DEBUG novaclient.v2.client [-] REQ: curl -g -i --cacert "/opt/stack/data/ca-bundle.pem" -X POST http://10.222.0.59/compute/v2.1/os-server-external-events -H "Accept: application/json" -H "Content-Type: application/json" -H "User-Agent: python-novaclient" -H "X-Auth-Token: {SHA256}2ea8e813e3ac0e787a2cc10fdd547679917392ef4420db92fc9895b54a3fec58" -H "X-OpenStack-Nova-API-Version: 2.1" -H "X-OpenStack-Request-ID: req-d986b87b-26a9-4a0b-9b9a-04758152e1fa" -d '{"events": [{"server_uuid": "99a7b308-0712-4620-a82e-febf8dc0b69f", "name": "network-vif-unplugged", "status": "completed", "tag": "1cd85d48-c13a-42be-8bcc-3fb75124db32"}]}' {{(pid=115610) _http_log_request /usr/local/lib/python3.8/dist-packages/keystoneauth1/session.py:519}}
Dec 16 11:52:08.676445 n-d-821947-1 neutron-server[115610]: DEBUG neutron_lib.callbacks.manager [req-bd4ddb37-2bc7-488d-a755-e2afcc29f501 req-9cdf0b1b-10b6-4b10-910f-a33d211dc2e5 service neutron] Publish callbacks [] for port, precommit_update {{(pid=115610) _notify_loop /usr/local/lib/python3.8/dist-packages/neutron_lib/callbacks/manager.py:175}}
Dec 16 11:52:08.745948 n-d-821947-1 neutron-server[115611]: DEBUG neutron.api.rpc.handlers.l3_rpc [None req-dc44d37d-3f12-489e-a136-514e6d3bf7fc None None] Sync routers for ids ['ae4ac91d-8651-46de-aece-58e1567f5c84'] in n-d-821947-1 {{(pid=115611) sync_routers /opt/stack/neutron/neutron/api/rpc/handlers/l3_rpc.py:125}}
Dec 16 11:52:08.765158 n-d-821947-1 neutron-server[115611]: DEBUG neutron.db.l3_dvrscheduler_db [None req-dc44d37d-3f12-489e-a136-514e6d3bf7fc None None] Routers {'ae4ac91d-8651-46de-aece-58e1567f5c84'} bound to L3 agent in host n-d-821947-1 {{(pid=115611) _get_router_ids_for_agent /opt/stack/neutron/neutron/db/l3_dvrscheduler_db.py:420}}
Dec 16 11:52:08.765632 n-d-821947-1 neutron-server[115609]: DEBUG neutron.plugins.ml2.managers [req-39017188-3347-472c-81f9-613e06b2070c req-5b4e4621-2a8c-46ad-bdf4-ef26605c0893 service neutron] Attempting to bind port 9862459c-72cb-485c-925c-4659c4898a7c on host n-h2-821947-1 for vnic_type normal with profile {{(pid=115609) bind_port /opt/stack/neutron/neutron/plugins/ml2/managers.py:795}}
Dec 16 11:52:08.765942 n-d-821947-1 neutron-server[115611]: DEBUG neutron.db.l3_hamode_db [None req-dc44d37d-3f12-489e-a136-514e6d3bf7fc None None] neutron.services.l3_router.l3_router_plugin.L3RouterPlugin method get_ha_sync_data_for_host called with arguments (, 'n-d-821947-1', Agent(admin_state_up=True,agent_type='L3 agent',availability_zone='nova',binary='neutron-l3-agent',configurations={"agent_mode": "legacy", "ex_gw_ports": 5, "extensions": [], "floating_ips": 1, "handle_internal_only_routers": true, "interface_driver": "openvswitch", "interfaces": 4, "log_agent_heartbeats": false, "routers": 5},created_at=2021-12-16T11:41:07Z,description=,heartbeat_timestamp=2021-12-16T11:52:07Z,host='n-d-821947-1',id=a3842e2f-6aac-4447-880d-371d89d6d6e1,load=0,resource_versions=,resources_synced=,started_at=2021-12-16T11:41:08Z,topic='l3_agent')) {'router_ids': ['ae4ac91d-8651-46de-aece-58e1567f5c84'], 'active': True} {{(pid=115611) wrapper /usr/local/lib/python3.8/dist-packages/oslo_log/helpers.py:65}}
Dec 16 11:52:08.766357 n-d-821947-1 neutron-server[115609]: DEBUG neutron.plugins.ml2.managers [req-39017188-3347-472c-81f9-613e06b2070c req-5b4e4621-2a8c-46ad-bdf4-ef26605c0893 service neutron] Attempting to bind port 9862459c-72cb-485c-925c-4659c4898a7c by drivers openvswitch,hyperv on host n-h2-821947-1 at level 0 using segments [{'id': 'bd0c78ec-4a26-46da-992e-ba2a8171b0fd', 'network_type': 'vlan', 'physical_network': 'physnet1', 'segmentation_id': 309, 'network_id': '5d13e252-a002-46db-8e21-3c10798a331f'}] {{(pid=115609) _bind_port_level /opt/stack/neutron/neutron/plugins/ml2/managers.py:820}}
Dec 16 11:52:08.766869 n-d-821947-1 neutron-server[115609]: DEBUG neutron.plugins.ml2.drivers.mech_agent [req-39017188-3347-472c-81f9-613e06b2070c req-5b4e4621-2a8c-46ad-bdf4-ef26605c0893 service neutron] Attempting to bind port 9862459c-72cb-485c-925c-4659c4898a7c on network 5d13e252-a002-46db-8e21-3c10798a331f {{(pid=115609) bind_port /opt/stack/neutron/neutron/plugins/ml2/drivers/mech_agent.py:91}}
Dec 16 11:52:08.776407 n-d-821947-1 neutron-server[115609]: DEBUG neutron.plugins.ml2.drivers.mech_agent [req-39017188-3347-472c-81f9-613e06b2070c req-5b4e4621-2a8c-46ad-bdf4-ef26605c0893 service neutron] Port 9862459c-72cb-485c-925c-4659c4898a7c on network 5d13e252-a002-46db-8e21-3c10798a331f not bound, no agent of type Open vSwitch agent registered on host n-h2-821947-1 {{(pid=115609) bind_port /opt/stack/neutron/neutron/plugins/ml2/drivers/mech_agent.py:103}}
Dec 16 11:52:08.776767 n-d-821947-1 neutron-server[115609]: DEBUG neutron.plugins.ml2.drivers.mech_agent [req-39017188-3347-472c-81f9-613e06b2070c req-5b4e4621-2a8c-46ad-bdf4-ef26605c0893 service neutron] Attempting to bind port 9862459c-72cb-485c-925c-4659c4898a7c on network 5d13e252-a002-46db-8e21-3c10798a331f {{(pid=115609) bind_port /opt/stack/neutron/neutron/plugins/ml2/drivers/mech_agent.py:91}}
Dec 16 11:52:08.783403 n-d-821947-1 neutron-server[115609]: DEBUG neutron.plugins.ml2.drivers.mech_agent [req-39017188-3347-472c-81f9-613e06b2070c req-5b4e4621-2a8c-46ad-bdf4-ef26605c0893 service neutron] Checking agent: {'id': 'e3cc1dc1-1012-42fa-a492-254212881fd4', 'agent_type': 'HyperV agent', 'binary': 'neutron-hyperv-agent', 'topic': 'N/A', 'host': 'n-h2-821947-1', 'admin_state_up': True, 'created_at': datetime.datetime(2021, 12, 16, 11, 49, 3), 'started_at': datetime.datetime(2021, 12, 16, 11, 49, 3), 'heartbeat_timestamp': datetime.datetime(2021, 12, 16, 11, 52, 3), 'description': None, 'resources_synced': None, 'availability_zone': None, 'alive': True, 'configurations': {'vswitch_mappings': {'physnet1$': 'br-data'}}, 'resource_versions': {}} {{(pid=115609) bind_port /opt/stack/neutron/neutron/plugins/ml2/drivers/mech_agent.py:110}}
Dec 16 11:52:08.783939 n-d-821947-1 neutron-server[115609]: DEBUG neutron.plugins.ml2.drivers.mech_agent [req-39017188-3347-472c-81f9-613e06b2070c req-5b4e4621-2a8c-46ad-bdf4-ef26605c0893 service neutron] Checking segment: {'id': 'bd0c78ec-4a26-46da-992e-ba2a8171b0fd', 'network_type': 'vlan', 'physical_network': 'physnet1', 'segmentation_id': 309, 'network_id': '5d13e252-a002-46db-8e21-3c10798a331f'} for mappings: {'physnet1$': 'br-data'} with network types: ['local', 'flat', 'vlan'] {{(pid=115609) check_segment_for_agent /opt/stack/neutron/neutron/plugins/ml2/drivers/mech_agent.py:371}}
Dec 16 11:52:08.784730 n-d-821947-1 neutron-server[115609]: DEBUG neutron.plugins.ml2.drivers.mech_agent [req-39017188-3347-472c-81f9-613e06b2070c req-5b4e4621-2a8c-46ad-bdf4-ef26605c0893 service neutron] Bound using segment: {'id': 'bd0c78ec-4a26-46da-992e-ba2a8171b0fd', 'network_type': 'vlan', 'physical_network': 'physnet1', 'segmentation_id': 309, 'network_id': '5d13e252-a002-46db-8e21-3c10798a331f'} {{(pid=115609) bind_port /opt/stack/neutron/neutron/plugins/ml2/drivers/mech_agent.py:120}}
Dec 16 11:52:08.785377 n-d-821947-1 neutron-server[115609]: DEBUG neutron.plugins.ml2.managers [req-39017188-3347-472c-81f9-613e06b2070c req-5b4e4621-2a8c-46ad-bdf4-ef26605c0893 service neutron] Bound port: 9862459c-72cb-485c-925c-4659c4898a7c, host: n-h2-821947-1, vif_type: hyperv, vif_details: {"connectivity": "legacy", "port_filter": false}, binding_levels: [{'bound_driver': 'hyperv', 'bound_segment': {'id': 'bd0c78ec-4a26-46da-992e-ba2a8171b0fd', 'network_type': 'vlan', 'physical_network': 'physnet1', 'segmentation_id': 309, 'network_id': '5d13e252-a002-46db-8e21-3c10798a331f'}}] {{(pid=115609) _bind_port_level /opt/stack/neutron/neutron/plugins/ml2/managers.py:932}}
Dec 16 11:52:08.786240 n-d-821947-1 neutron-server[115609]: DEBUG neutron_lib.callbacks.manager [req-39017188-3347-472c-81f9-613e06b2070c req-5b4e4621-2a8c-46ad-bdf4-ef26605c0893 service neutron] Publish callbacks ['neutron.plugins.ml2.plugin.SecurityGroupDbMixin._ensure_default_security_group_handler-3732761'] for port, before_update {{(pid=115609) _notify_loop /usr/local/lib/python3.8/dist-packages/neutron_lib/callbacks/manager.py:175}}
Dec 16 11:52:08.795371 n-d-821947-1 neutron-server[115610]: DEBUG neutron_lib.callbacks.manager [req-28ca0613-2171-4941-a250-f60e586d57be req-2c638f51-e717-40a6-877f-b9559491d7d8 tempest-FloatingIPsAssociationTestJSON-1180773000 tempest-FloatingIPsAssociationTestJSON-1180773000-project] Publish callbacks [] for floatingip, precommit_create {{(pid=115610) _notify_loop /usr/local/lib/python3.8/dist-packages/neutron_lib/callbacks/manager.py:175}}
Dec 16 11:52:08.822478 n-d-821947-1 neutron-server[115610]: DEBUG neutron_lib.callbacks.manager [req-bd4ddb37-2bc7-488d-a755-e2afcc29f501 req-9cdf0b1b-10b6-4b10-910f-a33d211dc2e5 service neutron] Publish callbacks ['neutron.plugins.ml2.plugin.SecurityGroupServerNotifierRpcMixin._notify_sg_on_port_change-3730374', 'neutron.plugins.ml2.ovo_rpc._ObjectChangeHandler.handle_event-48992', 'neutron.api.rpc.agentnotifiers.dhcp_rpc_agent_api.DhcpAgentNotifyAPI._native_event_send_dhcp_notification-572492', 'neutron.db.l3_db.L3RpcNotifierMixin._notify_gateway_port_ip_changed-8742529418469', 'neutron.db.l3_dvrscheduler_db._notify_l3_agent_port_update-8742528853194', 'neutron.db.l3_hascheduler_db._notify_l3_agent_ha_port_update-8742528853212', 'neutron.services.segments.plugin.NovaSegmentNotifier._notify_port_updated-29284135'] for port, after_update {{(pid=115610) _notify_loop /usr/local/lib/python3.8/dist-packages/neutron_lib/callbacks/manager.py:175}}
Dec 16 11:52:08.894071 n-d-821947-1 neutron-server[115610]: DEBUG neutron.pecan_wsgi.hooks.policy_enforcement [req-1368ec48-f354-467d-bf51-2e167848c7f6 req-fc07743f-d8b2-4edc-900a-8b4f2d07b796 tempest-LiveMigrationTest-116570577 tempest-LiveMigrationTest-116570577-project] Attributes excluded by policy engine: ['standard_attr_id', 'binding:profile', 'binding:host_id', 'binding:vif_type', 'binding:vif_details'] {{(pid=115610) _exclude_attributes_by_policy /opt/stack/neutron/neutron/pecan_wsgi/hooks/policy_enforcement.py:255}}
Dec 16 11:52:08.894071 n-d-821947-1 neutron-server[115610]: INFO neutron.wsgi [req-1368ec48-f354-467d-bf51-2e167848c7f6 req-fc07743f-d8b2-4edc-900a-8b4f2d07b796 tempest-LiveMigrationTest-116570577 tempest-LiveMigrationTest-116570577-project] 10.222.0.59 "GET /v2.0/ports?device_id=99a7b308-0712-4620-a82e-febf8dc0b69f HTTP/1.1" status: 200 len: 967 time: 0.2125504
Dec 16 11:52:08.900865 n-d-821947-1 neutron-server[115609]: DEBUG neutron.plugins.ml2.db [req-39017188-3347-472c-81f9-613e06b2070c req-5b4e4621-2a8c-46ad-bdf4-ef26605c0893 service neutron] For port 9862459c-72cb-485c-925c-4659c4898a7c, host n-h2-821947-1, cleared binding levels {{(pid=115609) clear_binding_levels /opt/stack/neutron/neutron/plugins/ml2/db.py:87}}
Dec 16 11:52:08.907210 n-d-821947-1 neutron-server[115609]: DEBUG neutron.plugins.ml2.db [req-39017188-3347-472c-81f9-613e06b2070c req-5b4e4621-2a8c-46ad-bdf4-ef26605c0893 service neutron] For port 9862459c-72cb-485c-925c-4659c4898a7c, host n-h2-821947-1, set binding levels [PortBindingLevel(driver='hyperv',host='n-h2-821947-1',level=0,port_id=9862459c-72cb-485c-925c-4659c4898a7c,segment=NetworkSegment(bd0c78ec-4a26-46da-992e-ba2a8171b0fd),segment_id=bd0c78ec-4a26-46da-992e-ba2a8171b0fd)] {{(pid=115609) set_binding_levels /opt/stack/neutron/neutron/plugins/ml2/db.py:59}}
Dec 16 11:52:08.930811 n-d-821947-1 neutron-server[115611]: DEBUG neutron.db.l3_dvr_db [None req-dc44d37d-3f12-489e-a136-514e6d3bf7fc None None] Set router ae4ac91d-8651-46de-aece-58e1567f5c84 gateway port host: n-d-821947-1 {{(pid=115611) _build_routers_list /opt/stack/neutron/neutron/db/l3_dvr_db.py:906}}
Dec 16 11:52:08.932084 n-d-821947-1 neutron-server[115610]: DEBUG neutron.pecan_wsgi.hooks.policy_enforcement [req-d79077bd-b5b2-43dc-9380-d46facaeded6 req-283e9750-bae3-4735-9c3f-8a4bb313ca30 service neutron] Attributes excluded by policy engine: ['standard_attr_id', 'vlan_transparent'] {{(pid=115610) _exclude_attributes_by_policy /opt/stack/neutron/neutron/pecan_wsgi/hooks/policy_enforcement.py:255}}
Dec 16 11:52:08.933442 n-d-821947-1 neutron-server[115610]: INFO neutron.wsgi [req-d79077bd-b5b2-43dc-9380-d46facaeded6 req-283e9750-bae3-4735-9c3f-8a4bb313ca30 service neutron] 10.222.0.16 "GET /v2.0/networks?id=25f48234-2d5d-4efd-9e18-bf02ba68536c HTTP/1.1" status: 200 len: 924 time: 0.3310468
Dec 16 11:52:08.958669 n-d-821947-1 neutron-server[115609]: DEBUG neutron.wsgi [-] (115609) accepted ('10.222.0.59', 45956) {{(pid=115609) server /usr/local/lib/python3.8/dist-packages/eventlet/wsgi.py:1004}}
Dec 16 11:52:08.963504 n-d-821947-1 neutron-server[115609]: DEBUG neutron.api.v2.base [None req-875f8172-918b-4907-9362-f303d5991b6e admin admin] Request body: {'network': {'name': 'tempest-AttachSCSIVolumeTestJSON-1640628786-network', 'tenant_id': 'b9ed550a425a4720b2130ff9729c77be'}} {{(pid=115609) prepare_request_body /opt/stack/neutron/neutron/api/v2/base.py:729}}
Dec 16 11:52:09.004879 n-d-821947-1 neutron-server[115609]: DEBUG neutron_lib.callbacks.manager [req-39017188-3347-472c-81f9-613e06b2070c req-5b4e4621-2a8c-46ad-bdf4-ef26605c0893 service neutron] Publish callbacks ['neutron.plugins.ml2.plugin.SecurityGroupServerNotifierRpcMixin._notify_sg_on_port_change-3730374', 'neutron.plugins.ml2.ovo_rpc._ObjectChangeHandler.handle_event-48992', 'neutron.api.rpc.agentnotifiers.dhcp_rpc_agent_api.DhcpAgentNotifyAPI._native_event_send_dhcp_notification-572492', 'neutron.db.l3_db.L3RpcNotifierMixin._notify_gateway_port_ip_changed-8742529418469', 'neutron.db.l3_dvrscheduler_db._notify_l3_agent_port_update-8742528853194', 'neutron.db.l3_hascheduler_db._notify_l3_agent_ha_port_update-8742528853212', 'neutron.services.segments.plugin.NovaSegmentNotifier._notify_port_updated-25173514'] for port, after_update {{(pid=115609) _notify_loop /usr/local/lib/python3.8/dist-packages/neutron_lib/callbacks/manager.py:175}}
Dec 16 11:52:09.044720 n-d-821947-1 neutron-server[115609]: DEBUG neutron.pecan_wsgi.hooks.policy_enforcement [req-39017188-3347-472c-81f9-613e06b2070c req-5b4e4621-2a8c-46ad-bdf4-ef26605c0893 service neutron] Attributes excluded by policy engine: ['standard_attr_id'] {{(pid=115609) _exclude_attributes_by_policy /opt/stack/neutron/neutron/pecan_wsgi/hooks/policy_enforcement.py:255}}
Dec 16 11:52:09.045122 n-d-821947-1 neutron-server[115609]: DEBUG neutron_lib.callbacks.manager [req-39017188-3347-472c-81f9-613e06b2070c req-5b4e4621-2a8c-46ad-bdf4-ef26605c0893 service neutron] Publish callbacks ['neutron.notifiers.nova.Notifier._send_nova_notification-44665'] for port, before_response {{(pid=115609) _notify_loop /usr/local/lib/python3.8/dist-packages/neutron_lib/callbacks/manager.py:175}}
Dec 16 11:52:09.046507 n-d-821947-1 neutron-server[115609]: INFO neutron.wsgi [req-39017188-3347-472c-81f9-613e06b2070c req-5b4e4621-2a8c-46ad-bdf4-ef26605c0893 service neutron] 10.222.0.16 "PUT /v2.0/ports/9862459c-72cb-485c-925c-4659c4898a7c HTTP/1.1" status: 200 len: 1096 time: 1.1002896
Dec 16 11:52:09.046958 n-d-821947-1 neutron-server[115609]: DEBUG neutron.notifiers.nova [-] Sending events: [{'name': 'network-changed', 'server_uuid': '4ddb2550-510f-415e-8488-26d59bb4f548', 'tag': '9862459c-72cb-485c-925c-4659c4898a7c'}] {{(pid=115609) send_events /opt/stack/neutron/neutron/notifiers/nova.py:262}}
Dec 16 11:52:09.049769 n-d-821947-1 neutron-server[115609]: DEBUG novaclient.v2.client [-] REQ: curl -g -i --cacert "/opt/stack/data/ca-bundle.pem" -X POST http://10.222.0.59/compute/v2.1/os-server-external-events -H "Accept: application/json" -H "Content-Type: application/json" -H "User-Agent: python-novaclient" -H "X-Auth-Token: {SHA256}7504a4611425d32b214952b55d6eafacda5584e3cb1726ef7558d3eef14f41a7" -H "X-OpenStack-Nova-API-Version: 2.1" -H "X-OpenStack-Request-ID: req-4fa57fe7-d9ef-45a2-b576-94463aad0770" -d '{"events": [{"name": "network-changed", "server_uuid": "4ddb2550-510f-415e-8488-26d59bb4f548", "tag": "9862459c-72cb-485c-925c-4659c4898a7c"}]}' {{(pid=115609) _http_log_request /usr/local/lib/python3.8/dist-packages/keystoneauth1/session.py:519}}
Dec 16 11:52:09.056083 n-d-821947-1 neutron-server[115610]: DEBUG neutron.api.rpc.handlers.resources_rpc [None req-9cdf0b1b-10b6-4b10-910f-a33d211dc2e5 service neutron] Pushing event updated for resources: {'Port': ['ID=1cd85d48-c13a-42be-8bcc-3fb75124db32,revision_number=7']} {{(pid=115610) push /opt/stack/neutron/neutron/api/rpc/handlers/resources_rpc.py:237}}
Dec 16 11:52:09.074232 n-d-821947-1 neutron-server[115610]: DEBUG neutron_lib.callbacks.manager [req-28ca0613-2171-4941-a250-f60e586d57be req-2c638f51-e717-40a6-877f-b9559491d7d8 tempest-FloatingIPsAssociationTestJSON-1180773000 tempest-FloatingIPsAssociationTestJSON-1180773000-project] Publish callbacks ['neutron.plugins.ml2.plugin.SecurityGroupDbMixin._ensure_default_security_group_handler-3732761'] for port, before_update {{(pid=115610) _notify_loop /usr/local/lib/python3.8/dist-packages/neutron_lib/callbacks/manager.py:175}}
Dec 16 11:52:09.083510 n-d-821947-1 neutron-server[115609]: DEBUG neutron.api.rpc.handlers.resources_rpc [None req-5b4e4621-2a8c-46ad-bdf4-ef26605c0893 service neutron] Pushing event updated for resources: {'Port': ['ID=9862459c-72cb-485c-925c-4659c4898a7c,revision_number=3']} {{(pid=115609) push /opt/stack/neutron/neutron/api/rpc/handlers/resources_rpc.py:237}}
Dec 16 11:52:09.091100 n-d-821947-1 neutron-server[115609]: DEBUG neutron.pecan_wsgi.hooks.quota_enforcement [None req-875f8172-918b-4907-9362-f303d5991b6e admin admin] Made reservation on behalf of b9ed550a425a4720b2130ff9729c77be for: {'network': 1} {{(pid=115609) before /opt/stack/neutron/neutron/pecan_wsgi/hooks/quota_enforcement.py:53}}
Dec 16 11:52:09.091442 n-d-821947-1 neutron-server[115609]: DEBUG neutron_lib.callbacks.manager [None req-875f8172-918b-4907-9362-f303d5991b6e admin admin] Publish callbacks ['neutron.plugins.ml2.plugin.SecurityGroupDbMixin._ensure_default_security_group_handler-3732761'] for network, before_create {{(pid=115609) _notify_loop /usr/local/lib/python3.8/dist-packages/neutron_lib/callbacks/manager.py:175}}
Dec 16 11:52:09.113632 n-d-821947-1 neutron-server[115609]: DEBUG neutron_lib.callbacks.manager [None req-875f8172-918b-4907-9362-f303d5991b6e admin admin] Publish callbacks [] for security_group, before_create {{(pid=115609) _notify_loop /usr/local/lib/python3.8/dist-packages/neutron_lib/callbacks/manager.py:175}}
Dec 16 11:52:09.212240 n-d-821947-1 neutron-server[115610]: INFO neutron.wsgi [req-1368ec48-f354-467d-bf51-2e167848c7f6 req-09a8dadc-ce2e-4ded-bb7f-a07231894b8b tempest-LiveMigrationTest-116570577 tempest-LiveMigrationTest-116570577-project] 10.222.0.59 "GET /v2.0/security-groups?id=90e2c2c2-d848-493f-8a56-7f6e962f046b&fields=id&fields=name HTTP/1.1" status: 200 len: 286 time: 0.3069777
Dec 16 11:52:09.229403 n-d-821947-1 neutron-server[115611]: DEBUG neutron.db.l3_hamode_db [None req-dc44d37d-3f12-489e-a136-514e6d3bf7fc None None] neutron.services.l3_router.l3_router_plugin.L3RouterPlugin method _process_sync_ha_data called with arguments (, [{'id': 'ae4ac91d-8651-46de-aece-58e1567f5c84', 'name': 'tempest-AttachSCSIVolumeTestJSON-298268741-router', 'tenant_id': '2a2ea22dcaeb437cab61aba7b9a0573c', 'admin_state_up': True, 'status': 'ACTIVE', 'external_gateway_info': {'network_id': '1a02e8b0-9607-45b1-a23c-70b8c173a1be', 'external_fixed_ips': [{'subnet_id': 'c21714d9-4a5d-4deb-8a7e-607de957154d', 'ip_address': '172.25.6.250'}], 'enable_snat': True}, 'gw_port_id': '3c5e762a-e18b-4a9b-a14d-cc271ec4e2a5', 'description': '', 'availability_zones': ['nova'], 'distributed': False, 'ha': False, 'ha_vr_id': 0, 'availability_zone_hints': [], 'routes': [], 'flavor_id': None, 'tags': [], 'created_at': '2021-12-16T11:52:01Z', 'updated_at': '2021-12-16T11:52:06Z', 'revision_number': 4, 'project_id': '2a2ea22dcaeb437cab61aba7b9a0573c', 'gw_port': {'id': '3c5e762a-e18b-4a9b-a14d-cc271ec4e2a5', 'name': '', 'network_id': '1a02e8b0-9607-45b1-a23c-70b8c173a1be', 'tenant_id': '', 'mac_address': 'fa:16:3e:49:a0:60', 'admin_state_up': True, 'status': 'ACTIVE', 'device_id': 'ae4ac91d-8651-46de-aece-58e1567f5c84', 'device_owner': 'network:router_gateway', 'standard_attr_id': 256, 'fixed_ips': [{'subnet_id': 'c21714d9-4a5d-4deb-8a7e-607de957154d', 'ip_address': '172.25.6.250', 'prefixlen': 24}], 'allowed_address_pairs': [], 'extra_dhcp_opts': [], 'security_groups': [], 'description': '', 'binding:vnic_type': 'normal', 'binding:profile': {}, 'binding:host_id': 'n-d-821947-1', 'binding:vif_type': 'ovs', 'binding:vif_details': {'connectivity': 'l2', 'port_filter': True, 'ovs_hybrid_plug': False, 'datapath_type': 'system', 'bridge_name': 'br-int'}, 'port_security_enabled': False, 'tags': [], 'created_at': '2021-12-16T11:52:01Z', 'updated_at': '2021-12-16T11:52:07Z', 'revision_number': 4, 'project_id': '', 'subnets': [{'id': 'c21714d9-4a5d-4deb-8a7e-607de957154d', 'cidr': '172.25.6.0/24', 'gateway_ip': '172.25.6.1', 'dns_nameservers': [], 'ipv6_ra_mode': None, 'subnetpool_id': None}], 'extra_subnets': [], 'address_scopes': {4: None, 6: None}, 'mtu': 1500}, 'enable_snat': True, 'gw_port_host': 'n-d-821947-1', '_interfaces': [{'id': '026e57f6-632f-4cb5-893f-df9431c6359d', 'name': '', 'network_id': '1ec2892f-ba39-4bdc-8be3-1575a62fc503', 'tenant_id': '2a2ea22dcaeb437cab61aba7b9a0573c', 'mac_address': 'fa:16:3e:aa:46:8d', 'admin_state_up': True, 'status': 'DOWN', 'device_id': 'ae4ac91d-8651-46de-aece-58e1567f5c84', 'device_owner': 'network:router_interface', 'standard_attr_id': 257, 'fixed_ips': [{'subnet_id': '55b3b47c-4df6-4775-b1a2-a5f8a5bb40ce', 'ip_address': '172.20.0.1', 'prefixlen': 28}], 'allowed_address_pairs': [], 'extra_dhcp_opts': [], 'security_groups': [], 'description': '', 'binding:vnic_type': 'normal', 'binding:profile': {}, 'binding:host_id': '', 'binding:vif_type': 'unbound', 'binding:vif_details': {}, 'port_security_enabled': False, 'tags': [], 'created_at': '2021-12-16T11:52:05Z', 'updated_at': '2021-12-16T11:52:06Z', 'revision_number': 2, 'project_id': '2a2ea22dcaeb437cab61aba7b9a0573c', 'subnets': [{'id': '55b3b47c-4df6-4775-b1a2-a5f8a5bb40ce', 'cidr': '172.20.0.0/28', 'gateway_ip': '172.20.0.1', 'dns_nameservers': [], 'ipv6_ra_mode': None, 'subnetpool_id': None}], 'extra_subnets': [], 'address_scopes': {4: None, 6: None}, 'mtu': 1500}]}], 'n-d-821947-1', False) {} {{(pid=115611) wrapper /usr/local/lib/python3.8/dist-packages/oslo_log/helpers.py:65}}
Dec 16 11:52:09.231550 n-d-821947-1 neutron-server[115610]: DEBUG neutron.plugins.ml2.managers [req-bd4ddb37-2bc7-488d-a755-e2afcc29f501 req-9cdf0b1b-10b6-4b10-910f-a33d211dc2e5 service neutron] Attempting to bind port 1cd85d48-c13a-42be-8bcc-3fb75124db32 on host n-h1-821947-1 for vnic_type normal with profile {"migrating_to": "n-h2-821947-1"} {{(pid=115610) bind_port /opt/stack/neutron/neutron/plugins/ml2/managers.py:795}}
Dec 16 11:52:09.232013 n-d-821947-1 neutron-server[115610]: DEBUG neutron.plugins.ml2.managers [req-bd4ddb37-2bc7-488d-a755-e2afcc29f501 req-9cdf0b1b-10b6-4b10-910f-a33d211dc2e5 service neutron] Attempting to bind port 1cd85d48-c13a-42be-8bcc-3fb75124db32 by drivers openvswitch,hyperv on host n-h1-821947-1 at level 0 using segments [{'id': 'b667008a-401e-407c-8388-a48e97759236', 'network_type': 'vlan', 'physical_network': 'physnet1', 'segmentation_id': 329, 'network_id': 'f50e647e-d62a-4921-99c8-7bccf710c3d4'}] {{(pid=115610) _bind_port_level /opt/stack/neutron/neutron/plugins/ml2/managers.py:820}}
