Feb 10 13:19:30.626593 n-d-821840-4 neutron-server[103785]: DEBUG neutron.pecan_wsgi.hooks.policy_enforcement [req-240eb35e-09de-4bfa-b2ec-1273b172c149 req-0d68d286-e34b-4be8-b218-96b67d911882 tempest-DeleteServersAdminTestJSON-1407545654 tempest-DeleteServersAdminTestJSON-1407545654-project] Attributes excluded by policy engine: ['standard_attr_id', 'binding:profile', 'binding:host_id', 'binding:vif_type', 'binding:vif_details'] {{(pid=103785) _exclude_attributes_by_policy /opt/stack/neutron/neutron/pecan_wsgi/hooks/policy_enforcement.py:255}}
Feb 10 13:19:30.627014 n-d-821840-4 neutron-server[103785]: INFO neutron.wsgi [req-240eb35e-09de-4bfa-b2ec-1273b172c149 req-0d68d286-e34b-4be8-b218-96b67d911882 tempest-DeleteServersAdminTestJSON-1407545654 tempest-DeleteServersAdminTestJSON-1407545654-project] 10.222.0.37 "GET /v2.0/ports?device_id=e534b677-e209-40f0-84c8-5fc59cb78bfc HTTP/1.1" status: 200 len: 950 time: 0.2125463
Feb 10 13:19:30.661739 n-d-821840-4 neutron-server[103785]: DEBUG neutron_lib.callbacks.manager [None req-b49e80cd-765c-4534-a787-c66a5fbe17fb admin admin] Publish callbacks [] for security_group (930d6593-acc0-4a01-924d-4b9a55b410ff), precommit_create {{(pid=103785) _notify_loop /usr/local/lib/python3.8/dist-packages/neutron_lib/callbacks/manager.py:176}}
Feb 10 13:19:30.705118 n-d-821840-4 neutron-server[103786]: DEBUG neutron.plugins.ml2.plugin [None req-b1e4e32e-507f-440d-b7fe-197e06c8478c None None] Current status of the port 58bd320c-d427-4acb-b5de-2d27fec55e39 is: ACTIVE; New status is: ACTIVE {{(pid=103786) _update_individual_port_db_status /opt/stack/neutron/neutron/plugins/ml2/plugin.py:2232}}
Feb 10 13:19:30.757712 n-d-821840-4 neutron-server[103785]: DEBUG neutron_lib.callbacks.manager [None req-b49e80cd-765c-4534-a787-c66a5fbe17fb admin admin] Publish callbacks ['neutron.plugins.ml2.ovo_rpc._ObjectChangeHandler.handle_event-560409'] for security_group (930d6593-acc0-4a01-924d-4b9a55b410ff), after_create {{(pid=103785) _notify_loop /usr/local/lib/python3.8/dist-packages/neutron_lib/callbacks/manager.py:176}}
Feb 10 13:19:30.811017 n-d-821840-4 neutron-server[103785]: INFO neutron.wsgi [req-240eb35e-09de-4bfa-b2ec-1273b172c149 req-1ba9eb5a-cd6a-436f-84cb-cc98b0ebbe9d tempest-DeleteServersAdminTestJSON-1407545654 tempest-DeleteServersAdminTestJSON-1407545654-project] 10.222.0.37 "GET /v2.0/security-groups?id=000e650c-139c-4e5a-8d14-22f29a982100&fields=id&fields=name HTTP/1.1" status: 200 len: 286 time: 0.0973406
Feb 10 13:19:30.860448 n-d-821840-4 neutron-server[103785]: INFO neutron.wsgi [None req-b49e80cd-765c-4534-a787-c66a5fbe17fb admin admin] 10.222.0.37 "GET /v2.0/security-groups?tenant_id=30eae73db53f4a6cb5acd3574276dd63&name=default HTTP/1.1" status: 200 len: 2996 time: 0.6104815
Feb 10 13:19:30.860448 n-d-821840-4 neutron-server[103785]: DEBUG neutron.api.rpc.handlers.resources_rpc [None req-b49e80cd-765c-4534-a787-c66a5fbe17fb admin admin] Pushing event updated for resources: {'SecurityGroup': ['ID=930d6593-acc0-4a01-924d-4b9a55b410ff,revision_number=1']} {{(pid=103785) push /opt/stack/neutron/neutron/api/rpc/handlers/resources_rpc.py:237}}
Feb 10 13:19:30.860845 n-d-821840-4 neutron-server[103784]: DEBUG neutron.wsgi [-] (103784) accepted ('10.222.0.37', 52464) {{(pid=103784) server /usr/local/lib/python3.8/dist-packages/eventlet/wsgi.py:1004}}
Feb 10 13:19:30.890210 n-d-821840-4 neutron-server[103785]: DEBUG neutron_lib.callbacks.manager [None req-df8aacfc-9cf1-44ab-84af-85a5aa98f082 admin admin] Publish callbacks [] for security_group (5886d109-8d60-4db9-b1f9-7fda5e287de4), precommit_create {{(pid=103785) _notify_loop /usr/local/lib/python3.8/dist-packages/neutron_lib/callbacks/manager.py:176}}
Feb 10 13:19:30.950997 n-d-821840-4 neutron-server[103784]: DEBUG neutron_lib.callbacks.manager [None req-564a2291-c497-45ad-a29e-d5cdb27c7743 admin admin] Publish callbacks [] for security_group (930d6593-acc0-4a01-924d-4b9a55b410ff), before_delete {{(pid=103784) _notify_loop /usr/local/lib/python3.8/dist-packages/neutron_lib/callbacks/manager.py:176}}
Feb 10 13:19:30.980921 n-d-821840-4 neutron-server[103785]: DEBUG neutron_lib.callbacks.manager [None req-df8aacfc-9cf1-44ab-84af-85a5aa98f082 admin admin] Publish callbacks ['neutron.plugins.ml2.ovo_rpc._ObjectChangeHandler.handle_event-560409'] for security_group (5886d109-8d60-4db9-b1f9-7fda5e287de4), after_create {{(pid=103785) _notify_loop /usr/local/lib/python3.8/dist-packages/neutron_lib/callbacks/manager.py:176}}
Feb 10 13:19:30.982255 n-d-821840-4 neutron-server[103784]: DEBUG neutron_lib.callbacks.manager [None req-564a2291-c497-45ad-a29e-d5cdb27c7743 admin admin] Publish callbacks [] for security_group (930d6593-acc0-4a01-924d-4b9a55b410ff), precommit_delete {{(pid=103784) _notify_loop /usr/local/lib/python3.8/dist-packages/neutron_lib/callbacks/manager.py:176}}
Feb 10 13:19:31.043154 n-d-821840-4 neutron-server[103785]: INFO neutron.wsgi [None req-df8aacfc-9cf1-44ab-84af-85a5aa98f082 admin admin] 10.222.0.37 "GET /v2.0/security-groups?tenant_id=09da50b694e24fdc818300e3622e569f&name=default HTTP/1.1" status: 200 len: 2996 time: 0.9452150
Feb 10 13:19:31.046011 n-d-821840-4 neutron-server[103784]: DEBUG neutron.wsgi [-] (103784) accepted ('10.222.0.37', 52468) {{(pid=103784) server /usr/local/lib/python3.8/dist-packages/eventlet/wsgi.py:1004}}
Feb 10 13:19:31.052158 n-d-821840-4 neutron-server[103785]: DEBUG neutron.pecan_wsgi.hooks.policy_enforcement [req-69a7c369-9aee-4e80-a9de-077bb03a9e3c req-320ed535-3381-4707-95d6-7ca183db97e7 tempest-AggregatesAdminTestJSON-937146026 tempest-AggregatesAdminTestJSON-937146026-project] Attributes excluded by policy engine: ['standard_attr_id', 'binding:profile', 'binding:host_id', 'binding:vif_type', 'binding:vif_details'] {{(pid=103785) _exclude_attributes_by_policy /opt/stack/neutron/neutron/pecan_wsgi/hooks/policy_enforcement.py:255}}
Feb 10 13:19:31.054040 n-d-821840-4 neutron-server[103785]: INFO neutron.wsgi [req-69a7c369-9aee-4e80-a9de-077bb03a9e3c req-320ed535-3381-4707-95d6-7ca183db97e7 tempest-AggregatesAdminTestJSON-937146026 tempest-AggregatesAdminTestJSON-937146026-project] 10.222.0.37 "GET /v2.0/ports?device_id=ced97f84-7d5a-4f2a-9dfe-d6276f52aa4b HTTP/1.1" status: 200 len: 971 time: 0.1528766
Feb 10 13:19:31.084863 n-d-821840-4 neutron-server[103785]: DEBUG neutron.api.rpc.handlers.resources_rpc [None req-df8aacfc-9cf1-44ab-84af-85a5aa98f082 admin admin] Pushing event updated for resources: {'SecurityGroup': ['ID=5886d109-8d60-4db9-b1f9-7fda5e287de4,revision_number=1']} {{(pid=103785) push /opt/stack/neutron/neutron/api/rpc/handlers/resources_rpc.py:237}}
Feb 10 13:19:31.115716 n-d-821840-4 neutron-server[103784]: DEBUG neutron_lib.callbacks.manager [None req-564a2291-c497-45ad-a29e-d5cdb27c7743 admin admin] Publish callbacks ['neutron.plugins.ml2.ovo_rpc._ObjectChangeHandler.handle_event-560409'] for security_group (930d6593-acc0-4a01-924d-4b9a55b410ff), after_delete {{(pid=103784) _notify_loop /usr/local/lib/python3.8/dist-packages/neutron_lib/callbacks/manager.py:176}}
Feb 10 13:19:31.123104 n-d-821840-4 neutron-server[103784]: DEBUG neutron_lib.callbacks.manager [None req-564a2291-c497-45ad-a29e-d5cdb27c7743 admin admin] Publish callbacks [] for security_group (None), before_response {{(pid=103784) _notify_loop /usr/local/lib/python3.8/dist-packages/neutron_lib/callbacks/manager.py:176}}
Feb 10 13:19:31.130141 n-d-821840-4 neutron-server[103784]: INFO neutron.wsgi [None req-564a2291-c497-45ad-a29e-d5cdb27c7743 admin admin] 10.222.0.37 "DELETE /v2.0/security-groups/930d6593-acc0-4a01-924d-4b9a55b410ff HTTP/1.1" status: 204 len: 168 time: 0.2673311
Feb 10 13:19:31.159929 n-d-821840-4 neutron-server[103785]: INFO neutron.wsgi [req-69a7c369-9aee-4e80-a9de-077bb03a9e3c req-672231d0-857e-4ca6-b063-7ea31a03b458 tempest-AggregatesAdminTestJSON-937146026 tempest-AggregatesAdminTestJSON-937146026-project] 10.222.0.37 "GET /v2.0/security-groups?id=1ac7b816-4f72-4262-996d-da1ee306ddb6&fields=id&fields=name HTTP/1.1" status: 200 len: 286 time: 0.0952899
Feb 10 13:19:31.171516 n-d-821840-4 neutron-server[103784]: DEBUG neutron.api.rpc.handlers.resources_rpc [None req-564a2291-c497-45ad-a29e-d5cdb27c7743 admin admin] Pushing event deleted for resources: {'SecurityGroup': ['ID=930d6593-acc0-4a01-924d-4b9a55b410ff,revision_number=None']} {{(pid=103784) push /opt/stack/neutron/neutron/api/rpc/handlers/resources_rpc.py:237}}
Feb 10 13:19:31.210429 n-d-821840-4 neutron-server[103784]: DEBUG neutron_lib.callbacks.manager [None req-f3e94d17-ff83-4bef-89a2-e88edcaf2858 admin admin] Publish callbacks [] for security_group (5886d109-8d60-4db9-b1f9-7fda5e287de4), before_delete {{(pid=103784) _notify_loop /usr/local/lib/python3.8/dist-packages/neutron_lib/callbacks/manager.py:176}}
Feb 10 13:19:31.260430 n-d-821840-4 neutron-server[103784]: DEBUG neutron_lib.callbacks.manager [None req-f3e94d17-ff83-4bef-89a2-e88edcaf2858 admin admin] Publish callbacks [] for security_group (5886d109-8d60-4db9-b1f9-7fda5e287de4), precommit_delete {{(pid=103784) _notify_loop /usr/local/lib/python3.8/dist-packages/neutron_lib/callbacks/manager.py:176}}
Feb 10 13:19:31.303559 n-d-821840-4 neutron-server[103785]: DEBUG neutron.pecan_wsgi.hooks.policy_enforcement [req-ccecdd71-e828-4eb2-865d-f053dbe37058 req-a17c11f1-3786-4256-861b-63572a6b116b tempest-AggregatesAdminTestJSON-937146026 tempest-AggregatesAdminTestJSON-937146026-project] Attributes excluded by policy engine: ['standard_attr_id', 'binding:profile', 'binding:host_id', 'binding:vif_type', 'binding:vif_details'] {{(pid=103785) _exclude_attributes_by_policy /opt/stack/neutron/neutron/pecan_wsgi/hooks/policy_enforcement.py:255}}
Feb 10 13:19:31.318521 n-d-821840-4 neutron-server[103785]: INFO neutron.wsgi [req-ccecdd71-e828-4eb2-865d-f053dbe37058 req-a17c11f1-3786-4256-861b-63572a6b116b tempest-AggregatesAdminTestJSON-937146026 tempest-AggregatesAdminTestJSON-937146026-project] 10.222.0.24 "GET /v2.0/ports?device_id=ced97f84-7d5a-4f2a-9dfe-d6276f52aa4b HTTP/1.1" status: 200 len: 971 time: 0.1255100
Feb 10 13:19:31.385570 n-d-821840-4 neutron-server[103784]: DEBUG neutron_lib.callbacks.manager [None req-f3e94d17-ff83-4bef-89a2-e88edcaf2858 admin admin] Publish callbacks ['neutron.plugins.ml2.ovo_rpc._ObjectChangeHandler.handle_event-560409'] for security_group (5886d109-8d60-4db9-b1f9-7fda5e287de4), after_delete {{(pid=103784) _notify_loop /usr/local/lib/python3.8/dist-packages/neutron_lib/callbacks/manager.py:176}}
Feb 10 13:19:31.395348 n-d-821840-4 neutron-server[103784]: DEBUG neutron_lib.callbacks.manager [None req-f3e94d17-ff83-4bef-89a2-e88edcaf2858 admin admin] Publish callbacks [] for security_group (None), before_response {{(pid=103784) _notify_loop /usr/local/lib/python3.8/dist-packages/neutron_lib/callbacks/manager.py:176}}
Feb 10 13:19:31.403750 n-d-821840-4 neutron-server[103784]: INFO neutron.wsgi [None req-f3e94d17-ff83-4bef-89a2-e88edcaf2858 admin admin] 10.222.0.37 "DELETE /v2.0/security-groups/5886d109-8d60-4db9-b1f9-7fda5e287de4 HTTP/1.1" status: 204 len: 168 time: 0.3566680
Feb 10 13:19:31.421081 n-d-821840-4 neutron-server[103784]: DEBUG neutron.api.rpc.handlers.resources_rpc [None req-f3e94d17-ff83-4bef-89a2-e88edcaf2858 admin admin] Pushing event deleted for resources: {'SecurityGroup': ['ID=5886d109-8d60-4db9-b1f9-7fda5e287de4,revision_number=None']} {{(pid=103784) push /opt/stack/neutron/neutron/api/rpc/handlers/resources_rpc.py:237}}
Feb 10 13:19:31.487381 n-d-821840-4 neutron-server[103786]: DEBUG neutron_lib.callbacks.manager [None req-07a61eab-44c2-4c55-9da2-e8d99b0a8baa None None] Publish callbacks ['neutron.services.segments.db._update_segment_host_mapping_for_agent-8793754312358', 'neutron.plugins.ml2.plugin.Ml2Plugin._retry_binding_revived_agents-4049906'] for agent (bd456e1d-b1d1-4374-9f25-b8ba2515d504), after_update {{(pid=103786) _notify_loop /usr/local/lib/python3.8/dist-packages/neutron_lib/callbacks/manager.py:176}}
Feb 10 13:19:31.558032 n-d-821840-4 neutron-server[103785]: DEBUG neutron.plugins.ml2.plugin [req-ccecdd71-e828-4eb2-865d-f053dbe37058 req-f14965e7-23ba-46d9-905f-e9f06dc6c90c tempest-AggregatesAdminTestJSON-937146026 tempest-AggregatesAdminTestJSON-937146026-project] Deleting port 87d976ad-6b94-41a1-9033-b53d3895c043 {{(pid=103785) _pre_delete_port /opt/stack/neutron/neutron/plugins/ml2/plugin.py:1978}}
Feb 10 13:19:31.558553 n-d-821840-4 neutron-server[103785]: DEBUG neutron_lib.callbacks.manager [req-ccecdd71-e828-4eb2-865d-f053dbe37058 req-f14965e7-23ba-46d9-905f-e9f06dc6c90c tempest-AggregatesAdminTestJSON-937146026 tempest-AggregatesAdminTestJSON-937146026-project] Publish callbacks ['neutron.db.l3_db.L3_NAT_dbonly_mixin._prevent_l3_port_delete_callback-8793754406539'] for port (87d976ad-6b94-41a1-9033-b53d3895c043), before_delete {{(pid=103785) _notify_loop /usr/local/lib/python3.8/dist-packages/neutron_lib/callbacks/manager.py:176}}
Feb 10 13:19:31.687836 n-d-821840-4 neutron-server[103785]: DEBUG neutron.plugins.ml2.db [req-ccecdd71-e828-4eb2-865d-f053dbe37058 req-f14965e7-23ba-46d9-905f-e9f06dc6c90c tempest-AggregatesAdminTestJSON-937146026 tempest-AggregatesAdminTestJSON-937146026-project] For port 87d976ad-6b94-41a1-9033-b53d3895c043, host n-h1-821840-4, got binding levels [PortBindingLevel(driver='hyperv',host='n-h1-821840-4',level=0,port_id=87d976ad-6b94-41a1-9033-b53d3895c043,segment=NetworkSegment(bf0418a7-374d-4f9a-a452-0079756241ec),segment_id=bf0418a7-374d-4f9a-a452-0079756241ec)] {{(pid=103785) get_binding_level_objs /opt/stack/neutron/neutron/plugins/ml2/db.py:74}}
Feb 10 13:19:31.688520 n-d-821840-4 neutron-server[103785]: DEBUG neutron_lib.callbacks.manager [req-ccecdd71-e828-4eb2-865d-f053dbe37058 req-f14965e7-23ba-46d9-905f-e9f06dc6c90c tempest-AggregatesAdminTestJSON-937146026 tempest-AggregatesAdminTestJSON-937146026-project] Publish callbacks ['neutron.services.l3_router.l3_router_plugin.L3_NAT_dbonly_mixin._precommit_delete_port_callback-920267'] for port (87d976ad-6b94-41a1-9033-b53d3895c043), precommit_delete {{(pid=103785) _notify_loop /usr/local/lib/python3.8/dist-packages/neutron_lib/callbacks/manager.py:176}}
Feb 10 13:19:31.705612 n-d-821840-4 neutron-server[103785]: DEBUG neutron.plugins.ml2.plugin [req-ccecdd71-e828-4eb2-865d-f053dbe37058 req-f14965e7-23ba-46d9-905f-e9f06dc6c90c tempest-AggregatesAdminTestJSON-937146026 tempest-AggregatesAdminTestJSON-937146026-project] Calling delete_port for 87d976ad-6b94-41a1-9033-b53d3895c043 owned by compute:tempest-test_az-901788259 {{(pid=103785) delete_port /opt/stack/neutron/neutron/plugins/ml2/plugin.py:2056}}
Feb 10 13:19:31.861856 n-d-821840-4 neutron-server[103785]: INFO neutron.wsgi [req-a1c9e6ac-7bd3-4106-8969-9b2137f6ecaa req-801a8b12-c747-45b7-841c-b538080bcac4 tempest-MigrationsAdminTest-1176432851 tempest-MigrationsAdminTest-1176432851-project] 10.222.0.37 "GET /v2.0/networks?tenant_id=73c1627919c44098a372a206bdd0ebe7&shared=False HTTP/1.1" status: 200 len: 213 time: 0.0279460
Feb 10 13:19:32.027292 n-d-821840-4 neutron-server[103785]: DEBUG neutron.pecan_wsgi.hooks.policy_enforcement [req-a1c9e6ac-7bd3-4106-8969-9b2137f6ecaa req-a0b4c21e-de94-4258-9b1b-f4b5b1735ddd tempest-MigrationsAdminTest-1176432851 tempest-MigrationsAdminTest-1176432851-project] Attributes excluded by policy engine: ['standard_attr_id', 'vlan_transparent', 'provider:network_type', 'provider:physical_network', 'provider:segmentation_id'] {{(pid=103785) _exclude_attributes_by_policy /opt/stack/neutron/neutron/pecan_wsgi/hooks/policy_enforcement.py:255}}
Feb 10 13:19:32.029091 n-d-821840-4 neutron-server[103785]: INFO neutron.wsgi [req-a1c9e6ac-7bd3-4106-8969-9b2137f6ecaa req-a0b4c21e-de94-4258-9b1b-f4b5b1735ddd tempest-MigrationsAdminTest-1176432851 tempest-MigrationsAdminTest-1176432851-project] 10.222.0.37 "GET /v2.0/networks?shared=True HTTP/1.1" status: 200 len: 769 time: 0.1549592
Feb 10 13:19:32.063021 n-d-821840-4 neutron-server[103785]: INFO neutron.wsgi [req-a1c9e6ac-7bd3-4106-8969-9b2137f6ecaa req-48054cc1-8a9a-4046-9758-6bf07ff01ef3 tempest-MigrationsAdminTest-1176432851 tempest-MigrationsAdminTest-1176432851-project] 10.222.0.37 "GET /v2.0/quotas/73c1627919c44098a372a206bdd0ebe7 HTTP/1.1" status: 200 len: 375 time: 0.0187168
Feb 10 13:19:32.092773 n-d-821840-4 neutron-server[103784]: DEBUG neutron.pecan_wsgi.hooks.policy_enforcement [req-e7466caa-588a-4850-ae58-45f236a2f88c req-a125b1a8-5ac8-4010-8788-c31f761e2182 tempest-DeleteServersAdminTestJSON-1790932071 tempest-DeleteServersAdminTestJSON-1790932071-project-admin] Attributes excluded by policy engine: ['standard_attr_id'] {{(pid=103784) _exclude_attributes_by_policy /opt/stack/neutron/neutron/pecan_wsgi/hooks/policy_enforcement.py:255}}
Feb 10 13:19:32.095596 n-d-821840-4 neutron-server[103784]: INFO neutron.wsgi [req-e7466caa-588a-4850-ae58-45f236a2f88c req-a125b1a8-5ac8-4010-8788-c31f761e2182 tempest-DeleteServersAdminTestJSON-1790932071 tempest-DeleteServersAdminTestJSON-1790932071-project-admin] 10.222.0.24 "GET /v2.0/ports?device_id=e534b677-e209-40f0-84c8-5fc59cb78bfc HTTP/1.1" status: 200 len: 1132 time: 0.2127516
Feb 10 13:19:32.152426 n-d-821840-4 neutron-server[103785]: INFO neutron.wsgi [req-a1c9e6ac-7bd3-4106-8969-9b2137f6ecaa req-7b773d96-93e0-427c-9fd5-4ab2084a6944 tempest-MigrationsAdminTest-1176432851 tempest-MigrationsAdminTest-1176432851-project] 10.222.0.37 "GET /v2.0/ports?tenant_id=73c1627919c44098a372a206bdd0ebe7&fields=id HTTP/1.1" status: 200 len: 210 time: 0.0680671
Feb 10 13:19:32.196022 n-d-821840-4 neutron-server[103785]: DEBUG neutron.pecan_wsgi.hooks.policy_enforcement [req-211e57a5-71c4-4c7d-ba58-869b5c217987 req-434afbdb-fd05-40af-97fe-a4891e557138 tempest-DeleteServersAdminTestJSON-1407545654 tempest-DeleteServersAdminTestJSON-1407545654-project] Attributes excluded by policy engine: ['standard_attr_id', 'binding:profile', 'binding:host_id', 'binding:vif_type', 'binding:vif_details'] {{(pid=103785) _exclude_attributes_by_policy /opt/stack/neutron/neutron/pecan_wsgi/hooks/policy_enforcement.py:255}}
Feb 10 13:19:32.197759 n-d-821840-4 neutron-server[103785]: INFO neutron.wsgi [req-211e57a5-71c4-4c7d-ba58-869b5c217987 req-434afbdb-fd05-40af-97fe-a4891e557138 tempest-DeleteServersAdminTestJSON-1407545654 tempest-DeleteServersAdminTestJSON-1407545654-project] 10.222.0.37 "GET /v2.0/ports?device_id=e534b677-e209-40f0-84c8-5fc59cb78bfc HTTP/1.1" status: 200 len: 950 time: 0.1677644
Feb 10 13:19:32.226776 n-d-821840-4 neutron-server[103784]: DEBUG neutron.plugins.ml2.plugin [req-e7466caa-588a-4850-ae58-45f236a2f88c req-b7e5a02b-234f-454a-844f-a73f4d70b260 tempest-DeleteServersAdminTestJSON-1790932071 tempest-DeleteServersAdminTestJSON-1790932071-project-admin] Deleting port 895def88-7ca9-47f2-b37f-9603e28a8534 {{(pid=103784) _pre_delete_port /opt/stack/neutron/neutron/plugins/ml2/plugin.py:1978}}
Feb 10 13:19:32.227364 n-d-821840-4 neutron-server[103784]: DEBUG neutron_lib.callbacks.manager [req-e7466caa-588a-4850-ae58-45f236a2f88c req-b7e5a02b-234f-454a-844f-a73f4d70b260 tempest-DeleteServersAdminTestJSON-1790932071 tempest-DeleteServersAdminTestJSON-1790932071-project-admin] Publish callbacks ['neutron.db.l3_db.L3_NAT_dbonly_mixin._prevent_l3_port_delete_callback-8793754406539'] for port (895def88-7ca9-47f2-b37f-9603e28a8534), before_delete {{(pid=103784) _notify_loop /usr/local/lib/python3.8/dist-packages/neutron_lib/callbacks/manager.py:176}}
Feb 10 13:19:32.306322 n-d-821840-4 neutron-server[103785]: INFO neutron.wsgi [req-211e57a5-71c4-4c7d-ba58-869b5c217987 req-65817acf-77af-4bb2-a6d9-334cbf6b79dc tempest-DeleteServersAdminTestJSON-1407545654 tempest-DeleteServersAdminTestJSON-1407545654-project] 10.222.0.37 "GET /v2.0/security-groups?id=000e650c-139c-4e5a-8d14-22f29a982100&fields=id&fields=name HTTP/1.1" status: 200 len: 286 time: 0.0978756
Feb 10 13:19:32.308267 n-d-821840-4 neutron-server[103785]: DEBUG neutron_lib.callbacks.manager [req-ccecdd71-e828-4eb2-865d-f053dbe37058 req-f14965e7-23ba-46d9-905f-e9f06dc6c90c tempest-AggregatesAdminTestJSON-937146026 tempest-AggregatesAdminTestJSON-937146026-project] Publish callbacks ['neutron.plugins.ml2.plugin.SecurityGroupServerNotifierRpcMixin._notify_sg_on_port_change-4001834', 'neutron.plugins.ml2.ovo_rpc._ObjectChangeHandler.handle_event-93787', 'neutron.api.rpc.agentnotifiers.dhcp_rpc_agent_api.DhcpAgentNotifyAPI._native_event_send_dhcp_notification-549049', 'neutron.db.l3_db.L3RpcNotifierMixin._notify_routers_callback-8793754409710', 'neutron.db.l3_dvrscheduler_db._notify_port_delete-8793753987777'] for port (87d976ad-6b94-41a1-9033-b53d3895c043), after_delete {{(pid=103785) _notify_loop /usr/local/lib/python3.8/dist-packages/neutron_lib/callbacks/manager.py:176}}
Feb 10 13:19:32.328687 n-d-821840-4 neutron-server[103786]: DEBUG neutron.plugins.ml2.db [None req-6a93e780-7e1f-496c-88cd-01a895813eb0 None None] get_ports_and_sgs() called for port_ids ['87d976ad-6b94-41a1-9033-b53d3895c043'] {{(pid=103786) get_ports_and_sgs /opt/stack/neutron/neutron/plugins/ml2/db.py:156}}
Feb 10 13:19:32.360251 n-d-821840-4 neutron-server[103784]: DEBUG neutron.plugins.ml2.db [req-e7466caa-588a-4850-ae58-45f236a2f88c req-b7e5a02b-234f-454a-844f-a73f4d70b260 tempest-DeleteServersAdminTestJSON-1790932071 tempest-DeleteServersAdminTestJSON-1790932071-project-admin] For port 895def88-7ca9-47f2-b37f-9603e28a8534, host n-h1-821840-4, got binding levels [PortBindingLevel(driver='hyperv',host='n-h1-821840-4',level=0,port_id=895def88-7ca9-47f2-b37f-9603e28a8534,segment=NetworkSegment(bf0418a7-374d-4f9a-a452-0079756241ec),segment_id=bf0418a7-374d-4f9a-a452-0079756241ec)] {{(pid=103784) get_binding_level_objs /opt/stack/neutron/neutron/plugins/ml2/db.py:74}}
Feb 10 13:19:32.360901 n-d-821840-4 neutron-server[103784]: DEBUG neutron_lib.callbacks.manager [req-e7466caa-588a-4850-ae58-45f236a2f88c req-b7e5a02b-234f-454a-844f-a73f4d70b260 tempest-DeleteServersAdminTestJSON-1790932071 tempest-DeleteServersAdminTestJSON-1790932071-project-admin] Publish callbacks ['neutron.services.l3_router.l3_router_plugin.L3_NAT_dbonly_mixin._precommit_delete_port_callback-920267'] for port (895def88-7ca9-47f2-b37f-9603e28a8534), precommit_delete {{(pid=103784) _notify_loop /usr/local/lib/python3.8/dist-packages/neutron_lib/callbacks/manager.py:176}}
Feb 10 13:19:32.385002 n-d-821840-4 neutron-server[103784]: DEBUG neutron.plugins.ml2.plugin [req-e7466caa-588a-4850-ae58-45f236a2f88c req-b7e5a02b-234f-454a-844f-a73f4d70b260 tempest-DeleteServersAdminTestJSON-1790932071 tempest-DeleteServersAdminTestJSON-1790932071-project-admin] Calling delete_port for 895def88-7ca9-47f2-b37f-9603e28a8534 owned by compute:nova {{(pid=103784) delete_port /opt/stack/neutron/neutron/plugins/ml2/plugin.py:2056}}
Feb 10 13:19:32.424082 n-d-821840-4 neutron-server[103786]: DEBUG neutron_lib.callbacks.manager [None req-c9db9e42-de7b-472d-9ab0-5427f7cc464a None None] Publish callbacks ['neutron.services.segments.db._update_segment_host_mapping_for_agent-8793754312358', 'neutron.plugins.ml2.plugin.Ml2Plugin._retry_binding_revived_agents-4049906'] for agent (bc637851-a7a2-4a9a-85d0-6bcffbb9bd34), after_update {{(pid=103786) _notify_loop /usr/local/lib/python3.8/dist-packages/neutron_lib/callbacks/manager.py:176}}
Feb 10 13:19:32.527570 n-d-821840-4 neutron-server[103785]: DEBUG neutron.api.rpc.handlers.resources_rpc [None req-f14965e7-23ba-46d9-905f-e9f06dc6c90c tempest-AggregatesAdminTestJSON-937146026 tempest-AggregatesAdminTestJSON-937146026-project] Pushing event deleted for resources: {'Port': ['ID=87d976ad-6b94-41a1-9033-b53d3895c043,revision_number=None']} {{(pid=103785) push /opt/stack/neutron/neutron/api/rpc/handlers/resources_rpc.py:237}}
Feb 10 13:19:32.531498 n-d-821840-4 neutron-server[103784]: DEBUG neutron.wsgi [-] (103784) accepted ('10.222.0.37', 52518) {{(pid=103784) server /usr/local/lib/python3.8/dist-packages/eventlet/wsgi.py:1004}}
Feb 10 13:19:32.585942 n-d-821840-4 neutron-server[103784]: DEBUG neutron_lib.callbacks.manager [None req-7fc666e1-6a38-4bd5-aace-c2cf860825f3 admin admin] Publish callbacks [] for security_group (None), before_create {{(pid=103784) _notify_loop /usr/local/lib/python3.8/dist-packages/neutron_lib/callbacks/manager.py:176}}
Feb 10 13:19:32.620629 n-d-821840-4 neutron-server[103785]: DEBUG neutron.db.l3_dvrscheduler_db [req-ccecdd71-e828-4eb2-865d-f053dbe37058 req-f14965e7-23ba-46d9-905f-e9f06dc6c90c tempest-AggregatesAdminTestJSON-937146026 tempest-AggregatesAdminTestJSON-937146026-project] No DVR routers for this DVR port 87d976ad-6b94-41a1-9033-b53d3895c043 on host n-h1-821840-4 {{(pid=103785) get_dvr_routers_to_remove /opt/stack/neutron/neutron/db/l3_dvrscheduler_db.py:214}}
Feb 10 13:19:32.662421 n-d-821840-4 neutron-server[103785]: DEBUG neutron_lib.callbacks.manager [req-ccecdd71-e828-4eb2-865d-f053dbe37058 req-f14965e7-23ba-46d9-905f-e9f06dc6c90c tempest-AggregatesAdminTestJSON-937146026 tempest-AggregatesAdminTestJSON-937146026-project] Publish callbacks ['neutron.notifiers.nova.Notifier._send_nova_notification-32850'] for port (None), before_response {{(pid=103785) _notify_loop /usr/local/lib/python3.8/dist-packages/neutron_lib/callbacks/manager.py:176}}
Feb 10 13:19:32.666292 n-d-821840-4 neutron-server[103785]: INFO neutron.wsgi [req-ccecdd71-e828-4eb2-865d-f053dbe37058 req-f14965e7-23ba-46d9-905f-e9f06dc6c90c tempest-AggregatesAdminTestJSON-937146026 tempest-AggregatesAdminTestJSON-937146026-project] 10.222.0.24 "DELETE /v2.0/ports/87d976ad-6b94-41a1-9033-b53d3895c043 HTTP/1.1" status: 204 len: 173 time: 1.3410780
Feb 10 13:19:32.670090 n-d-821840-4 neutron-server[103785]: INFO neutron.wsgi [req-eefe73f7-06ca-4221-a9c1-ce08af5be599 req-157115d6-a15f-4b5a-95b8-dba685362e6b tempest-AggregatesAdminTestJSON-937146026 tempest-AggregatesAdminTestJSON-937146026-project] 10.222.0.37 "GET /v2.0/ports?device_id=ced97f84-7d5a-4f2a-9dfe-d6276f52aa4b HTTP/1.1" status: 200 len: 210 time: 0.0899255
Feb 10 13:19:32.670882 n-d-821840-4 neutron-server[103785]: DEBUG neutron.notifiers.nova [-] Sending events: [{'server_uuid': 'ced97f84-7d5a-4f2a-9dfe-d6276f52aa4b', 'name': 'network-vif-deleted', 'tag': '87d976ad-6b94-41a1-9033-b53d3895c043'}] {{(pid=103785) send_events /opt/stack/neutron/neutron/notifiers/nova.py:271}}
Feb 10 13:19:32.673540 n-d-821840-4 neutron-server[103785]: DEBUG novaclient.v2.client [-] REQ: curl -g -i --cacert "/opt/stack/data/ca-bundle.pem" -X POST http://10.222.0.37/compute/v2.1/os-server-external-events -H "Accept: application/json" -H "Content-Type: application/json" -H "User-Agent: python-novaclient" -H "X-Auth-Token: {SHA256}05674c1c68dd040b7af3b0e2c245464a8efdcc1c8535975190c9e74e0c3f7c7b" -H "X-OpenStack-Nova-API-Version: 2.1" -H "X-OpenStack-Request-ID: req-ce0cc076-1417-436c-ad1f-a52a13f260bf" -d '{"events": [{"server_uuid": "ced97f84-7d5a-4f2a-9dfe-d6276f52aa4b", "name": "network-vif-deleted", "tag": "87d976ad-6b94-41a1-9033-b53d3895c043"}]}' {{(pid=103785) _http_log_request /usr/local/lib/python3.8/dist-packages/keystoneauth1/session.py:519}}
Feb 10 13:19:32.761025 n-d-821840-4 neutron-server[103785]: INFO neutron.wsgi [req-2556c65c-b631-46f0-b58d-cdb96c75b19a req-feafa464-894b-4704-9004-772fc97d4b24 tempest-MigrationsAdminTest-1176432851 tempest-MigrationsAdminTest-1176432851-project] 10.222.0.37 "GET /v2.0/ports?device_id=aebc3289-e9b2-41ca-8d59-15cd251efabd HTTP/1.1" status: 200 len: 210 time: 0.1006167
Feb 10 13:19:32.820315 n-d-821840-4 neutron-server[103785]: DEBUG novaclient.v2.client [-] RESP: [200] Connection: close Content-Length: 183 Content-Type: application/json Date: Thu, 10 Feb 2022 13:19:32 GMT OpenStack-API-Version: compute 2.1 Server: Apache/2.4.41 (Ubuntu) Vary: OpenStack-API-Version,X-OpenStack-Nova-API-Version X-OpenStack-Nova-API-Version: 2.1 x-compute-request-id: req-b41d8837-0d55-49dd-bf14-1842811656e0 x-openstack-request-id: req-b41d8837-0d55-49dd-bf14-1842811656e0 {{(pid=103785) _http_log_response /usr/local/lib/python3.8/dist-packages/keystoneauth1/session.py:550}}
Feb 10 13:19:32.821728 n-d-821840-4 neutron-server[103785]: DEBUG novaclient.v2.client [-] RESP BODY: {"events": [{"server_uuid": "ced97f84-7d5a-4f2a-9dfe-d6276f52aa4b", "name": "network-vif-deleted", "tag": "87d976ad-6b94-41a1-9033-b53d3895c043", "status": "completed", "code": 200}]} {{(pid=103785) _http_log_response /usr/local/lib/python3.8/dist-packages/keystoneauth1/session.py:582}}
Feb 10 13:19:32.822542 n-d-821840-4 neutron-server[103785]: DEBUG novaclient.v2.client [-] POST call to compute for http://10.222.0.37/compute/v2.1/os-server-external-events used request id req-b41d8837-0d55-49dd-bf14-1842811656e0 {{(pid=103785) request /usr/local/lib/python3.8/dist-packages/keystoneauth1/session.py:954}}
Feb 10 13:19:32.823057 n-d-821840-4 neutron-server[103785]: INFO neutron.notifiers.nova [-] Nova event response: {'server_uuid': 'ced97f84-7d5a-4f2a-9dfe-d6276f52aa4b', 'name': 'network-vif-deleted', 'tag': '87d976ad-6b94-41a1-9033-b53d3895c043', 'status': 'completed', 'code': 200}
Feb 10 13:19:33.013112 n-d-821840-4 neutron-server[103786]: DEBUG neutron_lib.callbacks.manager [None req-6a93e780-7e1f-496c-88cd-01a895813eb0 None None] Publish callbacks ['neutron.services.segments.db._update_segment_host_mapping_for_agent-8793754312358', 'neutron.plugins.ml2.plugin.Ml2Plugin._retry_binding_revived_agents-4049906'] for agent (7996801f-a58a-4fa7-b2d6-20f396d7d28d), after_update {{(pid=103786) _notify_loop /usr/local/lib/python3.8/dist-packages/neutron_lib/callbacks/manager.py:176}}
Feb 10 13:19:33.041904 n-d-821840-4 neutron-server[103784]: DEBUG neutron_lib.callbacks.manager [None req-7fc666e1-6a38-4bd5-aace-c2cf860825f3 admin admin] Publish callbacks [] for security_group (abe7ec7e-40dc-448c-8bde-e421929648ae), precommit_create {{(pid=103784) _notify_loop /usr/local/lib/python3.8/dist-packages/neutron_lib/callbacks/manager.py:176}}
Feb 10 13:19:33.116469 n-d-821840-4 neutron-server[103784]: DEBUG neutron_lib.callbacks.manager [None req-7fc666e1-6a38-4bd5-aace-c2cf860825f3 admin admin] Publish callbacks ['neutron.plugins.ml2.ovo_rpc._ObjectChangeHandler.handle_event-560409'] for security_group (abe7ec7e-40dc-448c-8bde-e421929648ae), after_create {{(pid=103784) _notify_loop /usr/local/lib/python3.8/dist-packages/neutron_lib/callbacks/manager.py:176}}
Feb 10 13:19:33.123016 n-d-821840-4 neutron-server[103784]: DEBUG neutron_lib.callbacks.manager [req-e7466caa-588a-4850-ae58-45f236a2f88c req-b7e5a02b-234f-454a-844f-a73f4d70b260 tempest-DeleteServersAdminTestJSON-1790932071 tempest-DeleteServersAdminTestJSON-1790932071-project-admin] Publish callbacks ['neutron.plugins.ml2.plugin.SecurityGroupServerNotifierRpcMixin._notify_sg_on_port_change-4001834', 'neutron.plugins.ml2.ovo_rpc._ObjectChangeHandler.handle_event-93787', 'neutron.api.rpc.agentnotifiers.dhcp_rpc_agent_api.DhcpAgentNotifyAPI._native_event_send_dhcp_notification-549049', 'neutron.db.l3_db.L3RpcNotifierMixin._notify_routers_callback-8793754409710', 'neutron.db.l3_dvrscheduler_db._notify_port_delete-8793753987777'] for port (895def88-7ca9-47f2-b37f-9603e28a8534), after_delete {{(pid=103784) _notify_loop /usr/local/lib/python3.8/dist-packages/neutron_lib/callbacks/manager.py:176}}
Feb 10 13:19:33.142771 n-d-821840-4 neutron-server[103786]: DEBUG neutron.plugins.ml2.db [None req-6a93e780-7e1f-496c-88cd-01a895813eb0 None None] get_ports_and_sgs() called for port_ids ['895def88-7ca9-47f2-b37f-9603e28a8534'] {{(pid=103786) get_ports_and_sgs /opt/stack/neutron/neutron/plugins/ml2/db.py:156}}
Feb 10 13:19:33.192424 n-d-821840-4 neutron-server[103784]: DEBUG neutron.api.rpc.handlers.resources_rpc [None req-b7e5a02b-234f-454a-844f-a73f4d70b260 tempest-DeleteServersAdminTestJSON-1790932071 tempest-DeleteServersAdminTestJSON-1790932071-project-admin] Pushing event deleted for resources: {'Port': ['ID=895def88-7ca9-47f2-b37f-9603e28a8534,revision_number=None']} {{(pid=103784) push /opt/stack/neutron/neutron/api/rpc/handlers/resources_rpc.py:237}}
Feb 10 13:19:33.204018 n-d-821840-4 neutron-server[103785]: DEBUG neutron.wsgi [-] (103785) accepted ('10.222.0.37', 52538) {{(pid=103785) server /usr/local/lib/python3.8/dist-packages/eventlet/wsgi.py:1004}}
Feb 10 13:19:33.204798 n-d-821840-4 neutron-server[103784]: INFO neutron.wsgi [None req-7fc666e1-6a38-4bd5-aace-c2cf860825f3 admin admin] 10.222.0.37 "GET /v2.0/security-groups?tenant_id=2ad6d2214a38446c8c5660ecac0ca614&name=default HTTP/1.1" status: 200 len: 2996 time: 0.6721408
Feb 10 13:19:33.209760 n-d-821840-4 neutron-server[103784]: DEBUG neutron.api.rpc.handlers.resources_rpc [None req-7fc666e1-6a38-4bd5-aace-c2cf860825f3 admin admin] Pushing event updated for resources: {'SecurityGroup': ['ID=abe7ec7e-40dc-448c-8bde-e421929648ae,revision_number=1']} {{(pid=103784) push /opt/stack/neutron/neutron/api/rpc/handlers/resources_rpc.py:237}}
Feb 10 13:19:33.282511 n-d-821840-4 neutron-server[103784]: DEBUG neutron.db.l3_dvrscheduler_db [req-e7466caa-588a-4850-ae58-45f236a2f88c req-b7e5a02b-234f-454a-844f-a73f4d70b260 tempest-DeleteServersAdminTestJSON-1790932071 tempest-DeleteServersAdminTestJSON-1790932071-project-admin] No DVR routers for this DVR port 895def88-7ca9-47f2-b37f-9603e28a8534 on host n-h1-821840-4 {{(pid=103784) get_dvr_routers_to_remove /opt/stack/neutron/neutron/db/l3_dvrscheduler_db.py:214}}
Feb 10 13:19:33.295478 n-d-821840-4 neutron-server[103784]: DEBUG neutron_lib.callbacks.manager [req-e7466caa-588a-4850-ae58-45f236a2f88c req-b7e5a02b-234f-454a-844f-a73f4d70b260 tempest-DeleteServersAdminTestJSON-1790932071 tempest-DeleteServersAdminTestJSON-1790932071-project-admin] Publish callbacks ['neutron.notifiers.nova.Notifier._send_nova_notification-32850'] for port (None), before_response {{(pid=103784) _notify_loop /usr/local/lib/python3.8/dist-packages/neutron_lib/callbacks/manager.py:176}}
Feb 10 13:19:33.312176 n-d-821840-4 neutron-server[103784]: INFO neutron.wsgi [req-e7466caa-588a-4850-ae58-45f236a2f88c req-b7e5a02b-234f-454a-844f-a73f4d70b260 tempest-DeleteServersAdminTestJSON-1790932071 tempest-DeleteServersAdminTestJSON-1790932071-project-admin] 10.222.0.24 "DELETE /v2.0/ports/895def88-7ca9-47f2-b37f-9603e28a8534 HTTP/1.1" status: 204 len: 173 time: 1.2075448
Feb 10 13:19:33.313073 n-d-821840-4 neutron-server[103784]: DEBUG neutron.notifiers.nova [-] Sending events: [{'server_uuid': 'e534b677-e209-40f0-84c8-5fc59cb78bfc', 'name': 'network-vif-deleted', 'tag': '895def88-7ca9-47f2-b37f-9603e28a8534'}] {{(pid=103784) send_events /opt/stack/neutron/neutron/notifiers/nova.py:271}}
Feb 10 13:19:33.325239 n-d-821840-4 neutron-server[103784]: DEBUG novaclient.v2.client [-] REQ: curl -g -i --cacert "/opt/stack/data/ca-bundle.pem" -X POST http://10.222.0.37/compute/v2.1/os-server-external-events -H "Accept: application/json" -H "Content-Type: application/json" -H "User-Agent: python-novaclient" -H "X-Auth-Token: {SHA256}c2207dd74d56267edcba320ac3d6f4613210bdfb0cac225a6a578323465d9d55" -H "X-OpenStack-Nova-API-Version: 2.1" -H "X-OpenStack-Request-ID: req-c8c21eeb-0222-445c-9ce4-9c96092a90b4" -d '{"events": [{"server_uuid": "e534b677-e209-40f0-84c8-5fc59cb78bfc", "name": "network-vif-deleted", "tag": "895def88-7ca9-47f2-b37f-9603e28a8534"}]}' {{(pid=103784) _http_log_request /usr/local/lib/python3.8/dist-packages/keystoneauth1/session.py:519}}
Feb 10 13:19:33.418674 n-d-821840-4 neutron-server[103784]: DEBUG novaclient.v2.client [-] RESP: [200] Connection: close Content-Length: 183 Content-Type: application/json Date: Thu, 10 Feb 2022 13:19:33 GMT OpenStack-API-Version: compute 2.1 Server: Apache/2.4.41 (Ubuntu) Vary: OpenStack-API-Version,X-OpenStack-Nova-API-Version X-OpenStack-Nova-API-Version: 2.1 x-compute-request-id: req-f74d468e-ac67-4534-a2d8-284fc71d589d x-openstack-request-id: req-f74d468e-ac67-4534-a2d8-284fc71d589d {{(pid=103784) _http_log_response /usr/local/lib/python3.8/dist-packages/keystoneauth1/session.py:550}}
Feb 10 13:19:33.419355 n-d-821840-4 neutron-server[103784]: DEBUG novaclient.v2.client [-] RESP BODY: {"events": [{"server_uuid": "e534b677-e209-40f0-84c8-5fc59cb78bfc", "name": "network-vif-deleted", "tag": "895def88-7ca9-47f2-b37f-9603e28a8534", "status": "completed", "code": 200}]} {{(pid=103784) _http_log_response /usr/local/lib/python3.8/dist-packages/keystoneauth1/session.py:582}}
Feb 10 13:19:33.419934 n-d-821840-4 neutron-server[103784]: DEBUG novaclient.v2.client [-] POST call to compute for http://10.222.0.37/compute/v2.1/os-server-external-events used request id req-f74d468e-ac67-4534-a2d8-284fc71d589d {{(pid=103784) request /usr/local/lib/python3.8/dist-packages/keystoneauth1/session.py:954}}
Feb 10 13:19:33.420577 n-d-821840-4 neutron-server[103784]: INFO neutron.notifiers.nova [-] Nova event response: {'server_uuid': 'e534b677-e209-40f0-84c8-5fc59cb78bfc', 'name': 'network-vif-deleted', 'tag': '895def88-7ca9-47f2-b37f-9603e28a8534', 'status': 'completed', 'code': 200}
Feb 10 13:19:33.447926 n-d-821840-4 neutron-server[103785]: DEBUG neutron_lib.callbacks.manager [None req-d07c2542-6771-4290-a4af-64b3d3b45de5 admin admin] Publish callbacks [] for security_group (abe7ec7e-40dc-448c-8bde-e421929648ae), before_delete {{(pid=103785) _notify_loop /usr/local/lib/python3.8/dist-packages/neutron_lib/callbacks/manager.py:176}}
Feb 10 13:19:33.566996 n-d-821840-4 neutron-server[103785]: DEBUG neutron_lib.callbacks.manager [None req-d07c2542-6771-4290-a4af-64b3d3b45de5 admin admin] Publish callbacks [] for security_group (abe7ec7e-40dc-448c-8bde-e421929648ae), precommit_delete {{(pid=103785) _notify_loop /usr/local/lib/python3.8/dist-packages/neutron_lib/callbacks/manager.py:176}}
Feb 10 13:19:33.691095 n-d-821840-4 neutron-server[103785]: INFO neutron.wsgi [req-73501694-c81c-4192-a617-40dec15617b5 req-696b3e5a-6e95-442d-baf9-c7e188fa2f56 tempest-DeleteServersAdminTestJSON-1407545654 tempest-DeleteServersAdminTestJSON-1407545654-project] 10.222.0.37 "GET /v2.0/ports?device_id=e534b677-e209-40f0-84c8-5fc59cb78bfc HTTP/1.1" status: 200 len: 210 time: 0.1219022
Feb 10 13:19:33.758246 n-d-821840-4 neutron-server[103786]: DEBUG neutron_lib.callbacks.manager [None req-99083c8f-adec-49c7-ba29-d678fd6cdfe8 None None] Publish callbacks ['neutron.services.segments.db._update_segment_host_mapping_for_agent-8793754312358', 'neutron.plugins.ml2.plugin.Ml2Plugin._retry_binding_revived_agents-4049906'] for agent (c3195493-7fad-45e6-a786-fb6c6f8232d2), after_update {{(pid=103786) _notify_loop /usr/local/lib/python3.8/dist-packages/neutron_lib/callbacks/manager.py:176}}
Feb 10 13:19:33.866234 n-d-821840-4 neutron-server[103786]: DEBUG neutron_lib.callbacks.manager [None req-cdeb5267-5808-4c65-9612-9205ee64a7a6 None None] Publish callbacks ['neutron.services.segments.db._update_segment_host_mapping_for_agent-8793754312358', 'neutron.plugins.ml2.plugin.Ml2Plugin._retry_binding_revived_agents-4049906'] for agent (1ade11ec-cc0e-4f26-a0c4-fa3eeb9605f2), after_update {{(pid=103786) _notify_loop /usr/local/lib/python3.8/dist-packages/neutron_lib/callbacks/manager.py:176}}
Feb 10 13:19:33.946005 n-d-821840-4 neutron-server[103785]: INFO neutron.wsgi [req-0b7c3ee0-9e19-4fc8-88b7-8dd3ede15741 req-aadbfd07-ceb7-45d3-9dce-658d2ed2d1b7 tempest-MigrationsAdminTest-1176432851 tempest-MigrationsAdminTest-1176432851-project] 10.222.0.37 "GET /v2.0/ports?device_id=aebc3289-e9b2-41ca-8d59-15cd251efabd HTTP/1.1" status: 200 len: 210 time: 0.0633168
Feb 10 13:19:34.139534 n-d-821840-4 neutron-server[103785]: DEBUG neutron_lib.callbacks.manager [None req-d07c2542-6771-4290-a4af-64b3d3b45de5 admin admin] Publish callbacks ['neutron.plugins.ml2.ovo_rpc._ObjectChangeHandler.handle_event-560409'] for security_group (abe7ec7e-40dc-448c-8bde-e421929648ae), after_delete {{(pid=103785) _notify_loop /usr/local/lib/python3.8/dist-packages/neutron_lib/callbacks/manager.py:176}}
Feb 10 13:19:34.142509 n-d-821840-4 neutron-server[103785]: DEBUG neutron_lib.callbacks.manager [None req-d07c2542-6771-4290-a4af-64b3d3b45de5 admin admin] Publish callbacks [] for security_group (None), before_response {{(pid=103785) _notify_loop /usr/local/lib/python3.8/dist-packages/neutron_lib/callbacks/manager.py:176}}
Feb 10 13:19:34.146046 n-d-821840-4 neutron-server[103785]: INFO neutron.wsgi [None req-d07c2542-6771-4290-a4af-64b3d3b45de5 admin admin] 10.222.0.37 "DELETE /v2.0/security-groups/abe7ec7e-40dc-448c-8bde-e421929648ae HTTP/1.1" status: 204 len: 168 time: 0.9385793
Feb 10 13:19:34.146189 n-d-821840-4 neutron-server[103785]: INFO neutron.wsgi [req-8552c9a5-c74f-4ddc-8cee-03f3842f0a52 req-b35dda56-3db6-4beb-a011-0b14e29960c3 tempest-AggregatesAdminTestJSON-937146026 tempest-AggregatesAdminTestJSON-937146026-project] 10.222.0.37 "GET /v2.0/ports?device_id=ced97f84-7d5a-4f2a-9dfe-d6276f52aa4b HTTP/1.1" status: 200 len: 210 time: 0.2502136
Feb 10 13:19:34.156486 n-d-821840-4 neutron-server[103785]: DEBUG neutron.api.rpc.handlers.resources_rpc [None req-d07c2542-6771-4290-a4af-64b3d3b45de5 admin admin] Pushing event deleted for resources: {'SecurityGroup': ['ID=abe7ec7e-40dc-448c-8bde-e421929648ae,revision_number=None']} {{(pid=103785) push /opt/stack/neutron/neutron/api/rpc/handlers/resources_rpc.py:237}}
Feb 10 13:19:35.133837 n-d-821840-4 neutron-server[103785]: INFO neutron.wsgi [req-c8cab4a1-5a2f-4b36-a660-3f7345649e17 req-d51469c2-bef1-4f56-b781-8bcc95b533d5 tempest-MigrationsAdminTest-1176432851 tempest-MigrationsAdminTest-1176432851-project] 10.222.0.37 "GET /v2.0/ports?device_id=aebc3289-e9b2-41ca-8d59-15cd251efabd HTTP/1.1" status: 200 len: 210 time: 0.0737824
Feb 10 13:19:35.161533 n-d-821840-4 neutron-server[103786]: DEBUG neutron_lib.callbacks.manager [None req-b1e4e32e-507f-440d-b7fe-197e06c8478c None None] Publish callbacks ['neutron.services.segments.db._update_segment_host_mapping_for_agent-8793754312358', 'neutron.plugins.ml2.plugin.Ml2Plugin._retry_binding_revived_agents-4049906'] for agent (e78bd58d-be30-476b-8a54-3ef4f3b4bfac), after_update {{(pid=103786) _notify_loop /usr/local/lib/python3.8/dist-packages/neutron_lib/callbacks/manager.py:176}}
Feb 10 13:19:35.273581 n-d-821840-4 neutron-server[103785]: INFO neutron.wsgi [req-ed66aac0-bc8d-42f1-a2cd-be229e5d8904 req-1ed7ed1a-9992-4f48-a53e-238cc99b2589 tempest-DeleteServersAdminTestJSON-1407545654 tempest-DeleteServersAdminTestJSON-1407545654-project] 10.222.0.37 "GET /v2.0/networks?tenant_id=69da34dec968431fb75ccda86ba68fa8&shared=False HTTP/1.1" status: 200 len: 213 time: 0.0509536
Feb 10 13:19:35.409847 n-d-821840-4 neutron-server[103785]: DEBUG neutron.pecan_wsgi.hooks.policy_enforcement [req-ed66aac0-bc8d-42f1-a2cd-be229e5d8904 req-c2f34c9c-b06d-4510-bbc2-cfca483f58ba tempest-DeleteServersAdminTestJSON-1407545654 tempest-DeleteServersAdminTestJSON-1407545654-project] Attributes excluded by policy engine: ['standard_attr_id', 'vlan_transparent', 'provider:network_type', 'provider:physical_network', 'provider:segmentation_id'] {{(pid=103785) _exclude_attributes_by_policy /opt/stack/neutron/neutron/pecan_wsgi/hooks/policy_enforcement.py:255}}
Feb 10 13:19:35.411483 n-d-821840-4 neutron-server[103785]: INFO neutron.wsgi [req-ed66aac0-bc8d-42f1-a2cd-be229e5d8904 req-c2f34c9c-b06d-4510-bbc2-cfca483f58ba tempest-DeleteServersAdminTestJSON-1407545654 tempest-DeleteServersAdminTestJSON-1407545654-project] 10.222.0.37 "GET /v2.0/networks?shared=True HTTP/1.1" status: 200 len: 769 time: 0.1371295
Feb 10 13:19:35.437523 n-d-821840-4 neutron-server[103785]: INFO neutron.wsgi [req-ed66aac0-bc8d-42f1-a2cd-be229e5d8904 req-c5862b5a-55b4-415f-81bc-ea25747c3917 tempest-DeleteServersAdminTestJSON-1407545654 tempest-DeleteServersAdminTestJSON-1407545654-project] 10.222.0.37 "GET /v2.0/quotas/69da34dec968431fb75ccda86ba68fa8 HTTP/1.1" status: 200 len: 375 time: 0.0179005
Feb 10 13:19:35.477952 n-d-821840-4 neutron-server[103785]: INFO neutron.wsgi [req-ed66aac0-bc8d-42f1-a2cd-be229e5d8904 req-33812269-438c-4841-ae73-9742e40935a7 tempest-DeleteServersAdminTestJSON-1407545654 tempest-DeleteServersAdminTestJSON-1407545654-project] 10.222.0.37 "GET /v2.0/ports?tenant_id=69da34dec968431fb75ccda86ba68fa8&fields=id HTTP/1.1" status: 200 len: 210 time: 0.0366936
Feb 10 13:19:35.704101 n-d-821840-4 neutron-server[103786]: DEBUG neutron.plugins.ml2.rpc [None req-6a93e780-7e1f-496c-88cd-01a895813eb0 None None] Device 87d976ad-6b94-41a1-9033-b53d3895c043 no longer exists at agent hyperv_n-h1-821840-4 {{(pid=103786) update_device_down /opt/stack/neutron/neutron/plugins/ml2/rpc.py:259}}
Feb 10 13:19:35.777350 n-d-821840-4 neutron-server[103786]: DEBUG neutron.plugins.ml2.plugin [None req-6a93e780-7e1f-496c-88cd-01a895813eb0 None None] No Port match for: 87d976ad-6b94-41a1-9033-b53d3895c043 {{(pid=103786) port_bound_to_host /opt/stack/neutron/neutron/plugins/ml2/plugin.py:2316}}
Feb 10 13:19:35.777976 n-d-821840-4 neutron-server[103786]: DEBUG neutron.plugins.ml2.rpc [None req-6a93e780-7e1f-496c-88cd-01a895813eb0 None None] Device 87d976ad-6b94-41a1-9033-b53d3895c043 not bound to the agent host n-h1-821840-4 {{(pid=103786) update_device_down /opt/stack/neutron/neutron/plugins/ml2/rpc.py:269}}
Feb 10 13:19:35.780018 n-d-821840-4 neutron-server[103786]: DEBUG neutron.plugins.ml2.rpc [None req-6a93e780-7e1f-496c-88cd-01a895813eb0 None None] Device 895def88-7ca9-47f2-b37f-9603e28a8534 no longer exists at agent hyperv_n-h1-821840-4 {{(pid=103786) update_device_down /opt/stack/neutron/neutron/plugins/ml2/rpc.py:259}}
Feb 10 13:19:35.861557 n-d-821840-4 neutron-server[103786]: DEBUG neutron.plugins.ml2.plugin [None req-6a93e780-7e1f-496c-88cd-01a895813eb0 None None] No Port match for: 895def88-7ca9-47f2-b37f-9603e28a8534 {{(pid=103786) port_bound_to_host /opt/stack/neutron/neutron/plugins/ml2/plugin.py:2316}}
Feb 10 13:19:35.864937 n-d-821840-4 neutron-server[103786]: DEBUG neutron.plugins.ml2.rpc [None req-6a93e780-7e1f-496c-88cd-01a895813eb0 None None] Device 895def88-7ca9-47f2-b37f-9603e28a8534 not bound to the agent host n-h1-821840-4 {{(pid=103786) update_device_down /opt/stack/neutron/neutron/plugins/ml2/rpc.py:269}}
Feb 10 13:19:35.950978 n-d-821840-4 neutron-server[103785]: INFO neutron.wsgi [req-a4c9661e-1f80-4251-8b03-fb6221080705 req-9ca0b46c-fd0d-456f-8641-8e4d5b6c530d tempest-DeleteServersAdminTestJSON-1407545654 tempest-DeleteServersAdminTestJSON-1407545654-project] 10.222.0.37 "GET /v2.0/ports?device_id=4c6de1a3-27eb-42e8-815b-1b61cc54598d HTTP/1.1" status: 200 len: 210 time: 0.0651546
Feb 10 13:19:35.995978 n-d-821840-4 neutron-server[103784]: DEBUG neutron.wsgi [-] (103784) accepted ('10.222.0.37', 52646) {{(pid=103784) server /usr/local/lib/python3.8/dist-packages/eventlet/wsgi.py:1004}}
Feb 10 13:19:36.007746 n-d-821840-4 neutron-server[103784]: DEBUG neutron.wsgi [-] (103784) accepted ('10.222.0.60', 50639) {{(pid=103784) server /usr/local/lib/python3.8/dist-packages/eventlet/wsgi.py:1004}}
Feb 10 13:19:36.100713 n-d-821840-4 neutron-server[103784]: INFO neutron.wsgi [req-a1c9e6ac-7bd3-4106-8969-9b2137f6ecaa req-779ab225-451f-44c4-a912-36340b641ffc tempest-MigrationsAdminTest-1176432851 tempest-MigrationsAdminTest-1176432851-project] 10.222.0.60 "GET /v2.0/networks?tenant_id=73c1627919c44098a372a206bdd0ebe7&shared=False HTTP/1.1" status: 200 len: 213 time: 0.0863991
Feb 10 13:19:36.349925 n-d-821840-4 neutron-server[103785]: INFO neutron.wsgi [req-c011ef41-e53a-4031-b321-60eb88122d35 req-1604fd88-b87e-405c-ad0a-90f45076536a tempest-MigrationsAdminTest-1176432851 tempest-MigrationsAdminTest-1176432851-project] 10.222.0.37 "GET /v2.0/ports?device_id=aebc3289-e9b2-41ca-8d59-15cd251efabd HTTP/1.1" status: 200 len: 210 time: 0.0994444
Feb 10 13:19:36.397183 n-d-821840-4 neutron-server[103784]: DEBUG neutron.pecan_wsgi.hooks.policy_enforcement [req-a1c9e6ac-7bd3-4106-8969-9b2137f6ecaa req-9ab5ed5f-0828-42c5-b50e-fa8f95e8907c tempest-MigrationsAdminTest-1176432851 tempest-MigrationsAdminTest-1176432851-project] Attributes excluded by policy engine: ['standard_attr_id', 'vlan_transparent', 'provider:network_type', 'provider:physical_network', 'provider:segmentation_id'] {{(pid=103784) _exclude_attributes_by_policy /opt/stack/neutron/neutron/pecan_wsgi/hooks/policy_enforcement.py:255}}
Feb 10 13:19:36.398796 n-d-821840-4 neutron-server[103784]: INFO neutron.wsgi [req-a1c9e6ac-7bd3-4106-8969-9b2137f6ecaa req-9ab5ed5f-0828-42c5-b50e-fa8f95e8907c tempest-MigrationsAdminTest-1176432851 tempest-MigrationsAdminTest-1176432851-project] 10.222.0.60 "GET /v2.0/networks?shared=True HTTP/1.1" status: 200 len: 769 time: 0.2920918
Feb 10 13:19:36.428305 n-d-821840-4 neutron-server[103784]: DEBUG neutron_lib.callbacks.manager [None req-1b90e5f9-e273-4246-8916-155fb6d0fe1e admin admin] Publish callbacks [] for security_group (None), before_create {{(pid=103784) _notify_loop /usr/local/lib/python3.8/dist-packages/neutron_lib/callbacks/manager.py:176}}
Feb 10 13:19:36.690257 n-d-821840-4 neutron-server[103784]: DEBUG neutron_lib.callbacks.manager [None req-1b90e5f9-e273-4246-8916-155fb6d0fe1e admin admin] Publish callbacks [] for security_group (18832e01-aa2c-4f93-911f-af0f641c6023), precommit_create {{(pid=103784) _notify_loop /usr/local/lib/python3.8/dist-packages/neutron_lib/callbacks/manager.py:176}}
Feb 10 13:19:36.701478 n-d-821840-4 neutron-server[103784]: DEBUG neutron.api.v2.base [req-a1c9e6ac-7bd3-4106-8969-9b2137f6ecaa req-3547db12-c348-4963-bb96-d7ce379963ab tempest-MigrationsAdminTest-1176432851 tempest-MigrationsAdminTest-1176432851-project] Request body: {'port': {'device_id': 'aebc3289-e9b2-41ca-8d59-15cd251efabd', 'network_id': '882c3bf1-12e1-42ae-969f-f0f1fc7b6c59', 'admin_state_up': True, 'tenant_id': '73c1627919c44098a372a206bdd0ebe7'}} {{(pid=103784) prepare_request_body /opt/stack/neutron/neutron/api/v2/base.py:729}}
