Dec 15 13:45:00.984678 n-d-821840-1 devstack@placement-api.service[110249]: [pid: 110249|app: 0|req: 123/247] 10.222.0.86 () {60 vars in 1506 bytes} [Wed Dec 15 13:45:00 2021] GET /placement/allocation_candidates?limit=1000&resources=DISK_GB%3A1%2CMEMORY_MB%3A1024%2CVCPU%3A1&root_required=%21COMPUTE_STATUS_DISABLED => generated 1309 bytes in 194 msecs (HTTP/1.1 200) 8 headers in 297 bytes (1 switches on core 0)
Dec 15 13:45:01.081314 n-d-821840-1 devstack@placement-api.service[110250]: DEBUG placement.requestlog [req-e7b9b207-28b7-493a-b0c7-975b31d819fc req-0fc69842-4ae8-4e7f-88c3-64cf40a04ef8 None None] Starting request: 10.222.0.86 "GET /placement/allocations/623aea62-ca4a-4555-9fed-e7954c1f7cc6" {{(pid=110250) __call__ /opt/stack/placement/placement/requestlog.py:55}}
Dec 15 13:45:01.108940 n-d-821840-1 devstack@placement-api.service[110250]: INFO placement.requestlog [req-e7b9b207-28b7-493a-b0c7-975b31d819fc req-0fc69842-4ae8-4e7f-88c3-64cf40a04ef8 service placement] 10.222.0.86 "GET /placement/allocations/623aea62-ca4a-4555-9fed-e7954c1f7cc6" status: 200 len: 19 microversion: 1.28
Dec 15 13:45:01.109374 n-d-821840-1 devstack@placement-api.service[110250]: [pid: 110250|app: 0|req: 125/248] 10.222.0.86 () {60 vars in 1380 bytes} [Wed Dec 15 13:45:01 2021] GET /placement/allocations/623aea62-ca4a-4555-9fed-e7954c1f7cc6 => generated 19 bytes in 29 msecs (HTTP/1.1 200) 8 headers in 295 bytes (1 switches on core 0)
Dec 15 13:45:01.116637 n-d-821840-1 devstack@placement-api.service[110249]: DEBUG placement.requestlog [req-e7b9b207-28b7-493a-b0c7-975b31d819fc req-7f606387-02c8-43a2-bd30-ade36d4faced None None] Starting request: 10.222.0.86 "PUT /placement/allocations/623aea62-ca4a-4555-9fed-e7954c1f7cc6" {{(pid=110249) __call__ /opt/stack/placement/placement/requestlog.py:55}}
Dec 15 13:45:01.231161 n-d-821840-1 devstack@placement-api.service[110249]: DEBUG placement.handlers.allocation [req-e7b9b207-28b7-493a-b0c7-975b31d819fc req-7f606387-02c8-43a2-bd30-ade36d4faced service placement] Successfully wrote allocations [<placement.objects.allocation.Allocation object at 0x7ff7d6dc7ca0>, <placement.objects.allocation.Allocation object at 0x7ff7d6ea3970>, <placement.objects.allocation.Allocation object at 0x7ff7d6ea3820>] {{(pid=110249) _update_consumers_and_create_allocations /opt/stack/placement/placement/handlers/allocation.py:462}}
Dec 15 13:45:01.238762 n-d-821840-1 devstack@placement-api.service[110249]: INFO placement.requestlog [req-e7b9b207-28b7-493a-b0c7-975b31d819fc req-7f606387-02c8-43a2-bd30-ade36d4faced service placement] 10.222.0.86 "PUT /placement/allocations/623aea62-ca4a-4555-9fed-e7954c1f7cc6" status: 204 len: 0 microversion: 1.36
Dec 15 13:45:01.243046 n-d-821840-1 devstack@placement-api.service[110249]: [pid: 110249|app: 0|req: 124/249] 10.222.0.86 () {64 vars in 1433 bytes} [Wed Dec 15 13:45:01 2021] PUT /placement/allocations/623aea62-ca4a-4555-9fed-e7954c1f7cc6 => generated 0 bytes in 123 msecs (HTTP/1.1 204) 5 headers in 199 bytes (1 switches on core 0)
Dec 15 13:45:01.801047 n-d-821840-1 devstack@placement-api.service[110250]: DEBUG placement.requestlog [req-e7b9b207-28b7-493a-b0c7-975b31d819fc req-e46ff2be-f817-44ab-9680-d8f9d683d546 None None] Starting request: 10.222.0.74 "GET /placement/allocations/623aea62-ca4a-4555-9fed-e7954c1f7cc6" {{(pid=110250) __call__ /opt/stack/placement/placement/requestlog.py:55}}
Dec 15 13:45:01.834833 n-d-821840-1 devstack@placement-api.service[110250]: INFO placement.requestlog [req-e7b9b207-28b7-493a-b0c7-975b31d819fc req-e46ff2be-f817-44ab-9680-d8f9d683d546 service placement] 10.222.0.74 "GET /placement/allocations/623aea62-ca4a-4555-9fed-e7954c1f7cc6" status: 200 len: 259 microversion: 1.28
Dec 15 13:45:01.835618 n-d-821840-1 devstack@placement-api.service[110250]: [pid: 110250|app: 0|req: 126/250] 10.222.0.74 () {60 vars in 1377 bytes} [Wed Dec 15 13:45:01 2021] GET /placement/allocations/623aea62-ca4a-4555-9fed-e7954c1f7cc6 => generated 259 bytes in 35 msecs (HTTP/1.1 200) 8 headers in 296 bytes (1 switches on core 0)
Dec 15 13:45:04.647447 n-d-821840-1 devstack@placement-api.service[110249]: DEBUG placement.requestlog [None req-7c622517-f61a-4570-8638-298fa96a651f None None] Starting request: 10.222.0.86 "GET /placement/" {{(pid=110249) __call__ /opt/stack/placement/placement/requestlog.py:55}}
Dec 15 13:45:04.649221 n-d-821840-1 devstack@placement-api.service[110249]: INFO placement.requestlog [None req-7c622517-f61a-4570-8638-298fa96a651f None None] 10.222.0.86 "GET /placement/" status: 200 len: 136 microversion: 1.0
Dec 15 13:45:04.649834 n-d-821840-1 devstack@placement-api.service[110249]: [pid: 110249|app: 0|req: 125/251] 10.222.0.86 () {54 vars in 916 bytes} [Wed Dec 15 13:45:04 2021] GET /placement => generated 136 bytes in 3 msecs (HTTP/1.1 200) 6 headers in 224 bytes (1 switches on core 0)
Dec 15 13:45:04.664798 n-d-821840-1 devstack@placement-api.service[110250]: DEBUG placement.requestlog [req-58a84700-d32c-4190-9a86-bf94c01aae8c req-b7df235d-1080-4e64-9b50-aef148a83090 None None] Starting request: 10.222.0.86 "GET /placement/allocations/c3adb5cb-c76e-49ec-a4fc-11b44ec60067" {{(pid=110250) __call__ /opt/stack/placement/placement/requestlog.py:55}}
Dec 15 13:45:04.678880 n-d-821840-1 devstack@placement-api.service[110249]: DEBUG placement.requestlog [req-3647e812-a857-49d0-9963-18dd3fb36b13 req-fefa5914-f5ad-4b19-ae31-bd72614dffba None None] Starting request: 10.222.0.74 "DELETE /placement/allocations/bd89e254-8dbe-4b83-bd8a-3ad74223dc06" {{(pid=110249) __call__ /opt/stack/placement/placement/requestlog.py:55}}
Dec 15 13:45:04.741614 n-d-821840-1 devstack@placement-api.service[110249]: DEBUG placement.handlers.allocation [req-3647e812-a857-49d0-9963-18dd3fb36b13 req-fefa5914-f5ad-4b19-ae31-bd72614dffba service placement] Successfully deleted allocations [<placement.objects.allocation.Allocation object at 0x7ff7d6d3edc0>, <placement.objects.allocation.Allocation object at 0x7ff7d6d3e5e0>, <placement.objects.allocation.Allocation object at 0x7ff7d6d3e6a0>] {{(pid=110249) delete_allocations /opt/stack/placement/placement/handlers/allocation.py:627}}
Dec 15 13:45:04.742535 n-d-821840-1 devstack@placement-api.service[110249]: INFO placement.requestlog [req-3647e812-a857-49d0-9963-18dd3fb36b13 req-fefa5914-f5ad-4b19-ae31-bd72614dffba service placement] 10.222.0.74 "DELETE /placement/allocations/bd89e254-8dbe-4b83-bd8a-3ad74223dc06" status: 204 len: 0 microversion: 1.0
Dec 15 13:45:04.743627 n-d-821840-1 devstack@placement-api.service[110249]: [pid: 110249|app: 0|req: 126/252] 10.222.0.74 () {60 vars in 1355 bytes} [Wed Dec 15 13:45:04 2021] DELETE /placement/allocations/bd89e254-8dbe-4b83-bd8a-3ad74223dc06 => generated 0 bytes in 65 msecs (HTTP/1.1 204) 5 headers in 198 bytes (2 switches on core 0)
Dec 15 13:45:04.845432 n-d-821840-1 devstack@placement-api.service[110250]: INFO placement.requestlog [req-58a84700-d32c-4190-9a86-bf94c01aae8c req-b7df235d-1080-4e64-9b50-aef148a83090 service placement] 10.222.0.86 "GET /placement/allocations/c3adb5cb-c76e-49ec-a4fc-11b44ec60067" status: 200 len: 259 microversion: 1.28
Dec 15 13:45:04.845809 n-d-821840-1 devstack@placement-api.service[110250]: [pid: 110250|app: 0|req: 127/253] 10.222.0.86 () {60 vars in 1380 bytes} [Wed Dec 15 13:45:04 2021] GET /placement/allocations/c3adb5cb-c76e-49ec-a4fc-11b44ec60067 => generated 259 bytes in 181 msecs (HTTP/1.1 200) 8 headers in 296 bytes (1 switches on core 0)
Dec 15 13:45:04.857370 n-d-821840-1 devstack@placement-api.service[110249]: DEBUG placement.requestlog [req-58a84700-d32c-4190-9a86-bf94c01aae8c req-f6f4133b-1b19-46f8-a33a-7a6446c0d4d3 None None] Starting request: 10.222.0.86 "GET /placement/allocations/c3adb5cb-c76e-49ec-a4fc-11b44ec60067" {{(pid=110249) __call__ /opt/stack/placement/placement/requestlog.py:55}}
Dec 15 13:45:04.885165 n-d-821840-1 devstack@placement-api.service[110249]: INFO placement.requestlog [req-58a84700-d32c-4190-9a86-bf94c01aae8c req-f6f4133b-1b19-46f8-a33a-7a6446c0d4d3 service placement] 10.222.0.86 "GET /placement/allocations/c3adb5cb-c76e-49ec-a4fc-11b44ec60067" status: 200 len: 259 microversion: 1.28
Dec 15 13:45:04.887226 n-d-821840-1 devstack@placement-api.service[110249]: [pid: 110249|app: 0|req: 127/254] 10.222.0.86 () {60 vars in 1380 bytes} [Wed Dec 15 13:45:04 2021] GET /placement/allocations/c3adb5cb-c76e-49ec-a4fc-11b44ec60067 => generated 259 bytes in 30 msecs (HTTP/1.1 200) 8 headers in 296 bytes (1 switches on core 0)
Dec 15 13:45:04.894319 n-d-821840-1 devstack@placement-api.service[110250]: DEBUG placement.requestlog [req-58a84700-d32c-4190-9a86-bf94c01aae8c req-a3a9d46b-9fe7-44aa-915f-43985b7a9c82 None None] Starting request: 10.222.0.86 "GET /placement/allocations/0b534af0-7155-40b9-9d5d-5d469584db8b" {{(pid=110250) __call__ /opt/stack/placement/placement/requestlog.py:55}}
Dec 15 13:45:04.916117 n-d-821840-1 devstack@placement-api.service[110250]: INFO placement.requestlog [req-58a84700-d32c-4190-9a86-bf94c01aae8c req-a3a9d46b-9fe7-44aa-915f-43985b7a9c82 service placement] 10.222.0.86 "GET /placement/allocations/0b534af0-7155-40b9-9d5d-5d469584db8b" status: 200 len: 19 microversion: 1.28
Dec 15 13:45:04.916536 n-d-821840-1 devstack@placement-api.service[110250]: [pid: 110250|app: 0|req: 128/255] 10.222.0.86 () {60 vars in 1380 bytes} [Wed Dec 15 13:45:04 2021] GET /placement/allocations/0b534af0-7155-40b9-9d5d-5d469584db8b => generated 19 bytes in 23 msecs (HTTP/1.1 200) 8 headers in 295 bytes (1 switches on core 0)
Dec 15 13:45:04.923806 n-d-821840-1 devstack@placement-api.service[110249]: DEBUG placement.requestlog [req-58a84700-d32c-4190-9a86-bf94c01aae8c req-58d566c6-af24-43b5-9539-8d6b79e7d2fc None None] Starting request: 10.222.0.86 "POST /placement/allocations" {{(pid=110249) __call__ /opt/stack/placement/placement/requestlog.py:55}}
Dec 15 13:45:05.065585 n-d-821840-1 devstack@placement-api.service[110249]: DEBUG placement.handlers.allocation [req-58a84700-d32c-4190-9a86-bf94c01aae8c req-58d566c6-af24-43b5-9539-8d6b79e7d2fc service placement] Successfully wrote allocations [<placement.objects.allocation.Allocation object at 0x7ff7d6e350a0>, <placement.objects.allocation.Allocation object at 0x7ff7d6ea5fa0>, <placement.objects.allocation.Allocation object at 0x7ff7d6d84f70>, <placement.objects.allocation.Allocation object at 0x7ff7d725b6a0>, <placement.objects.allocation.Allocation object at 0x7ff7d6ea5be0>, <placement.objects.allocation.Allocation object at 0x7ff7d6e35a00>] {{(pid=110249) _update_consumers_and_create_allocations /opt/stack/placement/placement/handlers/allocation.py:572}}
Dec 15 13:45:05.074805 n-d-821840-1 devstack@placement-api.service[110249]: INFO placement.requestlog [req-58a84700-d32c-4190-9a86-bf94c01aae8c req-58d566c6-af24-43b5-9539-8d6b79e7d2fc service placement] 10.222.0.86 "POST /placement/allocations" status: 204 len: 0 microversion: 1.28
Dec 15 13:45:05.075727 n-d-821840-1 devstack@placement-api.service[110249]: [pid: 110249|app: 0|req: 128/256] 10.222.0.86 () {64 vars in 1323 bytes} [Wed Dec 15 13:45:04 2021] POST /placement/allocations => generated 0 bytes in 152 msecs (HTTP/1.1 204) 5 headers in 199 bytes (1 switches on core 0)
Dec 15 13:45:05.132693 n-d-821840-1 devstack@placement-api.service[110250]: DEBUG placement.requestlog [req-58a84700-d32c-4190-9a86-bf94c01aae8c req-be52d1c3-2228-4694-a734-6d07c5a99273 None None] Starting request: 10.222.0.86 "GET /placement/allocations/c3adb5cb-c76e-49ec-a4fc-11b44ec60067" {{(pid=110250) __call__ /opt/stack/placement/placement/requestlog.py:55}}
Dec 15 13:45:05.151970 n-d-821840-1 devstack@placement-api.service[110250]: INFO placement.requestlog [req-58a84700-d32c-4190-9a86-bf94c01aae8c req-be52d1c3-2228-4694-a734-6d07c5a99273 service placement] 10.222.0.86 "GET /placement/allocations/c3adb5cb-c76e-49ec-a4fc-11b44ec60067" status: 200 len: 19 microversion: 1.28
Dec 15 13:45:05.152944 n-d-821840-1 devstack@placement-api.service[110250]: [pid: 110250|app: 0|req: 129/257] 10.222.0.86 () {60 vars in 1380 bytes} [Wed Dec 15 13:45:05 2021] GET /placement/allocations/c3adb5cb-c76e-49ec-a4fc-11b44ec60067 => generated 19 bytes in 21 msecs (HTTP/1.1 200) 8 headers in 295 bytes (1 switches on core 0)
Dec 15 13:45:05.167670 n-d-821840-1 devstack@placement-api.service[110249]: DEBUG placement.requestlog [req-58a84700-d32c-4190-9a86-bf94c01aae8c req-96b0b8a3-2af3-46ab-adfa-9fd7a09f822f None None] Starting request: 10.222.0.86 "PUT /placement/allocations/c3adb5cb-c76e-49ec-a4fc-11b44ec60067" {{(pid=110249) __call__ /opt/stack/placement/placement/requestlog.py:55}}
Dec 15 13:45:05.270939 n-d-821840-1 devstack@placement-api.service[110249]: DEBUG placement.handlers.allocation [req-58a84700-d32c-4190-9a86-bf94c01aae8c req-96b0b8a3-2af3-46ab-adfa-9fd7a09f822f service placement] Successfully wrote allocations [<placement.objects.allocation.Allocation object at 0x7ff7d7200130>, <placement.objects.allocation.Allocation object at 0x7ff7d725b070>, <placement.objects.allocation.Allocation object at 0x7ff7d6d4c0a0>] {{(pid=110249) _update_consumers_and_create_allocations /opt/stack/placement/placement/handlers/allocation.py:462}}
Dec 15 13:45:05.283654 n-d-821840-1 devstack@placement-api.service[110249]: INFO placement.requestlog [req-58a84700-d32c-4190-9a86-bf94c01aae8c req-96b0b8a3-2af3-46ab-adfa-9fd7a09f822f service placement] 10.222.0.86 "PUT /placement/allocations/c3adb5cb-c76e-49ec-a4fc-11b44ec60067" status: 204 len: 0 microversion: 1.28
Dec 15 13:45:05.284350 n-d-821840-1 devstack@placement-api.service[110249]: [pid: 110249|app: 0|req: 129/258] 10.222.0.86 () {64 vars in 1433 bytes} [Wed Dec 15 13:45:05 2021] PUT /placement/allocations/c3adb5cb-c76e-49ec-a4fc-11b44ec60067 => generated 0 bytes in 118 msecs (HTTP/1.1 204) 5 headers in 199 bytes (2 switches on core 0)
Dec 15 13:45:05.446088 n-d-821840-1 devstack@placement-api.service[110250]: DEBUG placement.requestlog [req-58a84700-d32c-4190-9a86-bf94c01aae8c req-b3d3c054-d194-4b20-968d-78ce3a795a8e None None] Starting request: 10.222.0.74 "GET /placement/allocations/c3adb5cb-c76e-49ec-a4fc-11b44ec60067" {{(pid=110250) __call__ /opt/stack/placement/placement/requestlog.py:55}}
Dec 15 13:45:05.467554 n-d-821840-1 devstack@placement-api.service[110250]: INFO placement.requestlog [req-58a84700-d32c-4190-9a86-bf94c01aae8c req-b3d3c054-d194-4b20-968d-78ce3a795a8e service placement] 10.222.0.74 "GET /placement/allocations/c3adb5cb-c76e-49ec-a4fc-11b44ec60067" status: 200 len: 259 microversion: 1.28
Dec 15 13:45:05.469127 n-d-821840-1 devstack@placement-api.service[110250]: [pid: 110250|app: 0|req: 130/259] 10.222.0.74 () {60 vars in 1377 bytes} [Wed Dec 15 13:45:05 2021] GET /placement/allocations/c3adb5cb-c76e-49ec-a4fc-11b44ec60067 => generated 259 bytes in 23 msecs (HTTP/1.1 200) 8 headers in 296 bytes (1 switches on core 0)
Dec 15 13:45:13.773700 n-d-821840-1 devstack@placement-api.service[110249]: DEBUG placement.requestlog [req-d11357db-9138-46b1-b365-30c3993dcc8f req-27deaa55-37d6-424d-959d-767202f87602 None None] Starting request: 10.222.0.86 "GET /placement/allocation_candidates?limit=1000&resources=DISK_GB%3A1%2CMEMORY_MB%3A1024%2CVCPU%3A1&root_required=%21COMPUTE_STATUS_DISABLED" {{(pid=110249) __call__ /opt/stack/placement/placement/requestlog.py:55}}
Dec 15 13:45:13.855146 n-d-821840-1 devstack@placement-api.service[110249]: DEBUG placement.objects.research_context [req-d11357db-9138-46b1-b365-30c3993dcc8f req-27deaa55-37d6-424d-959d-767202f87602 service placement] getting providers with 1 DISK_GB {{(pid=110249) __init__ /opt/stack/placement/placement/objects/research_context.py:126}}
Dec 15 13:45:13.866077 n-d-821840-1 devstack@placement-api.service[110249]: DEBUG placement.objects.research_context [req-d11357db-9138-46b1-b365-30c3993dcc8f req-27deaa55-37d6-424d-959d-767202f87602 service placement] getting providers with 1024 MEMORY_MB {{(pid=110249) __init__ /opt/stack/placement/placement/objects/research_context.py:126}}
Dec 15 13:45:13.875573 n-d-821840-1 devstack@placement-api.service[110249]: DEBUG placement.objects.research_context [req-d11357db-9138-46b1-b365-30c3993dcc8f req-27deaa55-37d6-424d-959d-767202f87602 service placement] getting providers with 1 VCPU {{(pid=110249) __init__ /opt/stack/placement/placement/objects/research_context.py:126}}
Dec 15 13:45:13.899300 n-d-821840-1 devstack@placement-api.service[110249]: DEBUG placement.objects.research_context [req-d11357db-9138-46b1-b365-30c3993dcc8f req-27deaa55-37d6-424d-959d-767202f87602 service placement] found 2 providers with available 1 DISK_GB {{(pid=110249) get_provider_ids_matching /opt/stack/placement/placement/objects/research_context.py:549}}
Dec 15 13:45:13.901693 n-d-821840-1 devstack@placement-api.service[110249]: DEBUG placement.objects.research_context [req-d11357db-9138-46b1-b365-30c3993dcc8f req-27deaa55-37d6-424d-959d-767202f87602 service placement] found 2 providers with available 1024 MEMORY_MB {{(pid=110249) get_provider_ids_matching /opt/stack/placement/placement/objects/research_context.py:549}}
Dec 15 13:45:13.902208 n-d-821840-1 devstack@placement-api.service[110249]: DEBUG placement.objects.research_context [req-d11357db-9138-46b1-b365-30c3993dcc8f req-27deaa55-37d6-424d-959d-767202f87602 service placement] found 2 providers after filtering by previous result {{(pid=110249) get_provider_ids_matching /opt/stack/placement/placement/objects/research_context.py:580}}
Dec 15 13:45:13.904845 n-d-821840-1 devstack@placement-api.service[110249]: DEBUG placement.objects.research_context [req-d11357db-9138-46b1-b365-30c3993dcc8f req-27deaa55-37d6-424d-959d-767202f87602 service placement] found 2 providers with available 1 VCPU {{(pid=110249) get_provider_ids_matching /opt/stack/placement/placement/objects/research_context.py:549}}
Dec 15 13:45:13.905152 n-d-821840-1 devstack@placement-api.service[110249]: DEBUG placement.objects.research_context [req-d11357db-9138-46b1-b365-30c3993dcc8f req-27deaa55-37d6-424d-959d-767202f87602 service placement] found 2 providers after filtering by previous result {{(pid=110249) get_provider_ids_matching /opt/stack/placement/placement/objects/research_context.py:580}}
Dec 15 13:45:13.929583 n-d-821840-1 devstack@placement-api.service[110249]: DEBUG placement.objects.allocation_candidate [req-d11357db-9138-46b1-b365-30c3993dcc8f req-27deaa55-37d6-424d-959d-767202f87602 service placement] RequestGroup(use_same_provider=False, resources={DISK_GB:1, MEMORY_MB:1024, VCPU:1}, traits=[], aggregates=[]) (suffix '') returned 2 matches {{(pid=110249) _get_by_requests /opt/stack/placement/placement/objects/allocation_candidate.py:145}}
Dec 15 13:45:13.930810 n-d-821840-1 devstack@placement-api.service[110249]: DEBUG placement.objects.allocation_candidate [req-d11357db-9138-46b1-b365-30c3993dcc8f req-27deaa55-37d6-424d-959d-767202f87602 service placement] Merging candidates yields 2 allocation requests and 2 provider summaries {{(pid=110249) _merge_candidates /opt/stack/placement/placement/objects/allocation_candidate.py:783}}
Dec 15 13:45:13.932757 n-d-821840-1 devstack@placement-api.service[110249]: INFO placement.requestlog [req-d11357db-9138-46b1-b365-30c3993dcc8f req-27deaa55-37d6-424d-959d-767202f87602 service placement] 10.222.0.86 "GET /placement/allocation_candidates?limit=1000&resources=DISK_GB%3A1%2CMEMORY_MB%3A1024%2CVCPU%3A1&root_required=%21COMPUTE_STATUS_DISABLED" status: 200 len: 1309 microversion: 1.36
Dec 15 13:45:13.933282 n-d-821840-1 devstack@placement-api.service[110249]: [pid: 110249|app: 0|req: 130/260] 10.222.0.86 () {60 vars in 1506 bytes} [Wed Dec 15 13:45:13 2021] GET /placement/allocation_candidates?limit=1000&resources=DISK_GB%3A1%2CMEMORY_MB%3A1024%2CVCPU%3A1&root_required=%21COMPUTE_STATUS_DISABLED => generated 1309 bytes in 168 msecs (HTTP/1.1 200) 8 headers in 297 bytes (1 switches on core 0)
Dec 15 13:45:13.998078 n-d-821840-1 devstack@placement-api.service[110250]: DEBUG placement.requestlog [req-d11357db-9138-46b1-b365-30c3993dcc8f req-f53e57b2-3d59-4cfd-88f7-d4a0f5b84cb6 None None] Starting request: 10.222.0.86 "GET /placement/allocations/6116b40d-01c0-44ba-bb18-757c0583979a" {{(pid=110250) __call__ /opt/stack/placement/placement/requestlog.py:55}}
Dec 15 13:45:14.014905 n-d-821840-1 devstack@placement-api.service[110250]: INFO placement.requestlog [req-d11357db-9138-46b1-b365-30c3993dcc8f req-f53e57b2-3d59-4cfd-88f7-d4a0f5b84cb6 service placement] 10.222.0.86 "GET /placement/allocations/6116b40d-01c0-44ba-bb18-757c0583979a" status: 200 len: 19 microversion: 1.28
Dec 15 13:45:14.017422 n-d-821840-1 devstack@placement-api.service[110250]: [pid: 110250|app: 0|req: 131/261] 10.222.0.86 () {60 vars in 1380 bytes} [Wed Dec 15 13:45:13 2021] GET /placement/allocations/6116b40d-01c0-44ba-bb18-757c0583979a => generated 19 bytes in 19 msecs (HTTP/1.1 200) 8 headers in 295 bytes (2 switches on core 0)
Dec 15 13:45:14.040194 n-d-821840-1 devstack@placement-api.service[110249]: DEBUG placement.requestlog [req-d11357db-9138-46b1-b365-30c3993dcc8f req-fa41f380-d5f1-4f54-9960-e715f0bd3eee None None] Starting request: 10.222.0.86 "PUT /placement/allocations/6116b40d-01c0-44ba-bb18-757c0583979a" {{(pid=110249) __call__ /opt/stack/placement/placement/requestlog.py:55}}
Dec 15 13:45:14.117581 n-d-821840-1 devstack@placement-api.service[110249]: DEBUG placement.handlers.allocation [req-d11357db-9138-46b1-b365-30c3993dcc8f req-fa41f380-d5f1-4f54-9960-e715f0bd3eee service placement] Successfully wrote allocations [<placement.objects.allocation.Allocation object at 0x7ff7d7216be0>, <placement.objects.allocation.Allocation object at 0x7ff7d7216cd0>, <placement.objects.allocation.Allocation object at 0x7ff7d7220ca0>] {{(pid=110249) _update_consumers_and_create_allocations /opt/stack/placement/placement/handlers/allocation.py:462}}
Dec 15 13:45:14.125367 n-d-821840-1 devstack@placement-api.service[110249]: INFO placement.requestlog [req-d11357db-9138-46b1-b365-30c3993dcc8f req-fa41f380-d5f1-4f54-9960-e715f0bd3eee service placement] 10.222.0.86 "PUT /placement/allocations/6116b40d-01c0-44ba-bb18-757c0583979a" status: 204 len: 0 microversion: 1.36
Dec 15 13:45:14.125810 n-d-821840-1 devstack@placement-api.service[110249]: [pid: 110249|app: 0|req: 131/262] 10.222.0.86 () {64 vars in 1433 bytes} [Wed Dec 15 13:45:14 2021] PUT /placement/allocations/6116b40d-01c0-44ba-bb18-757c0583979a => generated 0 bytes in 86 msecs (HTTP/1.1 204) 5 headers in 199 bytes (1 switches on core 0)
Dec 15 13:45:14.538619 n-d-821840-1 devstack@placement-api.service[110250]: DEBUG placement.requestlog [req-230e4658-9aa5-4240-a1d1-4d09e196a470 req-aaa69c36-2762-4307-a4a0-63edde254756 None None] Starting request: 10.222.0.74 "GET /placement/allocations/359b484a-9c21-49cb-a239-816128855163" {{(pid=110250) __call__ /opt/stack/placement/placement/requestlog.py:55}}
Dec 15 13:45:14.564294 n-d-821840-1 devstack@placement-api.service[110249]: DEBUG placement.requestlog [req-d11357db-9138-46b1-b365-30c3993dcc8f req-463fe42c-883b-4c85-97b1-2a388999690b None None] Starting request: 10.222.0.74 "GET /placement/allocations/6116b40d-01c0-44ba-bb18-757c0583979a" {{(pid=110249) __call__ /opt/stack/placement/placement/requestlog.py:55}}
Dec 15 13:45:14.566173 n-d-821840-1 devstack@placement-api.service[110250]: INFO placement.requestlog [req-230e4658-9aa5-4240-a1d1-4d09e196a470 req-aaa69c36-2762-4307-a4a0-63edde254756 service placement] 10.222.0.74 "GET /placement/allocations/359b484a-9c21-49cb-a239-816128855163" status: 200 len: 258 microversion: 1.28
Dec 15 13:45:14.566754 n-d-821840-1 devstack@placement-api.service[110250]: [pid: 110250|app: 0|req: 132/263] 10.222.0.74 () {60 vars in 1377 bytes} [Wed Dec 15 13:45:14 2021] GET /placement/allocations/359b484a-9c21-49cb-a239-816128855163 => generated 258 bytes in 29 msecs (HTTP/1.1 200) 8 headers in 296 bytes (1 switches on core 0)
Dec 15 13:45:14.591441 n-d-821840-1 devstack@placement-api.service[110249]: INFO placement.requestlog [req-d11357db-9138-46b1-b365-30c3993dcc8f req-463fe42c-883b-4c85-97b1-2a388999690b service placement] 10.222.0.74 "GET /placement/allocations/6116b40d-01c0-44ba-bb18-757c0583979a" status: 200 len: 259 microversion: 1.28
Dec 15 13:45:14.592910 n-d-821840-1 devstack@placement-api.service[110249]: [pid: 110249|app: 0|req: 132/264] 10.222.0.74 () {60 vars in 1377 bytes} [Wed Dec 15 13:45:14 2021] GET /placement/allocations/6116b40d-01c0-44ba-bb18-757c0583979a => generated 259 bytes in 29 msecs (HTTP/1.1 200) 8 headers in 296 bytes (2 switches on core 0)
Dec 15 13:45:20.402093 n-d-821840-1 devstack@placement-api.service[110250]: DEBUG placement.requestlog [req-79d513d2-1def-48f7-9e0e-d099610120aa req-6b38e701-af8b-4c3b-a4a2-708e8bc05a7a None None] Starting request: 10.222.0.24 "GET /placement/allocations/6d797f51-7515-4c52-9194-4777e6b38038" {{(pid=110250) __call__ /opt/stack/placement/placement/requestlog.py:55}}
Dec 15 13:45:20.424764 n-d-821840-1 devstack@placement-api.service[110250]: INFO placement.requestlog [req-79d513d2-1def-48f7-9e0e-d099610120aa req-6b38e701-af8b-4c3b-a4a2-708e8bc05a7a service placement] 10.222.0.24 "GET /placement/allocations/6d797f51-7515-4c52-9194-4777e6b38038" status: 200 len: 259 microversion: 1.28
Dec 15 13:45:20.425664 n-d-821840-1 devstack@placement-api.service[110250]: [pid: 110250|app: 0|req: 133/265] 10.222.0.24 () {60 vars in 1377 bytes} [Wed Dec 15 13:45:20 2021] GET /placement/allocations/6d797f51-7515-4c52-9194-4777e6b38038 => generated 259 bytes in 24 msecs (HTTP/1.1 200) 8 headers in 296 bytes (1 switches on core 0)
Dec 15 13:45:20.438535 n-d-821840-1 devstack@placement-api.service[110249]: DEBUG placement.requestlog [req-79d513d2-1def-48f7-9e0e-d099610120aa req-6345c32d-a75c-46dc-bca9-11663647c807 None None] Starting request: 10.222.0.24 "PUT /placement/allocations/6d797f51-7515-4c52-9194-4777e6b38038" {{(pid=110249) __call__ /opt/stack/placement/placement/requestlog.py:55}}
Dec 15 13:45:20.512072 n-d-821840-1 devstack@placement-api.service[110249]: DEBUG placement.handlers.allocation [req-79d513d2-1def-48f7-9e0e-d099610120aa req-6345c32d-a75c-46dc-bca9-11663647c807 service placement] Successfully wrote allocations [<placement.objects.allocation.Allocation object at 0x7ff7d6e71730>, <placement.objects.allocation.Allocation object at 0x7ff7d6e71c40>, <placement.objects.allocation.Allocation object at 0x7ff7d6e71310>] {{(pid=110249) _update_consumers_and_create_allocations /opt/stack/placement/placement/handlers/allocation.py:462}}
Dec 15 13:45:20.518425 n-d-821840-1 devstack@placement-api.service[110249]: INFO placement.requestlog [req-79d513d2-1def-48f7-9e0e-d099610120aa req-6345c32d-a75c-46dc-bca9-11663647c807 service placement] 10.222.0.24 "PUT /placement/allocations/6d797f51-7515-4c52-9194-4777e6b38038" status: 204 len: 0 microversion: 1.28
Dec 15 13:45:20.519646 n-d-821840-1 devstack@placement-api.service[110249]: [pid: 110249|app: 0|req: 133/266] 10.222.0.24 () {64 vars in 1430 bytes} [Wed Dec 15 13:45:20 2021] PUT /placement/allocations/6d797f51-7515-4c52-9194-4777e6b38038 => generated 0 bytes in 81 msecs (HTTP/1.1 204) 5 headers in 199 bytes (1 switches on core 0)
Dec 15 13:45:22.929100 n-d-821840-1 devstack@placement-api.service[110250]: DEBUG placement.requestlog [req-32d5dc29-7306-40bd-a185-8444af447ee5 req-e9ab564a-1cf8-4a75-a2da-ad38457fd8cc None None] Starting request: 10.222.0.86 "GET /placement/allocation_candidates?limit=1000&resources=DISK_GB%3A1%2CMEMORY_MB%3A1024%2CVCPU%3A1&root_required=%21COMPUTE_STATUS_DISABLED" {{(pid=110250) __call__ /opt/stack/placement/placement/requestlog.py:55}}
Dec 15 13:45:22.972554 n-d-821840-1 devstack@placement-api.service[110250]: DEBUG placement.objects.research_context [req-32d5dc29-7306-40bd-a185-8444af447ee5 req-e9ab564a-1cf8-4a75-a2da-ad38457fd8cc service placement] getting providers with 1 DISK_GB {{(pid=110250) __init__ /opt/stack/placement/placement/objects/research_context.py:126}}
Dec 15 13:45:22.979290 n-d-821840-1 devstack@placement-api.service[110250]: DEBUG placement.objects.research_context [req-32d5dc29-7306-40bd-a185-8444af447ee5 req-e9ab564a-1cf8-4a75-a2da-ad38457fd8cc service placement] getting providers with 1024 MEMORY_MB {{(pid=110250) __init__ /opt/stack/placement/placement/objects/research_context.py:126}}
Dec 15 13:45:23.018029 n-d-821840-1 devstack@placement-api.service[110250]: DEBUG placement.objects.research_context [req-32d5dc29-7306-40bd-a185-8444af447ee5 req-e9ab564a-1cf8-4a75-a2da-ad38457fd8cc service placement] getting providers with 1 VCPU {{(pid=110250) __init__ /opt/stack/placement/placement/objects/research_context.py:126}}
Dec 15 13:45:23.034529 n-d-821840-1 devstack@placement-api.service[110250]: DEBUG placement.objects.research_context [req-32d5dc29-7306-40bd-a185-8444af447ee5 req-e9ab564a-1cf8-4a75-a2da-ad38457fd8cc service placement] found 2 providers with available 1 DISK_GB {{(pid=110250) get_provider_ids_matching /opt/stack/placement/placement/objects/research_context.py:549}}
Dec 15 13:45:23.034796 n-d-821840-1 devstack@placement-api.service[110250]: DEBUG placement.objects.research_context [req-32d5dc29-7306-40bd-a185-8444af447ee5 req-e9ab564a-1cf8-4a75-a2da-ad38457fd8cc service placement] found 2 providers with available 1024 MEMORY_MB {{(pid=110250) get_provider_ids_matching /opt/stack/placement/placement/objects/research_context.py:549}}
Dec 15 13:45:23.035065 n-d-821840-1 devstack@placement-api.service[110250]: DEBUG placement.objects.research_context [req-32d5dc29-7306-40bd-a185-8444af447ee5 req-e9ab564a-1cf8-4a75-a2da-ad38457fd8cc service placement] found 2 providers after filtering by previous result {{(pid=110250) get_provider_ids_matching /opt/stack/placement/placement/objects/research_context.py:580}}
Dec 15 13:45:23.039787 n-d-821840-1 devstack@placement-api.service[110250]: DEBUG placement.objects.research_context [req-32d5dc29-7306-40bd-a185-8444af447ee5 req-e9ab564a-1cf8-4a75-a2da-ad38457fd8cc service placement] found 2 providers with available 1 VCPU {{(pid=110250) get_provider_ids_matching /opt/stack/placement/placement/objects/research_context.py:549}}
Dec 15 13:45:23.040150 n-d-821840-1 devstack@placement-api.service[110250]: DEBUG placement.objects.research_context [req-32d5dc29-7306-40bd-a185-8444af447ee5 req-e9ab564a-1cf8-4a75-a2da-ad38457fd8cc service placement] found 2 providers after filtering by previous result {{(pid=110250) get_provider_ids_matching /opt/stack/placement/placement/objects/research_context.py:580}}
Dec 15 13:45:23.080507 n-d-821840-1 devstack@placement-api.service[110250]: DEBUG placement.objects.allocation_candidate [req-32d5dc29-7306-40bd-a185-8444af447ee5 req-e9ab564a-1cf8-4a75-a2da-ad38457fd8cc service placement] RequestGroup(use_same_provider=False, resources={DISK_GB:1, MEMORY_MB:1024, VCPU:1}, traits=[], aggregates=[]) (suffix '') returned 2 matches {{(pid=110250) _get_by_requests /opt/stack/placement/placement/objects/allocation_candidate.py:145}}
Dec 15 13:45:23.080876 n-d-821840-1 devstack@placement-api.service[110250]: DEBUG placement.objects.allocation_candidate [req-32d5dc29-7306-40bd-a185-8444af447ee5 req-e9ab564a-1cf8-4a75-a2da-ad38457fd8cc service placement] Merging candidates yields 2 allocation requests and 2 provider summaries {{(pid=110250) _merge_candidates /opt/stack/placement/placement/objects/allocation_candidate.py:783}}
Dec 15 13:45:23.091474 n-d-821840-1 devstack@placement-api.service[110250]: INFO placement.requestlog [req-32d5dc29-7306-40bd-a185-8444af447ee5 req-e9ab564a-1cf8-4a75-a2da-ad38457fd8cc service placement] 10.222.0.86 "GET /placement/allocation_candidates?limit=1000&resources=DISK_GB%3A1%2CMEMORY_MB%3A1024%2CVCPU%3A1&root_required=%21COMPUTE_STATUS_DISABLED" status: 200 len: 1310 microversion: 1.36
Dec 15 13:45:23.097132 n-d-821840-1 devstack@placement-api.service[110250]: [pid: 110250|app: 0|req: 134/267] 10.222.0.86 () {60 vars in 1506 bytes} [Wed Dec 15 13:45:22 2021] GET /placement/allocation_candidates?limit=1000&resources=DISK_GB%3A1%2CMEMORY_MB%3A1024%2CVCPU%3A1&root_required=%21COMPUTE_STATUS_DISABLED => generated 1310 bytes in 168 msecs (HTTP/1.1 200) 8 headers in 297 bytes (1 switches on core 0)
Dec 15 13:45:23.226602 n-d-821840-1 devstack@placement-api.service[110249]: DEBUG placement.requestlog [req-32d5dc29-7306-40bd-a185-8444af447ee5 req-57d49590-20af-4cd2-b003-60018d6a81eb None None] Starting request: 10.222.0.86 "GET /placement/allocations/6fb76d86-f0f1-44fc-ad47-657481b01bb0" {{(pid=110249) __call__ /opt/stack/placement/placement/requestlog.py:55}}
Dec 15 13:45:23.242152 n-d-821840-1 devstack@placement-api.service[110249]: INFO placement.requestlog [req-32d5dc29-7306-40bd-a185-8444af447ee5 req-57d49590-20af-4cd2-b003-60018d6a81eb service placement] 10.222.0.86 "GET /placement/allocations/6fb76d86-f0f1-44fc-ad47-657481b01bb0" status: 200 len: 19 microversion: 1.28
Dec 15 13:45:23.248401 n-d-821840-1 devstack@placement-api.service[110249]: [pid: 110249|app: 0|req: 134/268] 10.222.0.86 () {60 vars in 1380 bytes} [Wed Dec 15 13:45:23 2021] GET /placement/allocations/6fb76d86-f0f1-44fc-ad47-657481b01bb0 => generated 19 bytes in 25 msecs (HTTP/1.1 200) 8 headers in 295 bytes (1 switches on core 0)
Dec 15 13:45:23.255361 n-d-821840-1 devstack@placement-api.service[110250]: DEBUG placement.requestlog [req-32d5dc29-7306-40bd-a185-8444af447ee5 req-d51e13af-248c-4573-a0a9-a80c20943948 None None] Starting request: 10.222.0.86 "PUT /placement/allocations/6fb76d86-f0f1-44fc-ad47-657481b01bb0" {{(pid=110250) __call__ /opt/stack/placement/placement/requestlog.py:55}}
Dec 15 13:45:23.406698 n-d-821840-1 devstack@placement-api.service[110250]: DEBUG placement.handlers.allocation [req-32d5dc29-7306-40bd-a185-8444af447ee5 req-d51e13af-248c-4573-a0a9-a80c20943948 service placement] Successfully wrote allocations [<placement.objects.allocation.Allocation object at 0x7ff7d6e8b7c0>, <placement.objects.allocation.Allocation object at 0x7ff7d6e8b520>, <placement.objects.allocation.Allocation object at 0x7ff7d6d5f7c0>] {{(pid=110250) _update_consumers_and_create_allocations /opt/stack/placement/placement/handlers/allocation.py:462}}
Dec 15 13:45:23.429405 n-d-821840-1 devstack@placement-api.service[110250]: INFO placement.requestlog [req-32d5dc29-7306-40bd-a185-8444af447ee5 req-d51e13af-248c-4573-a0a9-a80c20943948 service placement] 10.222.0.86 "PUT /placement/allocations/6fb76d86-f0f1-44fc-ad47-657481b01bb0" status: 204 len: 0 microversion: 1.36
Dec 15 13:45:23.430757 n-d-821840-1 devstack@placement-api.service[110250]: [pid: 110250|app: 0|req: 135/269] 10.222.0.86 () {64 vars in 1433 bytes} [Wed Dec 15 13:45:23 2021] PUT /placement/allocations/6fb76d86-f0f1-44fc-ad47-657481b01bb0 => generated 0 bytes in 175 msecs (HTTP/1.1 204) 5 headers in 199 bytes (2 switches on core 0)
Dec 15 13:45:24.001166 n-d-821840-1 devstack@placement-api.service[110249]: DEBUG placement.requestlog [req-32d5dc29-7306-40bd-a185-8444af447ee5 req-4895b376-8adb-40b7-93dd-7b8fb35f0eef None None] Starting request: 10.222.0.24 "GET /placement/allocations/6fb76d86-f0f1-44fc-ad47-657481b01bb0" {{(pid=110249) __call__ /opt/stack/placement/placement/requestlog.py:55}}
Dec 15 13:45:24.042958 n-d-821840-1 devstack@placement-api.service[110249]: INFO placement.requestlog [req-32d5dc29-7306-40bd-a185-8444af447ee5 req-4895b376-8adb-40b7-93dd-7b8fb35f0eef service placement] 10.222.0.24 "GET /placement/allocations/6fb76d86-f0f1-44fc-ad47-657481b01bb0" status: 200 len: 259 microversion: 1.28
Dec 15 13:45:24.046523 n-d-821840-1 devstack@placement-api.service[110249]: [pid: 110249|app: 0|req: 135/270] 10.222.0.24 () {60 vars in 1377 bytes} [Wed Dec 15 13:45:23 2021] GET /placement/allocations/6fb76d86-f0f1-44fc-ad47-657481b01bb0 => generated 259 bytes in 46 msecs (HTTP/1.1 200) 8 headers in 296 bytes (2 switches on core 0)
Dec 15 13:45:33.267454 n-d-821840-1 devstack@placement-api.service[110250]: DEBUG placement.requestlog [req-593042e7-0a65-41b3-9dbd-e1e9dc8483a8 req-f1c99f03-334a-442a-958d-e14aa573ab10 None None] Starting request: 10.222.0.74 "GET /placement/resource_providers/0a38f1d8-83d1-43f7-8ac8-bb4875ed7896/allocations" {{(pid=110250) __call__ /opt/stack/placement/placement/requestlog.py:55}}
Dec 15 13:45:33.300655 n-d-821840-1 devstack@placement-api.service[110250]: INFO placement.requestlog [req-593042e7-0a65-41b3-9dbd-e1e9dc8483a8 req-f1c99f03-334a-442a-958d-e14aa573ab10 service placement] 10.222.0.74 "GET /placement/resource_providers/0a38f1d8-83d1-43f7-8ac8-bb4875ed7896/allocations" status: 200 len: 1048 microversion: 1.0
Dec 15 13:45:33.301629 n-d-821840-1 devstack@placement-api.service[110250]: [pid: 110250|app: 0|req: 136/271] 10.222.0.74 () {58 vars in 1390 bytes} [Wed Dec 15 13:45:33 2021] GET /placement/resource_providers/0a38f1d8-83d1-43f7-8ac8-bb4875ed7896/allocations => generated 1048 bytes in 34 msecs (HTTP/1.1 200) 6 headers in 225 bytes (1 switches on core 0)
Dec 15 13:45:34.028720 n-d-821840-1 devstack@placement-api.service[110249]: DEBUG placement.requestlog [req-8e5f0fa3-64d4-4ea7-94a4-22f486b8ae5d req-8071c1b4-da55-423e-a430-3f9fed5520c9 None None] Starting request: 10.222.0.24 "GET /placement/resource_providers/1dace03a-cd3a-4b4a-b049-c9ee12135934/allocations" {{(pid=110249) __call__ /opt/stack/placement/placement/requestlog.py:55}}
Dec 15 13:45:34.074939 n-d-821840-1 devstack@placement-api.service[110249]: INFO placement.requestlog [req-8e5f0fa3-64d4-4ea7-94a4-22f486b8ae5d req-8071c1b4-da55-423e-a430-3f9fed5520c9 service placement] 10.222.0.24 "GET /placement/resource_providers/1dace03a-cd3a-4b4a-b049-c9ee12135934/allocations" status: 200 len: 659 microversion: 1.0
Dec 15 13:45:34.077580 n-d-821840-1 devstack@placement-api.service[110249]: [pid: 110249|app: 0|req: 136/272] 10.222.0.24 () {58 vars in 1390 bytes} [Wed Dec 15 13:45:34 2021] GET /placement/resource_providers/1dace03a-cd3a-4b4a-b049-c9ee12135934/allocations => generated 659 bytes in 49 msecs (HTTP/1.1 200) 6 headers in 224 bytes (1 switches on core 0)
Dec 15 13:45:37.354663 n-d-821840-1 devstack@placement-api.service[110250]: DEBUG placement.requestlog [req-58a84700-d32c-4190-9a86-bf94c01aae8c req-cd1a15ee-2a36-45b7-b580-52eea32dbc6f None None] Starting request: 10.222.0.24 "GET /placement/resource_providers/1dace03a-cd3a-4b4a-b049-c9ee12135934/allocations" {{(pid=110250) __call__ /opt/stack/placement/placement/requestlog.py:55}}
Dec 15 13:45:37.383744 n-d-821840-1 devstack@placement-api.service[110250]: INFO placement.requestlog [req-58a84700-d32c-4190-9a86-bf94c01aae8c req-cd1a15ee-2a36-45b7-b580-52eea32dbc6f service placement] 10.222.0.24 "GET /placement/resource_providers/1dace03a-cd3a-4b4a-b049-c9ee12135934/allocations" status: 200 len: 659 microversion: 1.0
Dec 15 13:45:37.384553 n-d-821840-1 devstack@placement-api.service[110250]: [pid: 110250|app: 0|req: 137/273] 10.222.0.24 () {58 vars in 1390 bytes} [Wed Dec 15 13:45:37 2021] GET /placement/resource_providers/1dace03a-cd3a-4b4a-b049-c9ee12135934/allocations => generated 659 bytes in 30 msecs (HTTP/1.1 200) 6 headers in 224 bytes (2 switches on core 0)
Dec 15 13:45:37.779074 n-d-821840-1 devstack@placement-api.service[110249]: DEBUG placement.requestlog [req-58a84700-d32c-4190-9a86-bf94c01aae8c req-773f034d-6da2-40df-b6ad-44a1c1f2cd0c None None] Starting request: 10.222.0.24 "GET /placement/allocations/0b534af0-7155-40b9-9d5d-5d469584db8b" {{(pid=110249) __call__ /opt/stack/placement/placement/requestlog.py:55}}
Dec 15 13:45:37.795481 n-d-821840-1 devstack@placement-api.service[110249]: INFO placement.requestlog [req-58a84700-d32c-4190-9a86-bf94c01aae8c req-773f034d-6da2-40df-b6ad-44a1c1f2cd0c service placement] 10.222.0.24 "GET /placement/allocations/0b534af0-7155-40b9-9d5d-5d469584db8b" status: 200 len: 259 microversion: 1.28
Dec 15 13:45:37.796550 n-d-821840-1 devstack@placement-api.service[110249]: [pid: 110249|app: 0|req: 137/274] 10.222.0.24 () {60 vars in 1377 bytes} [Wed Dec 15 13:45:37 2021] GET /placement/allocations/0b534af0-7155-40b9-9d5d-5d469584db8b => generated 259 bytes in 18 msecs (HTTP/1.1 200) 8 headers in 296 bytes (2 switches on core 0)
Dec 15 13:45:37.808845 n-d-821840-1 devstack@placement-api.service[110250]: DEBUG placement.requestlog [req-58a84700-d32c-4190-9a86-bf94c01aae8c req-01dcb6ba-9fee-4f10-a711-39ab2c0974e8 None None] Starting request: 10.222.0.24 "PUT /placement/allocations/0b534af0-7155-40b9-9d5d-5d469584db8b" {{(pid=110250) __call__ /opt/stack/placement/placement/requestlog.py:55}}
Dec 15 13:45:37.862053 n-d-821840-1 devstack@placement-api.service[110250]: DEBUG placement.handlers.allocation [req-58a84700-d32c-4190-9a86-bf94c01aae8c req-01dcb6ba-9fee-4f10-a711-39ab2c0974e8 service placement] Successfully wrote allocations [<placement.objects.allocation.Allocation object at 0x7ff7d6dff2e0>, <placement.objects.allocation.Allocation object at 0x7ff7d6dff820>, <placement.objects.allocation.Allocation object at 0x7ff7d6d46760>] {{(pid=110250) _update_consumers_and_create_allocations /opt/stack/placement/placement/handlers/allocation.py:462}}
Dec 15 13:45:37.879416 n-d-821840-1 devstack@placement-api.service[110250]: INFO placement.requestlog [req-58a84700-d32c-4190-9a86-bf94c01aae8c req-01dcb6ba-9fee-4f10-a711-39ab2c0974e8 service placement] 10.222.0.24 "PUT /placement/allocations/0b534af0-7155-40b9-9d5d-5d469584db8b" status: 204 len: 0 microversion: 1.28
Dec 15 13:45:37.880382 n-d-821840-1 devstack@placement-api.service[110250]: [pid: 110250|app: 0|req: 138/275] 10.222.0.24 () {64 vars in 1430 bytes} [Wed Dec 15 13:45:37 2021] PUT /placement/allocations/0b534af0-7155-40b9-9d5d-5d469584db8b => generated 0 bytes in 72 msecs (HTTP/1.1 204) 5 headers in 199 bytes (1 switches on core 0)
Dec 15 13:45:38.640330 n-d-821840-1 devstack@placement-api.service[110249]: DEBUG placement.requestlog [req-f245b5f1-7f61-439b-85ca-4264518bcb77 req-bbebb98f-2c26-487d-9b1a-d5616748e7cc None None] Starting request: 10.222.0.86 "GET /placement/allocation_candidates?limit=1000&resources=MEMORY_MB%3A1024%2CVCPU%3A1&root_required=%21COMPUTE_STATUS_DISABLED" {{(pid=110249) __call__ /opt/stack/placement/placement/requestlog.py:55}}
Dec 15 13:45:38.676638 n-d-821840-1 devstack@placement-api.service[110249]: DEBUG placement.objects.research_context [req-f245b5f1-7f61-439b-85ca-4264518bcb77 req-bbebb98f-2c26-487d-9b1a-d5616748e7cc service placement] getting providers with 1024 MEMORY_MB {{(pid=110249) __init__ /opt/stack/placement/placement/objects/research_context.py:126}}
Dec 15 13:45:38.683834 n-d-821840-1 devstack@placement-api.service[110249]: DEBUG placement.objects.research_context [req-f245b5f1-7f61-439b-85ca-4264518bcb77 req-bbebb98f-2c26-487d-9b1a-d5616748e7cc service placement] getting providers with 1 VCPU {{(pid=110249) __init__ /opt/stack/placement/placement/objects/research_context.py:126}}
Dec 15 13:45:38.690074 n-d-821840-1 devstack@placement-api.service[110249]: DEBUG placement.objects.research_context [req-f245b5f1-7f61-439b-85ca-4264518bcb77 req-bbebb98f-2c26-487d-9b1a-d5616748e7cc service placement] found 2 providers with available 1024 MEMORY_MB {{(pid=110249) get_provider_ids_matching /opt/stack/placement/placement/objects/research_context.py:549}}
Dec 15 13:45:38.690492 n-d-821840-1 devstack@placement-api.service[110249]: DEBUG placement.objects.research_context [req-f245b5f1-7f61-439b-85ca-4264518bcb77 req-bbebb98f-2c26-487d-9b1a-d5616748e7cc service placement] found 2 providers with available 1 VCPU {{(pid=110249) get_provider_ids_matching /opt/stack/placement/placement/objects/research_context.py:549}}
Dec 15 13:45:38.690819 n-d-821840-1 devstack@placement-api.service[110249]: DEBUG placement.objects.research_context [req-f245b5f1-7f61-439b-85ca-4264518bcb77 req-bbebb98f-2c26-487d-9b1a-d5616748e7cc service placement] found 2 providers after filtering by previous result {{(pid=110249) get_provider_ids_matching /opt/stack/placement/placement/objects/research_context.py:580}}
Dec 15 13:45:38.705433 n-d-821840-1 devstack@placement-api.service[110249]: DEBUG placement.objects.allocation_candidate [req-f245b5f1-7f61-439b-85ca-4264518bcb77 req-bbebb98f-2c26-487d-9b1a-d5616748e7cc service placement] RequestGroup(use_same_provider=False, resources={MEMORY_MB:1024, VCPU:1}, traits=[], aggregates=[]) (suffix '') returned 2 matches {{(pid=110249) _get_by_requests /opt/stack/placement/placement/objects/allocation_candidate.py:145}}
Dec 15 13:45:38.706018 n-d-821840-1 devstack@placement-api.service[110249]: DEBUG placement.objects.allocation_candidate [req-f245b5f1-7f61-439b-85ca-4264518bcb77 req-bbebb98f-2c26-487d-9b1a-d5616748e7cc service placement] Merging candidates yields 2 allocation requests and 2 provider summaries {{(pid=110249) _merge_candidates /opt/stack/placement/placement/objects/allocation_candidate.py:783}}
Dec 15 13:45:38.709124 n-d-821840-1 devstack@placement-api.service[110249]: INFO placement.requestlog [req-f245b5f1-7f61-439b-85ca-4264518bcb77 req-bbebb98f-2c26-487d-9b1a-d5616748e7cc service placement] 10.222.0.86 "GET /placement/allocation_candidates?limit=1000&resources=MEMORY_MB%3A1024%2CVCPU%3A1&root_required=%21COMPUTE_STATUS_DISABLED" status: 200 len: 1282 microversion: 1.36
Dec 15 13:45:38.710340 n-d-821840-1 devstack@placement-api.service[110249]: [pid: 110249|app: 0|req: 138/276] 10.222.0.86 () {60 vars in 1478 bytes} [Wed Dec 15 13:45:38 2021] GET /placement/allocation_candidates?limit=1000&resources=MEMORY_MB%3A1024%2CVCPU%3A1&root_required=%21COMPUTE_STATUS_DISABLED => generated 1282 bytes in 70 msecs (HTTP/1.1 200) 8 headers in 297 bytes (1 switches on core 0)
Dec 15 13:45:38.789259 n-d-821840-1 devstack@placement-api.service[110250]: DEBUG placement.requestlog [req-f245b5f1-7f61-439b-85ca-4264518bcb77 req-2b7eb8c3-9932-4c22-bb2f-1dbd812e87d8 None None] Starting request: 10.222.0.86 "GET /placement/allocations/dd3495a1-772c-4b0e-b5a4-c6ca2f6f271b" {{(pid=110250) __call__ /opt/stack/placement/placement/requestlog.py:55}}
Dec 15 13:45:38.810928 n-d-821840-1 devstack@placement-api.service[110250]: INFO placement.requestlog [req-f245b5f1-7f61-439b-85ca-4264518bcb77 req-2b7eb8c3-9932-4c22-bb2f-1dbd812e87d8 service placement] 10.222.0.86 "GET /placement/allocations/dd3495a1-772c-4b0e-b5a4-c6ca2f6f271b" status: 200 len: 19 microversion: 1.28
Dec 15 13:45:38.811589 n-d-821840-1 devstack@placement-api.service[110250]: [pid: 110250|app: 0|req: 139/277] 10.222.0.86 () {60 vars in 1380 bytes} [Wed Dec 15 13:45:38 2021] GET /placement/allocations/dd3495a1-772c-4b0e-b5a4-c6ca2f6f271b => generated 19 bytes in 22 msecs (HTTP/1.1 200) 8 headers in 295 bytes (1 switches on core 0)
Dec 15 13:45:38.823420 n-d-821840-1 devstack@placement-api.service[110249]: DEBUG placement.requestlog [req-f245b5f1-7f61-439b-85ca-4264518bcb77 req-1acccde7-7ba5-464d-8330-2392f8314c30 None None] Starting request: 10.222.0.86 "PUT /placement/allocations/dd3495a1-772c-4b0e-b5a4-c6ca2f6f271b" {{(pid=110249) __call__ /opt/stack/placement/placement/requestlog.py:55}}
Dec 15 13:45:38.907496 n-d-821840-1 devstack@placement-api.service[110249]: DEBUG placement.handlers.allocation [req-f245b5f1-7f61-439b-85ca-4264518bcb77 req-1acccde7-7ba5-464d-8330-2392f8314c30 service placement] Successfully wrote allocations [<placement.objects.allocation.Allocation object at 0x7ff7d6f6e7f0>, <placement.objects.allocation.Allocation object at 0x7ff7d6eebe20>] {{(pid=110249) _update_consumers_and_create_allocations /opt/stack/placement/placement/handlers/allocation.py:462}}
Dec 15 13:45:38.914026 n-d-821840-1 devstack@placement-api.service[110249]: INFO placement.requestlog [req-f245b5f1-7f61-439b-85ca-4264518bcb77 req-1acccde7-7ba5-464d-8330-2392f8314c30 service placement] 10.222.0.86 "PUT /placement/allocations/dd3495a1-772c-4b0e-b5a4-c6ca2f6f271b" status: 204 len: 0 microversion: 1.36
Dec 15 13:45:38.914882 n-d-821840-1 devstack@placement-api.service[110249]: [pid: 110249|app: 0|req: 139/278] 10.222.0.86 () {64 vars in 1433 bytes} [Wed Dec 15 13:45:38 2021] PUT /placement/allocations/dd3495a1-772c-4b0e-b5a4-c6ca2f6f271b => generated 0 bytes in 92 msecs (HTTP/1.1 204) 5 headers in 199 bytes (1 switches on core 0)
Dec 15 13:45:39.329547 n-d-821840-1 devstack@placement-api.service[110250]: DEBUG placement.requestlog [req-f245b5f1-7f61-439b-85ca-4264518bcb77 req-053f18b5-ad54-4c84-a9f3-5b527e3315c0 None None] Starting request: 10.222.0.24 "GET /placement/allocations/dd3495a1-772c-4b0e-b5a4-c6ca2f6f271b" {{(pid=110250) __call__ /opt/stack/placement/placement/requestlog.py:55}}
Dec 15 13:45:39.358503 n-d-821840-1 devstack@placement-api.service[110250]: INFO placement.requestlog [req-f245b5f1-7f61-439b-85ca-4264518bcb77 req-053f18b5-ad54-4c84-a9f3-5b527e3315c0 service placement] 10.222.0.24 "GET /placement/allocations/dd3495a1-772c-4b0e-b5a4-c6ca2f6f271b" status: 200 len: 245 microversion: 1.28
Dec 15 13:45:39.358917 n-d-821840-1 devstack@placement-api.service[110250]: [pid: 110250|app: 0|req: 140/279] 10.222.0.24 () {60 vars in 1377 bytes} [Wed Dec 15 13:45:39 2021] GET /placement/allocations/dd3495a1-772c-4b0e-b5a4-c6ca2f6f271b => generated 245 bytes in 30 msecs (HTTP/1.1 200) 8 headers in 296 bytes (1 switches on core 0)
Dec 15 13:45:40.120690 n-d-821840-1 devstack@placement-api.service[110249]: DEBUG placement.requestlog [None req-fb77566a-a7e2-428d-8af8-8c2a72d9b55d None None] Starting request: 10.222.0.86 "GET /placement/" {{(pid=110249) __call__ /opt/stack/placement/placement/requestlog.py:55}}
Dec 15 13:45:40.122736 n-d-821840-1 devstack@placement-api.service[110249]: INFO placement.requestlog [None req-fb77566a-a7e2-428d-8af8-8c2a72d9b55d None None] 10.222.0.86 "GET /placement/" status: 200 len: 136 microversion: 1.0
Dec 15 13:45:40.123909 n-d-821840-1 devstack@placement-api.service[110249]: [pid: 110249|app: 0|req: 140/280] 10.222.0.86 () {54 vars in 916 bytes} [Wed Dec 15 13:45:40 2021] GET /placement => generated 136 bytes in 4 msecs (HTTP/1.1 200) 6 headers in 224 bytes (1 switches on core 0)
