Dec 15 13:42:43.430893 n-d-821840-1 devstack@n-api.service[124020]: DEBUG nova.api.openstack.wsgi [None req-f80c4dd8-cf2c-4cf7-8bee-fd41b607388d tempest-FlavorsAdminTestJSON-585892076 tempest-FlavorsAdminTestJSON-585892076-project-admin] Calling method '>' {{(pid=124020) _process_stack /opt/stack/nova/nova/api/openstack/wsgi.py:513}}
Dec 15 13:42:43.466623 n-d-821840-1 devstack@n-api.service[124020]: INFO nova.api.openstack.requestlog [None req-f80c4dd8-cf2c-4cf7-8bee-fd41b607388d tempest-FlavorsAdminTestJSON-585892076 tempest-FlavorsAdminTestJSON-585892076-project-admin] 10.222.0.86 "GET /compute/v2.1/flavors/detail" status: 200 len: 5818 microversion: 2.1 time: 0.042773
Dec 15 13:42:43.480191 n-d-821840-1 devstack@n-api.service[124020]: [pid: 124020|app: 0|req: 122/265] 10.222.0.86 () {58 vars in 1145 bytes} [Wed Dec 15 13:42:43 2021] GET /compute/v2.1/flavors/detail => generated 5818 bytes in 54 msecs (HTTP/1.1 200) 9 headers in 358 bytes (1 switches on core 0)
Dec 15 13:42:43.485637 n-d-821840-1 devstack@n-api.service[124021]: DEBUG nova.api.openstack.wsgi [None req-f1cc5d3b-c22f-4a9d-9981-a6824b759502 tempest-FlavorsAdminTestJSON-585892076 tempest-FlavorsAdminTestJSON-585892076-project-admin] Action: 'create', calling method: >, body: {"flavor": {"ram": 512, "vcpus": 1, "disk": 10, "name": "tempest-FlavorsAdminTestJSON-flavor-1135879751", "id": 1108185377, "os-flavor-access:is_public": "True"}} {{(pid=124021) _process_stack /opt/stack/nova/nova/api/openstack/wsgi.py:511}}
Dec 15 13:42:43.510321 n-d-821840-1 devstack@n-api.service[124021]: INFO nova.api.openstack.requestlog [None req-f1cc5d3b-c22f-4a9d-9981-a6824b759502 tempest-FlavorsAdminTestJSON-585892076 tempest-FlavorsAdminTestJSON-585892076-project-admin] 10.222.0.86 "POST /compute/v2.1/flavors" status: 200 len: 429 microversion: 2.1 time: 0.028749
Dec 15 13:42:43.511339 n-d-821840-1 devstack@n-api.service[124021]: [pid: 124021|app: 0|req: 144/266] 10.222.0.86 () {60 vars in 1146 bytes} [Wed Dec 15 13:42:43 2021] POST /compute/v2.1/flavors => generated 429 bytes in 30 msecs (HTTP/1.1 200) 9 headers in 357 bytes (1 switches on core 0)
Dec 15 13:42:43.522291 n-d-821840-1 devstack@n-api.service[124020]: DEBUG nova.api.openstack.wsgi [None req-bda48a64-3106-4274-8b57-d0f029b1b299 tempest-FlavorsAdminTestJSON-585892076 tempest-FlavorsAdminTestJSON-585892076-project-admin] Calling method '>' {{(pid=124020) _process_stack /opt/stack/nova/nova/api/openstack/wsgi.py:513}}
Dec 15 13:42:43.543898 n-d-821840-1 devstack@n-api.service[124020]: INFO nova.api.openstack.requestlog [None req-bda48a64-3106-4274-8b57-d0f029b1b299 tempest-FlavorsAdminTestJSON-585892076 tempest-FlavorsAdminTestJSON-585892076-project-admin] 10.222.0.86 "DELETE /compute/v2.1/flavors/1108185377" status: 202 len: 0 microversion: 2.1 time: 0.024947
Dec 15 13:42:43.545032 n-d-821840-1 devstack@n-api.service[124020]: [pid: 124020|app: 0|req: 123/267] 10.222.0.86 () {58 vars in 1160 bytes} [Wed Dec 15 13:42:43 2021] DELETE /compute/v2.1/flavors/1108185377 => generated 0 bytes in 28 msecs (HTTP/1.1 202) 9 headers in 361 bytes (1 switches on core 0)
Dec 15 13:42:43.554906 n-d-821840-1 devstack@n-api.service[124021]: DEBUG nova.api.openstack.wsgi [None req-274565c2-4485-4fed-b41b-9e2d9c22a0a8 tempest-FlavorsAdminTestJSON-585892076 tempest-FlavorsAdminTestJSON-585892076-project-admin] Calling method '>' {{(pid=124021) _process_stack /opt/stack/nova/nova/api/openstack/wsgi.py:513}}
Dec 15 13:42:43.581783 n-d-821840-1 devstack@n-api.service[124020]: DEBUG nova.api.openstack.wsgi [None req-c32a824d-ca4a-4c13-b35f-cc24dbac8cba tempest-LiveAutoBlockMigrationV225Test-14292669 tempest-LiveAutoBlockMigrationV225Test-14292669-project] Calling method '>' {{(pid=124020) _process_stack /opt/stack/nova/nova/api/openstack/wsgi.py:513}}
Dec 15 13:42:43.582472 n-d-821840-1 devstack@n-api.service[124020]: DEBUG nova.compute.api [None req-c32a824d-ca4a-4c13-b35f-cc24dbac8cba tempest-LiveAutoBlockMigrationV225Test-14292669 tempest-LiveAutoBlockMigrationV225Test-14292669-project] [instance: 8d116c44-ca2f-4c96-bced-24c1075d3b23] Fetching instance by UUID {{(pid=124020) get /opt/stack/nova/nova/compute/api.py:2865}}
Dec 15 13:42:43.587961 n-d-821840-1 devstack@n-api.service[124021]: INFO nova.api.openstack.requestlog [None req-274565c2-4485-4fed-b41b-9e2d9c22a0a8 tempest-FlavorsAdminTestJSON-585892076 tempest-FlavorsAdminTestJSON-585892076-project-admin] 10.222.0.86 "GET /compute/v2.1/flavors/detail" status: 200 len: 5818 microversion: 2.1 time: 0.037961
Dec 15 13:42:43.591264 n-d-821840-1 devstack@n-api.service[124021]: [pid: 124021|app: 0|req: 145/268] 10.222.0.86 () {58 vars in 1145 bytes} [Wed Dec 15 13:42:43 2021] GET /compute/v2.1/flavors/detail => generated 5818 bytes in 42 msecs (HTTP/1.1 200) 9 headers in 358 bytes (1 switches on core 0)
Dec 15 13:42:43.604380 n-d-821840-1 devstack@n-api.service[124020]: DEBUG oslo_concurrency.lockutils [None req-c32a824d-ca4a-4c13-b35f-cc24dbac8cba tempest-LiveAutoBlockMigrationV225Test-14292669 tempest-LiveAutoBlockMigrationV225Test-14292669-project] Lock "8ed7cc31-b26c-429d-b342-4486f2cb1fa4" acquired by "nova.context.set_target_cell..get_or_set_cached_cell_and_set_connections" :: waited 0.013s {{(pid=124020) inner /usr/local/lib/python3.8/dist-packages/oslo_concurrency/lockutils.py:386}}
Dec 15 13:42:43.605161 n-d-821840-1 devstack@n-api.service[124020]: DEBUG oslo_concurrency.lockutils [None req-c32a824d-ca4a-4c13-b35f-cc24dbac8cba tempest-LiveAutoBlockMigrationV225Test-14292669 tempest-LiveAutoBlockMigrationV225Test-14292669-project] Lock "8ed7cc31-b26c-429d-b342-4486f2cb1fa4" "released" by "nova.context.set_target_cell..get_or_set_cached_cell_and_set_connections" :: held 0.001s {{(pid=124020) inner /usr/local/lib/python3.8/dist-packages/oslo_concurrency/lockutils.py:400}}
Dec 15 13:42:43.606172 n-d-821840-1 devstack@n-api.service[124020]: DEBUG oslo_concurrency.lockutils [None req-c32a824d-ca4a-4c13-b35f-cc24dbac8cba tempest-LiveAutoBlockMigrationV225Test-14292669 tempest-LiveAutoBlockMigrationV225Test-14292669-project] Lock "8ed7cc31-b26c-429d-b342-4486f2cb1fa4" acquired by "nova.context.set_target_cell..get_or_set_cached_cell_and_set_connections" :: waited 0.000s {{(pid=124020) inner /usr/local/lib/python3.8/dist-packages/oslo_concurrency/lockutils.py:386}}
Dec 15 13:42:43.606782 n-d-821840-1 devstack@n-api.service[124020]: DEBUG oslo_concurrency.lockutils [None req-c32a824d-ca4a-4c13-b35f-cc24dbac8cba tempest-LiveAutoBlockMigrationV225Test-14292669 tempest-LiveAutoBlockMigrationV225Test-14292669-project] Lock "8ed7cc31-b26c-429d-b342-4486f2cb1fa4" "released" by "nova.context.set_target_cell..get_or_set_cached_cell_and_set_connections" :: held 0.001s {{(pid=124020) inner /usr/local/lib/python3.8/dist-packages/oslo_concurrency/lockutils.py:400}}
Dec 15 13:42:43.611290 n-d-821840-1 devstack@n-api.service[124021]: DEBUG nova.api.openstack.wsgi [None req-141149d8-5a4a-421d-85fc-1a0e3db70763 tempest-FlavorsAdminTestJSON-585892076 tempest-FlavorsAdminTestJSON-585892076-project-admin] Action: 'create', calling method: >, body: {"flavor": {"ram": 512, "vcpus": 1, "disk": 10, "name": "tempest-FlavorsAdminTestJSON-flavor-1814478489", "id": null, "os-flavor-access:is_public": "True"}} {{(pid=124021) _process_stack /opt/stack/nova/nova/api/openstack/wsgi.py:511}}
Dec 15 13:42:43.643974 n-d-821840-1 devstack@n-api.service[124021]: INFO nova.api.openstack.requestlog [None req-141149d8-5a4a-421d-85fc-1a0e3db70763 tempest-FlavorsAdminTestJSON-585892076 tempest-FlavorsAdminTestJSON-585892076-project-admin] 10.222.0.86 "POST /compute/v2.1/flavors" status: 200 len: 507 microversion: 2.1 time: 0.039074
Dec 15 13:42:43.646407 n-d-821840-1 devstack@n-api.service[124021]: [pid: 124021|app: 0|req: 146/269] 10.222.0.86 () {60 vars in 1146 bytes} [Wed Dec 15 13:42:43 2021] POST /compute/v2.1/flavors => generated 507 bytes in 42 msecs (HTTP/1.1 200) 9 headers in 357 bytes (2 switches on core 0)
Dec 15 13:42:43.656413 n-d-821840-1 devstack@n-api.service[124021]: DEBUG nova.api.openstack.wsgi [None req-bfd85844-3864-45e7-b821-3dfaa3577f1c tempest-DeleteServersAdminTestJSON-1975887709 tempest-DeleteServersAdminTestJSON-1975887709-project] Calling method '>' {{(pid=124021) _process_stack /opt/stack/nova/nova/api/openstack/wsgi.py:513}}
Dec 15 13:42:43.659496 n-d-821840-1 devstack@n-api.service[124021]: DEBUG nova.compute.api [None req-bfd85844-3864-45e7-b821-3dfaa3577f1c tempest-DeleteServersAdminTestJSON-1975887709 tempest-DeleteServersAdminTestJSON-1975887709-project] [instance: 2f941af4-7e22-47ad-8587-1ac951275bb8] Fetching instance by UUID {{(pid=124021) get /opt/stack/nova/nova/compute/api.py:2865}}
Dec 15 13:42:43.677249 n-d-821840-1 devstack@n-api.service[124021]: DEBUG oslo_concurrency.lockutils [None req-bfd85844-3864-45e7-b821-3dfaa3577f1c tempest-DeleteServersAdminTestJSON-1975887709 tempest-DeleteServersAdminTestJSON-1975887709-project] Lock "8ed7cc31-b26c-429d-b342-4486f2cb1fa4" acquired by "nova.context.set_target_cell..get_or_set_cached_cell_and_set_connections" :: waited 0.000s {{(pid=124021) inner /usr/local/lib/python3.8/dist-packages/oslo_concurrency/lockutils.py:386}}
Dec 15 13:42:43.678572 n-d-821840-1 devstack@n-api.service[124021]: DEBUG oslo_concurrency.lockutils [None req-bfd85844-3864-45e7-b821-3dfaa3577f1c tempest-DeleteServersAdminTestJSON-1975887709 tempest-DeleteServersAdminTestJSON-1975887709-project] Lock "8ed7cc31-b26c-429d-b342-4486f2cb1fa4" "released" by "nova.context.set_target_cell..get_or_set_cached_cell_and_set_connections" :: held 0.002s {{(pid=124021) inner /usr/local/lib/python3.8/dist-packages/oslo_concurrency/lockutils.py:400}}
Dec 15 13:42:43.685028 n-d-821840-1 devstack@n-api.service[124021]: DEBUG oslo_concurrency.lockutils [None req-bfd85844-3864-45e7-b821-3dfaa3577f1c tempest-DeleteServersAdminTestJSON-1975887709 tempest-DeleteServersAdminTestJSON-1975887709-project] Lock "8ed7cc31-b26c-429d-b342-4486f2cb1fa4" acquired by "nova.context.set_target_cell..get_or_set_cached_cell_and_set_connections" :: waited 0.000s {{(pid=124021) inner /usr/local/lib/python3.8/dist-packages/oslo_concurrency/lockutils.py:386}}
Dec 15 13:42:43.685573 n-d-821840-1 devstack@n-api.service[124021]: DEBUG oslo_concurrency.lockutils [None req-bfd85844-3864-45e7-b821-3dfaa3577f1c tempest-DeleteServersAdminTestJSON-1975887709 tempest-DeleteServersAdminTestJSON-1975887709-project] Lock "8ed7cc31-b26c-429d-b342-4486f2cb1fa4" "released" by "nova.context.set_target_cell..get_or_set_cached_cell_and_set_connections" :: held 0.004s {{(pid=124021) inner /usr/local/lib/python3.8/dist-packages/oslo_concurrency/lockutils.py:400}}
Dec 15 13:42:43.934083 n-d-821840-1 devstack@n-api.service[124021]: DEBUG nova.policy [None req-bfd85844-3864-45e7-b821-3dfaa3577f1c tempest-DeleteServersAdminTestJSON-1975887709 tempest-DeleteServersAdminTestJSON-1975887709-project] Policy check for os_compute_api:os-extended-server-attributes failed with credentials {'is_admin': False, 'user_id': '871021e4f0b244b3bc5b7284d8b33621', 'user_domain_id': 'default', 'system_scope': None, 'domain_id': None, 'project_id': '7a9a06f05fff45ad81622d6938915173', 'project_domain_id': 'default', 'roles': ['reader', 'member'], 'is_admin_project': True, 'service_user_id': None, 'service_user_domain_id': None, 'service_project_id': None, 'service_project_domain_id': None, 'service_roles': []} {{(pid=124021) authorize /opt/stack/nova/nova/policy.py:199}}
Dec 15 13:42:43.940436 n-d-821840-1 devstack@n-api.service[124020]: DEBUG nova.policy [None req-c32a824d-ca4a-4c13-b35f-cc24dbac8cba tempest-LiveAutoBlockMigrationV225Test-14292669 tempest-LiveAutoBlockMigrationV225Test-14292669-project] Policy check for os_compute_api:os-extended-server-attributes failed with credentials {'is_admin': False, 'user_id': '65d33abee3a34545bdd8b70eacdcd205', 'user_domain_id': 'default', 'system_scope': None, 'domain_id': None, 'project_id': '72f3a4952976434a83ac56055293d649', 'project_domain_id': 'default', 'roles': ['reader', 'member'], 'is_admin_project': True, 'service_user_id': None, 'service_user_domain_id': None, 'service_project_id': None, 'service_project_domain_id': None, 'service_roles': []} {{(pid=124020) authorize /opt/stack/nova/nova/policy.py:199}}
Dec 15 13:42:43.958163 n-d-821840-1 devstack@n-api.service[124021]: INFO nova.api.openstack.requestlog [None req-bfd85844-3864-45e7-b821-3dfaa3577f1c tempest-DeleteServersAdminTestJSON-1975887709 tempest-DeleteServersAdminTestJSON-1975887709-project] 10.222.0.86 "GET /compute/v2.1/servers/2f941af4-7e22-47ad-8587-1ac951275bb8" status: 200 len: 1319 microversion: 2.1 time: 0.310288
Dec 15 13:42:43.959000 n-d-821840-1 devstack@n-api.service[124021]: [pid: 124021|app: 0|req: 147/270] 10.222.0.86 () {58 vars in 1235 bytes} [Wed Dec 15 13:42:43 2021] GET /compute/v2.1/servers/2f941af4-7e22-47ad-8587-1ac951275bb8 => generated 1319 bytes in 312 msecs (HTTP/1.1 200) 9 headers in 358 bytes (1 switches on core 0)
Dec 15 13:42:43.964232 n-d-821840-1 devstack@n-api.service[124021]: DEBUG nova.api.openstack.wsgi [None req-96cafc7d-7094-464d-912f-5d3fa6928271 tempest-FlavorsAdminTestJSON-585892076 tempest-FlavorsAdminTestJSON-585892076-project-admin] Calling method '>' {{(pid=124021) _process_stack /opt/stack/nova/nova/api/openstack/wsgi.py:513}}
Dec 15 13:42:43.964922 n-d-821840-1 devstack@n-api.service[124020]: DEBUG nova.policy [None req-c32a824d-ca4a-4c13-b35f-cc24dbac8cba tempest-LiveAutoBlockMigrationV225Test-14292669 tempest-LiveAutoBlockMigrationV225Test-14292669-project] Policy check for os_compute_api:servers:show:host_status failed with credentials {'is_admin': False, 'user_id': '65d33abee3a34545bdd8b70eacdcd205', 'user_domain_id': 'default', 'system_scope': None, 'domain_id': None, 'project_id': '72f3a4952976434a83ac56055293d649', 'project_domain_id': 'default', 'roles': ['reader', 'member'], 'is_admin_project': True, 'service_user_id': None, 'service_user_domain_id': None, 'service_project_id': None, 'service_project_domain_id': None, 'service_roles': []} {{(pid=124020) authorize /opt/stack/nova/nova/policy.py:199}}
Dec 15 13:42:43.967387 n-d-821840-1 devstack@n-api.service[124020]: DEBUG nova.policy [None req-c32a824d-ca4a-4c13-b35f-cc24dbac8cba tempest-LiveAutoBlockMigrationV225Test-14292669 tempest-LiveAutoBlockMigrationV225Test-14292669-project] Policy check for os_compute_api:servers:show:host_status:unknown-only failed with credentials {'is_admin': False, 'user_id': '65d33abee3a34545bdd8b70eacdcd205', 'user_domain_id': 'default', 'system_scope': None, 'domain_id': None, 'project_id': '72f3a4952976434a83ac56055293d649', 'project_domain_id': 'default', 'roles': ['reader', 'member'], 'is_admin_project': True, 'service_user_id': None, 'service_user_domain_id': None, 'service_project_id': None, 'service_project_domain_id': None, 'service_roles': []} {{(pid=124020) authorize /opt/stack/nova/nova/policy.py:199}}
Dec 15 13:42:43.969061 n-d-821840-1 devstack@n-api.service[124020]: INFO nova.api.openstack.requestlog [None req-c32a824d-ca4a-4c13-b35f-cc24dbac8cba tempest-LiveAutoBlockMigrationV225Test-14292669 tempest-LiveAutoBlockMigrationV225Test-14292669-project] 10.222.0.86 "GET /compute/v2.1/servers/8d116c44-ca2f-4c96-bced-24c1075d3b23" status: 200 len: 1557 microversion: 2.25 time: 0.412412
Dec 15 13:42:43.970201 n-d-821840-1 devstack@n-api.service[124020]: [pid: 124020|app: 0|req: 124/271] 10.222.0.86 () {60 vars in 1276 bytes} [Wed Dec 15 13:42:43 2021] GET /compute/v2.1/servers/8d116c44-ca2f-4c96-bced-24c1075d3b23 => generated 1557 bytes in 414 msecs (HTTP/1.1 200) 9 headers in 360 bytes (1 switches on core 0)
Dec 15 13:42:43.971498 n-d-821840-1 devstack@n-api.service[124021]: /usr/local/lib/python3.8/dist-packages/oslo_policy/policy.py:1117: UserWarning: Policy "os_compute_api:os-flavor-manage:delete": "rule:system_admin_api" failed scope check. The token used to make the request was project scoped but the policy requires ['system'] scope. This behavior may change in the future where using the intended scope is required
Dec 15 13:42:43.971498 n-d-821840-1 devstack@n-api.service[124021]: warnings.warn(msg)
Dec 15 13:42:43.979486 n-d-821840-1 devstack@n-api.service[124020]: DEBUG nova.api.openstack.wsgi [None req-6d5aea29-86d9-4fd0-b5d6-ce56e72c8e0d tempest-ServersWithSpecificFlavorTestJSON-1797571750 tempest-ServersWithSpecificFlavorTestJSON-1797571750-project] Action: 'action', calling method: >, body: {"os-getConsoleOutput": {}} {{(pid=124020) _process_stack /opt/stack/nova/nova/api/openstack/wsgi.py:511}}
Dec 15 13:42:43.982091 n-d-821840-1 devstack@n-api.service[124020]: DEBUG nova.compute.api [None req-6d5aea29-86d9-4fd0-b5d6-ce56e72c8e0d tempest-ServersWithSpecificFlavorTestJSON-1797571750 tempest-ServersWithSpecificFlavorTestJSON-1797571750-project] [instance: 325ac3a1-5b49-4ee5-88fa-69a954049bfa] Fetching instance by UUID {{(pid=124020) get /opt/stack/nova/nova/compute/api.py:2865}}
Dec 15 13:42:43.992060 n-d-821840-1 devstack@n-api.service[124020]: DEBUG oslo_concurrency.lockutils [None req-6d5aea29-86d9-4fd0-b5d6-ce56e72c8e0d tempest-ServersWithSpecificFlavorTestJSON-1797571750 tempest-ServersWithSpecificFlavorTestJSON-1797571750-project] Lock "8ed7cc31-b26c-429d-b342-4486f2cb1fa4" acquired by "nova.context.set_target_cell..get_or_set_cached_cell_and_set_connections" :: waited 0.000s {{(pid=124020) inner /usr/local/lib/python3.8/dist-packages/oslo_concurrency/lockutils.py:386}}
Dec 15 13:42:43.993833 n-d-821840-1 devstack@n-api.service[124020]: DEBUG oslo_concurrency.lockutils [None req-6d5aea29-86d9-4fd0-b5d6-ce56e72c8e0d tempest-ServersWithSpecificFlavorTestJSON-1797571750 tempest-ServersWithSpecificFlavorTestJSON-1797571750-project] Lock "8ed7cc31-b26c-429d-b342-4486f2cb1fa4" "released" by "nova.context.set_target_cell..get_or_set_cached_cell_and_set_connections" :: held 0.001s {{(pid=124020) inner /usr/local/lib/python3.8/dist-packages/oslo_concurrency/lockutils.py:400}}
Dec 15 13:42:43.993833 n-d-821840-1 devstack@n-api.service[124020]: DEBUG oslo_concurrency.lockutils [None req-6d5aea29-86d9-4fd0-b5d6-ce56e72c8e0d tempest-ServersWithSpecificFlavorTestJSON-1797571750 tempest-ServersWithSpecificFlavorTestJSON-1797571750-project] Lock "8ed7cc31-b26c-429d-b342-4486f2cb1fa4" acquired by "nova.context.set_target_cell..get_or_set_cached_cell_and_set_connections" :: waited 0.000s {{(pid=124020) inner /usr/local/lib/python3.8/dist-packages/oslo_concurrency/lockutils.py:386}}
Dec 15 13:42:43.993833 n-d-821840-1 devstack@n-api.service[124020]: DEBUG oslo_concurrency.lockutils [None req-6d5aea29-86d9-4fd0-b5d6-ce56e72c8e0d tempest-ServersWithSpecificFlavorTestJSON-1797571750 tempest-ServersWithSpecificFlavorTestJSON-1797571750-project] Lock "8ed7cc31-b26c-429d-b342-4486f2cb1fa4" "released" by "nova.context.set_target_cell..get_or_set_cached_cell_and_set_connections" :: held 0.000s {{(pid=124020) inner /usr/local/lib/python3.8/dist-packages/oslo_concurrency/lockutils.py:400}}
Dec 15 13:42:44.022955 n-d-821840-1 devstack@n-api.service[124021]: INFO nova.api.openstack.requestlog [None req-96cafc7d-7094-464d-912f-5d3fa6928271 tempest-FlavorsAdminTestJSON-585892076 tempest-FlavorsAdminTestJSON-585892076-project-admin] 10.222.0.86 "DELETE /compute/v2.1/flavors/96dc7034-907f-4d06-b9a4-27cc06cd4680" status: 202 len: 0 microversion: 2.1 time: 0.061922
Dec 15 13:42:44.023690 n-d-821840-1 devstack@n-api.service[124021]: [pid: 124021|app: 0|req: 148/272] 10.222.0.86 () {58 vars in 1238 bytes} [Wed Dec 15 13:42:43 2021] DELETE /compute/v2.1/flavors/96dc7034-907f-4d06-b9a4-27cc06cd4680 => generated 0 bytes in 63 msecs (HTTP/1.1 202) 9 headers in 361 bytes (1 switches on core 0)
Dec 15 13:42:44.045731 n-d-821840-1 devstack@n-api.service[124020]: INFO nova.api.openstack.requestlog [None req-6d5aea29-86d9-4fd0-b5d6-ce56e72c8e0d tempest-ServersWithSpecificFlavorTestJSON-1797571750 tempest-ServersWithSpecificFlavorTestJSON-1797571750-project] 10.222.0.86 "POST /compute/v2.1/servers/325ac3a1-5b49-4ee5-88fa-69a954049bfa/action" status: 200 len: 14 microversion: 2.1 time: 0.071712
Dec 15 13:42:44.046700 n-d-821840-1 devstack@n-api.service[124020]: [pid: 124020|app: 0|req: 125/273] 10.222.0.86 () {60 vars in 1277 bytes} [Wed Dec 15 13:42:43 2021] POST /compute/v2.1/servers/325ac3a1-5b49-4ee5-88fa-69a954049bfa/action => generated 14 bytes in 74 msecs (HTTP/1.1 200) 9 headers in 356 bytes (1 switches on core 0)
Dec 15 13:42:44.057188 n-d-821840-1 devstack@n-api.service[124020]: DEBUG nova.api.openstack.wsgi [None req-a3dbf54d-eb17-4368-913b-de690fff8494 tempest-FlavorsAdminTestJSON-585892076 tempest-FlavorsAdminTestJSON-585892076-project-admin] Calling method '>' {{(pid=124020) _process_stack /opt/stack/nova/nova/api/openstack/wsgi.py:513}}
Dec 15 13:42:44.113189 n-d-821840-1 devstack@n-api.service[124020]: INFO nova.api.openstack.requestlog [None req-a3dbf54d-eb17-4368-913b-de690fff8494 tempest-FlavorsAdminTestJSON-585892076 tempest-FlavorsAdminTestJSON-585892076-project-admin] 10.222.0.86 "GET /compute/v2.1/flavors/detail" status: 200 len: 5818 microversion: 2.1 time: 0.064998
Dec 15 13:42:44.113909 n-d-821840-1 devstack@n-api.service[124020]: [pid: 124020|app: 0|req: 126/274] 10.222.0.86 () {58 vars in 1145 bytes} [Wed Dec 15 13:42:44 2021] GET /compute/v2.1/flavors/detail => generated 5818 bytes in 67 msecs (HTTP/1.1 200) 9 headers in 358 bytes (1 switches on core 0)
Dec 15 13:42:44.139329 n-d-821840-1 devstack@n-api.service[124020]: DEBUG nova.api.openstack.wsgi [None req-0f734764-ee86-4586-bd66-248541ac0c28 tempest-FlavorsAdminTestJSON-585892076 tempest-FlavorsAdminTestJSON-585892076-project-admin] Action: 'create', calling method: >, body: {"flavor": {"ram": 512, "vcpus": 1, "disk": 10, "name": "tempest-FlavorsAdminTestJSON-flavor-872922150", "id": "0c4750c5-a146-4a5f-bf93-c763038f38af", "os-flavor-access:is_public": "True"}} {{(pid=124020) _process_stack /opt/stack/nova/nova/api/openstack/wsgi.py:511}}
Dec 15 13:42:44.146259 n-d-821840-1 devstack@n-api.service[124020]: /usr/local/lib/python3.8/dist-packages/oslo_policy/policy.py:1117: UserWarning: Policy "os_compute_api:os-flavor-manage:create": "rule:system_admin_api" failed scope check. The token used to make the request was project scoped but the policy requires ['system'] scope. This behavior may change in the future where using the intended scope is required
Dec 15 13:42:44.146259 n-d-821840-1 devstack@n-api.service[124020]: warnings.warn(msg)
Dec 15 13:42:44.179251 n-d-821840-1 devstack@n-api.service[124020]: INFO nova.api.openstack.requestlog [None req-0f734764-ee86-4586-bd66-248541ac0c28 tempest-FlavorsAdminTestJSON-585892076 tempest-FlavorsAdminTestJSON-585892076-project-admin] 10.222.0.86 "POST /compute/v2.1/flavors" status: 200 len: 506 microversion: 2.1 time: 0.049143
Dec 15 13:42:44.181743 n-d-821840-1 devstack@n-api.service[124020]: [pid: 124020|app: 0|req: 127/275] 10.222.0.86 () {60 vars in 1146 bytes} [Wed Dec 15 13:42:44 2021] POST /compute/v2.1/flavors => generated 506 bytes in 56 msecs (HTTP/1.1 200) 9 headers in 357 bytes (2 switches on core 0)
Dec 15 13:42:44.193684 n-d-821840-1 devstack@n-api.service[124020]: DEBUG nova.api.openstack.wsgi [None req-b63e030c-a8b6-44c9-9120-60578f500509 tempest-FlavorsAdminTestJSON-585892076 tempest-FlavorsAdminTestJSON-585892076-project-admin] Calling method '>' {{(pid=124020) _process_stack /opt/stack/nova/nova/api/openstack/wsgi.py:513}}
Dec 15 13:42:44.195341 n-d-821840-1 devstack@n-api.service[124020]: /usr/local/lib/python3.8/dist-packages/oslo_policy/policy.py:1117: UserWarning: Policy "os_compute_api:os-flavor-manage:delete": "rule:system_admin_api" failed scope check. The token used to make the request was project scoped but the policy requires ['system'] scope. This behavior may change in the future where using the intended scope is required
Dec 15 13:42:44.195341 n-d-821840-1 devstack@n-api.service[124020]: warnings.warn(msg)
Dec 15 13:42:44.223437 n-d-821840-1 devstack@n-api.service[124020]: INFO nova.api.openstack.requestlog [None req-b63e030c-a8b6-44c9-9120-60578f500509 tempest-FlavorsAdminTestJSON-585892076 tempest-FlavorsAdminTestJSON-585892076-project-admin] 10.222.0.86 "DELETE /compute/v2.1/flavors/0c4750c5-a146-4a5f-bf93-c763038f38af" status: 202 len: 0 microversion: 2.1 time: 0.035487
Dec 15 13:42:44.224678 n-d-821840-1 devstack@n-api.service[124020]: [pid: 124020|app: 0|req: 128/276] 10.222.0.86 () {58 vars in 1238 bytes} [Wed Dec 15 13:42:44 2021] DELETE /compute/v2.1/flavors/0c4750c5-a146-4a5f-bf93-c763038f38af => generated 0 bytes in 38 msecs (HTTP/1.1 202) 9 headers in 361 bytes (1 switches on core 0)
Dec 15 13:42:44.238564 n-d-821840-1 devstack@n-api.service[124020]: DEBUG nova.api.openstack.wsgi [None req-7d34408c-fdc7-4bfc-82fe-d5df33dcb3aa tempest-FlavorsAdminTestJSON-585892076 tempest-FlavorsAdminTestJSON-585892076-project-admin] Calling method '>' {{(pid=124020) _process_stack /opt/stack/nova/nova/api/openstack/wsgi.py:513}}
Dec 15 13:42:44.265409 n-d-821840-1 devstack@n-api.service[124020]: INFO nova.api.openstack.requestlog [None req-7d34408c-fdc7-4bfc-82fe-d5df33dcb3aa tempest-FlavorsAdminTestJSON-585892076 tempest-FlavorsAdminTestJSON-585892076-project-admin] 10.222.0.86 "GET /compute/v2.1/flavors/detail" status: 200 len: 5818 microversion: 2.1 time: 0.036649
Dec 15 13:42:44.268577 n-d-821840-1 devstack@n-api.service[124020]: [pid: 124020|app: 0|req: 129/277] 10.222.0.86 () {58 vars in 1145 bytes} [Wed Dec 15 13:42:44 2021] GET /compute/v2.1/flavors/detail => generated 5818 bytes in 40 msecs (HTTP/1.1 200) 9 headers in 358 bytes (1 switches on core 0)
Dec 15 13:42:44.286903 n-d-821840-1 devstack@n-api.service[124020]: DEBUG nova.api.openstack.wsgi [None req-a123c934-2588-4128-a0fd-c4594816aad6 tempest-FlavorsAdminTestJSON-585892076 tempest-FlavorsAdminTestJSON-585892076-project-admin] Action: 'create', calling method: >, body: {"flavor": {"ram": 512, "vcpus": 1, "disk": 10, "name": "tempest-test_flavor_-965334323", "id": 1870045751, "os-flavor-access:is_public": "True"}} {{(pid=124020) _process_stack /opt/stack/nova/nova/api/openstack/wsgi.py:511}}
Dec 15 13:42:44.331543 n-d-821840-1 devstack@n-api.service[124020]: INFO nova.api.openstack.requestlog [None req-a123c934-2588-4128-a0fd-c4594816aad6 tempest-FlavorsAdminTestJSON-585892076 tempest-FlavorsAdminTestJSON-585892076-project-admin] 10.222.0.86 "POST /compute/v2.1/flavors" status: 200 len: 413 microversion: 2.1 time: 0.049217
Dec 15 13:42:44.333888 n-d-821840-1 devstack@n-api.service[124020]: [pid: 124020|app: 0|req: 130/278] 10.222.0.86 () {60 vars in 1146 bytes} [Wed Dec 15 13:42:44 2021] POST /compute/v2.1/flavors => generated 413 bytes in 54 msecs (HTTP/1.1 200) 9 headers in 357 bytes (1 switches on core 0)
Dec 15 13:42:44.346585 n-d-821840-1 devstack@n-api.service[124020]: DEBUG nova.api.openstack.wsgi [None req-feefabfb-ca3e-4267-b076-824944c019d7 tempest-FlavorsAdminTestJSON-585892076 tempest-FlavorsAdminTestJSON-585892076-project-admin] Calling method '>' {{(pid=124020) _process_stack /opt/stack/nova/nova/api/openstack/wsgi.py:513}}
Dec 15 13:42:44.370012 n-d-821840-1 devstack@n-api.service[124020]: INFO nova.api.openstack.requestlog [None req-feefabfb-ca3e-4267-b076-824944c019d7 tempest-FlavorsAdminTestJSON-585892076 tempest-FlavorsAdminTestJSON-585892076-project-admin] 10.222.0.86 "GET /compute/v2.1/flavors/1870045751" status: 200 len: 413 microversion: 2.1 time: 0.028751
Dec 15 13:42:44.370530 n-d-821840-1 devstack@n-api.service[124020]: [pid: 124020|app: 0|req: 131/279] 10.222.0.86 () {58 vars in 1157 bytes} [Wed Dec 15 13:42:44 2021] GET /compute/v2.1/flavors/1870045751 => generated 413 bytes in 30 msecs (HTTP/1.1 200) 9 headers in 357 bytes (1 switches on core 0)
Dec 15 13:42:44.576799 n-d-821840-1 devstack@n-api.service[124021]: DEBUG nova.api.openstack.wsgi [None req-5e1b88de-ddc0-4a7e-807e-b46de0d91ae0 tempest-LiveAutoBlockMigrationV225Test-1666508178 tempest-LiveAutoBlockMigrationV225Test-1666508178-project-admin] Calling method '>' {{(pid=124021) _process_stack /opt/stack/nova/nova/api/openstack/wsgi.py:513}}
Dec 15 13:42:44.577416 n-d-821840-1 devstack@n-api.service[124021]: DEBUG nova.compute.api [None req-5e1b88de-ddc0-4a7e-807e-b46de0d91ae0 tempest-LiveAutoBlockMigrationV225Test-1666508178 tempest-LiveAutoBlockMigrationV225Test-1666508178-project-admin] [instance: 8d116c44-ca2f-4c96-bced-24c1075d3b23] Fetching instance by UUID {{(pid=124021) get /opt/stack/nova/nova/compute/api.py:2865}}
Dec 15 13:42:44.596532 n-d-821840-1 devstack@n-api.service[124021]: DEBUG oslo_concurrency.lockutils [None req-5e1b88de-ddc0-4a7e-807e-b46de0d91ae0 tempest-LiveAutoBlockMigrationV225Test-1666508178 tempest-LiveAutoBlockMigrationV225Test-1666508178-project-admin] Lock "8ed7cc31-b26c-429d-b342-4486f2cb1fa4" acquired by "nova.context.set_target_cell..get_or_set_cached_cell_and_set_connections" :: waited 0.000s {{(pid=124021) inner /usr/local/lib/python3.8/dist-packages/oslo_concurrency/lockutils.py:386}}
Dec 15 13:42:44.597275 n-d-821840-1 devstack@n-api.service[124021]: DEBUG oslo_concurrency.lockutils [None req-5e1b88de-ddc0-4a7e-807e-b46de0d91ae0 tempest-LiveAutoBlockMigrationV225Test-1666508178 tempest-LiveAutoBlockMigrationV225Test-1666508178-project-admin] Lock "8ed7cc31-b26c-429d-b342-4486f2cb1fa4" "released" by "nova.context.set_target_cell..get_or_set_cached_cell_and_set_connections" :: held 0.001s {{(pid=124021) inner /usr/local/lib/python3.8/dist-packages/oslo_concurrency/lockutils.py:400}}
Dec 15 13:42:44.598154 n-d-821840-1 devstack@n-api.service[124021]: DEBUG oslo_concurrency.lockutils [None req-5e1b88de-ddc0-4a7e-807e-b46de0d91ae0 tempest-LiveAutoBlockMigrationV225Test-1666508178 tempest-LiveAutoBlockMigrationV225Test-1666508178-project-admin] Lock "8ed7cc31-b26c-429d-b342-4486f2cb1fa4" acquired by "nova.context.set_target_cell..get_or_set_cached_cell_and_set_connections" :: waited 0.000s {{(pid=124021) inner /usr/local/lib/python3.8/dist-packages/oslo_concurrency/lockutils.py:386}}
Dec 15 13:42:44.598748 n-d-821840-1 devstack@n-api.service[124021]: DEBUG oslo_concurrency.lockutils [None req-5e1b88de-ddc0-4a7e-807e-b46de0d91ae0 tempest-LiveAutoBlockMigrationV225Test-1666508178 tempest-LiveAutoBlockMigrationV225Test-1666508178-project-admin] Lock "8ed7cc31-b26c-429d-b342-4486f2cb1fa4" "released" by "nova.context.set_target_cell..get_or_set_cached_cell_and_set_connections" :: held 0.001s {{(pid=124021) inner /usr/local/lib/python3.8/dist-packages/oslo_concurrency/lockutils.py:400}}
Dec 15 13:42:44.772114 n-d-821840-1 devstack@n-api.service[124021]: DEBUG nova.objects.instance [None req-5e1b88de-ddc0-4a7e-807e-b46de0d91ae0 tempest-LiveAutoBlockMigrationV225Test-1666508178 tempest-LiveAutoBlockMigrationV225Test-1666508178-project-admin] Lazy-loading 'services' on Instance uuid 8d116c44-ca2f-4c96-bced-24c1075d3b23 {{(pid=124021) obj_load_attr /opt/stack/nova/nova/objects/instance.py:1099}}
Dec 15 13:42:44.785200 n-d-821840-1 devstack@n-api.service[124020]: DEBUG nova.api.openstack.wsgi [None req-85d6ffc3-18ea-4eb3-bf5b-87b280e19fa2 tempest-FlavorsAdminTestJSON-894357685 tempest-FlavorsAdminTestJSON-894357685-project] Calling method '>' {{(pid=124020) _process_stack /opt/stack/nova/nova/api/openstack/wsgi.py:513}}
Dec 15 13:42:44.833383 n-d-821840-1 devstack@n-api.service[124020]: INFO nova.api.openstack.requestlog [None req-85d6ffc3-18ea-4eb3-bf5b-87b280e19fa2 tempest-FlavorsAdminTestJSON-894357685 tempest-FlavorsAdminTestJSON-894357685-project] 10.222.0.86 "GET /compute/v2.1/flavors/detail" status: 200 len: 6221 microversion: 2.1 time: 0.455028
Dec 15 13:42:44.834879 n-d-821840-1 devstack@n-api.service[124020]: [pid: 124020|app: 0|req: 132/280] 10.222.0.86 () {58 vars in 1145 bytes} [Wed Dec 15 13:42:44 2021] GET /compute/v2.1/flavors/detail => generated 6221 bytes in 458 msecs (HTTP/1.1 200) 9 headers in 358 bytes (2 switches on core 0)
Dec 15 13:42:44.838502 n-d-821840-1 devstack@n-api.service[124021]: INFO nova.api.openstack.requestlog [None req-5e1b88de-ddc0-4a7e-807e-b46de0d91ae0 tempest-LiveAutoBlockMigrationV225Test-1666508178 tempest-LiveAutoBlockMigrationV225Test-1666508178-project-admin] 10.222.0.86 "GET /compute/v2.1/servers/8d116c44-ca2f-4c96-bced-24c1075d3b23" status: 200 len: 2049 microversion: 2.25 time: 0.812514
Dec 15 13:42:44.839690 n-d-821840-1 devstack@n-api.service[124021]: [pid: 124021|app: 0|req: 149/281] 10.222.0.86 () {60 vars in 1276 bytes} [Wed Dec 15 13:42:44 2021] GET /compute/v2.1/servers/8d116c44-ca2f-4c96-bced-24c1075d3b23 => generated 2049 bytes in 815 msecs (HTTP/1.1 200) 9 headers in 360 bytes (1 switches on core 0)
Dec 15 13:42:44.853513 n-d-821840-1 devstack@n-api.service[124020]: DEBUG nova.api.openstack.wsgi [None req-7d367952-4baa-4af2-86a4-d21b70d56ae1 tempest-FlavorsAdminTestJSON-585892076 tempest-FlavorsAdminTestJSON-585892076-project-admin] Calling method '>' {{(pid=124020) _process_stack /opt/stack/nova/nova/api/openstack/wsgi.py:513}}
Dec 15 13:42:44.866281 n-d-821840-1 devstack@n-api.service[124021]: DEBUG nova.api.openstack.wsgi [None req-f591d9f5-69c7-4d05-9ba5-a0f45338f7b7 tempest-LiveAutoBlockMigrationV225Test-1666508178 tempest-LiveAutoBlockMigrationV225Test-1666508178-project-admin] Calling method '>' {{(pid=124021) _process_stack /opt/stack/nova/nova/api/openstack/wsgi.py:513}}
Dec 15 13:42:44.866281 n-d-821840-1 devstack@n-api.service[124021]: DEBUG nova.compute.api [None req-f591d9f5-69c7-4d05-9ba5-a0f45338f7b7 tempest-LiveAutoBlockMigrationV225Test-1666508178 tempest-LiveAutoBlockMigrationV225Test-1666508178-project-admin] [instance: 8d116c44-ca2f-4c96-bced-24c1075d3b23] Fetching instance by UUID {{(pid=124021) get /opt/stack/nova/nova/compute/api.py:2865}}
Dec 15 13:42:44.871006 n-d-821840-1 devstack@n-api.service[124021]: DEBUG oslo_concurrency.lockutils [None req-f591d9f5-69c7-4d05-9ba5-a0f45338f7b7 tempest-LiveAutoBlockMigrationV225Test-1666508178 tempest-LiveAutoBlockMigrationV225Test-1666508178-project-admin] Lock "8ed7cc31-b26c-429d-b342-4486f2cb1fa4" acquired by "nova.context.set_target_cell..get_or_set_cached_cell_and_set_connections" :: waited 0.000s {{(pid=124021) inner /usr/local/lib/python3.8/dist-packages/oslo_concurrency/lockutils.py:386}}
Dec 15 13:42:44.871410 n-d-821840-1 devstack@n-api.service[124021]: DEBUG oslo_concurrency.lockutils [None req-f591d9f5-69c7-4d05-9ba5-a0f45338f7b7 tempest-LiveAutoBlockMigrationV225Test-1666508178 tempest-LiveAutoBlockMigrationV225Test-1666508178-project-admin] Lock "8ed7cc31-b26c-429d-b342-4486f2cb1fa4" "released" by "nova.context.set_target_cell..get_or_set_cached_cell_and_set_connections" :: held 0.001s {{(pid=124021) inner /usr/local/lib/python3.8/dist-packages/oslo_concurrency/lockutils.py:400}}
Dec 15 13:42:44.872533 n-d-821840-1 devstack@n-api.service[124021]: DEBUG oslo_concurrency.lockutils [None req-f591d9f5-69c7-4d05-9ba5-a0f45338f7b7 tempest-LiveAutoBlockMigrationV225Test-1666508178 tempest-LiveAutoBlockMigrationV225Test-1666508178-project-admin] Lock "8ed7cc31-b26c-429d-b342-4486f2cb1fa4" acquired by "nova.context.set_target_cell..get_or_set_cached_cell_and_set_connections" :: waited 0.000s {{(pid=124021) inner /usr/local/lib/python3.8/dist-packages/oslo_concurrency/lockutils.py:386}}
Dec 15 13:42:44.872975 n-d-821840-1 devstack@n-api.service[124021]: DEBUG oslo_concurrency.lockutils [None req-f591d9f5-69c7-4d05-9ba5-a0f45338f7b7 tempest-LiveAutoBlockMigrationV225Test-1666508178 tempest-LiveAutoBlockMigrationV225Test-1666508178-project-admin] Lock "8ed7cc31-b26c-429d-b342-4486f2cb1fa4" "released" by "nova.context.set_target_cell..get_or_set_cached_cell_and_set_connections" :: held 0.001s {{(pid=124021) inner /usr/local/lib/python3.8/dist-packages/oslo_concurrency/lockutils.py:400}}
Dec 15 13:42:44.876550 n-d-821840-1 devstack@n-api.service[124020]: INFO nova.api.openstack.requestlog [None req-7d367952-4baa-4af2-86a4-d21b70d56ae1 tempest-FlavorsAdminTestJSON-585892076 tempest-FlavorsAdminTestJSON-585892076-project-admin] 10.222.0.86 "DELETE /compute/v2.1/flavors/1870045751" status: 202 len: 0 microversion: 2.1 time: 0.026422
Dec 15 13:42:44.881180 n-d-821840-1 devstack@n-api.service[124020]: [pid: 124020|app: 0|req: 133/282] 10.222.0.86 () {58 vars in 1160 bytes} [Wed Dec 15 13:42:44 2021] DELETE /compute/v2.1/flavors/1870045751 => generated 0 bytes in 32 msecs (HTTP/1.1 202) 9 headers in 361 bytes (2 switches on core 0)
Dec 15 13:42:44.886540 n-d-821840-1 devstack@n-api.service[124020]: DEBUG nova.api.openstack.wsgi [None req-c0f9fae4-c133-42ff-af4d-44ba3c072f99 tempest-FlavorsAdminTestJSON-585892076 tempest-FlavorsAdminTestJSON-585892076-project-admin] Calling method '>' {{(pid=124020) _process_stack /opt/stack/nova/nova/api/openstack/wsgi.py:513}}
Dec 15 13:42:44.912357 n-d-821840-1 devstack@n-api.service[124020]: INFO nova.api.openstack.requestlog [None req-c0f9fae4-c133-42ff-af4d-44ba3c072f99 tempest-FlavorsAdminTestJSON-585892076 tempest-FlavorsAdminTestJSON-585892076-project-admin] 10.222.0.86 "GET /compute/v2.1/flavors/detail" status: 200 len: 5818 microversion: 2.1 time: 0.029665
Dec 15 13:42:44.913325 n-d-821840-1 devstack@n-api.service[124020]: [pid: 124020|app: 0|req: 134/283] 10.222.0.86 () {58 vars in 1145 bytes} [Wed Dec 15 13:42:44 2021] GET /compute/v2.1/flavors/detail => generated 5818 bytes in 31 msecs (HTTP/1.1 200) 9 headers in 358 bytes (1 switches on core 0)
Dec 15 13:42:44.936913 n-d-821840-1 devstack@n-api.service[124020]: DEBUG nova.api.openstack.wsgi [None req-ccb74a6f-179d-4094-935e-83ffd559203a tempest-FlavorsAdminTestJSON-585892076 tempest-FlavorsAdminTestJSON-585892076-project-admin] Action: 'create', calling method: >, body: {"flavor": {"ram": 512, "vcpus": 1, "disk": 10, "name": "tempest-FlavorsAdminTestJSON-flavor-1404005090", "id": 1192150035, "os-flavor-access:is_public": "False"}} {{(pid=124020) _process_stack /opt/stack/nova/nova/api/openstack/wsgi.py:511}}
Dec 15 13:42:44.960106 n-d-821840-1 devstack@n-api.service[124020]: INFO nova.api.openstack.requestlog [None req-ccb74a6f-179d-4094-935e-83ffd559203a tempest-FlavorsAdminTestJSON-585892076 tempest-FlavorsAdminTestJSON-585892076-project-admin] 10.222.0.86 "POST /compute/v2.1/flavors" status: 200 len: 430 microversion: 2.1 time: 0.033205
Dec 15 13:42:44.966469 n-d-821840-1 devstack@n-api.service[124020]: [pid: 124020|app: 0|req: 135/284] 10.222.0.86 () {60 vars in 1146 bytes} [Wed Dec 15 13:42:44 2021] POST /compute/v2.1/flavors => generated 430 bytes in 38 msecs (HTTP/1.1 200) 9 headers in 357 bytes (1 switches on core 0)
Dec 15 13:42:44.972480 n-d-821840-1 devstack@n-api.service[124020]: DEBUG nova.api.openstack.wsgi [None req-cfe9a971-2f0d-453d-ac07-d1e91a9f76e3 tempest-FlavorsAdminTestJSON-894357685 tempest-FlavorsAdminTestJSON-894357685-project] Action: 'create', calling method: >, body: {"server": {"name": "test", "imageRef": "883e0792-0469-41d3-9ebf-d0101844e22e", "flavorRef": "1192150035"}} {{(pid=124020) _process_stack /opt/stack/nova/nova/api/openstack/wsgi.py:511}}
Dec 15 13:42:44.982444 n-d-821840-1 devstack@n-api.service[124020]: INFO nova.api.openstack.wsgi [None req-cfe9a971-2f0d-453d-ac07-d1e91a9f76e3 tempest-FlavorsAdminTestJSON-894357685 tempest-FlavorsAdminTestJSON-894357685-project] HTTP exception thrown: Flavor 1192150035 could not be found.
Dec 15 13:42:44.983083 n-d-821840-1 devstack@n-api.service[124020]: DEBUG nova.api.openstack.wsgi [None req-cfe9a971-2f0d-453d-ac07-d1e91a9f76e3 tempest-FlavorsAdminTestJSON-894357685 tempest-FlavorsAdminTestJSON-894357685-project] Returning 400 to user: Flavor 1192150035 could not be found. {{(pid=124020) __call__ /opt/stack/nova/nova/api/openstack/wsgi.py:936}}
Dec 15 13:42:44.983902 n-d-821840-1 devstack@n-api.service[124020]: INFO nova.api.openstack.requestlog [None req-cfe9a971-2f0d-453d-ac07-d1e91a9f76e3 tempest-FlavorsAdminTestJSON-894357685 tempest-FlavorsAdminTestJSON-894357685-project] 10.222.0.86 "POST /compute/v2.1/servers" status: 400 len: 81 microversion: 2.1 time: 0.016046
Dec 15 13:42:44.988744 n-d-821840-1 devstack@n-api.service[124020]: [pid: 124020|app: 0|req: 136/285] 10.222.0.86 () {60 vars in 1146 bytes} [Wed Dec 15 13:42:44 2021] POST /compute/v2.1/servers => generated 81 bytes in 17 msecs (HTTP/1.1 400) 9 headers in 380 bytes (2 switches on core 0)
Dec 15 13:42:44.990035 n-d-821840-1 devstack@n-api.service[124020]: DEBUG nova.api.openstack.wsgi [None req-9f29d340-6726-47ea-8c70-a79b048eca41 tempest-DeleteServersAdminTestJSON-1975887709 tempest-DeleteServersAdminTestJSON-1975887709-project] Calling method '>' {{(pid=124020) _process_stack /opt/stack/nova/nova/api/openstack/wsgi.py:513}}
Dec 15 13:42:44.990761 n-d-821840-1 devstack@n-api.service[124020]: DEBUG nova.compute.api [None req-9f29d340-6726-47ea-8c70-a79b048eca41 tempest-DeleteServersAdminTestJSON-1975887709 tempest-DeleteServersAdminTestJSON-1975887709-project] [instance: 2f941af4-7e22-47ad-8587-1ac951275bb8] Fetching instance by UUID {{(pid=124020) get /opt/stack/nova/nova/compute/api.py:2865}}
Dec 15 13:42:44.997801 n-d-821840-1 devstack@n-api.service[124020]: DEBUG oslo_concurrency.lockutils [None req-9f29d340-6726-47ea-8c70-a79b048eca41 tempest-DeleteServersAdminTestJSON-1975887709 tempest-DeleteServersAdminTestJSON-1975887709-project] Lock "8ed7cc31-b26c-429d-b342-4486f2cb1fa4" acquired by "nova.context.set_target_cell..get_or_set_cached_cell_and_set_connections" :: waited 0.000s {{(pid=124020) inner /usr/local/lib/python3.8/dist-packages/oslo_concurrency/lockutils.py:386}}
Dec 15 13:42:44.998533 n-d-821840-1 devstack@n-api.service[124020]: DEBUG oslo_concurrency.lockutils [None req-9f29d340-6726-47ea-8c70-a79b048eca41 tempest-DeleteServersAdminTestJSON-1975887709 tempest-DeleteServersAdminTestJSON-1975887709-project] Lock "8ed7cc31-b26c-429d-b342-4486f2cb1fa4" "released" by "nova.context.set_target_cell..get_or_set_cached_cell_and_set_connections" :: held 0.001s {{(pid=124020) inner /usr/local/lib/python3.8/dist-packages/oslo_concurrency/lockutils.py:400}}
Dec 15 13:42:44.999146 n-d-821840-1 devstack@n-api.service[124020]: DEBUG oslo_concurrency.lockutils [None req-9f29d340-6726-47ea-8c70-a79b048eca41 tempest-DeleteServersAdminTestJSON-1975887709 tempest-DeleteServersAdminTestJSON-1975887709-project] Lock "8ed7cc31-b26c-429d-b342-4486f2cb1fa4" acquired by "nova.context.set_target_cell..get_or_set_cached_cell_and_set_connections" :: waited 0.000s {{(pid=124020) inner /usr/local/lib/python3.8/dist-packages/oslo_concurrency/lockutils.py:386}}
Dec 15 13:42:44.999618 n-d-821840-1 devstack@n-api.service[124020]: DEBUG oslo_concurrency.lockutils [None req-9f29d340-6726-47ea-8c70-a79b048eca41 tempest-DeleteServersAdminTestJSON-1975887709 tempest-DeleteServersAdminTestJSON-1975887709-project] Lock "8ed7cc31-b26c-429d-b342-4486f2cb1fa4" "released" by "nova.context.set_target_cell..get_or_set_cached_cell_and_set_connections" :: held 0.000s {{(pid=124020) inner /usr/local/lib/python3.8/dist-packages/oslo_concurrency/lockutils.py:400}}
Dec 15 13:42:45.012580 n-d-821840-1 devstack@n-api.service[124021]: DEBUG nova.objects.instance [None req-f591d9f5-69c7-4d05-9ba5-a0f45338f7b7 tempest-LiveAutoBlockMigrationV225Test-1666508178 tempest-LiveAutoBlockMigrationV225Test-1666508178-project-admin] Lazy-loading 'services' on Instance uuid 8d116c44-ca2f-4c96-bced-24c1075d3b23 {{(pid=124021) obj_load_attr /opt/stack/nova/nova/objects/instance.py:1099}}
Dec 15 13:42:45.027172 n-d-821840-1 devstack@n-api.service[124021]: INFO nova.api.openstack.requestlog [None req-f591d9f5-69c7-4d05-9ba5-a0f45338f7b7 tempest-LiveAutoBlockMigrationV225Test-1666508178 tempest-LiveAutoBlockMigrationV225Test-1666508178-project-admin] 10.222.0.86 "GET /compute/v2.1/servers/8d116c44-ca2f-4c96-bced-24c1075d3b23" status: 200 len: 2049 microversion: 2.25 time: 0.169398
Dec 15 13:42:45.028237 n-d-821840-1 devstack@n-api.service[124021]: [pid: 124021|app: 0|req: 150/286] 10.222.0.86 () {60 vars in 1276 bytes} [Wed Dec 15 13:42:44 2021] GET /compute/v2.1/servers/8d116c44-ca2f-4c96-bced-24c1075d3b23 => generated 2049 bytes in 172 msecs (HTTP/1.1 200) 9 headers in 360 bytes (1 switches on core 0)
Dec 15 13:42:45.033503 n-d-821840-1 devstack@n-api.service[124021]: DEBUG nova.api.openstack.wsgi [None req-74695fdf-7f2d-408d-8c3c-a0feb67044eb tempest-FlavorsAdminTestJSON-585892076 tempest-FlavorsAdminTestJSON-585892076-project-admin] Calling method '>' {{(pid=124021) _process_stack /opt/stack/nova/nova/api/openstack/wsgi.py:513}}
Dec 15 13:42:45.034409 n-d-821840-1 devstack@n-api.service[124021]: /usr/local/lib/python3.8/dist-packages/oslo_policy/policy.py:1117: UserWarning: Policy "os_compute_api:os-flavor-manage:delete": "rule:system_admin_api" failed scope check. The token used to make the request was project scoped but the policy requires ['system'] scope. This behavior may change in the future where using the intended scope is required
Dec 15 13:42:45.034409 n-d-821840-1 devstack@n-api.service[124021]: warnings.warn(msg)
Dec 15 13:42:45.055413 n-d-821840-1 devstack@n-api.service[124021]: INFO nova.api.openstack.requestlog [None req-74695fdf-7f2d-408d-8c3c-a0feb67044eb tempest-FlavorsAdminTestJSON-585892076 tempest-FlavorsAdminTestJSON-585892076-project-admin] 10.222.0.86 "DELETE /compute/v2.1/flavors/1192150035" status: 202 len: 0 microversion: 2.1 time: 0.025895
Dec 15 13:42:45.056183 n-d-821840-1 devstack@n-api.service[124021]: [pid: 124021|app: 0|req: 151/287] 10.222.0.86 () {58 vars in 1160 bytes} [Wed Dec 15 13:42:45 2021] DELETE /compute/v2.1/flavors/1192150035 => generated 0 bytes in 27 msecs (HTTP/1.1 202) 9 headers in 361 bytes (1 switches on core 0)
Dec 15 13:42:45.064952 n-d-821840-1 devstack@n-api.service[124021]: DEBUG nova.api.openstack.wsgi [None req-49055d58-7c0f-49ab-92d9-f69f0a9f574b tempest-LiveAutoBlockMigrationV225Test-1666508178 tempest-LiveAutoBlockMigrationV225Test-1666508178-project-admin] Calling method '>' {{(pid=124021) _process_stack /opt/stack/nova/nova/api/openstack/wsgi.py:513}}
Dec 15 13:42:45.066411 n-d-821840-1 devstack@n-api.service[124021]: /usr/local/lib/python3.8/dist-packages/oslo_policy/policy.py:1117: UserWarning: Policy "os_compute_api:os-services:list": "rule:system_reader_api" failed scope check. The token used to make the request was project scoped but the policy requires ['system'] scope. This behavior may change in the future where using the intended scope is required
Dec 15 13:42:45.066411 n-d-821840-1 devstack@n-api.service[124021]: warnings.warn(msg)
Dec 15 13:42:45.068983 n-d-821840-1 devstack@n-api.service[124021]: DEBUG oslo_concurrency.lockutils [None req-49055d58-7c0f-49ab-92d9-f69f0a9f574b tempest-LiveAutoBlockMigrationV225Test-1666508178 tempest-LiveAutoBlockMigrationV225Test-1666508178-project-admin] Lock "00000000-0000-0000-0000-000000000000" acquired by "nova.context.set_target_cell..get_or_set_cached_cell_and_set_connections" :: waited 0.000s {{(pid=124021) inner /usr/local/lib/python3.8/dist-packages/oslo_concurrency/lockutils.py:386}}
Dec 15 13:42:45.069546 n-d-821840-1 devstack@n-api.service[124021]: DEBUG oslo_concurrency.lockutils [None req-49055d58-7c0f-49ab-92d9-f69f0a9f574b tempest-LiveAutoBlockMigrationV225Test-1666508178 tempest-LiveAutoBlockMigrationV225Test-1666508178-project-admin] Lock "00000000-0000-0000-0000-000000000000" "released" by "nova.context.set_target_cell..get_or_set_cached_cell_and_set_connections" :: held 0.001s {{(pid=124021) inner /usr/local/lib/python3.8/dist-packages/oslo_concurrency/lockutils.py:400}}
Dec 15 13:42:45.071506 n-d-821840-1 devstack@n-api.service[124021]: DEBUG oslo_concurrency.lockutils [None req-49055d58-7c0f-49ab-92d9-f69f0a9f574b tempest-LiveAutoBlockMigrationV225Test-1666508178 tempest-LiveAutoBlockMigrationV225Test-1666508178-project-admin] Lock "8ed7cc31-b26c-429d-b342-4486f2cb1fa4" acquired by "nova.context.set_target_cell..get_or_set_cached_cell_and_set_connections" :: waited 0.000s {{(pid=124021) inner /usr/local/lib/python3.8/dist-packages/oslo_concurrency/lockutils.py:386}}
Dec 15 13:42:45.072182 n-d-821840-1 devstack@n-api.service[124021]: DEBUG oslo_concurrency.lockutils [None req-49055d58-7c0f-49ab-92d9-f69f0a9f574b tempest-LiveAutoBlockMigrationV225Test-1666508178 tempest-LiveAutoBlockMigrationV225Test-1666508178-project-admin] Lock "8ed7cc31-b26c-429d-b342-4486f2cb1fa4" "released" by "nova.context.set_target_cell..get_or_set_cached_cell_and_set_connections" :: held 0.001s {{(pid=124021) inner /usr/local/lib/python3.8/dist-packages/oslo_concurrency/lockutils.py:400}}
Dec 15 13:42:45.101091 n-d-821840-1 devstack@n-api.service[124021]: INFO nova.api.openstack.requestlog [None req-49055d58-7c0f-49ab-92d9-f69f0a9f574b tempest-LiveAutoBlockMigrationV225Test-1666508178 tempest-LiveAutoBlockMigrationV225Test-1666508178-project-admin] 10.222.0.86 "GET /compute/v2.1/os-services?binary=nova-compute" status: 200 len: 424 microversion: 2.25 time: 0.043863
Dec 15 13:42:45.102064 n-d-821840-1 devstack@n-api.service[124021]: [pid: 124021|app: 0|req: 152/288] 10.222.0.86 () {60 vars in 1216 bytes} [Wed Dec 15 13:42:45 2021] GET /compute/v2.1/os-services?binary=nova-compute => generated 424 bytes in 45 msecs (HTTP/1.1 200) 9 headers in 359 bytes (1 switches on core 0)
Dec 15 13:42:45.106617 n-d-821840-1 devstack@n-api.service[124021]: DEBUG nova.api.openstack.wsgi [None req-00850706-e1ea-4fb9-9370-bf8109e28248 tempest-ServersWithSpecificFlavorTestJSON-1797571750 tempest-ServersWithSpecificFlavorTestJSON-1797571750-project] Action: 'action', calling method: >, body: {"os-getConsoleOutput": {}} {{(pid=124021) _process_stack /opt/stack/nova/nova/api/openstack/wsgi.py:511}}
Dec 15 13:42:45.107736 n-d-821840-1 devstack@n-api.service[124021]: DEBUG nova.compute.api [None req-00850706-e1ea-4fb9-9370-bf8109e28248 tempest-ServersWithSpecificFlavorTestJSON-1797571750 tempest-ServersWithSpecificFlavorTestJSON-1797571750-project] [instance: 325ac3a1-5b49-4ee5-88fa-69a954049bfa] Fetching instance by UUID {{(pid=124021) get /opt/stack/nova/nova/compute/api.py:2865}}
