Dec 14 02:26:04.322475 n-d-821636-1 devstack@placement-api.service[104340]: DEBUG placement.objects.research_context [req-b4160d36-8e87-46c7-9ef6-cf78c28fbb72 req-90b45544-204c-4247-bc26-368431fce4a0 service placement] getting providers with 1 VCPU {{(pid=104340) __init__ /opt/stack/placement/placement/objects/research_context.py:126}}
Dec 14 02:26:04.330597 n-d-821636-1 devstack@placement-api.service[104340]: DEBUG placement.objects.research_context [req-b4160d36-8e87-46c7-9ef6-cf78c28fbb72 req-90b45544-204c-4247-bc26-368431fce4a0 service placement] found 2 providers with available 1 DISK_GB {{(pid=104340) get_provider_ids_matching /opt/stack/placement/placement/objects/research_context.py:549}}
Dec 14 02:26:04.332149 n-d-821636-1 devstack@placement-api.service[104340]: DEBUG placement.objects.research_context [req-b4160d36-8e87-46c7-9ef6-cf78c28fbb72 req-90b45544-204c-4247-bc26-368431fce4a0 service placement] found 2 providers with available 1024 MEMORY_MB {{(pid=104340) get_provider_ids_matching /opt/stack/placement/placement/objects/research_context.py:549}}
Dec 14 02:26:04.332574 n-d-821636-1 devstack@placement-api.service[104340]: DEBUG placement.objects.research_context [req-b4160d36-8e87-46c7-9ef6-cf78c28fbb72 req-90b45544-204c-4247-bc26-368431fce4a0 service placement] found 2 providers after filtering by previous result {{(pid=104340) get_provider_ids_matching /opt/stack/placement/placement/objects/research_context.py:580}}
Dec 14 02:26:04.332979 n-d-821636-1 devstack@placement-api.service[104340]: DEBUG placement.objects.research_context [req-b4160d36-8e87-46c7-9ef6-cf78c28fbb72 req-90b45544-204c-4247-bc26-368431fce4a0 service placement] found 2 providers with available 1 VCPU {{(pid=104340) get_provider_ids_matching /opt/stack/placement/placement/objects/research_context.py:549}}
Dec 14 02:26:04.334442 n-d-821636-1 devstack@placement-api.service[104340]: DEBUG placement.objects.research_context [req-b4160d36-8e87-46c7-9ef6-cf78c28fbb72 req-90b45544-204c-4247-bc26-368431fce4a0 service placement] found 2 providers after filtering by previous result {{(pid=104340) get_provider_ids_matching /opt/stack/placement/placement/objects/research_context.py:580}}
Dec 14 02:26:04.351473 n-d-821636-1 devstack@placement-api.service[104340]: DEBUG placement.objects.allocation_candidate [req-b4160d36-8e87-46c7-9ef6-cf78c28fbb72 req-90b45544-204c-4247-bc26-368431fce4a0 service placement] RequestGroup(use_same_provider=False, resources={DISK_GB:1, MEMORY_MB:1024, VCPU:1}, traits=[], aggregates=[]) (suffix '') returned 2 matches {{(pid=104340) _get_by_requests /opt/stack/placement/placement/objects/allocation_candidate.py:145}}
Dec 14 02:26:04.353347 n-d-821636-1 devstack@placement-api.service[104340]: DEBUG placement.objects.allocation_candidate [req-b4160d36-8e87-46c7-9ef6-cf78c28fbb72 req-90b45544-204c-4247-bc26-368431fce4a0 service placement] Merging candidates yields 2 allocation requests and 2 provider summaries {{(pid=104340) _merge_candidates /opt/stack/placement/placement/objects/allocation_candidate.py:783}}
Dec 14 02:26:04.356361 n-d-821636-1 devstack@placement-api.service[104340]: INFO placement.requestlog [req-b4160d36-8e87-46c7-9ef6-cf78c28fbb72 req-90b45544-204c-4247-bc26-368431fce4a0 service placement] 10.222.0.39 "GET /placement/allocation_candidates?limit=1000&resources=DISK_GB%3A1%2CMEMORY_MB%3A1024%2CVCPU%3A1&root_required=%21COMPUTE_STATUS_DISABLED" status: 200 len: 1309 microversion: 1.36
Dec 14 02:26:04.357499 n-d-821636-1 devstack@placement-api.service[104340]: [pid: 104340|app: 0|req: 49/97] 10.222.0.39 () {60 vars in 1506 bytes} [Tue Dec 14 02:26:04 2021] GET /placement/allocation_candidates?limit=1000&resources=DISK_GB%3A1%2CMEMORY_MB%3A1024%2CVCPU%3A1&root_required=%21COMPUTE_STATUS_DISABLED => generated 1309 bytes in 81 msecs (HTTP/1.1 200) 8 headers in 297 bytes (1 switches on core 0)
Dec 14 02:26:04.459053 n-d-821636-1 devstack@placement-api.service[104339]: DEBUG placement.requestlog [req-b4160d36-8e87-46c7-9ef6-cf78c28fbb72 req-47d9d242-d0e7-4fb6-9027-309992c9c61d None None] Starting request: 10.222.0.39 "GET /placement/allocations/cb8dc5fe-8794-472b-9d9b-69ea1f398682" {{(pid=104339) __call__ /opt/stack/placement/placement/requestlog.py:55}}
Dec 14 02:26:04.471053 n-d-821636-1 devstack@placement-api.service[104339]: INFO placement.requestlog [req-b4160d36-8e87-46c7-9ef6-cf78c28fbb72 req-47d9d242-d0e7-4fb6-9027-309992c9c61d service placement] 10.222.0.39 "GET /placement/allocations/cb8dc5fe-8794-472b-9d9b-69ea1f398682" status: 200 len: 19 microversion: 1.28
Dec 14 02:26:04.477095 n-d-821636-1 devstack@placement-api.service[104339]: [pid: 104339|app: 0|req: 49/98] 10.222.0.39 () {60 vars in 1380 bytes} [Tue Dec 14 02:26:04 2021] GET /placement/allocations/cb8dc5fe-8794-472b-9d9b-69ea1f398682 => generated 19 bytes in 18 msecs (HTTP/1.1 200) 8 headers in 295 bytes (1 switches on core 0)
Dec 14 02:26:04.481723 n-d-821636-1 devstack@placement-api.service[104340]: DEBUG placement.requestlog [req-b4160d36-8e87-46c7-9ef6-cf78c28fbb72 req-31fe807c-3111-444e-94c1-c807bff2bc4f None None] Starting request: 10.222.0.39 "PUT /placement/allocations/cb8dc5fe-8794-472b-9d9b-69ea1f398682" {{(pid=104340) __call__ /opt/stack/placement/placement/requestlog.py:55}}
Dec 14 02:26:04.970084 n-d-821636-1 devstack@placement-api.service[104340]: DEBUG placement.handlers.allocation [req-b4160d36-8e87-46c7-9ef6-cf78c28fbb72 req-31fe807c-3111-444e-94c1-c807bff2bc4f service placement] Successfully wrote allocations [, , ] {{(pid=104340) _update_consumers_and_create_allocations /opt/stack/placement/placement/handlers/allocation.py:462}}
Dec 14 02:26:05.030281 n-d-821636-1 devstack@placement-api.service[104340]: INFO placement.requestlog [req-b4160d36-8e87-46c7-9ef6-cf78c28fbb72 req-31fe807c-3111-444e-94c1-c807bff2bc4f service placement] 10.222.0.39 "PUT /placement/allocations/cb8dc5fe-8794-472b-9d9b-69ea1f398682" status: 204 len: 0 microversion: 1.36
Dec 14 02:26:05.031209 n-d-821636-1 devstack@placement-api.service[104340]: [pid: 104340|app: 0|req: 50/99] 10.222.0.39 () {64 vars in 1433 bytes} [Tue Dec 14 02:26:04 2021] PUT /placement/allocations/cb8dc5fe-8794-472b-9d9b-69ea1f398682 => generated 0 bytes in 552 msecs (HTTP/1.1 204) 5 headers in 199 bytes (1 switches on core 0)
Dec 14 02:26:06.245037 n-d-821636-1 devstack@placement-api.service[104339]: DEBUG placement.requestlog [req-b4160d36-8e87-46c7-9ef6-cf78c28fbb72 req-89024a9b-f2f3-4c84-abc3-18efbb537dd7 None None] Starting request: 10.222.0.46 "GET /placement/allocations/cb8dc5fe-8794-472b-9d9b-69ea1f398682" {{(pid=104339) __call__ /opt/stack/placement/placement/requestlog.py:55}}
Dec 14 02:26:06.274389 n-d-821636-1 devstack@placement-api.service[104339]: INFO placement.requestlog [req-b4160d36-8e87-46c7-9ef6-cf78c28fbb72 req-89024a9b-f2f3-4c84-abc3-18efbb537dd7 service placement] 10.222.0.46 "GET /placement/allocations/cb8dc5fe-8794-472b-9d9b-69ea1f398682" status: 200 len: 259 microversion: 1.28
Dec 14 02:26:06.275073 n-d-821636-1 devstack@placement-api.service[104339]: [pid: 104339|app: 0|req: 50/100] 10.222.0.46 () {60 vars in 1377 bytes} [Tue Dec 14 02:26:06 2021] GET /placement/allocations/cb8dc5fe-8794-472b-9d9b-69ea1f398682 => generated 259 bytes in 30 msecs (HTTP/1.1 200) 8 headers in 296 bytes (1 switches on core 0)
Dec 14 02:26:06.470911 n-d-821636-1 devstack@placement-api.service[104340]: DEBUG placement.requestlog [req-b3219766-1a4f-4655-9bec-bf1dfa36b53b req-0040ddc0-499d-4af2-bd76-e39cf5eab867 None None] Starting request: 10.222.0.47 "GET /placement/resource_providers/584eeede-86e6-44cc-83bd-606cd4c0ba35/allocations" {{(pid=104340) __call__ /opt/stack/placement/placement/requestlog.py:55}}
Dec 14 02:26:06.511860 n-d-821636-1 devstack@placement-api.service[104340]: INFO placement.requestlog [req-b3219766-1a4f-4655-9bec-bf1dfa36b53b req-0040ddc0-499d-4af2-bd76-e39cf5eab867 service placement] 10.222.0.47 "GET /placement/resource_providers/584eeede-86e6-44cc-83bd-606cd4c0ba35/allocations" status: 200 len: 355 microversion: 1.0
Dec 14 02:26:06.512555 n-d-821636-1 devstack@placement-api.service[104340]: [pid: 104340|app: 0|req: 51/101] 10.222.0.47 () {58 vars in 1390 bytes} [Tue Dec 14 02:26:06 2021] GET /placement/resource_providers/584eeede-86e6-44cc-83bd-606cd4c0ba35/allocations => generated 355 bytes in 42 msecs (HTTP/1.1 200) 6 headers in 224 bytes (1 switches on core 0)
Dec 14 02:26:13.342019 n-d-821636-1 devstack@placement-api.service[104339]: DEBUG placement.requestlog [req-d9fe3bf5-984a-400a-9740-402f7f1dfe6b req-8d400ffa-898b-4dbe-aced-5ebe77ac81f6 None None] Starting request: 10.222.0.39 "GET /placement/allocation_candidates?limit=1000&resources=DISK_GB%3A1%2CMEMORY_MB%3A1024%2CVCPU%3A1&root_required=%21COMPUTE_STATUS_DISABLED" {{(pid=104339) __call__ /opt/stack/placement/placement/requestlog.py:55}}
Dec 14 02:26:13.371632 n-d-821636-1 devstack@placement-api.service[104339]: DEBUG placement.objects.research_context [req-d9fe3bf5-984a-400a-9740-402f7f1dfe6b req-8d400ffa-898b-4dbe-aced-5ebe77ac81f6 service placement] getting providers with 1 DISK_GB {{(pid=104339) __init__ /opt/stack/placement/placement/objects/research_context.py:126}}
Dec 14 02:26:13.378116 n-d-821636-1 devstack@placement-api.service[104339]: DEBUG placement.objects.research_context [req-d9fe3bf5-984a-400a-9740-402f7f1dfe6b req-8d400ffa-898b-4dbe-aced-5ebe77ac81f6 service placement] getting providers with 1024 MEMORY_MB {{(pid=104339) __init__ /opt/stack/placement/placement/objects/research_context.py:126}}
Dec 14 02:26:13.383528 n-d-821636-1 devstack@placement-api.service[104339]: DEBUG placement.objects.research_context [req-d9fe3bf5-984a-400a-9740-402f7f1dfe6b req-8d400ffa-898b-4dbe-aced-5ebe77ac81f6 service placement] getting providers with 1 VCPU {{(pid=104339) __init__ /opt/stack/placement/placement/objects/research_context.py:126}}
Dec 14 02:26:13.390126 n-d-821636-1 devstack@placement-api.service[104339]: DEBUG placement.objects.research_context [req-d9fe3bf5-984a-400a-9740-402f7f1dfe6b req-8d400ffa-898b-4dbe-aced-5ebe77ac81f6 service placement] found 2 providers with available 1 DISK_GB {{(pid=104339) get_provider_ids_matching /opt/stack/placement/placement/objects/research_context.py:549}}
Dec 14 02:26:13.390394 n-d-821636-1 devstack@placement-api.service[104339]: DEBUG placement.objects.research_context [req-d9fe3bf5-984a-400a-9740-402f7f1dfe6b req-8d400ffa-898b-4dbe-aced-5ebe77ac81f6 service placement] found 2 providers with available 1024 MEMORY_MB {{(pid=104339) get_provider_ids_matching /opt/stack/placement/placement/objects/research_context.py:549}}
Dec 14 02:26:13.390660 n-d-821636-1 devstack@placement-api.service[104339]: DEBUG placement.objects.research_context [req-d9fe3bf5-984a-400a-9740-402f7f1dfe6b req-8d400ffa-898b-4dbe-aced-5ebe77ac81f6 service placement] found 2 providers after filtering by previous result {{(pid=104339) get_provider_ids_matching /opt/stack/placement/placement/objects/research_context.py:580}}
Dec 14 02:26:13.390913 n-d-821636-1 devstack@placement-api.service[104339]: DEBUG placement.objects.research_context [req-d9fe3bf5-984a-400a-9740-402f7f1dfe6b req-8d400ffa-898b-4dbe-aced-5ebe77ac81f6 service placement] found 2 providers with available 1 VCPU {{(pid=104339) get_provider_ids_matching /opt/stack/placement/placement/objects/research_context.py:549}}
Dec 14 02:26:13.391170 n-d-821636-1 devstack@placement-api.service[104339]: DEBUG placement.objects.research_context [req-d9fe3bf5-984a-400a-9740-402f7f1dfe6b req-8d400ffa-898b-4dbe-aced-5ebe77ac81f6 service placement] found 2 providers after filtering by previous result {{(pid=104339) get_provider_ids_matching /opt/stack/placement/placement/objects/research_context.py:580}}
Dec 14 02:26:13.405423 n-d-821636-1 devstack@placement-api.service[104339]: DEBUG placement.objects.allocation_candidate [req-d9fe3bf5-984a-400a-9740-402f7f1dfe6b req-8d400ffa-898b-4dbe-aced-5ebe77ac81f6 service placement] RequestGroup(use_same_provider=False, resources={DISK_GB:1, MEMORY_MB:1024, VCPU:1}, traits=[], aggregates=[]) (suffix '') returned 2 matches {{(pid=104339) _get_by_requests /opt/stack/placement/placement/objects/allocation_candidate.py:145}}
Dec 14 02:26:13.406127 n-d-821636-1 devstack@placement-api.service[104339]: DEBUG placement.objects.allocation_candidate [req-d9fe3bf5-984a-400a-9740-402f7f1dfe6b req-8d400ffa-898b-4dbe-aced-5ebe77ac81f6 service placement] Merging candidates yields 2 allocation requests and 2 provider summaries {{(pid=104339) _merge_candidates /opt/stack/placement/placement/objects/allocation_candidate.py:783}}
Dec 14 02:26:13.409577 n-d-821636-1 devstack@placement-api.service[104339]: INFO placement.requestlog [req-d9fe3bf5-984a-400a-9740-402f7f1dfe6b req-8d400ffa-898b-4dbe-aced-5ebe77ac81f6 service placement] 10.222.0.39 "GET /placement/allocation_candidates?limit=1000&resources=DISK_GB%3A1%2CMEMORY_MB%3A1024%2CVCPU%3A1&root_required=%21COMPUTE_STATUS_DISABLED" status: 200 len: 1309 microversion: 1.36
Dec 14 02:26:13.410316 n-d-821636-1 devstack@placement-api.service[104339]: [pid: 104339|app: 0|req: 51/102] 10.222.0.39 () {60 vars in 1506 bytes} [Tue Dec 14 02:26:13 2021] GET /placement/allocation_candidates?limit=1000&resources=DISK_GB%3A1%2CMEMORY_MB%3A1024%2CVCPU%3A1&root_required=%21COMPUTE_STATUS_DISABLED => generated 1309 bytes in 68 msecs (HTTP/1.1 200) 8 headers in 297 bytes (1 switches on core 0)
Dec 14 02:26:13.463558 n-d-821636-1 devstack@placement-api.service[104340]: DEBUG placement.requestlog [req-d9fe3bf5-984a-400a-9740-402f7f1dfe6b req-754eaf20-c345-4ee9-a3cd-f7f870732aee None None] Starting request: 10.222.0.39 "GET /placement/allocations/97610fde-cf78-47f3-b5d6-8d5809ca6790" {{(pid=104340) __call__ /opt/stack/placement/placement/requestlog.py:55}}
Dec 14 02:26:13.475363 n-d-821636-1 devstack@placement-api.service[104340]: INFO placement.requestlog [req-d9fe3bf5-984a-400a-9740-402f7f1dfe6b req-754eaf20-c345-4ee9-a3cd-f7f870732aee service placement] 10.222.0.39 "GET /placement/allocations/97610fde-cf78-47f3-b5d6-8d5809ca6790" status: 200 len: 19 microversion: 1.28
Dec 14 02:26:13.478215 n-d-821636-1 devstack@placement-api.service[104340]: [pid: 104340|app: 0|req: 52/103] 10.222.0.39 () {60 vars in 1380 bytes} [Tue Dec 14 02:26:13 2021] GET /placement/allocations/97610fde-cf78-47f3-b5d6-8d5809ca6790 => generated 19 bytes in 15 msecs (HTTP/1.1 200) 8 headers in 295 bytes (1 switches on core 0)
Dec 14 02:26:13.482555 n-d-821636-1 devstack@placement-api.service[104339]: DEBUG placement.requestlog [req-d9fe3bf5-984a-400a-9740-402f7f1dfe6b req-a14b86d7-7a9f-42db-b285-9497451a545c None None] Starting request: 10.222.0.39 "PUT /placement/allocations/97610fde-cf78-47f3-b5d6-8d5809ca6790" {{(pid=104339) __call__ /opt/stack/placement/placement/requestlog.py:55}}
Dec 14 02:26:13.796675 n-d-821636-1 devstack@placement-api.service[104339]: DEBUG placement.handlers.allocation [req-d9fe3bf5-984a-400a-9740-402f7f1dfe6b req-a14b86d7-7a9f-42db-b285-9497451a545c service placement] Successfully wrote allocations [, , ] {{(pid=104339) _update_consumers_and_create_allocations /opt/stack/placement/placement/handlers/allocation.py:462}}
Dec 14 02:26:13.875805 n-d-821636-1 devstack@placement-api.service[104339]: INFO placement.requestlog [req-d9fe3bf5-984a-400a-9740-402f7f1dfe6b req-a14b86d7-7a9f-42db-b285-9497451a545c service placement] 10.222.0.39 "PUT /placement/allocations/97610fde-cf78-47f3-b5d6-8d5809ca6790" status: 204 len: 0 microversion: 1.36
Dec 14 02:26:13.877280 n-d-821636-1 devstack@placement-api.service[104339]: [pid: 104339|app: 0|req: 52/104] 10.222.0.39 () {64 vars in 1433 bytes} [Tue Dec 14 02:26:13 2021] PUT /placement/allocations/97610fde-cf78-47f3-b5d6-8d5809ca6790 => generated 0 bytes in 395 msecs (HTTP/1.1 204) 5 headers in 199 bytes (2 switches on core 0)
Dec 14 02:26:14.436251 n-d-821636-1 devstack@placement-api.service[104340]: DEBUG placement.requestlog [req-055a4531-3083-4726-894a-9e79c4599307 req-d52b851e-a0c4-4bb3-bcca-5269a0b57856 None None] Starting request: 10.222.0.39 "GET /placement/allocation_candidates?limit=1000&resources=DISK_GB%3A1%2CMEMORY_MB%3A1024%2CVCPU%3A1&root_required=%21COMPUTE_STATUS_DISABLED" {{(pid=104340) __call__ /opt/stack/placement/placement/requestlog.py:55}}
Dec 14 02:26:14.487549 n-d-821636-1 devstack@placement-api.service[104340]: DEBUG placement.objects.research_context [req-055a4531-3083-4726-894a-9e79c4599307 req-d52b851e-a0c4-4bb3-bcca-5269a0b57856 service placement] getting providers with 1 DISK_GB {{(pid=104340) __init__ /opt/stack/placement/placement/objects/research_context.py:126}}
Dec 14 02:26:14.494920 n-d-821636-1 devstack@placement-api.service[104340]: DEBUG placement.objects.research_context [req-055a4531-3083-4726-894a-9e79c4599307 req-d52b851e-a0c4-4bb3-bcca-5269a0b57856 service placement] getting providers with 1024 MEMORY_MB {{(pid=104340) __init__ /opt/stack/placement/placement/objects/research_context.py:126}}
Dec 14 02:26:14.504696 n-d-821636-1 devstack@placement-api.service[104340]: DEBUG placement.objects.research_context [req-055a4531-3083-4726-894a-9e79c4599307 req-d52b851e-a0c4-4bb3-bcca-5269a0b57856 service placement] getting providers with 1 VCPU {{(pid=104340) __init__ /opt/stack/placement/placement/objects/research_context.py:126}}
Dec 14 02:26:14.514864 n-d-821636-1 devstack@placement-api.service[104340]: DEBUG placement.objects.research_context [req-055a4531-3083-4726-894a-9e79c4599307 req-d52b851e-a0c4-4bb3-bcca-5269a0b57856 service placement] found 2 providers with available 1 DISK_GB {{(pid=104340) get_provider_ids_matching /opt/stack/placement/placement/objects/research_context.py:549}}
Dec 14 02:26:14.516041 n-d-821636-1 devstack@placement-api.service[104340]: DEBUG placement.objects.research_context [req-055a4531-3083-4726-894a-9e79c4599307 req-d52b851e-a0c4-4bb3-bcca-5269a0b57856 service placement] found 2 providers with available 1024 MEMORY_MB {{(pid=104340) get_provider_ids_matching /opt/stack/placement/placement/objects/research_context.py:549}}
Dec 14 02:26:14.523166 n-d-821636-1 devstack@placement-api.service[104340]: DEBUG placement.objects.research_context [req-055a4531-3083-4726-894a-9e79c4599307 req-d52b851e-a0c4-4bb3-bcca-5269a0b57856 service placement] found 2 providers after filtering by previous result {{(pid=104340) get_provider_ids_matching /opt/stack/placement/placement/objects/research_context.py:580}}
Dec 14 02:26:14.523166 n-d-821636-1 devstack@placement-api.service[104340]: DEBUG placement.objects.research_context [req-055a4531-3083-4726-894a-9e79c4599307 req-d52b851e-a0c4-4bb3-bcca-5269a0b57856 service placement] found 2 providers with available 1 VCPU {{(pid=104340) get_provider_ids_matching /opt/stack/placement/placement/objects/research_context.py:549}}
Dec 14 02:26:14.523166 n-d-821636-1 devstack@placement-api.service[104340]: DEBUG placement.objects.research_context [req-055a4531-3083-4726-894a-9e79c4599307 req-d52b851e-a0c4-4bb3-bcca-5269a0b57856 service placement] found 2 providers after filtering by previous result {{(pid=104340) get_provider_ids_matching /opt/stack/placement/placement/objects/research_context.py:580}}
Dec 14 02:26:14.532102 n-d-821636-1 devstack@placement-api.service[104340]: DEBUG placement.objects.allocation_candidate [req-055a4531-3083-4726-894a-9e79c4599307 req-d52b851e-a0c4-4bb3-bcca-5269a0b57856 service placement] RequestGroup(use_same_provider=False, resources={DISK_GB:1, MEMORY_MB:1024, VCPU:1}, traits=[], aggregates=[]) (suffix '') returned 2 matches {{(pid=104340) _get_by_requests /opt/stack/placement/placement/objects/allocation_candidate.py:145}}
Dec 14 02:26:14.532534 n-d-821636-1 devstack@placement-api.service[104340]: DEBUG placement.objects.allocation_candidate [req-055a4531-3083-4726-894a-9e79c4599307 req-d52b851e-a0c4-4bb3-bcca-5269a0b57856 service placement] Merging candidates yields 2 allocation requests and 2 provider summaries {{(pid=104340) _merge_candidates /opt/stack/placement/placement/objects/allocation_candidate.py:783}}
Dec 14 02:26:14.534238 n-d-821636-1 devstack@placement-api.service[104340]: INFO placement.requestlog [req-055a4531-3083-4726-894a-9e79c4599307 req-d52b851e-a0c4-4bb3-bcca-5269a0b57856 service placement] 10.222.0.39 "GET /placement/allocation_candidates?limit=1000&resources=DISK_GB%3A1%2CMEMORY_MB%3A1024%2CVCPU%3A1&root_required=%21COMPUTE_STATUS_DISABLED" status: 200 len: 1309 microversion: 1.36
Dec 14 02:26:14.534627 n-d-821636-1 devstack@placement-api.service[104340]: [pid: 104340|app: 0|req: 53/105] 10.222.0.39 () {60 vars in 1506 bytes} [Tue Dec 14 02:26:14 2021] GET /placement/allocation_candidates?limit=1000&resources=DISK_GB%3A1%2CMEMORY_MB%3A1024%2CVCPU%3A1&root_required=%21COMPUTE_STATUS_DISABLED => generated 1309 bytes in 99 msecs (HTTP/1.1 200) 8 headers in 297 bytes (1 switches on core 0)
Dec 14 02:26:14.597625 n-d-821636-1 devstack@placement-api.service[104339]: DEBUG placement.requestlog [req-055a4531-3083-4726-894a-9e79c4599307 req-65ef23b4-8cbd-4fdf-84f7-f3066c68c7eb None None] Starting request: 10.222.0.39 "GET /placement/allocations/e1c99a0e-bd56-4bbc-9aa4-1f6472a8c80d" {{(pid=104339) __call__ /opt/stack/placement/placement/requestlog.py:55}}
Dec 14 02:26:14.611242 n-d-821636-1 devstack@placement-api.service[104339]: INFO placement.requestlog [req-055a4531-3083-4726-894a-9e79c4599307 req-65ef23b4-8cbd-4fdf-84f7-f3066c68c7eb service placement] 10.222.0.39 "GET /placement/allocations/e1c99a0e-bd56-4bbc-9aa4-1f6472a8c80d" status: 200 len: 19 microversion: 1.28
Dec 14 02:26:14.611781 n-d-821636-1 devstack@placement-api.service[104339]: [pid: 104339|app: 0|req: 53/106] 10.222.0.39 () {60 vars in 1380 bytes} [Tue Dec 14 02:26:14 2021] GET /placement/allocations/e1c99a0e-bd56-4bbc-9aa4-1f6472a8c80d => generated 19 bytes in 14 msecs (HTTP/1.1 200) 8 headers in 295 bytes (1 switches on core 0)
Dec 14 02:26:14.618416 n-d-821636-1 devstack@placement-api.service[104340]: DEBUG placement.requestlog [req-055a4531-3083-4726-894a-9e79c4599307 req-cb27a961-f31e-4c4c-848a-034bebabaa89 None None] Starting request: 10.222.0.39 "PUT /placement/allocations/e1c99a0e-bd56-4bbc-9aa4-1f6472a8c80d" {{(pid=104340) __call__ /opt/stack/placement/placement/requestlog.py:55}}
Dec 14 02:26:15.034366 n-d-821636-1 devstack@placement-api.service[104340]: DEBUG placement.handlers.allocation [req-055a4531-3083-4726-894a-9e79c4599307 req-cb27a961-f31e-4c4c-848a-034bebabaa89 service placement] Successfully wrote allocations [, , ] {{(pid=104340) _update_consumers_and_create_allocations /opt/stack/placement/placement/handlers/allocation.py:462}}
Dec 14 02:26:15.067528 n-d-821636-1 devstack@placement-api.service[104339]: DEBUG placement.requestlog [req-d9fe3bf5-984a-400a-9740-402f7f1dfe6b req-dc317b7d-3614-4680-a146-41e0ff96181d None None] Starting request: 10.222.0.47 "GET /placement/allocations/97610fde-cf78-47f3-b5d6-8d5809ca6790" {{(pid=104339) __call__ /opt/stack/placement/placement/requestlog.py:55}}
Dec 14 02:26:15.085634 n-d-821636-1 devstack@placement-api.service[104339]: INFO placement.requestlog [req-d9fe3bf5-984a-400a-9740-402f7f1dfe6b req-dc317b7d-3614-4680-a146-41e0ff96181d service placement] 10.222.0.47 "GET /placement/allocations/97610fde-cf78-47f3-b5d6-8d5809ca6790" status: 200 len: 258 microversion: 1.28
Dec 14 02:26:15.086991 n-d-821636-1 devstack@placement-api.service[104339]: [pid: 104339|app: 0|req: 54/107] 10.222.0.47 () {60 vars in 1377 bytes} [Tue Dec 14 02:26:15 2021] GET /placement/allocations/97610fde-cf78-47f3-b5d6-8d5809ca6790 => generated 258 bytes in 20 msecs (HTTP/1.1 200) 8 headers in 296 bytes (2 switches on core 0)
Dec 14 02:26:15.120455 n-d-821636-1 devstack@placement-api.service[104340]: INFO placement.requestlog [req-055a4531-3083-4726-894a-9e79c4599307 req-cb27a961-f31e-4c4c-848a-034bebabaa89 service placement] 10.222.0.39 "PUT /placement/allocations/e1c99a0e-bd56-4bbc-9aa4-1f6472a8c80d" status: 204 len: 0 microversion: 1.36
Dec 14 02:26:15.123760 n-d-821636-1 devstack@placement-api.service[104340]: [pid: 104340|app: 0|req: 54/108] 10.222.0.39 () {64 vars in 1433 bytes} [Tue Dec 14 02:26:14 2021] PUT /placement/allocations/e1c99a0e-bd56-4bbc-9aa4-1f6472a8c80d => generated 0 bytes in 503 msecs (HTTP/1.1 204) 5 headers in 199 bytes (1 switches on core 0)
Dec 14 02:26:16.323294 n-d-821636-1 devstack@placement-api.service[104339]: DEBUG placement.requestlog [req-055a4531-3083-4726-894a-9e79c4599307 req-feb5739b-5e47-42a3-ab29-88c381633944 None None] Starting request: 10.222.0.47 "GET /placement/allocations/e1c99a0e-bd56-4bbc-9aa4-1f6472a8c80d" {{(pid=104339) __call__ /opt/stack/placement/placement/requestlog.py:55}}
Dec 14 02:26:16.353838 n-d-821636-1 devstack@placement-api.service[104339]: INFO placement.requestlog [req-055a4531-3083-4726-894a-9e79c4599307 req-feb5739b-5e47-42a3-ab29-88c381633944 service placement] 10.222.0.47 "GET /placement/allocations/e1c99a0e-bd56-4bbc-9aa4-1f6472a8c80d" status: 200 len: 258 microversion: 1.28
Dec 14 02:26:16.354810 n-d-821636-1 devstack@placement-api.service[104339]: [pid: 104339|app: 0|req: 55/109] 10.222.0.47 () {60 vars in 1377 bytes} [Tue Dec 14 02:26:16 2021] GET /placement/allocations/e1c99a0e-bd56-4bbc-9aa4-1f6472a8c80d => generated 258 bytes in 32 msecs (HTTP/1.1 200) 8 headers in 296 bytes (2 switches on core 0)
Dec 14 02:26:18.449769 n-d-821636-1 devstack@placement-api.service[104340]: DEBUG placement.requestlog [req-4199e454-f632-4109-9fa0-054f343d2454 req-67fd4f47-bdb1-4448-8945-dab8ae1b1192 None None] Starting request: 10.222.0.39 "GET /placement/allocation_candidates?limit=1000&resources=DISK_GB%3A1%2CMEMORY_MB%3A1024%2CVCPU%3A1&root_required=%21COMPUTE_STATUS_DISABLED" {{(pid=104340) __call__ /opt/stack/placement/placement/requestlog.py:55}}
Dec 14 02:26:18.493870 n-d-821636-1 devstack@placement-api.service[104340]: DEBUG placement.objects.research_context [req-4199e454-f632-4109-9fa0-054f343d2454 req-67fd4f47-bdb1-4448-8945-dab8ae1b1192 service placement] getting providers with 1 DISK_GB {{(pid=104340) __init__ /opt/stack/placement/placement/objects/research_context.py:126}}
Dec 14 02:26:18.500180 n-d-821636-1 devstack@placement-api.service[104340]: DEBUG placement.objects.research_context [req-4199e454-f632-4109-9fa0-054f343d2454 req-67fd4f47-bdb1-4448-8945-dab8ae1b1192 service placement] getting providers with 1024 MEMORY_MB {{(pid=104340) __init__ /opt/stack/placement/placement/objects/research_context.py:126}}
Dec 14 02:26:18.508620 n-d-821636-1 devstack@placement-api.service[104340]: DEBUG placement.objects.research_context [req-4199e454-f632-4109-9fa0-054f343d2454 req-67fd4f47-bdb1-4448-8945-dab8ae1b1192 service placement] getting providers with 1 VCPU {{(pid=104340) __init__ /opt/stack/placement/placement/objects/research_context.py:126}}
Dec 14 02:26:18.515229 n-d-821636-1 devstack@placement-api.service[104340]: DEBUG placement.objects.research_context [req-4199e454-f632-4109-9fa0-054f343d2454 req-67fd4f47-bdb1-4448-8945-dab8ae1b1192 service placement] found 2 providers with available 1 DISK_GB {{(pid=104340) get_provider_ids_matching /opt/stack/placement/placement/objects/research_context.py:549}}
Dec 14 02:26:18.516259 n-d-821636-1 devstack@placement-api.service[104340]: DEBUG placement.objects.research_context [req-4199e454-f632-4109-9fa0-054f343d2454 req-67fd4f47-bdb1-4448-8945-dab8ae1b1192 service placement] found 2 providers with available 1024 MEMORY_MB {{(pid=104340) get_provider_ids_matching /opt/stack/placement/placement/objects/research_context.py:549}}
Dec 14 02:26:18.517459 n-d-821636-1 devstack@placement-api.service[104340]: DEBUG placement.objects.research_context [req-4199e454-f632-4109-9fa0-054f343d2454 req-67fd4f47-bdb1-4448-8945-dab8ae1b1192 service placement] found 2 providers after filtering by previous result {{(pid=104340) get_provider_ids_matching /opt/stack/placement/placement/objects/research_context.py:580}}
Dec 14 02:26:18.517869 n-d-821636-1 devstack@placement-api.service[104340]: DEBUG placement.objects.research_context [req-4199e454-f632-4109-9fa0-054f343d2454 req-67fd4f47-bdb1-4448-8945-dab8ae1b1192 service placement] found 2 providers with available 1 VCPU {{(pid=104340) get_provider_ids_matching /opt/stack/placement/placement/objects/research_context.py:549}}
Dec 14 02:26:18.518280 n-d-821636-1 devstack@placement-api.service[104340]: DEBUG placement.objects.research_context [req-4199e454-f632-4109-9fa0-054f343d2454 req-67fd4f47-bdb1-4448-8945-dab8ae1b1192 service placement] found 2 providers after filtering by previous result {{(pid=104340) get_provider_ids_matching /opt/stack/placement/placement/objects/research_context.py:580}}
Dec 14 02:26:18.536035 n-d-821636-1 devstack@placement-api.service[104340]: DEBUG placement.objects.allocation_candidate [req-4199e454-f632-4109-9fa0-054f343d2454 req-67fd4f47-bdb1-4448-8945-dab8ae1b1192 service placement] RequestGroup(use_same_provider=False, resources={DISK_GB:1, MEMORY_MB:1024, VCPU:1}, traits=[], aggregates=[]) (suffix '') returned 2 matches {{(pid=104340) _get_by_requests /opt/stack/placement/placement/objects/allocation_candidate.py:145}}
Dec 14 02:26:18.537534 n-d-821636-1 devstack@placement-api.service[104340]: DEBUG placement.objects.allocation_candidate [req-4199e454-f632-4109-9fa0-054f343d2454 req-67fd4f47-bdb1-4448-8945-dab8ae1b1192 service placement] Merging candidates yields 2 allocation requests and 2 provider summaries {{(pid=104340) _merge_candidates /opt/stack/placement/placement/objects/allocation_candidate.py:783}}
Dec 14 02:26:18.539606 n-d-821636-1 devstack@placement-api.service[104340]: INFO placement.requestlog [req-4199e454-f632-4109-9fa0-054f343d2454 req-67fd4f47-bdb1-4448-8945-dab8ae1b1192 service placement] 10.222.0.39 "GET /placement/allocation_candidates?limit=1000&resources=DISK_GB%3A1%2CMEMORY_MB%3A1024%2CVCPU%3A1&root_required=%21COMPUTE_STATUS_DISABLED" status: 200 len: 1309 microversion: 1.36
Dec 14 02:26:18.540804 n-d-821636-1 devstack@placement-api.service[104340]: [pid: 104340|app: 0|req: 55/110] 10.222.0.39 () {60 vars in 1506 bytes} [Tue Dec 14 02:26:18 2021] GET /placement/allocation_candidates?limit=1000&resources=DISK_GB%3A1%2CMEMORY_MB%3A1024%2CVCPU%3A1&root_required=%21COMPUTE_STATUS_DISABLED => generated 1309 bytes in 91 msecs (HTTP/1.1 200) 8 headers in 297 bytes (1 switches on core 0)
Dec 14 02:26:18.669632 n-d-821636-1 devstack@placement-api.service[104339]: DEBUG placement.requestlog [req-4199e454-f632-4109-9fa0-054f343d2454 req-195538a0-7cb6-48a9-9e38-e114843f002b None None] Starting request: 10.222.0.39 "GET /placement/allocations/33232392-ede1-470d-925c-285dcd9c0760" {{(pid=104339) __call__ /opt/stack/placement/placement/requestlog.py:55}}
Dec 14 02:26:18.688051 n-d-821636-1 devstack@placement-api.service[104339]: INFO placement.requestlog [req-4199e454-f632-4109-9fa0-054f343d2454 req-195538a0-7cb6-48a9-9e38-e114843f002b service placement] 10.222.0.39 "GET /placement/allocations/33232392-ede1-470d-925c-285dcd9c0760" status: 200 len: 19 microversion: 1.28
Dec 14 02:26:18.693524 n-d-821636-1 devstack@placement-api.service[104339]: [pid: 104339|app: 0|req: 56/111] 10.222.0.39 () {60 vars in 1380 bytes} [Tue Dec 14 02:26:18 2021] GET /placement/allocations/33232392-ede1-470d-925c-285dcd9c0760 => generated 19 bytes in 24 msecs (HTTP/1.1 200) 8 headers in 295 bytes (1 switches on core 0)
Dec 14 02:26:18.696177 n-d-821636-1 devstack@placement-api.service[104340]: DEBUG placement.requestlog [req-4199e454-f632-4109-9fa0-054f343d2454 req-95a619be-bf99-4bf1-8a0e-8d7ac6159034 None None] Starting request: 10.222.0.39 "PUT /placement/allocations/33232392-ede1-470d-925c-285dcd9c0760" {{(pid=104340) __call__ /opt/stack/placement/placement/requestlog.py:55}}
Dec 14 02:26:19.070028 n-d-821636-1 devstack@placement-api.service[104340]: DEBUG placement.handlers.allocation [req-4199e454-f632-4109-9fa0-054f343d2454 req-95a619be-bf99-4bf1-8a0e-8d7ac6159034 service placement] Successfully wrote allocations [, , ] {{(pid=104340) _update_consumers_and_create_allocations /opt/stack/placement/placement/handlers/allocation.py:462}}
Dec 14 02:26:19.175718 n-d-821636-1 devstack@placement-api.service[104340]: INFO placement.requestlog [req-4199e454-f632-4109-9fa0-054f343d2454 req-95a619be-bf99-4bf1-8a0e-8d7ac6159034 service placement] 10.222.0.39 "PUT /placement/allocations/33232392-ede1-470d-925c-285dcd9c0760" status: 204 len: 0 microversion: 1.36
Dec 14 02:26:19.176160 n-d-821636-1 devstack@placement-api.service[104340]: [pid: 104340|app: 0|req: 56/112] 10.222.0.39 () {64 vars in 1433 bytes} [Tue Dec 14 02:26:18 2021] PUT /placement/allocations/33232392-ede1-470d-925c-285dcd9c0760 => generated 0 bytes in 480 msecs (HTTP/1.1 204) 5 headers in 199 bytes (1 switches on core 0)
Dec 14 02:26:19.352894 n-d-821636-1 devstack@placement-api.service[104339]: DEBUG placement.requestlog [req-b0ffad3c-45da-4fe3-95c4-536a1b88744a req-72feafba-aa72-4ddf-9ba4-1d8f3e44584e None None] Starting request: 10.222.0.46 "GET /placement/resource_providers/82d84063-1081-4134-b9b3-26d70ce88a27/allocations" {{(pid=104339) __call__ /opt/stack/placement/placement/requestlog.py:55}}
Dec 14 02:26:19.380827 n-d-821636-1 devstack@placement-api.service[104339]: INFO placement.requestlog [req-b0ffad3c-45da-4fe3-95c4-536a1b88744a req-72feafba-aa72-4ddf-9ba4-1d8f3e44584e service placement] 10.222.0.46 "GET /placement/resource_providers/82d84063-1081-4134-b9b3-26d70ce88a27/allocations" status: 200 len: 457 microversion: 1.0
Dec 14 02:26:19.381800 n-d-821636-1 devstack@placement-api.service[104339]: [pid: 104339|app: 0|req: 57/113] 10.222.0.46 () {58 vars in 1390 bytes} [Tue Dec 14 02:26:19 2021] GET /placement/resource_providers/82d84063-1081-4134-b9b3-26d70ce88a27/allocations => generated 457 bytes in 29 msecs (HTTP/1.1 200) 6 headers in 224 bytes (1 switches on core 0)
Dec 14 02:26:20.266258 n-d-821636-1 devstack@placement-api.service[104340]: DEBUG placement.requestlog [req-4199e454-f632-4109-9fa0-054f343d2454 req-b55d8677-0e18-4149-ae22-a44b9ecf989d None None] Starting request: 10.222.0.46 "GET /placement/allocations/33232392-ede1-470d-925c-285dcd9c0760" {{(pid=104340) __call__ /opt/stack/placement/placement/requestlog.py:55}}
Dec 14 02:26:20.278939 n-d-821636-1 devstack@placement-api.service[104339]: DEBUG placement.requestlog [req-b0ffad3c-45da-4fe3-95c4-536a1b88744a req-052ee341-8da9-4deb-85f8-56d3a6e5c425 None None] Starting request: 10.222.0.46 "GET /placement/allocations/eea7fd74-928c-402f-b25a-d3786afa012b" {{(pid=104339) __call__ /opt/stack/placement/placement/requestlog.py:55}}
Dec 14 02:26:20.291587 n-d-821636-1 devstack@placement-api.service[104340]: INFO placement.requestlog [req-4199e454-f632-4109-9fa0-054f343d2454 req-b55d8677-0e18-4149-ae22-a44b9ecf989d service placement] 10.222.0.46 "GET /placement/allocations/33232392-ede1-470d-925c-285dcd9c0760" status: 200 len: 259 microversion: 1.28
Dec 14 02:26:20.292184 n-d-821636-1 devstack@placement-api.service[104340]: [pid: 104340|app: 0|req: 57/114] 10.222.0.46 () {60 vars in 1377 bytes} [Tue Dec 14 02:26:20 2021] GET /placement/allocations/33232392-ede1-470d-925c-285dcd9c0760 => generated 259 bytes in 26 msecs (HTTP/1.1 200) 8 headers in 296 bytes (1 switches on core 0)
Dec 14 02:26:20.294466 n-d-821636-1 devstack@placement-api.service[104339]: INFO placement.requestlog [req-b0ffad3c-45da-4fe3-95c4-536a1b88744a req-052ee341-8da9-4deb-85f8-56d3a6e5c425 service placement] 10.222.0.46 "GET /placement/allocations/eea7fd74-928c-402f-b25a-d3786afa012b" status: 200 len: 259 microversion: 1.28
Dec 14 02:26:20.294830 n-d-821636-1 devstack@placement-api.service[104339]: [pid: 104339|app: 0|req: 58/115] 10.222.0.46 () {60 vars in 1377 bytes} [Tue Dec 14 02:26:20 2021] GET /placement/allocations/eea7fd74-928c-402f-b25a-d3786afa012b => generated 259 bytes in 16 msecs (HTTP/1.1 200) 8 headers in 296 bytes (2 switches on core 0)
Dec 14 02:26:20.333094 n-d-821636-1 devstack@placement-api.service[104340]: DEBUG placement.requestlog [req-b0ffad3c-45da-4fe3-95c4-536a1b88744a req-f0bd3ac4-443a-444e-9323-3b67eafaebd7 None None] Starting request: 10.222.0.46 "PUT /placement/allocations/eea7fd74-928c-402f-b25a-d3786afa012b" {{(pid=104340) __call__ /opt/stack/placement/placement/requestlog.py:55}}
Dec 14 02:26:20.405524 n-d-821636-1 devstack@placement-api.service[104340]: DEBUG placement.handlers.allocation [req-b0ffad3c-45da-4fe3-95c4-536a1b88744a req-f0bd3ac4-443a-444e-9323-3b67eafaebd7 service placement] Successfully wrote allocations [, , ] {{(pid=104340) _update_consumers_and_create_allocations /opt/stack/placement/placement/handlers/allocation.py:462}}
Dec 14 02:26:20.464490 n-d-821636-1 devstack@placement-api.service[104340]: INFO placement.requestlog [req-b0ffad3c-45da-4fe3-95c4-536a1b88744a req-f0bd3ac4-443a-444e-9323-3b67eafaebd7 service placement] 10.222.0.46 "PUT /placement/allocations/eea7fd74-928c-402f-b25a-d3786afa012b" status: 204 len: 0 microversion: 1.28
Dec 14 02:26:20.465375 n-d-821636-1 devstack@placement-api.service[104340]: [pid: 104340|app: 0|req: 58/116] 10.222.0.46 () {64 vars in 1430 bytes} [Tue Dec 14 02:26:20 2021] PUT /placement/allocations/eea7fd74-928c-402f-b25a-d3786afa012b => generated 0 bytes in 132 msecs (HTTP/1.1 204) 5 headers in 199 bytes (1 switches on core 0)
Dec 14 02:26:21.482515 n-d-821636-1 devstack@placement-api.service[104339]: DEBUG placement.requestlog [req-dbd3f8f9-9489-42c3-a2d9-7759bf3aa81d req-92c906a0-dc5f-45c1-805e-7d8015408806 None None] Starting request: 10.222.0.39 "GET /placement/allocation_candidates?limit=1000&resources=DISK_GB%3A1%2CMEMORY_MB%3A1024%2CVCPU%3A1&root_required=%21COMPUTE_STATUS_DISABLED" {{(pid=104339) __call__ /opt/stack/placement/placement/requestlog.py:55}}
Dec 14 02:26:21.527203 n-d-821636-1 devstack@placement-api.service[104339]: DEBUG placement.objects.research_context [req-dbd3f8f9-9489-42c3-a2d9-7759bf3aa81d req-92c906a0-dc5f-45c1-805e-7d8015408806 service placement] getting providers with 1 DISK_GB {{(pid=104339) __init__ /opt/stack/placement/placement/objects/research_context.py:126}}
Dec 14 02:26:21.538446 n-d-821636-1 devstack@placement-api.service[104339]: DEBUG placement.objects.research_context [req-dbd3f8f9-9489-42c3-a2d9-7759bf3aa81d req-92c906a0-dc5f-45c1-805e-7d8015408806 service placement] getting providers with 1024 MEMORY_MB {{(pid=104339) __init__ /opt/stack/placement/placement/objects/research_context.py:126}}
Dec 14 02:26:21.549255 n-d-821636-1 devstack@placement-api.service[104339]: DEBUG placement.objects.research_context [req-dbd3f8f9-9489-42c3-a2d9-7759bf3aa81d req-92c906a0-dc5f-45c1-805e-7d8015408806 service placement] getting providers with 1 VCPU {{(pid=104339) __init__ /opt/stack/placement/placement/objects/research_context.py:126}}
Dec 14 02:26:21.555891 n-d-821636-1 devstack@placement-api.service[104339]: DEBUG placement.objects.research_context [req-dbd3f8f9-9489-42c3-a2d9-7759bf3aa81d req-92c906a0-dc5f-45c1-805e-7d8015408806 service placement] found 2 providers with available 1 DISK_GB {{(pid=104339) get_provider_ids_matching /opt/stack/placement/placement/objects/research_context.py:549}}
Dec 14 02:26:21.556364 n-d-821636-1 devstack@placement-api.service[104339]: DEBUG placement.objects.research_context [req-dbd3f8f9-9489-42c3-a2d9-7759bf3aa81d req-92c906a0-dc5f-45c1-805e-7d8015408806 service placement] found 2 providers with available 1024 MEMORY_MB {{(pid=104339) get_provider_ids_matching /opt/stack/placement/placement/objects/research_context.py:549}}
Dec 14 02:26:21.556639 n-d-821636-1 devstack@placement-api.service[104339]: DEBUG placement.objects.research_context [req-dbd3f8f9-9489-42c3-a2d9-7759bf3aa81d req-92c906a0-dc5f-45c1-805e-7d8015408806 service placement] found 2 providers after filtering by previous result {{(pid=104339) get_provider_ids_matching /opt/stack/placement/placement/objects/research_context.py:580}}
Dec 14 02:26:21.556893 n-d-821636-1 devstack@placement-api.service[104339]: DEBUG placement.objects.research_context [req-dbd3f8f9-9489-42c3-a2d9-7759bf3aa81d req-92c906a0-dc5f-45c1-805e-7d8015408806 service placement] found 2 providers with available 1 VCPU {{(pid=104339) get_provider_ids_matching /opt/stack/placement/placement/objects/research_context.py:549}}
Dec 14 02:26:21.557153 n-d-821636-1 devstack@placement-api.service[104339]: DEBUG placement.objects.research_context [req-dbd3f8f9-9489-42c3-a2d9-7759bf3aa81d req-92c906a0-dc5f-45c1-805e-7d8015408806 service placement] found 2 providers after filtering by previous result {{(pid=104339) get_provider_ids_matching /opt/stack/placement/placement/objects/research_context.py:580}}
Dec 14 02:26:21.570070 n-d-821636-1 devstack@placement-api.service[104339]: DEBUG placement.objects.allocation_candidate [req-dbd3f8f9-9489-42c3-a2d9-7759bf3aa81d req-92c906a0-dc5f-45c1-805e-7d8015408806 service placement] RequestGroup(use_same_provider=False, resources={DISK_GB:1, MEMORY_MB:1024, VCPU:1}, traits=[], aggregates=[]) (suffix '') returned 2 matches {{(pid=104339) _get_by_requests /opt/stack/placement/placement/objects/allocation_candidate.py:145}}
Dec 14 02:26:21.570675 n-d-821636-1 devstack@placement-api.service[104339]: DEBUG placement.objects.allocation_candidate [req-dbd3f8f9-9489-42c3-a2d9-7759bf3aa81d req-92c906a0-dc5f-45c1-805e-7d8015408806 service placement] Merging candidates yields 2 allocation requests and 2 provider summaries {{(pid=104339) _merge_candidates /opt/stack/placement/placement/objects/allocation_candidate.py:783}}
Dec 14 02:26:21.573411 n-d-821636-1 devstack@placement-api.service[104339]: INFO placement.requestlog [req-dbd3f8f9-9489-42c3-a2d9-7759bf3aa81d req-92c906a0-dc5f-45c1-805e-7d8015408806 service placement] 10.222.0.39 "GET /placement/allocation_candidates?limit=1000&resources=DISK_GB%3A1%2CMEMORY_MB%3A1024%2CVCPU%3A1&root_required=%21COMPUTE_STATUS_DISABLED" status: 200 len: 1309 microversion: 1.36
Dec 14 02:26:21.586941 n-d-821636-1 devstack@placement-api.service[104339]: [pid: 104339|app: 0|req: 59/117] 10.222.0.39 () {60 vars in 1506 bytes} [Tue Dec 14 02:26:21 2021] GET /placement/allocation_candidates?limit=1000&resources=DISK_GB%3A1%2CMEMORY_MB%3A1024%2CVCPU%3A1&root_required=%21COMPUTE_STATUS_DISABLED => generated 1309 bytes in 104 msecs (HTTP/1.1 200) 8 headers in 297 bytes (1 switches on core 0)
Dec 14 02:26:21.632490 n-d-821636-1 devstack@placement-api.service[104340]: DEBUG placement.requestlog [req-dbd3f8f9-9489-42c3-a2d9-7759bf3aa81d req-9c96c4c0-9072-408b-ac9d-1a1401c296b6 None None] Starting request: 10.222.0.39 "GET /placement/allocations/c8be202f-6e74-4bc8-841a-b9b9cfb02e14" {{(pid=104340) __call__ /opt/stack/placement/placement/requestlog.py:55}}
Dec 14 02:26:21.647099 n-d-821636-1 devstack@placement-api.service[104340]: INFO placement.requestlog [req-dbd3f8f9-9489-42c3-a2d9-7759bf3aa81d req-9c96c4c0-9072-408b-ac9d-1a1401c296b6 service placement] 10.222.0.39 "GET /placement/allocations/c8be202f-6e74-4bc8-841a-b9b9cfb02e14" status: 200 len: 19 microversion: 1.28
Dec 14 02:26:21.653406 n-d-821636-1 devstack@placement-api.service[104340]: [pid: 104340|app: 0|req: 59/118] 10.222.0.39 () {60 vars in 1380 bytes} [Tue Dec 14 02:26:21 2021] GET /placement/allocations/c8be202f-6e74-4bc8-841a-b9b9cfb02e14 => generated 19 bytes in 20 msecs (HTTP/1.1 200) 8 headers in 295 bytes (1 switches on core 0)
Dec 14 02:26:21.656254 n-d-821636-1 devstack@placement-api.service[104339]: DEBUG placement.requestlog [req-dbd3f8f9-9489-42c3-a2d9-7759bf3aa81d req-ff913239-c241-419c-b6de-6e7dfbdbc2f2 None None] Starting request: 10.222.0.39 "PUT /placement/allocations/c8be202f-6e74-4bc8-841a-b9b9cfb02e14" {{(pid=104339) __call__ /opt/stack/placement/placement/requestlog.py:55}}
Dec 14 02:26:21.811212 n-d-821636-1 devstack@placement-api.service[104339]: DEBUG placement.handlers.allocation [req-dbd3f8f9-9489-42c3-a2d9-7759bf3aa81d req-ff913239-c241-419c-b6de-6e7dfbdbc2f2 service placement] Successfully wrote allocations [, , ] {{(pid=104339) _update_consumers_and_create_allocations /opt/stack/placement/placement/handlers/allocation.py:462}}
Dec 14 02:26:21.887534 n-d-821636-1 devstack@placement-api.service[104339]: INFO placement.requestlog [req-dbd3f8f9-9489-42c3-a2d9-7759bf3aa81d req-ff913239-c241-419c-b6de-6e7dfbdbc2f2 service placement] 10.222.0.39 "PUT /placement/allocations/c8be202f-6e74-4bc8-841a-b9b9cfb02e14" status: 204 len: 0 microversion: 1.36
Dec 14 02:26:21.888377 n-d-821636-1 devstack@placement-api.service[104339]: [pid: 104339|app: 0|req: 60/119] 10.222.0.39 () {64 vars in 1433 bytes} [Tue Dec 14 02:26:21 2021] PUT /placement/allocations/c8be202f-6e74-4bc8-841a-b9b9cfb02e14 => generated 0 bytes in 232 msecs (HTTP/1.1 204) 5 headers in 199 bytes (2 switches on core 0)
Dec 14 02:26:22.665237 n-d-821636-1 devstack@placement-api.service[104340]: DEBUG placement.requestlog [req-dbd3f8f9-9489-42c3-a2d9-7759bf3aa81d req-1d27a302-e617-47b7-94c8-e04aaba550c5 None None] Starting request: 10.222.0.46 "GET /placement/allocations/c8be202f-6e74-4bc8-841a-b9b9cfb02e14" {{(pid=104340) __call__ /opt/stack/placement/placement/requestlog.py:55}}
Dec 14 02:26:22.682754 n-d-821636-1 devstack@placement-api.service[104340]: INFO placement.requestlog [req-dbd3f8f9-9489-42c3-a2d9-7759bf3aa81d req-1d27a302-e617-47b7-94c8-e04aaba550c5 service placement] 10.222.0.46 "GET /placement/allocations/c8be202f-6e74-4bc8-841a-b9b9cfb02e14" status: 200 len: 259 microversion: 1.28
Dec 14 02:26:22.683209 n-d-821636-1 devstack@placement-api.service[104340]: [pid: 104340|app: 0|req: 60/120] 10.222.0.46 () {60 vars in 1377 bytes} [Tue Dec 14 02:26:22 2021] GET /placement/allocations/c8be202f-6e74-4bc8-841a-b9b9cfb02e14 => generated 259 bytes in 18 msecs (HTTP/1.1 200) 8 headers in 296 bytes (2 switches on core 0)
Dec 14 02:26:24.036135 n-d-821636-1 devstack@placement-api.service[104339]: DEBUG placement.requestlog [req-670e65de-efb0-495f-9acb-ae16a154bf1e req-96687670-091f-4f7f-8cc5-fc77f24dde4d None None] Starting request: 10.222.0.46 "DELETE /placement/allocations/b8d9a894-5d9b-4078-8157-d446785d6c4e" {{(pid=104339) __call__ /opt/stack/placement/placement/requestlog.py:55}}
Dec 14 02:26:24.207222 n-d-821636-1 devstack@placement-api.service[104339]: DEBUG placement.handlers.allocation [req-670e65de-efb0-495f-9acb-ae16a154bf1e req-96687670-091f-4f7f-8cc5-fc77f24dde4d service placement] Successfully deleted allocations [, , ] {{(pid=104339) delete_allocations /opt/stack/placement/placement/handlers/allocation.py:627}}
Dec 14 02:26:24.207715 n-d-821636-1 devstack@placement-api.service[104339]: INFO placement.requestlog [req-670e65de-efb0-495f-9acb-ae16a154bf1e req-96687670-091f-4f7f-8cc5-fc77f24dde4d service placement] 10.222.0.46 "DELETE /placement/allocations/b8d9a894-5d9b-4078-8157-d446785d6c4e" status: 204 len: 0 microversion: 1.0
Dec 14 02:26:24.208095 n-d-821636-1 devstack@placement-api.service[104339]: [pid: 104339|app: 0|req: 61/121] 10.222.0.46 () {60 vars in 1355 bytes} [Tue Dec 14 02:26:24 2021] DELETE /placement/allocations/b8d9a894-5d9b-4078-8157-d446785d6c4e => generated 0 bytes in 172 msecs (HTTP/1.1 204) 5 headers in 198 bytes (2 switches on core 0)
Dec 14 02:26:26.160190 n-d-821636-1 devstack@placement-api.service[104340]: DEBUG placement.requestlog [req-9bb48d9f-f86f-46b8-9f50-3f61c09a4b59 req-2c18d80f-86ed-4ee7-98e1-7523dba56962 None None] Starting request: 10.222.0.46 "DELETE /placement/allocations/cb8dc5fe-8794-472b-9d9b-69ea1f398682" {{(pid=104340) __call__ /opt/stack/placement/placement/requestlog.py:55}}
Dec 14 02:26:26.332766 n-d-821636-1 devstack@placement-api.service[104340]: DEBUG placement.handlers.allocation [req-9bb48d9f-f86f-46b8-9f50-3f61c09a4b59 req-2c18d80f-86ed-4ee7-98e1-7523dba56962 service placement] Successfully deleted allocations [, , ] {{(pid=104340) delete_allocations /opt/stack/placement/placement/handlers/allocation.py:627}}
Dec 14 02:26:26.333477 n-d-821636-1 devstack@placement-api.service[104340]: INFO placement.requestlog [req-9bb48d9f-f86f-46b8-9f50-3f61c09a4b59 req-2c18d80f-86ed-4ee7-98e1-7523dba56962 service placement] 10.222.0.46 "DELETE /placement/allocations/cb8dc5fe-8794-472b-9d9b-69ea1f398682" status: 204 len: 0 microversion: 1.0
Dec 14 02:26:26.334312 n-d-821636-1 devstack@placement-api.service[104340]: [pid: 104340|app: 0|req: 61/122] 10.222.0.46 () {60 vars in 1355 bytes} [Tue Dec 14 02:26:26 2021] DELETE /placement/allocations/cb8dc5fe-8794-472b-9d9b-69ea1f398682 => generated 0 bytes in 174 msecs (HTTP/1.1 204) 5 headers in 198 bytes (2 switches on core 0)
Dec 14 02:26:29.169654 n-d-821636-1 devstack@placement-api.service[104339]: DEBUG placement.requestlog [req-1f9088ae-f134-4817-8799-4e26ce2f471c req-718621d8-3c6f-495d-9926-336b0d9f9718 None None] Starting request: 10.222.0.39 "GET /placement/allocation_candidates?limit=1000&resources=DISK_GB%3A1%2CMEMORY_MB%3A1024%2CVCPU%3A1&root_required=%21COMPUTE_STATUS_DISABLED" {{(pid=104339) __call__ /opt/stack/placement/placement/requestlog.py:55}}
Dec 14 02:26:29.202321 n-d-821636-1 devstack@placement-api.service[104339]: DEBUG placement.objects.research_context [req-1f9088ae-f134-4817-8799-4e26ce2f471c req-718621d8-3c6f-495d-9926-336b0d9f9718 service placement] getting providers with 1 DISK_GB {{(pid=104339) __init__ /opt/stack/placement/placement/objects/research_context.py:126}}
Dec 14 02:26:29.208552 n-d-821636-1 devstack@placement-api.service[104339]: DEBUG placement.objects.research_context [req-1f9088ae-f134-4817-8799-4e26ce2f471c req-718621d8-3c6f-495d-9926-336b0d9f9718 service placement] getting providers with 1024 MEMORY_MB {{(pid=104339) __init__ /opt/stack/placement/placement/objects/research_context.py:126}}
Dec 14 02:26:29.214155 n-d-821636-1 devstack@placement-api.service[104339]: DEBUG placement.objects.research_context [req-1f9088ae-f134-4817-8799-4e26ce2f471c req-718621d8-3c6f-495d-9926-336b0d9f9718 service placement] getting providers with 1 VCPU {{(pid=104339) __init__ /opt/stack/placement/placement/objects/research_context.py:126}}
