Dec 10 18:05:50.975049 n-d-821424-1 neutron-server[103502]: DEBUG neutron.plugins.ml2.drivers.mech_agent [None req-ddfbb47f-5bce-482b-b57f-7455ddee2a94 None None] Checking agent: {'id': '82e5898f-8ed4-46dc-a682-51cc257c2d8a', 'agent_type': 'Open vSwitch agent', 'binary': 'neutron-openvswitch-agent', 'topic': 'N/A', 'host': 'n-d-821424-1', 'admin_state_up': True, 'created_at': datetime.datetime(2021, 12, 10, 17, 56, 4), 'started_at': datetime.datetime(2021, 12, 10, 17, 56, 34), 'heartbeat_timestamp': datetime.datetime(2021, 12, 10, 18, 5, 34), 'description': None, 'resources_synced': None, 'availability_zone': None, 'alive': True, 'configurations': {'arp_responder_enabled': False, 'baremetal_smartnic': False, 'bridge_mappings': {'physnet1': 'br-data'}, 'datapath_type': 'system', 'devices': 0, 'enable_distributed_routing': False, 'extensions': [], 'in_distributed_mode': False, 'integration_bridge': 'br-int', 'l2_population': False, 'log_agent_heartbeats': False, 'ovs_capabilities': {'datapath_types': ['netdev', 'system'], 'iface_types': ['erspan', 'geneve', 'gre', 'internal', 'ip6erspan', 'ip6gre', 'lisp', 'patch', 'stt', 'system', 'tap', 'vxlan']}, 'ovs_hybrid_plug': False, 'resource_provider_bandwidths': {}, 'resource_provider_hypervisors': {'br-data': 'n-d-821424-1'}, 'resource_provider_inventory_defaults': {'allocation_ratio': 1.0, 'min_unit': 1, 'step_size': 1, 'reserved': 0}, 'resource_provider_packet_processing_inventory_defaults': {'allocation_ratio': 1.0, 'min_unit': 1, 'step_size': 1, 'reserved': 0}, 'resource_provider_packet_processing_with_direction': {}, 'resource_provider_packet_processing_without_direction': {}, 'tunnel_types': [], 'tunneling_ip': None, 'vhostuser_socket_dir': '/var/run/openvswitch'}, 'resource_versions': {'AddressGroup': '1.2', 'ConntrackHelper': '1.0', 'LocalIPAssociation': '1.0', 'Log': '1.0', 'Network': '1.1', 'Port': '1.7', 'PortForwarding': '1.2', 'QosPolicy': '1.10', 'SecurityGroup': '1.5', 'SecurityGroupRule': '1.2', 'SubPort': '1.0', 'Subnet': '1.1', 'Trunk': '1.1'}} {{(pid=103502) bind_port /opt/stack/neutron/neutron/plugins/ml2/drivers/mech_agent.py:110}}
Dec 10 18:05:50.975509 n-d-821424-1 neutron-server[103502]: DEBUG neutron.plugins.ml2.drivers.mech_agent [None req-ddfbb47f-5bce-482b-b57f-7455ddee2a94 None None] Checking segment: {'id': '1ae26379-406c-4f65-8386-d0b459043644', 'network_type': 'flat', 'physical_network': 'physnet1', 'segmentation_id': None, 'network_id': '66ba32b2-d10a-4cab-ad00-6e31b4532d11'} for mappings: {'physnet1': 'br-data'} with network types: ['local', 'flat', 'vlan'] {{(pid=103502) check_segment_for_agent /opt/stack/neutron/neutron/plugins/ml2/drivers/mech_agent.py:371}}
Dec 10 18:05:50.975918 n-d-821424-1 neutron-server[103502]: DEBUG neutron_lib.callbacks.manager [None req-ddfbb47f-5bce-482b-b57f-7455ddee2a94 None None] Publish callbacks [] for ovs_bridge_name, before_read {{(pid=103502) _notify_loop /usr/local/lib/python3.8/dist-packages/neutron_lib/callbacks/manager.py:175}}
Dec 10 18:05:50.976312 n-d-821424-1 neutron-server[103502]: DEBUG neutron.plugins.ml2.drivers.mech_agent [None req-ddfbb47f-5bce-482b-b57f-7455ddee2a94 None None] Bound using segment: {'id': '1ae26379-406c-4f65-8386-d0b459043644', 'network_type': 'flat', 'physical_network': 'physnet1', 'segmentation_id': None, 'network_id': '66ba32b2-d10a-4cab-ad00-6e31b4532d11'} {{(pid=103502) bind_port /opt/stack/neutron/neutron/plugins/ml2/drivers/mech_agent.py:120}}
Dec 10 18:05:50.977093 n-d-821424-1 neutron-server[103502]: DEBUG neutron.plugins.ml2.managers [None req-ddfbb47f-5bce-482b-b57f-7455ddee2a94 None None] Bound port: 914c1363-0f57-4762-8b29-e2445d50ce50, host: n-d-821424-1, vif_type: ovs, vif_details: {"connectivity": "l2", "port_filter": true, "ovs_hybrid_plug": false, "datapath_type": "system", "bridge_name": "br-int"}, binding_levels: [{'bound_driver': 'openvswitch', 'bound_segment': {'id': '1ae26379-406c-4f65-8386-d0b459043644', 'network_type': 'flat', 'physical_network': 'physnet1', 'segmentation_id': None, 'network_id': '66ba32b2-d10a-4cab-ad00-6e31b4532d11'}}] {{(pid=103502) _bind_port_level /opt/stack/neutron/neutron/plugins/ml2/managers.py:932}}
Dec 10 18:05:50.978239 n-d-821424-1 neutron-server[103502]: DEBUG neutron_lib.callbacks.manager [None req-ddfbb47f-5bce-482b-b57f-7455ddee2a94 None None] Publish callbacks ['neutron.plugins.ml2.plugin.SecurityGroupDbMixin._ensure_default_security_group_handler-2083729'] for port, before_update {{(pid=103502) _notify_loop /usr/local/lib/python3.8/dist-packages/neutron_lib/callbacks/manager.py:175}}
Dec 10 18:05:51.055604 n-d-821424-1 neutron-server[103502]: DEBUG neutron.plugins.ml2.db [None req-ddfbb47f-5bce-482b-b57f-7455ddee2a94 None None] For port 914c1363-0f57-4762-8b29-e2445d50ce50, host n-d-821424-1, cleared binding levels {{(pid=103502) clear_binding_levels /opt/stack/neutron/neutron/plugins/ml2/db.py:87}}
Dec 10 18:05:51.065391 n-d-821424-1 neutron-server[103502]: DEBUG neutron.plugins.ml2.db [None req-ddfbb47f-5bce-482b-b57f-7455ddee2a94 None None] For port 914c1363-0f57-4762-8b29-e2445d50ce50, host n-d-821424-1, set binding levels [PortBindingLevel(driver='openvswitch',host='n-d-821424-1',level=0,port_id=914c1363-0f57-4762-8b29-e2445d50ce50,segment=NetworkSegment(1ae26379-406c-4f65-8386-d0b459043644),segment_id=1ae26379-406c-4f65-8386-d0b459043644)] {{(pid=103502) set_binding_levels /opt/stack/neutron/neutron/plugins/ml2/db.py:59}}
Dec 10 18:05:51.071889 n-d-821424-1 neutron-server[103502]: DEBUG neutron_lib.callbacks.manager [None req-ddfbb47f-5bce-482b-b57f-7455ddee2a94 None None] Publish callbacks ['neutron.plugins.ml2.plugin.SecurityGroupServerNotifierRpcMixin._notify_sg_on_port_change-2083918', 'neutron.plugins.ml2.ovo_rpc._ObjectChangeHandler.handle_event-29647', 'neutron.api.rpc.agentnotifiers.dhcp_rpc_agent_api.DhcpAgentNotifyAPI._native_event_send_dhcp_notification-1018781', 'neutron.db.l3_db.L3RpcNotifierMixin._notify_gateway_port_ip_changed-8764418422757', 'neutron.db.l3_dvrscheduler_db._notify_l3_agent_port_update-8764417855690', 'neutron.db.l3_hascheduler_db._notify_l3_agent_ha_port_update-8764417855708'] for port, after_update {{(pid=103502) _notify_loop /usr/local/lib/python3.8/dist-packages/neutron_lib/callbacks/manager.py:175}}
Dec 10 18:05:51.093057 n-d-821424-1 neutron-server[103499]: DEBUG neutron_lib.callbacks.manager [None req-fd16e421-0c3f-4c94-b5ca-215177f40e6e admin admin] Publish callbacks [] for port, precommit_create {{(pid=103499) _notify_loop /usr/local/lib/python3.8/dist-packages/neutron_lib/callbacks/manager.py:175}}
Dec 10 18:05:51.097856 n-d-821424-1 neutron-server[103500]: DEBUG neutron.wsgi [-] (103500) accepted ('10.222.0.55', 49630) {{(pid=103500) server /usr/local/lib/python3.8/dist-packages/eventlet/wsgi.py:1004}}
Dec 10 18:05:51.143305 n-d-821424-1 neutron-server[103500]: DEBUG neutron.wsgi [-] (103500) accepted ('10.222.0.55', 49636) {{(pid=103500) server /usr/local/lib/python3.8/dist-packages/eventlet/wsgi.py:1004}}
Dec 10 18:05:51.145150 n-d-821424-1 neutron-server[103502]: DEBUG neutron.db.l3_dvrscheduler_db [None req-ddfbb47f-5bce-482b-b57f-7455ddee2a94 None None] Routers {'c4f262b7-e075-4ad3-a6c8-82d9262f1383'} bound to L3 agent in host n-d-821424-1 {{(pid=103502) _get_router_ids_for_agent /opt/stack/neutron/neutron/db/l3_dvrscheduler_db.py:420}}
Dec 10 18:05:51.145886 n-d-821424-1 neutron-server[103502]: DEBUG neutron.db.l3_hamode_db [None req-ddfbb47f-5bce-482b-b57f-7455ddee2a94 None None] neutron.services.l3_router.l3_router_plugin.L3RouterPlugin method get_ha_sync_data_for_host called with arguments (, 'n-d-821424-1', Agent(admin_state_up=True,agent_type='L3 agent',availability_zone='nova',binary='neutron-l3-agent',configurations={"agent_mode": "legacy", "ex_gw_ports": 1, "extensions": [], "floating_ips": 0, "handle_internal_only_routers": true, "interface_driver": "openvswitch", "interfaces": 1, "log_agent_heartbeats": false, "routers": 1},created_at=2021-12-10T17:56:01Z,description=,heartbeat_timestamp=2021-12-10T18:05:31Z,host='n-d-821424-1',id=0e32a277-6f22-4783-bad5-9f7b5eae0cea,load=0,resource_versions=,resources_synced=,started_at=2021-12-10T17:56:01Z,topic='l3_agent')) {'router_ids': ['c4f262b7-e075-4ad3-a6c8-82d9262f1383'], 'active': True} {{(pid=103502) wrapper /usr/local/lib/python3.8/dist-packages/oslo_log/helpers.py:65}}
Dec 10 18:05:51.154058 n-d-821424-1 neutron-server[103502]: DEBUG neutron.api.rpc.handlers.resources_rpc [None req-fe87cd4f-7932-47c2-a9b5-ee5528f0e993 None None] Pushing event updated for resources: {'Port': ['ID=914c1363-0f57-4762-8b29-e2445d50ce50,revision_number=3']} {{(pid=103502) push /opt/stack/neutron/neutron/api/rpc/handlers/resources_rpc.py:237}}
Dec 10 18:05:51.186323 n-d-821424-1 neutron-server[103499]: DEBUG neutron_lib.callbacks.manager [None req-fd16e421-0c3f-4c94-b5ca-215177f40e6e admin admin] Publish callbacks ['neutron.plugins.ml2.plugin.SecurityGroupServerNotifierRpcMixin._notify_sg_on_port_change-2083918', 'neutron.plugins.ml2.ovo_rpc._ObjectChangeHandler.handle_event-29647', 'neutron.api.rpc.agentnotifiers.dhcp_rpc_agent_api.DhcpAgentNotifyAPI._native_event_send_dhcp_notification-1018781', 'neutron.db.l3_dvrscheduler_db._notify_l3_agent_new_port-8764417855672'] for port, after_create {{(pid=103499) _notify_loop /usr/local/lib/python3.8/dist-packages/neutron_lib/callbacks/manager.py:175}}
Dec 10 18:05:51.252842 n-d-821424-1 neutron-server[103499]: DEBUG neutron.scheduler.dhcp_agent_scheduler [None req-fd16e421-0c3f-4c94-b5ca-215177f40e6e admin admin] Network 89be900f-2645-4a6b-b6e4-0c443629727a is already hosted by enough agents. {{(pid=103499) _get_dhcp_agents_hosting_network /opt/stack/neutron/neutron/scheduler/dhcp_agent_scheduler.py:275}}
Dec 10 18:05:51.261503 n-d-821424-1 neutron-server[103499]: DEBUG neutron.scheduler.base_scheduler [None req-fd16e421-0c3f-4c94-b5ca-215177f40e6e admin admin] Resources bound (agent type, host, resource id): {{(pid=103499) schedule /opt/stack/neutron/neutron/scheduler/base_scheduler.py:57}}
Dec 10 18:05:51.267149 n-d-821424-1 neutron-server[103499]: DEBUG neutron.db.l3_dvrscheduler_db [None req-fd16e421-0c3f-4c94-b5ca-215177f40e6e admin admin] Received port after_create {{(pid=103499) _notify_l3_agent_new_port /opt/stack/neutron/neutron/db/l3_dvrscheduler_db.py:535}}
Dec 10 18:05:51.269355 n-d-821424-1 neutron-server[103499]: DEBUG neutron_lib.callbacks.manager [None req-fd16e421-0c3f-4c94-b5ca-215177f40e6e admin admin] Publish callbacks ['neutron.services.l3_router.l3_router_plugin.DVRResourceOperationHandler._add_csnat_on_interface_create-535475'] for router_interface, before_create {{(pid=103499) _notify_loop /usr/local/lib/python3.8/dist-packages/neutron_lib/callbacks/manager.py:175}}
Dec 10 18:05:51.327002 n-d-821424-1 neutron-server[103502]: DEBUG neutron.db.l3_dvr_db [None req-ddfbb47f-5bce-482b-b57f-7455ddee2a94 None None] Set router c4f262b7-e075-4ad3-a6c8-82d9262f1383 gateway port host: n-d-821424-1 {{(pid=103502) _build_routers_list /opt/stack/neutron/neutron/db/l3_dvr_db.py:906}}
Dec 10 18:05:51.417593 n-d-821424-1 neutron-server[103499]: DEBUG neutron.api.rpc.handlers.resources_rpc [None req-fd16e421-0c3f-4c94-b5ca-215177f40e6e admin admin] Pushing event updated for resources: {'Port': ['ID=6010bb4b-3337-4442-bc1e-1b2c8a47a191,revision_number=1']} {{(pid=103499) push /opt/stack/neutron/neutron/api/rpc/handlers/resources_rpc.py:237}}
Dec 10 18:05:51.574028 n-d-821424-1 neutron-server[103500]: DEBUG neutron_lib.callbacks.manager [None req-d2f70667-7f8a-4b3c-a9fb-d52b42cdfe30 admin admin] Publish callbacks [] for security_group, before_create {{(pid=103500) _notify_loop /usr/local/lib/python3.8/dist-packages/neutron_lib/callbacks/manager.py:175}}
Dec 10 18:05:51.607207 n-d-821424-1 neutron-server[103500]: DEBUG neutron_lib.callbacks.manager [None req-e0ef2d94-2d0a-4f6f-9f9a-ae63392cdb75 admin admin] Publish callbacks [] for security_group, before_create {{(pid=103500) _notify_loop /usr/local/lib/python3.8/dist-packages/neutron_lib/callbacks/manager.py:175}}
Dec 10 18:05:51.697394 n-d-821424-1 neutron-server[103499]: DEBUG neutron_lib.callbacks.manager [None req-fd16e421-0c3f-4c94-b5ca-215177f40e6e admin admin] Publish callbacks ['neutron.plugins.ml2.plugin.SecurityGroupDbMixin._ensure_default_security_group_handler-2083729'] for port, before_update {{(pid=103499) _notify_loop /usr/local/lib/python3.8/dist-packages/neutron_lib/callbacks/manager.py:175}}
Dec 10 18:05:51.702408 n-d-821424-1 neutron-server[103502]: DEBUG neutron.db.l3_hamode_db [None req-ddfbb47f-5bce-482b-b57f-7455ddee2a94 None None] neutron.services.l3_router.l3_router_plugin.L3RouterPlugin method _process_sync_ha_data called with arguments (, [{'id': 'c4f262b7-e075-4ad3-a6c8-82d9262f1383', 'name': 'tempest-ServersWithSpecificFlavorTestJSON-72467803-router', 'tenant_id': '517bcd4fe03d41c0ab44e98634c5032d', 'admin_state_up': True, 'status': 'ACTIVE', 'external_gateway_info': {'network_id': '66ba32b2-d10a-4cab-ad00-6e31b4532d11', 'external_fixed_ips': [{'subnet_id': '738aaa22-59ac-4331-b832-28a3f14cdb54', 'ip_address': '172.25.2.223'}], 'enable_snat': True}, 'gw_port_id': '914c1363-0f57-4762-8b29-e2445d50ce50', 'description': '', 'availability_zones': ['nova'], 'distributed': False, 'ha': False, 'ha_vr_id': 0, 'availability_zone_hints': [], 'routes': [], 'flavor_id': None, 'tags': [], 'created_at': '2021-12-10T18:05:47Z', 'updated_at': '2021-12-10T18:05:48Z', 'revision_number': 3, 'project_id': '517bcd4fe03d41c0ab44e98634c5032d', 'gw_port': {'id': '914c1363-0f57-4762-8b29-e2445d50ce50', 'name': '', 'network_id': '66ba32b2-d10a-4cab-ad00-6e31b4532d11', 'tenant_id': '', 'mac_address': 'fa:16:3e:1d:7b:20', 'admin_state_up': True, 'status': 'DOWN', 'device_id': 'c4f262b7-e075-4ad3-a6c8-82d9262f1383', 'device_owner': 'network:router_gateway', 'standard_attr_id': 46, 'fixed_ips': [{'subnet_id': '738aaa22-59ac-4331-b832-28a3f14cdb54', 'ip_address': '172.25.2.223', 'prefixlen': 24}], 'allowed_address_pairs': [], 'extra_dhcp_opts': [], 'security_groups': [], 'description': '', 'binding:vnic_type': 'normal', 'binding:profile': {}, 'binding:host_id': 'n-d-821424-1', 'binding:vif_type': 'ovs', 'binding:vif_details': {'connectivity': 'l2', 'port_filter': True, 'ovs_hybrid_plug': False, 'datapath_type': 'system', 'bridge_name': 'br-int'}, 'port_security_enabled': False, 'tags': [], 'created_at': '2021-12-10T18:05:48Z', 'updated_at': '2021-12-10T18:05:51Z', 'revision_number': 3, 'project_id': '', 'subnets': [{'id': '738aaa22-59ac-4331-b832-28a3f14cdb54', 'cidr': '172.25.2.0/24', 'gateway_ip': '172.25.2.1', 'dns_nameservers': [], 'ipv6_ra_mode': None, 'subnetpool_id': None}], 'extra_subnets': [], 'address_scopes': {4: None, 6: None}, 'mtu': 1500}, 'enable_snat': True, 'gw_port_host': 'n-d-821424-1'}], 'n-d-821424-1', False) {} {{(pid=103502) wrapper /usr/local/lib/python3.8/dist-packages/oslo_log/helpers.py:65}}
Dec 10 18:05:51.709976 n-d-821424-1 neutron-server[103501]: DEBUG neutron.db.provisioning_blocks [None req-9bad5d92-f9f6-4e58-a67d-c95505127e49 None None] Provisioning complete for port 6010bb4b-3337-4442-bc1e-1b2c8a47a191 triggered by entity DHCP. {{(pid=103501) provisioning_complete /opt/stack/neutron/neutron/db/provisioning_blocks.py:139}}
Dec 10 18:05:51.710574 n-d-821424-1 neutron-server[103501]: DEBUG neutron_lib.callbacks.manager [None req-9bad5d92-f9f6-4e58-a67d-c95505127e49 None None] Publish callbacks ['neutron.plugins.ml2.plugin.Ml2Plugin._port_provisioned-2008160'] for port, provisioning_complete {{(pid=103501) _notify_loop /usr/local/lib/python3.8/dist-packages/neutron_lib/callbacks/manager.py:175}}
Dec 10 18:05:51.761134 n-d-821424-1 neutron-server[103501]: DEBUG neutron.plugins.ml2.plugin [None req-9bad5d92-f9f6-4e58-a67d-c95505127e49 None None] Port 6010bb4b-3337-4442-bc1e-1b2c8a47a191 cannot update to ACTIVE because it is not bound. {{(pid=103501) _port_provisioned /opt/stack/neutron/neutron/plugins/ml2/plugin.py:342}}
Dec 10 18:05:51.769984 n-d-821424-1 neutron-server[103502]: DEBUG neutron.api.rpc.handlers.l3_rpc [None req-ddfbb47f-5bce-482b-b57f-7455ddee2a94 None None] The sync data for ids ['c4f262b7-e075-4ad3-a6c8-82d9262f1383'] in n-d-821424-1 is: [{'id': 'c4f262b7-e075-4ad3-a6c8-82d9262f1383', 'name': 'tempest-ServersWithSpecificFlavorTestJSON-72467803-router', 'tenant_id': '517bcd4fe03d41c0ab44e98634c5032d', 'admin_state_up': True, 'status': 'ACTIVE', 'external_gateway_info': {'network_id': '66ba32b2-d10a-4cab-ad00-6e31b4532d11', 'external_fixed_ips': [{'subnet_id': '738aaa22-59ac-4331-b832-28a3f14cdb54', 'ip_address': '172.25.2.223'}], 'enable_snat': True}, 'gw_port_id': '914c1363-0f57-4762-8b29-e2445d50ce50', 'description': '', 'availability_zones': ['nova'], 'distributed': False, 'ha': False, 'ha_vr_id': 0, 'availability_zone_hints': [], 'routes': [], 'flavor_id': None, 'tags': [], 'created_at': '2021-12-10T18:05:47Z', 'updated_at': '2021-12-10T18:05:48Z', 'revision_number': 3, 'project_id': '517bcd4fe03d41c0ab44e98634c5032d', 'gw_port': {'id': '914c1363-0f57-4762-8b29-e2445d50ce50', 'name': '', 'network_id': '66ba32b2-d10a-4cab-ad00-6e31b4532d11', 'tenant_id': '', 'mac_address': 'fa:16:3e:1d:7b:20', 'admin_state_up': True, 'status': 'DOWN', 'device_id': 'c4f262b7-e075-4ad3-a6c8-82d9262f1383', 'device_owner': 'network:router_gateway', 'standard_attr_id': 46, 'fixed_ips': [{'subnet_id': '738aaa22-59ac-4331-b832-28a3f14cdb54', 'ip_address': '172.25.2.223', 'prefixlen': 24}], 'allowed_address_pairs': [], 'extra_dhcp_opts': [], 'security_groups': [], 'description': '', 'binding:vnic_type': 'normal', 'binding:profile': {}, 'binding:host_id': 'n-d-821424-1', 'binding:vif_type': 'ovs', 'binding:vif_details': {'connectivity': 'l2', 'port_filter': True, 'ovs_hybrid_plug': False, 'datapath_type': 'system', 'bridge_name': 'br-int'}, 'port_security_enabled': False, 'tags': [], 'created_at': '2021-12-10T18:05:48Z', 'updated_at': '2021-12-10T18:05:51Z', 'revision_number': 3, 'project_id': '', 'subnets': [{'id': '738aaa22-59ac-4331-b832-28a3f14cdb54', 'cidr': '172.25.2.0/24', 'gateway_ip': '172.25.2.1', 'dns_nameservers': [], 'ipv6_ra_mode': None, 'subnetpool_id': None}], 'extra_subnets': [], 'address_scopes': {4: None, 6: None}, 'mtu': 1500}, 'enable_snat': True, 'gw_port_host': 'n-d-821424-1'}] {{(pid=103502) sync_routers /opt/stack/neutron/neutron/api/rpc/handlers/l3_rpc.py:137}}
Dec 10 18:05:51.773436 n-d-821424-1 neutron-server[103500]: DEBUG neutron_lib.callbacks.manager [None req-e0ef2d94-2d0a-4f6f-9f9a-ae63392cdb75 admin admin] Publish callbacks [] for security_group, precommit_create {{(pid=103500) _notify_loop /usr/local/lib/python3.8/dist-packages/neutron_lib/callbacks/manager.py:175}}
Dec 10 18:05:51.799656 n-d-821424-1 neutron-server[103500]: DEBUG neutron_lib.callbacks.manager [None req-e0ef2d94-2d0a-4f6f-9f9a-ae63392cdb75 admin admin] Publish callbacks ['neutron.plugins.ml2.ovo_rpc._ObjectChangeHandler.handle_event-711546'] for security_group, after_create {{(pid=103500) _notify_loop /usr/local/lib/python3.8/dist-packages/neutron_lib/callbacks/manager.py:175}}
Dec 10 18:05:51.881488 n-d-821424-1 neutron-server[103500]: INFO neutron.wsgi [None req-e0ef2d94-2d0a-4f6f-9f9a-ae63392cdb75 admin admin] 10.222.0.55 "GET /v2.0/security-groups?tenant_id=4fd68b2317d84cdba5741c4c30e92cc2&name=default HTTP/1.1" status: 200 len: 2992 time: 0.7364557
Dec 10 18:05:51.887949 n-d-821424-1 neutron-server[103500]: DEBUG neutron.wsgi [-] (103500) accepted ('10.222.0.55', 49678) {{(pid=103500) server /usr/local/lib/python3.8/dist-packages/eventlet/wsgi.py:1004}}
Dec 10 18:05:51.925791 n-d-821424-1 neutron-server[103500]: DEBUG neutron_lib.callbacks.manager [None req-d2f70667-7f8a-4b3c-a9fb-d52b42cdfe30 admin admin] Publish callbacks [] for security_group, precommit_create {{(pid=103500) _notify_loop /usr/local/lib/python3.8/dist-packages/neutron_lib/callbacks/manager.py:175}}
Dec 10 18:05:51.929994 n-d-821424-1 neutron-server[103500]: DEBUG neutron.api.rpc.handlers.resources_rpc [None req-e0ef2d94-2d0a-4f6f-9f9a-ae63392cdb75 admin admin] Pushing event updated for resources: {'SecurityGroup': ['ID=4aee1ccd-83b0-4b16-80ab-d25952588e6d,revision_number=1']} {{(pid=103500) push /opt/stack/neutron/neutron/api/rpc/handlers/resources_rpc.py:237}}
Dec 10 18:05:51.938335 n-d-821424-1 neutron-server[103500]: DEBUG neutron_lib.callbacks.manager [None req-d2f70667-7f8a-4b3c-a9fb-d52b42cdfe30 admin admin] Publish callbacks ['neutron.plugins.ml2.ovo_rpc._ObjectChangeHandler.handle_event-711546'] for security_group, after_create {{(pid=103500) _notify_loop /usr/local/lib/python3.8/dist-packages/neutron_lib/callbacks/manager.py:175}}
Dec 10 18:05:51.986504 n-d-821424-1 neutron-server[103499]: DEBUG neutron_lib.callbacks.manager [None req-fd16e421-0c3f-4c94-b5ca-215177f40e6e admin admin] Publish callbacks [] for port, precommit_update {{(pid=103499) _notify_loop /usr/local/lib/python3.8/dist-packages/neutron_lib/callbacks/manager.py:175}}
Dec 10 18:05:51.995049 n-d-821424-1 neutron-server[103499]: DEBUG neutron_lib.callbacks.manager [None req-fd16e421-0c3f-4c94-b5ca-215177f40e6e admin admin] Publish callbacks ['neutron.plugins.ml2.plugin.SecurityGroupServerNotifierRpcMixin._notify_sg_on_port_change-2083918', 'neutron.plugins.ml2.ovo_rpc._ObjectChangeHandler.handle_event-29647', 'neutron.api.rpc.agentnotifiers.dhcp_rpc_agent_api.DhcpAgentNotifyAPI._native_event_send_dhcp_notification-1018781', 'neutron.db.l3_db.L3RpcNotifierMixin._notify_gateway_port_ip_changed-8764418422757', 'neutron.db.l3_dvrscheduler_db._notify_l3_agent_port_update-8764417855690', 'neutron.db.l3_hascheduler_db._notify_l3_agent_ha_port_update-8764417855708'] for port, after_update {{(pid=103499) _notify_loop /usr/local/lib/python3.8/dist-packages/neutron_lib/callbacks/manager.py:175}}
Dec 10 18:05:51.996241 n-d-821424-1 neutron-server[103499]: DEBUG neutron_lib.callbacks.manager [None req-fd16e421-0c3f-4c94-b5ca-215177f40e6e admin admin] Publish callbacks ['neutron.api.rpc.agentnotifiers.dhcp_rpc_agent_api.DhcpAgentNotifyAPI._after_router_interface_created-1018799', 'neutron.services.l3_router.l3_router_plugin.DVRResourceOperationHandler._update_snat_v6_addrs_after_intf_update-532483'] for router_interface, after_create {{(pid=103499) _notify_loop /usr/local/lib/python3.8/dist-packages/neutron_lib/callbacks/manager.py:175}}
Dec 10 18:05:52.066890 n-d-821424-1 neutron-server[103500]: DEBUG neutron.api.rpc.handlers.resources_rpc [None req-d2f70667-7f8a-4b3c-a9fb-d52b42cdfe30 admin admin] Pushing event updated for resources: {'SecurityGroup': ['ID=856922dd-d1f5-4c52-8701-38b20a9d172f,revision_number=1']} {{(pid=103500) push /opt/stack/neutron/neutron/api/rpc/handlers/resources_rpc.py:237}}
Dec 10 18:05:52.079402 n-d-821424-1 neutron-server[103500]: INFO neutron.wsgi [None req-d2f70667-7f8a-4b3c-a9fb-d52b42cdfe30 admin admin] 10.222.0.55 "GET /v2.0/security-groups?tenant_id=7ec8693145d9435cb1b17fdbe4584453&name=default HTTP/1.1" status: 200 len: 2992 time: 0.9766495
Dec 10 18:05:52.084771 n-d-821424-1 neutron-server[103500]: DEBUG neutron.wsgi [-] (103500) accepted ('10.222.0.55', 49692) {{(pid=103500) server /usr/local/lib/python3.8/dist-packages/eventlet/wsgi.py:1004}}
Dec 10 18:05:52.121828 n-d-821424-1 neutron-server[103499]: DEBUG neutron.api.rpc.handlers.resources_rpc [None req-fd16e421-0c3f-4c94-b5ca-215177f40e6e admin admin] Pushing event updated for resources: {'Port': ['ID=6010bb4b-3337-4442-bc1e-1b2c8a47a191,revision_number=2']} {{(pid=103499) push /opt/stack/neutron/neutron/api/rpc/handlers/resources_rpc.py:237}}
Dec 10 18:05:52.136444 n-d-821424-1 neutron-server[103500]: DEBUG neutron_lib.callbacks.manager [None req-74e98b0d-4c1d-4fa8-b3f0-99ee6d3b8332 admin admin] Publish callbacks [] for security_group, before_delete {{(pid=103500) _notify_loop /usr/local/lib/python3.8/dist-packages/neutron_lib/callbacks/manager.py:175}}
Dec 10 18:05:52.174032 n-d-821424-1 neutron-server[103499]: DEBUG neutron.scheduler.dhcp_agent_scheduler [None req-fd16e421-0c3f-4c94-b5ca-215177f40e6e admin admin] Network 89be900f-2645-4a6b-b6e4-0c443629727a is already hosted by enough agents. {{(pid=103499) _get_dhcp_agents_hosting_network /opt/stack/neutron/neutron/scheduler/dhcp_agent_scheduler.py:275}}
Dec 10 18:05:52.178544 n-d-821424-1 neutron-server[103499]: DEBUG neutron.scheduler.base_scheduler [None req-fd16e421-0c3f-4c94-b5ca-215177f40e6e admin admin] Resources bound (agent type, host, resource id): {{(pid=103499) schedule /opt/stack/neutron/neutron/scheduler/base_scheduler.py:57}}
Dec 10 18:05:52.368543 n-d-821424-1 neutron-server[103500]: DEBUG neutron_lib.callbacks.manager [None req-0621daf2-075e-426d-aeee-a0dbdaff05fe admin admin] Publish callbacks [] for security_group, before_delete {{(pid=103500) _notify_loop /usr/local/lib/python3.8/dist-packages/neutron_lib/callbacks/manager.py:175}}
Dec 10 18:05:52.376813 n-d-821424-1 neutron-server[103500]: DEBUG neutron_lib.callbacks.manager [None req-74e98b0d-4c1d-4fa8-b3f0-99ee6d3b8332 admin admin] Publish callbacks [] for security_group, precommit_delete {{(pid=103500) _notify_loop /usr/local/lib/python3.8/dist-packages/neutron_lib/callbacks/manager.py:175}}
Dec 10 18:05:52.485085 n-d-821424-1 neutron-server[103500]: DEBUG neutron_lib.callbacks.manager [None req-0621daf2-075e-426d-aeee-a0dbdaff05fe admin admin] Publish callbacks [] for security_group, precommit_delete {{(pid=103500) _notify_loop /usr/local/lib/python3.8/dist-packages/neutron_lib/callbacks/manager.py:175}}
Dec 10 18:05:52.491984 n-d-821424-1 neutron-server[103501]: DEBUG neutron.plugins.ml2.rpc [None req-2a7d3246-6864-47ca-8aa4-8a905050e361 None None] Device 914c1363-0f57-4762-8b29-e2445d50ce50 up at agent ovs-agent-n-d-821424-1 {{(pid=103501) update_device_up /opt/stack/neutron/neutron/plugins/ml2/rpc.py:296}}
Dec 10 18:05:52.631596 n-d-821424-1 neutron-server[103500]: DEBUG neutron_lib.callbacks.manager [None req-74e98b0d-4c1d-4fa8-b3f0-99ee6d3b8332 admin admin] Publish callbacks ['neutron.plugins.ml2.ovo_rpc._ObjectChangeHandler.handle_event-711546'] for security_group, after_delete {{(pid=103500) _notify_loop /usr/local/lib/python3.8/dist-packages/neutron_lib/callbacks/manager.py:175}}
Dec 10 18:05:52.634335 n-d-821424-1 neutron-server[103500]: DEBUG neutron_lib.callbacks.manager [None req-74e98b0d-4c1d-4fa8-b3f0-99ee6d3b8332 admin admin] Publish callbacks [] for security_group, before_response {{(pid=103500) _notify_loop /usr/local/lib/python3.8/dist-packages/neutron_lib/callbacks/manager.py:175}}
Dec 10 18:05:52.639270 n-d-821424-1 neutron-server[103500]: INFO neutron.wsgi [None req-74e98b0d-4c1d-4fa8-b3f0-99ee6d3b8332 admin admin] 10.222.0.55 "DELETE /v2.0/security-groups/4aee1ccd-83b0-4b16-80ab-d25952588e6d HTTP/1.1" status: 204 len: 168 time: 0.7502589
Dec 10 18:05:52.651542 n-d-821424-1 neutron-server[103499]: DEBUG neutron.scheduler.l3_agent_scheduler [None req-fd16e421-0c3f-4c94-b5ca-215177f40e6e admin admin] Router c4f262b7-e075-4ad3-a6c8-82d9262f1383 has already been hosted by L3 agent 0e32a277-6f22-4783-bad5-9f7b5eae0cea {{(pid=103499) _get_candidates /opt/stack/neutron/neutron/scheduler/l3_agent_scheduler.py:126}}
Dec 10 18:05:52.659697 n-d-821424-1 neutron-server[103500]: DEBUG neutron.api.rpc.handlers.resources_rpc [None req-74e98b0d-4c1d-4fa8-b3f0-99ee6d3b8332 admin admin] Pushing event deleted for resources: {'SecurityGroup': ['ID=4aee1ccd-83b0-4b16-80ab-d25952588e6d,revision_number=None']} {{(pid=103500) push /opt/stack/neutron/neutron/api/rpc/handlers/resources_rpc.py:237}}
Dec 10 18:05:52.677191 n-d-821424-1 neutron-server[103500]: DEBUG neutron_lib.callbacks.manager [None req-0621daf2-075e-426d-aeee-a0dbdaff05fe admin admin] Publish callbacks ['neutron.plugins.ml2.ovo_rpc._ObjectChangeHandler.handle_event-711546'] for security_group, after_delete {{(pid=103500) _notify_loop /usr/local/lib/python3.8/dist-packages/neutron_lib/callbacks/manager.py:175}}
Dec 10 18:05:52.691507 n-d-821424-1 neutron-server[103500]: DEBUG neutron_lib.callbacks.manager [None req-0621daf2-075e-426d-aeee-a0dbdaff05fe admin admin] Publish callbacks [] for security_group, before_response {{(pid=103500) _notify_loop /usr/local/lib/python3.8/dist-packages/neutron_lib/callbacks/manager.py:175}}
Dec 10 18:05:52.692744 n-d-821424-1 neutron-server[103500]: INFO neutron.wsgi [None req-0621daf2-075e-426d-aeee-a0dbdaff05fe admin admin] 10.222.0.55 "DELETE /v2.0/security-groups/856922dd-d1f5-4c52-8701-38b20a9d172f HTTP/1.1" status: 204 len: 168 time: 0.6048133
Dec 10 18:05:52.730017 n-d-821424-1 neutron-server[103500]: DEBUG neutron.api.rpc.handlers.resources_rpc [None req-0621daf2-075e-426d-aeee-a0dbdaff05fe admin admin] Pushing event deleted for resources: {'SecurityGroup': ['ID=856922dd-d1f5-4c52-8701-38b20a9d172f,revision_number=None']} {{(pid=103500) push /opt/stack/neutron/neutron/api/rpc/handlers/resources_rpc.py:237}}
Dec 10 18:05:52.785593 n-d-821424-1 neutron-server[103501]: DEBUG neutron.db.provisioning_blocks [None req-2a7d3246-6864-47ca-8aa4-8a905050e361 None None] Provisioning complete for port 914c1363-0f57-4762-8b29-e2445d50ce50 triggered by entity L2. {{(pid=103501) provisioning_complete /opt/stack/neutron/neutron/db/provisioning_blocks.py:139}}
Dec 10 18:05:52.786198 n-d-821424-1 neutron-server[103501]: DEBUG neutron_lib.callbacks.manager [None req-2a7d3246-6864-47ca-8aa4-8a905050e361 None None] Publish callbacks ['neutron.plugins.ml2.plugin.Ml2Plugin._port_provisioned-2008160'] for port, provisioning_complete {{(pid=103501) _notify_loop /usr/local/lib/python3.8/dist-packages/neutron_lib/callbacks/manager.py:175}}
Dec 10 18:05:52.864617 n-d-821424-1 neutron-server[103501]: DEBUG neutron.db.provisioning_blocks [None req-1e924f89-3931-45ac-912d-b56bbe3b28de None None] Provisioning complete for port 6010bb4b-3337-4442-bc1e-1b2c8a47a191 triggered by entity DHCP. {{(pid=103501) provisioning_complete /opt/stack/neutron/neutron/db/provisioning_blocks.py:139}}
Dec 10 18:05:52.865143 n-d-821424-1 neutron-server[103501]: DEBUG neutron_lib.callbacks.manager [None req-1e924f89-3931-45ac-912d-b56bbe3b28de None None] Publish callbacks ['neutron.plugins.ml2.plugin.Ml2Plugin._port_provisioned-2008160'] for port, provisioning_complete {{(pid=103501) _notify_loop /usr/local/lib/python3.8/dist-packages/neutron_lib/callbacks/manager.py:175}}
Dec 10 18:05:52.893459 n-d-821424-1 neutron-server[103500]: DEBUG neutron.wsgi [-] (103500) accepted ('10.222.0.55', 49748) {{(pid=103500) server /usr/local/lib/python3.8/dist-packages/eventlet/wsgi.py:1004}}
Dec 10 18:05:52.935978 n-d-821424-1 neutron-server[103501]: DEBUG neutron.plugins.ml2.plugin [None req-1e924f89-3931-45ac-912d-b56bbe3b28de None None] Port 6010bb4b-3337-4442-bc1e-1b2c8a47a191 cannot update to ACTIVE because it is not bound. {{(pid=103501) _port_provisioned /opt/stack/neutron/neutron/plugins/ml2/plugin.py:342}}
Dec 10 18:05:52.940756 n-d-821424-1 neutron-server[103499]: DEBUG neutron.api.rpc.agentnotifiers.l3_rpc_agent_api [None req-fd16e421-0c3f-4c94-b5ca-215177f40e6e admin admin] Notify agent at l3_agent.n-d-821424-1 the message routers_updated {{(pid=103499) _agent_notification /opt/stack/neutron/neutron/api/rpc/agentnotifiers/l3_rpc_agent_api.py:65}}
Dec 10 18:05:52.956713 n-d-821424-1 neutron-server[103499]: INFO neutron.wsgi [None req-fd16e421-0c3f-4c94-b5ca-215177f40e6e admin admin] 10.222.0.55 "PUT /v2.0/routers/c4f262b7-e075-4ad3-a6c8-82d9262f1383/add_router_interface HTTP/1.1" status: 200 len: 503 time: 3.3007412
Dec 10 18:05:53.027896 n-d-821424-1 neutron-server[103501]: DEBUG neutron_lib.callbacks.manager [None req-2a7d3246-6864-47ca-8aa4-8a905050e361 None None] Publish callbacks ['neutron.plugins.ml2.plugin.SecurityGroupDbMixin._ensure_default_security_group_handler-2083729'] for port, before_update {{(pid=103501) _notify_loop /usr/local/lib/python3.8/dist-packages/neutron_lib/callbacks/manager.py:175}}
Dec 10 18:05:53.058174 n-d-821424-1 neutron-server[103501]: DEBUG neutron.plugins.ml2.db [None req-2a7d3246-6864-47ca-8aa4-8a905050e361 None None] For port 914c1363-0f57-4762-8b29-e2445d50ce50, host n-d-821424-1, got binding levels [PortBindingLevel(driver='openvswitch',host='n-d-821424-1',level=0,port_id=914c1363-0f57-4762-8b29-e2445d50ce50,segment=NetworkSegment(1ae26379-406c-4f65-8386-d0b459043644),segment_id=1ae26379-406c-4f65-8386-d0b459043644)] {{(pid=103501) get_binding_level_objs /opt/stack/neutron/neutron/plugins/ml2/db.py:74}}
Dec 10 18:05:53.068978 n-d-821424-1 neutron-server[103501]: DEBUG neutron_lib.callbacks.manager [None req-2a7d3246-6864-47ca-8aa4-8a905050e361 None None] Publish callbacks ['neutron.plugins.ml2.plugin.SecurityGroupServerNotifierRpcMixin._notify_sg_on_port_change-2083918', 'neutron.plugins.ml2.ovo_rpc._ObjectChangeHandler.handle_event-29647', 'neutron.api.rpc.agentnotifiers.dhcp_rpc_agent_api.DhcpAgentNotifyAPI._native_event_send_dhcp_notification-1018781', 'neutron.db.l3_db.L3RpcNotifierMixin._notify_gateway_port_ip_changed-8764418422757', 'neutron.db.l3_dvrscheduler_db._notify_l3_agent_port_update-8764417855690', 'neutron.db.l3_hascheduler_db._notify_l3_agent_ha_port_update-8764417855708'] for port, after_update {{(pid=103501) _notify_loop /usr/local/lib/python3.8/dist-packages/neutron_lib/callbacks/manager.py:175}}
Dec 10 18:05:53.131530 n-d-821424-1 neutron-server[103501]: DEBUG neutron.api.rpc.handlers.resources_rpc [None req-2a7d3246-6864-47ca-8aa4-8a905050e361 None None] Pushing event updated for resources: {'Port': ['ID=914c1363-0f57-4762-8b29-e2445d50ce50,revision_number=4']} {{(pid=103501) push /opt/stack/neutron/neutron/api/rpc/handlers/resources_rpc.py:237}}
Dec 10 18:05:53.324038 n-d-821424-1 neutron-server[103500]: DEBUG neutron_lib.callbacks.manager [None req-2247b99c-4af6-4ab4-8442-5ff317ceaf42 admin admin] Publish callbacks [] for security_group, before_create {{(pid=103500) _notify_loop /usr/local/lib/python3.8/dist-packages/neutron_lib/callbacks/manager.py:175}}
Dec 10 18:05:53.456799 n-d-821424-1 neutron-server[103500]: DEBUG neutron_lib.callbacks.manager [None req-2247b99c-4af6-4ab4-8442-5ff317ceaf42 admin admin] Publish callbacks [] for security_group, precommit_create {{(pid=103500) _notify_loop /usr/local/lib/python3.8/dist-packages/neutron_lib/callbacks/manager.py:175}}
Dec 10 18:05:53.462426 n-d-821424-1 neutron-server[103500]: DEBUG neutron_lib.callbacks.manager [None req-2247b99c-4af6-4ab4-8442-5ff317ceaf42 admin admin] Publish callbacks ['neutron.plugins.ml2.ovo_rpc._ObjectChangeHandler.handle_event-711546'] for security_group, after_create {{(pid=103500) _notify_loop /usr/local/lib/python3.8/dist-packages/neutron_lib/callbacks/manager.py:175}}
Dec 10 18:05:53.503369 n-d-821424-1 neutron-server[103500]: INFO neutron.wsgi [None req-2247b99c-4af6-4ab4-8442-5ff317ceaf42 admin admin] 10.222.0.55 "GET /v2.0/security-groups?tenant_id=c2467eb1a4274136992c47f41a227325&name=default HTTP/1.1" status: 200 len: 2992 time: 0.6084368
Dec 10 18:05:53.504769 n-d-821424-1 neutron-server[103500]: DEBUG neutron.api.rpc.handlers.resources_rpc [None req-2247b99c-4af6-4ab4-8442-5ff317ceaf42 admin admin] Pushing event updated for resources: {'SecurityGroup': ['ID=7ed51a02-d907-41f3-973c-0c2b0ac64264,revision_number=1']} {{(pid=103500) push /opt/stack/neutron/neutron/api/rpc/handlers/resources_rpc.py:237}}
Dec 10 18:05:53.506135 n-d-821424-1 neutron-server[103499]: DEBUG neutron.wsgi [-] (103499) accepted ('10.222.0.55', 49794) {{(pid=103499) server /usr/local/lib/python3.8/dist-packages/eventlet/wsgi.py:1004}}
Dec 10 18:05:53.574807 n-d-821424-1 neutron-server[103499]: DEBUG neutron_lib.callbacks.manager [None req-27c17076-4916-4a15-a94c-6e7c3db4bdaf admin admin] Publish callbacks [] for security_group, before_delete {{(pid=103499) _notify_loop /usr/local/lib/python3.8/dist-packages/neutron_lib/callbacks/manager.py:175}}
Dec 10 18:05:53.577395 n-d-821424-1 neutron-server[103500]: DEBUG neutron.wsgi [-] (103500) accepted ('10.222.0.55', 49798) {{(pid=103500) server /usr/local/lib/python3.8/dist-packages/eventlet/wsgi.py:1004}}
Dec 10 18:05:53.602383 n-d-821424-1 neutron-server[103500]: DEBUG neutron_lib.callbacks.manager [None req-8f1d34fc-0048-4550-91e5-6deecb324a29 admin admin] Publish callbacks [] for security_group, before_create {{(pid=103500) _notify_loop /usr/local/lib/python3.8/dist-packages/neutron_lib/callbacks/manager.py:175}}
Dec 10 18:05:53.611706 n-d-821424-1 neutron-server[103499]: DEBUG neutron_lib.callbacks.manager [None req-27c17076-4916-4a15-a94c-6e7c3db4bdaf admin admin] Publish callbacks [] for security_group, precommit_delete {{(pid=103499) _notify_loop /usr/local/lib/python3.8/dist-packages/neutron_lib/callbacks/manager.py:175}}
Dec 10 18:05:53.670194 n-d-821424-1 neutron-server[103499]: DEBUG neutron_lib.callbacks.manager [None req-27c17076-4916-4a15-a94c-6e7c3db4bdaf admin admin] Publish callbacks ['neutron.plugins.ml2.ovo_rpc._ObjectChangeHandler.handle_event-711546'] for security_group, after_delete {{(pid=103499) _notify_loop /usr/local/lib/python3.8/dist-packages/neutron_lib/callbacks/manager.py:175}}
Dec 10 18:05:53.675220 n-d-821424-1 neutron-server[103499]: DEBUG neutron_lib.callbacks.manager [None req-27c17076-4916-4a15-a94c-6e7c3db4bdaf admin admin] Publish callbacks [] for security_group, before_response {{(pid=103499) _notify_loop /usr/local/lib/python3.8/dist-packages/neutron_lib/callbacks/manager.py:175}}
Dec 10 18:05:53.679566 n-d-821424-1 neutron-server[103500]: DEBUG neutron.wsgi [-] (103500) accepted ('10.222.0.55', 49800) {{(pid=103500) server /usr/local/lib/python3.8/dist-packages/eventlet/wsgi.py:1004}}
Dec 10 18:05:53.680950 n-d-821424-1 neutron-server[103499]: INFO neutron.wsgi [None req-27c17076-4916-4a15-a94c-6e7c3db4bdaf admin admin] 10.222.0.55 "DELETE /v2.0/security-groups/7ed51a02-d907-41f3-973c-0c2b0ac64264 HTTP/1.1" status: 204 len: 168 time: 0.1734188
Dec 10 18:05:53.690273 n-d-821424-1 neutron-server[103499]: DEBUG neutron.api.rpc.handlers.resources_rpc [None req-27c17076-4916-4a15-a94c-6e7c3db4bdaf admin admin] Pushing event deleted for resources: {'SecurityGroup': ['ID=7ed51a02-d907-41f3-973c-0c2b0ac64264,revision_number=None']} {{(pid=103499) push /opt/stack/neutron/neutron/api/rpc/handlers/resources_rpc.py:237}}
Dec 10 18:05:53.706315 n-d-821424-1 neutron-server[103500]: DEBUG neutron_lib.callbacks.manager [None req-dcea9cfb-b3dc-49f0-a794-9e83e79a6153 admin admin] Publish callbacks [] for security_group, before_create {{(pid=103500) _notify_loop /usr/local/lib/python3.8/dist-packages/neutron_lib/callbacks/manager.py:175}}
Dec 10 18:05:53.767393 n-d-821424-1 neutron-server[103500]: DEBUG neutron_lib.callbacks.manager [None req-8f1d34fc-0048-4550-91e5-6deecb324a29 admin admin] Publish callbacks [] for security_group, precommit_create {{(pid=103500) _notify_loop /usr/local/lib/python3.8/dist-packages/neutron_lib/callbacks/manager.py:175}}
Dec 10 18:05:53.780626 n-d-821424-1 neutron-server[103500]: DEBUG neutron_lib.callbacks.manager [None req-8f1d34fc-0048-4550-91e5-6deecb324a29 admin admin] Publish callbacks ['neutron.plugins.ml2.ovo_rpc._ObjectChangeHandler.handle_event-711546'] for security_group, after_create {{(pid=103500) _notify_loop /usr/local/lib/python3.8/dist-packages/neutron_lib/callbacks/manager.py:175}}
Dec 10 18:05:53.836561 n-d-821424-1 neutron-server[103500]: INFO neutron.wsgi [None req-8f1d34fc-0048-4550-91e5-6deecb324a29 admin admin] 10.222.0.55 "GET /v2.0/security-groups?tenant_id=140c7e4f23c6435497505b869e219a2a&name=default HTTP/1.1" status: 200 len: 2992 time: 0.2544212
Dec 10 18:05:53.837426 n-d-821424-1 neutron-server[103499]: DEBUG neutron.wsgi [-] (103499) accepted ('10.222.0.55', 49808) {{(pid=103499) server /usr/local/lib/python3.8/dist-packages/eventlet/wsgi.py:1004}}
Dec 10 18:05:53.867994 n-d-821424-1 neutron-server[103500]: DEBUG neutron.api.rpc.handlers.resources_rpc [None req-8f1d34fc-0048-4550-91e5-6deecb324a29 admin admin] Pushing event updated for resources: {'SecurityGroup': ['ID=10740980-8761-4998-be9e-21c713e2e801,revision_number=1']} {{(pid=103500) push /opt/stack/neutron/neutron/api/rpc/handlers/resources_rpc.py:237}}
Dec 10 18:05:53.919867 n-d-821424-1 neutron-server[103500]: DEBUG neutron_lib.callbacks.manager [None req-dcea9cfb-b3dc-49f0-a794-9e83e79a6153 admin admin] Publish callbacks [] for security_group, precommit_create {{(pid=103500) _notify_loop /usr/local/lib/python3.8/dist-packages/neutron_lib/callbacks/manager.py:175}}
Dec 10 18:05:53.928826 n-d-821424-1 neutron-server[103500]: DEBUG neutron_lib.callbacks.manager [None req-dcea9cfb-b3dc-49f0-a794-9e83e79a6153 admin admin] Publish callbacks ['neutron.plugins.ml2.ovo_rpc._ObjectChangeHandler.handle_event-711546'] for security_group, after_create {{(pid=103500) _notify_loop /usr/local/lib/python3.8/dist-packages/neutron_lib/callbacks/manager.py:175}}
Dec 10 18:05:53.939371 n-d-821424-1 neutron-server[103499]: DEBUG neutron_lib.callbacks.manager [None req-6c36a888-721f-451f-a3a5-0de88e721ad5 admin admin] Publish callbacks [] for security_group, before_delete {{(pid=103499) _notify_loop /usr/local/lib/python3.8/dist-packages/neutron_lib/callbacks/manager.py:175}}
Dec 10 18:05:53.996905 n-d-821424-1 neutron-server[103499]: DEBUG neutron_lib.callbacks.manager [None req-6c36a888-721f-451f-a3a5-0de88e721ad5 admin admin] Publish callbacks [] for security_group, precommit_delete {{(pid=103499) _notify_loop /usr/local/lib/python3.8/dist-packages/neutron_lib/callbacks/manager.py:175}}
Dec 10 18:05:54.024008 n-d-821424-1 neutron-server[103500]: INFO neutron.wsgi [None req-dcea9cfb-b3dc-49f0-a794-9e83e79a6153 admin admin] 10.222.0.55 "GET /v2.0/security-groups?tenant_id=913c74813f3245dda07e45f1c166c8ff&name=default HTTP/1.1" status: 200 len: 2992 time: 0.3451667
Dec 10 18:05:54.026643 n-d-821424-1 neutron-server[103500]: DEBUG neutron.wsgi [-] (103500) accepted ('10.222.0.55', 49818) {{(pid=103500) server /usr/local/lib/python3.8/dist-packages/eventlet/wsgi.py:1004}}
Dec 10 18:05:54.046125 n-d-821424-1 neutron-server[103500]: DEBUG neutron.api.rpc.handlers.resources_rpc [None req-dcea9cfb-b3dc-49f0-a794-9e83e79a6153 admin admin] Pushing event updated for resources: {'SecurityGroup': ['ID=e7d7cc0c-2460-462c-94dd-36167e09f30e,revision_number=1']} {{(pid=103500) push /opt/stack/neutron/neutron/api/rpc/handlers/resources_rpc.py:237}}
Dec 10 18:05:54.069798 n-d-821424-1 neutron-server[103499]: DEBUG neutron_lib.callbacks.manager [None req-6c36a888-721f-451f-a3a5-0de88e721ad5 admin admin] Publish callbacks ['neutron.plugins.ml2.ovo_rpc._ObjectChangeHandler.handle_event-711546'] for security_group, after_delete {{(pid=103499) _notify_loop /usr/local/lib/python3.8/dist-packages/neutron_lib/callbacks/manager.py:175}}
Dec 10 18:05:54.074256 n-d-821424-1 neutron-server[103499]: DEBUG neutron_lib.callbacks.manager [None req-6c36a888-721f-451f-a3a5-0de88e721ad5 admin admin] Publish callbacks [] for security_group, before_response {{(pid=103499) _notify_loop /usr/local/lib/python3.8/dist-packages/neutron_lib/callbacks/manager.py:175}}
Dec 10 18:05:54.075932 n-d-821424-1 neutron-server[103499]: INFO neutron.wsgi [None req-6c36a888-721f-451f-a3a5-0de88e721ad5 admin admin] 10.222.0.55 "DELETE /v2.0/security-groups/10740980-8761-4998-be9e-21c713e2e801 HTTP/1.1" status: 204 len: 168 time: 0.2369702
Dec 10 18:05:54.089209 n-d-821424-1 neutron-server[103499]: DEBUG neutron.api.rpc.handlers.resources_rpc [None req-6c36a888-721f-451f-a3a5-0de88e721ad5 admin admin] Pushing event deleted for resources: {'SecurityGroup': ['ID=10740980-8761-4998-be9e-21c713e2e801,revision_number=None']} {{(pid=103499) push /opt/stack/neutron/neutron/api/rpc/handlers/resources_rpc.py:237}}
Dec 10 18:05:54.113675 n-d-821424-1 neutron-server[103500]: DEBUG neutron_lib.callbacks.manager [None req-0135c8d4-26f7-4733-b01d-1a5b931f07f8 admin admin] Publish callbacks [] for security_group, before_delete {{(pid=103500) _notify_loop /usr/local/lib/python3.8/dist-packages/neutron_lib/callbacks/manager.py:175}}
Dec 10 18:05:54.149787 n-d-821424-1 neutron-server[103500]: DEBUG neutron_lib.callbacks.manager [None req-0135c8d4-26f7-4733-b01d-1a5b931f07f8 admin admin] Publish callbacks [] for security_group, precommit_delete {{(pid=103500) _notify_loop /usr/local/lib/python3.8/dist-packages/neutron_lib/callbacks/manager.py:175}}
Dec 10 18:05:54.294419 n-d-821424-1 neutron-server[103501]: DEBUG neutron.api.rpc.handlers.l3_rpc [None req-1e76f964-b8b1-47ad-b6ec-cfb22e60c43b None None] Sync routers for ids ['c4f262b7-e075-4ad3-a6c8-82d9262f1383'] in n-d-821424-1 {{(pid=103501) sync_routers /opt/stack/neutron/neutron/api/rpc/handlers/l3_rpc.py:125}}
Dec 10 18:05:54.307547 n-d-821424-1 neutron-server[103501]: DEBUG neutron.db.l3_dvrscheduler_db [None req-1e76f964-b8b1-47ad-b6ec-cfb22e60c43b None None] Routers {'c4f262b7-e075-4ad3-a6c8-82d9262f1383'} bound to L3 agent in host n-d-821424-1 {{(pid=103501) _get_router_ids_for_agent /opt/stack/neutron/neutron/db/l3_dvrscheduler_db.py:420}}
Dec 10 18:05:54.308679 n-d-821424-1 neutron-server[103501]: DEBUG neutron.db.l3_hamode_db [None req-1e76f964-b8b1-47ad-b6ec-cfb22e60c43b None None] neutron.services.l3_router.l3_router_plugin.L3RouterPlugin method get_ha_sync_data_for_host called with arguments (, 'n-d-821424-1', Agent(admin_state_up=True,agent_type='L3 agent',availability_zone='nova',binary='neutron-l3-agent',configurations={"agent_mode": "legacy", "ex_gw_ports": 1, "extensions": [], "floating_ips": 0, "handle_internal_only_routers": true, "interface_driver": "openvswitch", "interfaces": 1, "log_agent_heartbeats": false, "routers": 1},created_at=2021-12-10T17:56:01Z,description=,heartbeat_timestamp=2021-12-10T18:05:31Z,host='n-d-821424-1',id=0e32a277-6f22-4783-bad5-9f7b5eae0cea,load=0,resource_versions=,resources_synced=,started_at=2021-12-10T17:56:01Z,topic='l3_agent')) {'router_ids': ['c4f262b7-e075-4ad3-a6c8-82d9262f1383'], 'active': True} {{(pid=103501) wrapper /usr/local/lib/python3.8/dist-packages/oslo_log/helpers.py:65}}
Dec 10 18:05:54.347147 n-d-821424-1 neutron-server[103500]: DEBUG neutron_lib.callbacks.manager [None req-0135c8d4-26f7-4733-b01d-1a5b931f07f8 admin admin] Publish callbacks ['neutron.plugins.ml2.ovo_rpc._ObjectChangeHandler.handle_event-711546'] for security_group, after_delete {{(pid=103500) _notify_loop /usr/local/lib/python3.8/dist-packages/neutron_lib/callbacks/manager.py:175}}
Dec 10 18:05:54.351812 n-d-821424-1 neutron-server[103500]: DEBUG neutron_lib.callbacks.manager [None req-0135c8d4-26f7-4733-b01d-1a5b931f07f8 admin admin] Publish callbacks [] for security_group, before_response {{(pid=103500) _notify_loop /usr/local/lib/python3.8/dist-packages/neutron_lib/callbacks/manager.py:175}}
Dec 10 18:05:54.355571 n-d-821424-1 neutron-server[103500]: INFO neutron.wsgi [None req-0135c8d4-26f7-4733-b01d-1a5b931f07f8 admin admin] 10.222.0.55 "DELETE /v2.0/security-groups/e7d7cc0c-2460-462c-94dd-36167e09f30e HTTP/1.1" status: 204 len: 168 time: 0.3255377
Dec 10 18:05:54.372790 n-d-821424-1 neutron-server[103500]: DEBUG neutron.api.rpc.handlers.resources_rpc [None req-0135c8d4-26f7-4733-b01d-1a5b931f07f8 admin admin] Pushing event deleted for resources: {'SecurityGroup': ['ID=e7d7cc0c-2460-462c-94dd-36167e09f30e,revision_number=None']} {{(pid=103500) push /opt/stack/neutron/neutron/api/rpc/handlers/resources_rpc.py:237}}
Dec 10 18:05:54.374127 n-d-821424-1 neutron-server[103501]: DEBUG neutron.plugins.ml2.rpc [None req-2a7d3246-6864-47ca-8aa4-8a905050e361 None None] Device 914c1363-0f57-4762-8b29-e2445d50ce50 up at agent ovs-agent-n-d-821424-1 {{(pid=103501) update_device_up /opt/stack/neutron/neutron/plugins/ml2/rpc.py:296}}
Dec 10 18:05:54.423484 n-d-821424-1 neutron-server[103500]: DEBUG neutron.wsgi [-] (103500) accepted ('10.222.0.55', 49838) {{(pid=103500) server /usr/local/lib/python3.8/dist-packages/eventlet/wsgi.py:1004}}
Dec 10 18:05:54.436714 n-d-821424-1 neutron-server[103500]: DEBUG neutron_lib.callbacks.manager [None req-5c1e9bd4-7d60-4bd3-be49-038ea06f2d54 admin admin] Publish callbacks [] for security_group, before_create {{(pid=103500) _notify_loop /usr/local/lib/python3.8/dist-packages/neutron_lib/callbacks/manager.py:175}}
Dec 10 18:05:54.492613 n-d-821424-1 neutron-server[103501]: DEBUG neutron.db.l3_dvr_db [None req-1e76f964-b8b1-47ad-b6ec-cfb22e60c43b None None] Set router c4f262b7-e075-4ad3-a6c8-82d9262f1383 gateway port host: n-d-821424-1 {{(pid=103501) _build_routers_list /opt/stack/neutron/neutron/db/l3_dvr_db.py:906}}
Dec 10 18:05:54.525721 n-d-821424-1 neutron-server[103501]: DEBUG neutron.db.provisioning_blocks [None req-2a7d3246-6864-47ca-8aa4-8a905050e361 None None] Provisioning complete for port 914c1363-0f57-4762-8b29-e2445d50ce50 triggered by entity L2. {{(pid=103501) provisioning_complete /opt/stack/neutron/neutron/db/provisioning_blocks.py:139}}
Dec 10 18:05:54.526086 n-d-821424-1 neutron-server[103501]: DEBUG neutron_lib.callbacks.manager [None req-2a7d3246-6864-47ca-8aa4-8a905050e361 None None] Publish callbacks ['neutron.plugins.ml2.plugin.Ml2Plugin._port_provisioned-2008160'] for port, provisioning_complete {{(pid=103501) _notify_loop /usr/local/lib/python3.8/dist-packages/neutron_lib/callbacks/manager.py:175}}
Dec 10 18:05:54.532221 n-d-821424-1 neutron-server[103500]: DEBUG neutron_lib.callbacks.manager [None req-5c1e9bd4-7d60-4bd3-be49-038ea06f2d54 admin admin] Publish callbacks [] for security_group, precommit_create {{(pid=103500) _notify_loop /usr/local/lib/python3.8/dist-packages/neutron_lib/callbacks/manager.py:175}}
Dec 10 18:05:54.539433 n-d-821424-1 neutron-server[103500]: DEBUG neutron_lib.callbacks.manager [None req-5c1e9bd4-7d60-4bd3-be49-038ea06f2d54 admin admin] Publish callbacks ['neutron.plugins.ml2.ovo_rpc._ObjectChangeHandler.handle_event-711546'] for security_group, after_create {{(pid=103500) _notify_loop /usr/local/lib/python3.8/dist-packages/neutron_lib/callbacks/manager.py:175}}
