Dec 10 17:57:17.498324 n-d-821424-1 devstack@n-api.service[102806]: DEBUG nova.api.openstack.wsgi [None req-685876a8-8aaa-4e3b-8e85-9dd530fcaa2f admin admin] Action: 'create', calling method: >, body: {"flavor": {"disk": 10, "vcpus": 2, "os-flavor-access:is_public": true, "id": "d3", "rxtx_factor": 1.0, "OS-FLV-EXT-DATA:ephemeral": 0, "swap": 0, "ram": 2048, "name": "ds2G"}} {{(pid=102806) _process_stack /opt/stack/nova/nova/api/openstack/wsgi.py:511}}
Dec 10 17:57:17.520026 n-d-821424-1 devstack@n-api.service[102806]: INFO nova.api.openstack.requestlog [None req-685876a8-8aaa-4e3b-8e85-9dd530fcaa2f admin admin] 10.222.0.55 "POST /compute/v2.1/flavors" status: 200 len: 404 microversion: 2.61 time: 0.084165
Dec 10 17:57:17.525260 n-d-821424-1 devstack@n-api.service[102806]: [pid: 102806|app: 0|req: 8/14] 10.222.0.55 () {64 vars in 1282 bytes} [Fri Dec 10 17:57:17 2021] POST /compute/v2.1/flavors => generated 404 bytes in 90 msecs (HTTP/1.1 200) 9 headers in 359 bytes (1 switches on core 0)
Dec 10 17:57:17.533539 n-d-821424-1 devstack@n-api.service[102805]: DEBUG nova.api.openstack.wsgi [None req-09ecaf31-2eeb-4634-bedd-be0f3058d1cd admin admin] Action: 'create', calling method: >, body: {"extra_specs": {"hw_rng:allowed": "True"}} {{(pid=102805) _process_stack /opt/stack/nova/nova/api/openstack/wsgi.py:511}}
Dec 10 17:57:17.558703 n-d-821424-1 devstack@n-api.service[102805]: INFO nova.api.openstack.requestlog [None req-09ecaf31-2eeb-4634-bedd-be0f3058d1cd admin admin] 10.222.0.55 "POST /compute/v2.1/flavors/d3/os-extra_specs" status: 200 len: 43 microversion: 2.61 time: 0.028767
Dec 10 17:57:17.571012 n-d-821424-1 devstack@n-api.service[102805]: [pid: 102805|app: 0|req: 7/15] 10.222.0.55 () {64 vars in 1335 bytes} [Fri Dec 10 17:57:17 2021] POST /compute/v2.1/flavors/d3/os-extra_specs => generated 43 bytes in 32 msecs (HTTP/1.1 200) 9 headers in 358 bytes (1 switches on core 0)
Dec 10 17:57:20.076206 n-d-821424-1 devstack@n-api.service[102806]: DEBUG nova.api.openstack.wsgi [None req-685876a8-8aaa-4e3b-8e85-9dd530fcaa2f admin admin] Calling method '>' {{(pid=102806) _process_stack /opt/stack/nova/nova/api/openstack/wsgi.py:513}}
Dec 10 17:57:20.077229 n-d-821424-1 devstack@n-api.service[102806]: INFO nova.api.openstack.requestlog [None req-685876a8-8aaa-4e3b-8e85-9dd530fcaa2f admin admin] 10.222.0.55 "GET /compute/v2.1" status: 200 len: 388 microversion: 2.1 time: 0.001564
Dec 10 17:57:20.077831 n-d-821424-1 devstack@n-api.service[102806]: [pid: 102806|app: 0|req: 9/16] 10.222.0.55 () {54 vars in 930 bytes} [Fri Dec 10 17:57:20 2021] GET /compute/v2.1 => generated 388 bytes in 3 msecs (HTTP/1.1 200) 9 headers in 357 bytes (1 switches on core 0)
Dec 10 17:57:20.142239 n-d-821424-1 devstack@n-api.service[102805]: DEBUG nova.api.openstack.wsgi [None req-eb1094df-3ae4-4b13-bc4f-c984b16bbda4 admin admin] Action: 'create', calling method: >, body: {"flavor": {"swap": 0, "id": "d4", "ram": 4096, "disk": 20, "rxtx_factor": 1.0, "os-flavor-access:is_public": true, "name": "ds4G", "vcpus": 4, "OS-FLV-EXT-DATA:ephemeral": 0}} {{(pid=102805) _process_stack /opt/stack/nova/nova/api/openstack/wsgi.py:511}}
Dec 10 17:57:20.163426 n-d-821424-1 devstack@n-api.service[102805]: INFO nova.api.openstack.requestlog [None req-eb1094df-3ae4-4b13-bc4f-c984b16bbda4 admin admin] 10.222.0.55 "POST /compute/v2.1/flavors" status: 200 len: 404 microversion: 2.61 time: 0.078127
Dec 10 17:57:20.164731 n-d-821424-1 devstack@n-api.service[102805]: [pid: 102805|app: 0|req: 8/17] 10.222.0.55 () {64 vars in 1282 bytes} [Fri Dec 10 17:57:20 2021] POST /compute/v2.1/flavors => generated 404 bytes in 80 msecs (HTTP/1.1 200) 9 headers in 359 bytes (1 switches on core 0)
Dec 10 17:57:20.177119 n-d-821424-1 devstack@n-api.service[102806]: DEBUG nova.api.openstack.wsgi [None req-6db2333c-916e-4f6d-8a2f-ae5a32240dc3 admin admin] Action: 'create', calling method: >, body: {"extra_specs": {"hw_rng:allowed": "True"}} {{(pid=102806) _process_stack /opt/stack/nova/nova/api/openstack/wsgi.py:511}}
Dec 10 17:57:20.202967 n-d-821424-1 devstack@n-api.service[102806]: INFO nova.api.openstack.requestlog [None req-6db2333c-916e-4f6d-8a2f-ae5a32240dc3 admin admin] 10.222.0.55 "POST /compute/v2.1/flavors/d4/os-extra_specs" status: 200 len: 43 microversion: 2.61 time: 0.029668
Dec 10 17:57:20.203558 n-d-821424-1 devstack@n-api.service[102806]: [pid: 102806|app: 0|req: 10/18] 10.222.0.55 () {64 vars in 1335 bytes} [Fri Dec 10 17:57:20 2021] POST /compute/v2.1/flavors/d4/os-extra_specs => generated 43 bytes in 31 msecs (HTTP/1.1 200) 9 headers in 358 bytes (2 switches on core 0)
Dec 10 17:57:22.714534 n-d-821424-1 devstack@n-api.service[102805]: DEBUG nova.api.openstack.wsgi [None req-eb1094df-3ae4-4b13-bc4f-c984b16bbda4 admin admin] Calling method '>' {{(pid=102805) _process_stack /opt/stack/nova/nova/api/openstack/wsgi.py:513}}
Dec 10 17:57:22.716211 n-d-821424-1 devstack@n-api.service[102805]: INFO nova.api.openstack.requestlog [None req-eb1094df-3ae4-4b13-bc4f-c984b16bbda4 admin admin] 10.222.0.55 "GET /compute/v2.1" status: 200 len: 388 microversion: 2.1 time: 0.002154
Dec 10 17:57:22.726551 n-d-821424-1 devstack@n-api.service[102805]: [pid: 102805|app: 0|req: 9/19] 10.222.0.55 () {54 vars in 930 bytes} [Fri Dec 10 17:57:22 2021] GET /compute/v2.1 => generated 388 bytes in 9 msecs (HTTP/1.1 200) 9 headers in 357 bytes (1 switches on core 0)
Dec 10 17:57:22.778783 n-d-821424-1 devstack@n-api.service[102806]: DEBUG nova.api.openstack.wsgi [None req-2cc8e3c4-91e1-453f-abe7-f2fe39af528e admin admin] Calling method '>' {{(pid=102806) _process_stack /opt/stack/nova/nova/api/openstack/wsgi.py:513}}
Dec 10 17:57:22.805049 n-d-821424-1 devstack@n-api.service[102806]: INFO nova.api.openstack.requestlog [None req-2cc8e3c4-91e1-453f-abe7-f2fe39af528e admin admin] 10.222.0.55 "GET /compute/v2.1/flavors/detail?is_public=True" status: 200 len: 2106 microversion: 2.61 time: 0.081540
Dec 10 17:57:22.823046 n-d-821424-1 devstack@n-api.service[102806]: [pid: 102806|app: 0|req: 11/20] 10.222.0.55 () {60 vars in 1291 bytes} [Fri Dec 10 17:57:22 2021] GET /compute/v2.1/flavors/detail?is_public=True => generated 2106 bytes in 92 msecs (HTTP/1.1 200) 9 headers in 360 bytes (1 switches on core 0)
Dec 10 17:57:25.353515 n-d-821424-1 devstack@n-api.service[102805]: DEBUG nova.api.openstack.wsgi [None req-eb1094df-3ae4-4b13-bc4f-c984b16bbda4 admin admin] Calling method '>' {{(pid=102805) _process_stack /opt/stack/nova/nova/api/openstack/wsgi.py:513}}
Dec 10 17:57:25.355874 n-d-821424-1 devstack@n-api.service[102805]: INFO nova.api.openstack.requestlog [None req-eb1094df-3ae4-4b13-bc4f-c984b16bbda4 admin admin] 10.222.0.55 "GET /compute/v2.1" status: 200 len: 388 microversion: 2.1 time: 0.002627
Dec 10 17:57:25.362697 n-d-821424-1 devstack@n-api.service[102805]: [pid: 102805|app: 0|req: 10/21] 10.222.0.55 () {54 vars in 930 bytes} [Fri Dec 10 17:57:25 2021] GET /compute/v2.1 => generated 388 bytes in 10 msecs (HTTP/1.1 200) 9 headers in 357 bytes (1 switches on core 0)
Dec 10 17:57:25.419414 n-d-821424-1 devstack@n-api.service[102806]: DEBUG nova.api.openstack.wsgi [None req-9c680a6b-97ff-464a-84bd-1d637f5392f2 admin admin] Action: 'create', calling method: >, body: {"flavor": {"vcpus": 1, "ram": 512, "name": "m1.tiny", "OS-FLV-EXT-DATA:ephemeral": 0, "disk": 1, "id": "1", "rxtx_factor": 1.0, "os-flavor-access:is_public": true, "swap": 0}} {{(pid=102806) _process_stack /opt/stack/nova/nova/api/openstack/wsgi.py:511}}
Dec 10 17:57:25.443137 n-d-821424-1 devstack@n-api.service[102806]: INFO nova.api.openstack.requestlog [None req-9c680a6b-97ff-464a-84bd-1d637f5392f2 admin admin] 10.222.0.55 "POST /compute/v2.1/flavors" status: 200 len: 402 microversion: 2.61 time: 0.079313
Dec 10 17:57:25.444477 n-d-821424-1 devstack@n-api.service[102806]: [pid: 102806|app: 0|req: 12/22] 10.222.0.55 () {64 vars in 1282 bytes} [Fri Dec 10 17:57:25 2021] POST /compute/v2.1/flavors => generated 402 bytes in 81 msecs (HTTP/1.1 200) 9 headers in 359 bytes (1 switches on core 0)
Dec 10 17:57:25.456572 n-d-821424-1 devstack@n-api.service[102805]: DEBUG nova.api.openstack.wsgi [None req-51743a0b-934f-4006-ab9b-422baaa4b4ed admin admin] Action: 'create', calling method: >, body: {"extra_specs": {"hw_rng:allowed": "True"}} {{(pid=102805) _process_stack /opt/stack/nova/nova/api/openstack/wsgi.py:511}}
Dec 10 17:57:25.493304 n-d-821424-1 devstack@n-api.service[102805]: INFO nova.api.openstack.requestlog [None req-51743a0b-934f-4006-ab9b-422baaa4b4ed admin admin] 10.222.0.55 "POST /compute/v2.1/flavors/1/os-extra_specs" status: 200 len: 43 microversion: 2.61 time: 0.039417
Dec 10 17:57:25.494856 n-d-821424-1 devstack@n-api.service[102805]: [pid: 102805|app: 0|req: 11/23] 10.222.0.55 () {64 vars in 1332 bytes} [Fri Dec 10 17:57:25 2021] POST /compute/v2.1/flavors/1/os-extra_specs => generated 43 bytes in 42 msecs (HTTP/1.1 200) 9 headers in 358 bytes (1 switches on core 0)
Dec 10 17:57:28.019107 n-d-821424-1 devstack@n-api.service[102806]: DEBUG nova.api.openstack.wsgi [None req-9c680a6b-97ff-464a-84bd-1d637f5392f2 admin admin] Calling method '>' {{(pid=102806) _process_stack /opt/stack/nova/nova/api/openstack/wsgi.py:513}}
Dec 10 17:57:28.020114 n-d-821424-1 devstack@n-api.service[102806]: INFO nova.api.openstack.requestlog [None req-9c680a6b-97ff-464a-84bd-1d637f5392f2 admin admin] 10.222.0.55 "GET /compute/v2.1" status: 200 len: 388 microversion: 2.1 time: 0.001552
Dec 10 17:57:28.020520 n-d-821424-1 devstack@n-api.service[102806]: [pid: 102806|app: 0|req: 13/24] 10.222.0.55 () {54 vars in 930 bytes} [Fri Dec 10 17:57:28 2021] GET /compute/v2.1 => generated 388 bytes in 2 msecs (HTTP/1.1 200) 9 headers in 357 bytes (1 switches on core 0)
Dec 10 17:57:28.083832 n-d-821424-1 devstack@n-api.service[102805]: DEBUG nova.api.openstack.wsgi [None req-e8071a53-29d1-483d-a056-e5dc3051fe28 admin admin] Action: 'create', calling method: >, body: {"flavor": {"disk": 20, "swap": 0, "OS-FLV-EXT-DATA:ephemeral": 0, "rxtx_factor": 1.0, "vcpus": 1, "os-flavor-access:is_public": true, "name": "m1.small", "ram": 2048, "id": "2"}} {{(pid=102805) _process_stack /opt/stack/nova/nova/api/openstack/wsgi.py:511}}
Dec 10 17:57:28.103325 n-d-821424-1 devstack@n-api.service[102805]: INFO nova.api.openstack.requestlog [None req-e8071a53-29d1-483d-a056-e5dc3051fe28 admin admin] 10.222.0.55 "POST /compute/v2.1/flavors" status: 200 len: 405 microversion: 2.61 time: 0.075373
Dec 10 17:57:28.103936 n-d-821424-1 devstack@n-api.service[102805]: [pid: 102805|app: 0|req: 12/25] 10.222.0.55 () {64 vars in 1282 bytes} [Fri Dec 10 17:57:28 2021] POST /compute/v2.1/flavors => generated 405 bytes in 77 msecs (HTTP/1.1 200) 9 headers in 359 bytes (1 switches on core 0)
Dec 10 17:57:28.116713 n-d-821424-1 devstack@n-api.service[102806]: DEBUG nova.api.openstack.wsgi [None req-1ec4e467-d92b-4226-9e5a-4da0dd7767eb admin admin] Action: 'create', calling method: >, body: {"extra_specs": {"hw_rng:allowed": "True"}} {{(pid=102806) _process_stack /opt/stack/nova/nova/api/openstack/wsgi.py:511}}
Dec 10 17:57:28.145315 n-d-821424-1 devstack@n-api.service[102806]: INFO nova.api.openstack.requestlog [None req-1ec4e467-d92b-4226-9e5a-4da0dd7767eb admin admin] 10.222.0.55 "POST /compute/v2.1/flavors/2/os-extra_specs" status: 200 len: 43 microversion: 2.61 time: 0.031888
Dec 10 17:57:28.147226 n-d-821424-1 devstack@n-api.service[102806]: [pid: 102806|app: 0|req: 14/26] 10.222.0.55 () {64 vars in 1332 bytes} [Fri Dec 10 17:57:28 2021] POST /compute/v2.1/flavors/2/os-extra_specs => generated 43 bytes in 35 msecs (HTTP/1.1 200) 9 headers in 358 bytes (2 switches on core 0)
Dec 10 17:57:30.585951 n-d-821424-1 devstack@n-api.service[102805]: DEBUG nova.api.openstack.wsgi [None req-e8071a53-29d1-483d-a056-e5dc3051fe28 admin admin] Calling method '>' {{(pid=102805) _process_stack /opt/stack/nova/nova/api/openstack/wsgi.py:513}}
Dec 10 17:57:30.587252 n-d-821424-1 devstack@n-api.service[102805]: INFO nova.api.openstack.requestlog [None req-e8071a53-29d1-483d-a056-e5dc3051fe28 admin admin] 10.222.0.55 "GET /compute/v2.1" status: 200 len: 388 microversion: 2.1 time: 0.001871
Dec 10 17:57:30.587652 n-d-821424-1 devstack@n-api.service[102805]: [pid: 102805|app: 0|req: 13/27] 10.222.0.55 () {54 vars in 930 bytes} [Fri Dec 10 17:57:30 2021] GET /compute/v2.1 => generated 388 bytes in 3 msecs (HTTP/1.1 200) 9 headers in 357 bytes (2 switches on core 0)
Dec 10 17:57:30.659952 n-d-821424-1 devstack@n-api.service[102806]: DEBUG nova.api.openstack.wsgi [None req-7b90dc30-fd5c-4c7c-933b-daf2b594674b admin admin] Action: 'create', calling method: >, body: {"flavor": {"swap": 0, "ram": 4096, "OS-FLV-EXT-DATA:ephemeral": 0, "disk": 40, "os-flavor-access:is_public": true, "vcpus": 2, "rxtx_factor": 1.0, "name": "m1.medium", "id": "3"}} {{(pid=102806) _process_stack /opt/stack/nova/nova/api/openstack/wsgi.py:511}}
Dec 10 17:57:30.682308 n-d-821424-1 devstack@n-api.service[102806]: INFO nova.api.openstack.requestlog [None req-7b90dc30-fd5c-4c7c-933b-daf2b594674b admin admin] 10.222.0.55 "POST /compute/v2.1/flavors" status: 200 len: 406 microversion: 2.61 time: 0.087849
Dec 10 17:57:30.682927 n-d-821424-1 devstack@n-api.service[102806]: [pid: 102806|app: 0|req: 15/28] 10.222.0.55 () {64 vars in 1282 bytes} [Fri Dec 10 17:57:30 2021] POST /compute/v2.1/flavors => generated 406 bytes in 89 msecs (HTTP/1.1 200) 9 headers in 359 bytes (1 switches on core 0)
Dec 10 17:57:30.695877 n-d-821424-1 devstack@n-api.service[102805]: DEBUG nova.api.openstack.wsgi [None req-a9f45f29-115c-4927-b646-c1773546c583 admin admin] Action: 'create', calling method: >, body: {"extra_specs": {"hw_rng:allowed": "True"}} {{(pid=102805) _process_stack /opt/stack/nova/nova/api/openstack/wsgi.py:511}}
Dec 10 17:57:30.725401 n-d-821424-1 devstack@n-api.service[102805]: INFO nova.api.openstack.requestlog [None req-a9f45f29-115c-4927-b646-c1773546c583 admin admin] 10.222.0.55 "POST /compute/v2.1/flavors/3/os-extra_specs" status: 200 len: 43 microversion: 2.61 time: 0.033360
Dec 10 17:57:30.726371 n-d-821424-1 devstack@n-api.service[102805]: [pid: 102805|app: 0|req: 14/29] 10.222.0.55 () {64 vars in 1332 bytes} [Fri Dec 10 17:57:30 2021] POST /compute/v2.1/flavors/3/os-extra_specs => generated 43 bytes in 35 msecs (HTTP/1.1 200) 9 headers in 358 bytes (1 switches on core 0)
Dec 10 17:57:33.257915 n-d-821424-1 devstack@n-api.service[102806]: DEBUG nova.api.openstack.wsgi [None req-7b90dc30-fd5c-4c7c-933b-daf2b594674b admin admin] Calling method '>' {{(pid=102806) _process_stack /opt/stack/nova/nova/api/openstack/wsgi.py:513}}
Dec 10 17:57:33.259082 n-d-821424-1 devstack@n-api.service[102806]: INFO nova.api.openstack.requestlog [None req-7b90dc30-fd5c-4c7c-933b-daf2b594674b admin admin] 10.222.0.55 "GET /compute/v2.1" status: 200 len: 388 microversion: 2.1 time: 0.001977
Dec 10 17:57:33.259487 n-d-821424-1 devstack@n-api.service[102806]: [pid: 102806|app: 0|req: 16/30] 10.222.0.55 () {54 vars in 930 bytes} [Fri Dec 10 17:57:33 2021] GET /compute/v2.1 => generated 388 bytes in 3 msecs (HTTP/1.1 200) 9 headers in 357 bytes (1 switches on core 0)
Dec 10 17:57:33.320228 n-d-821424-1 devstack@n-api.service[102805]: DEBUG nova.api.openstack.wsgi [None req-8d350c7f-a2f7-4977-8179-66ee66ccb727 admin admin] Action: 'create', calling method: >, body: {"flavor": {"name": "m1.large", "vcpus": 4, "ram": 8192, "os-flavor-access:is_public": true, "swap": 0, "OS-FLV-EXT-DATA:ephemeral": 0, "rxtx_factor": 1.0, "disk": 80, "id": "4"}} {{(pid=102805) _process_stack /opt/stack/nova/nova/api/openstack/wsgi.py:511}}
Dec 10 17:57:33.339778 n-d-821424-1 devstack@n-api.service[102805]: INFO nova.api.openstack.requestlog [None req-8d350c7f-a2f7-4977-8179-66ee66ccb727 admin admin] 10.222.0.55 "POST /compute/v2.1/flavors" status: 200 len: 405 microversion: 2.61 time: 0.073782
Dec 10 17:57:33.340367 n-d-821424-1 devstack@n-api.service[102805]: [pid: 102805|app: 0|req: 15/31] 10.222.0.55 () {64 vars in 1282 bytes} [Fri Dec 10 17:57:33 2021] POST /compute/v2.1/flavors => generated 405 bytes in 75 msecs (HTTP/1.1 200) 9 headers in 359 bytes (1 switches on core 0)
Dec 10 17:57:33.352672 n-d-821424-1 devstack@n-api.service[102806]: DEBUG nova.api.openstack.wsgi [None req-409475c2-67b3-4b12-a5eb-8dc92265c36d admin admin] Action: 'create', calling method: >, body: {"extra_specs": {"hw_rng:allowed": "True"}} {{(pid=102806) _process_stack /opt/stack/nova/nova/api/openstack/wsgi.py:511}}
Dec 10 17:57:33.375652 n-d-821424-1 devstack@n-api.service[102806]: INFO nova.api.openstack.requestlog [None req-409475c2-67b3-4b12-a5eb-8dc92265c36d admin admin] 10.222.0.55 "POST /compute/v2.1/flavors/4/os-extra_specs" status: 200 len: 43 microversion: 2.61 time: 0.026893
Dec 10 17:57:33.376491 n-d-821424-1 devstack@n-api.service[102806]: [pid: 102806|app: 0|req: 17/32] 10.222.0.55 () {64 vars in 1332 bytes} [Fri Dec 10 17:57:33 2021] POST /compute/v2.1/flavors/4/os-extra_specs => generated 43 bytes in 28 msecs (HTTP/1.1 200) 9 headers in 358 bytes (1 switches on core 0)
Dec 10 17:57:35.852495 n-d-821424-1 devstack@n-api.service[102805]: DEBUG nova.api.openstack.wsgi [None req-8d350c7f-a2f7-4977-8179-66ee66ccb727 admin admin] Calling method '>' {{(pid=102805) _process_stack /opt/stack/nova/nova/api/openstack/wsgi.py:513}}
Dec 10 17:57:35.854159 n-d-821424-1 devstack@n-api.service[102805]: INFO nova.api.openstack.requestlog [None req-8d350c7f-a2f7-4977-8179-66ee66ccb727 admin admin] 10.222.0.55 "GET /compute/v2.1" status: 200 len: 388 microversion: 2.1 time: 0.002309
Dec 10 17:57:35.854801 n-d-821424-1 devstack@n-api.service[102805]: [pid: 102805|app: 0|req: 16/33] 10.222.0.55 () {54 vars in 930 bytes} [Fri Dec 10 17:57:35 2021] GET /compute/v2.1 => generated 388 bytes in 4 msecs (HTTP/1.1 200) 9 headers in 357 bytes (2 switches on core 0)
Dec 10 17:57:35.915849 n-d-821424-1 devstack@n-api.service[102806]: DEBUG nova.api.openstack.wsgi [None req-9027fff7-d127-4274-bdb5-5f71e03729cb admin admin] Action: 'create', calling method: >, body: {"flavor": {"ram": 16384, "OS-FLV-EXT-DATA:ephemeral": 0, "os-flavor-access:is_public": true, "id": "5", "vcpus": 8, "rxtx_factor": 1.0, "disk": 160, "name": "m1.xlarge", "swap": 0}} {{(pid=102806) _process_stack /opt/stack/nova/nova/api/openstack/wsgi.py:511}}
Dec 10 17:57:35.934781 n-d-821424-1 devstack@n-api.service[102806]: INFO nova.api.openstack.requestlog [None req-9027fff7-d127-4274-bdb5-5f71e03729cb admin admin] 10.222.0.55 "POST /compute/v2.1/flavors" status: 200 len: 408 microversion: 2.61 time: 0.072814
Dec 10 17:57:35.935435 n-d-821424-1 devstack@n-api.service[102806]: [pid: 102806|app: 0|req: 18/34] 10.222.0.55 () {64 vars in 1282 bytes} [Fri Dec 10 17:57:35 2021] POST /compute/v2.1/flavors => generated 408 bytes in 74 msecs (HTTP/1.1 200) 9 headers in 359 bytes (1 switches on core 0)
Dec 10 17:57:35.948806 n-d-821424-1 devstack@n-api.service[102805]: DEBUG nova.api.openstack.wsgi [None req-37a8ebc6-d9f7-4823-9c89-59b923f9ae72 admin admin] Action: 'create', calling method: >, body: {"extra_specs": {"hw_rng:allowed": "True"}} {{(pid=102805) _process_stack /opt/stack/nova/nova/api/openstack/wsgi.py:511}}
Dec 10 17:57:35.987328 n-d-821424-1 devstack@n-api.service[102805]: INFO nova.api.openstack.requestlog [None req-37a8ebc6-d9f7-4823-9c89-59b923f9ae72 admin admin] 10.222.0.55 "POST /compute/v2.1/flavors/5/os-extra_specs" status: 200 len: 43 microversion: 2.61 time: 0.043044
Dec 10 17:57:35.987906 n-d-821424-1 devstack@n-api.service[102805]: [pid: 102805|app: 0|req: 17/35] 10.222.0.55 () {64 vars in 1332 bytes} [Fri Dec 10 17:57:35 2021] POST /compute/v2.1/flavors/5/os-extra_specs => generated 43 bytes in 44 msecs (HTTP/1.1 200) 9 headers in 358 bytes (2 switches on core 0)
Dec 10 17:58:02.834116 n-d-821424-1 devstack@n-api.service[102806]: DEBUG nova.api.openstack.wsgi [None req-9027fff7-d127-4274-bdb5-5f71e03729cb admin admin] Calling method '>' {{(pid=102806) _process_stack /opt/stack/nova/nova/api/openstack/wsgi.py:513}}
Dec 10 17:58:02.835488 n-d-821424-1 devstack@n-api.service[102806]: INFO nova.api.openstack.requestlog [None req-9027fff7-d127-4274-bdb5-5f71e03729cb admin admin] 10.222.0.55 "GET /compute/v2.1" status: 200 len: 388 microversion: 2.1 time: 0.002384
Dec 10 17:58:02.835950 n-d-821424-1 devstack@n-api.service[102806]: [pid: 102806|app: 0|req: 19/36] 10.222.0.55 () {54 vars in 930 bytes} [Fri Dec 10 17:58:02 2021] GET /compute/v2.1 => generated 388 bytes in 4 msecs (HTTP/1.1 200) 9 headers in 357 bytes (1 switches on core 0)
Dec 10 17:58:02.900960 n-d-821424-1 devstack@n-api.service[102805]: DEBUG nova.api.openstack.wsgi [None req-013ac073-48a3-4567-939c-bb65689a6907 admin admin] Calling method '>' {{(pid=102805) _process_stack /opt/stack/nova/nova/api/openstack/wsgi.py:513}}
Dec 10 17:58:02.918901 n-d-821424-1 devstack@n-api.service[102805]: INFO nova.api.openstack.requestlog [None req-013ac073-48a3-4567-939c-bb65689a6907 admin admin] 10.222.0.55 "GET /compute/v2.1/flavors/detail?is_public=True" status: 200 len: 4202 microversion: 2.61 time: 0.075357
Dec 10 17:58:02.919492 n-d-821424-1 devstack@n-api.service[102805]: [pid: 102805|app: 0|req: 18/37] 10.222.0.55 () {60 vars in 1291 bytes} [Fri Dec 10 17:58:02 2021] GET /compute/v2.1/flavors/detail?is_public=True => generated 4202 bytes in 77 msecs (HTTP/1.1 200) 9 headers in 360 bytes (1 switches on core 0)
Dec 10 17:58:04.694075 n-d-821424-1 devstack@n-api.service[102806]: DEBUG nova.api.openstack.wsgi [None req-9027fff7-d127-4274-bdb5-5f71e03729cb admin admin] Calling method '>' {{(pid=102806) _process_stack /opt/stack/nova/nova/api/openstack/wsgi.py:513}}
Dec 10 17:58:04.695267 n-d-821424-1 devstack@n-api.service[102806]: INFO nova.api.openstack.requestlog [None req-9027fff7-d127-4274-bdb5-5f71e03729cb admin admin] 10.222.0.55 "GET /compute/v2.1" status: 200 len: 388 microversion: 2.1 time: 0.001497
Dec 10 17:58:04.695691 n-d-821424-1 devstack@n-api.service[102806]: [pid: 102806|app: 0|req: 20/38] 10.222.0.55 () {56 vars in 1074 bytes} [Fri Dec 10 17:58:04 2021] GET /compute/v2.1 => generated 388 bytes in 3 msecs (HTTP/1.1 200) 9 headers in 357 bytes (1 switches on core 0)
Dec 10 17:58:04.957705 n-d-821424-1 devstack@n-api.service[102805]: DEBUG nova.api.openstack.wsgi [None req-91edc395-842d-4059-858f-ff6e6ab6ff25 admin admin] Calling method '>' {{(pid=102805) _process_stack /opt/stack/nova/nova/api/openstack/wsgi.py:513}}
Dec 10 17:58:04.964143 n-d-821424-1 devstack@n-api.service[102805]: INFO nova.api.openstack.wsgi [None req-91edc395-842d-4059-858f-ff6e6ab6ff25 admin admin] HTTP exception thrown: Flavor 42 could not be found.
Dec 10 17:58:04.964738 n-d-821424-1 devstack@n-api.service[102805]: DEBUG nova.api.openstack.wsgi [None req-91edc395-842d-4059-858f-ff6e6ab6ff25 admin admin] Returning 404 to user: Flavor 42 could not be found. {{(pid=102805) __call__ /opt/stack/nova/nova/api/openstack/wsgi.py:936}}
Dec 10 17:58:04.965573 n-d-821424-1 devstack@n-api.service[102805]: INFO nova.api.openstack.requestlog [None req-91edc395-842d-4059-858f-ff6e6ab6ff25 admin admin] 10.222.0.55 "GET /compute/v2.1/flavors/42" status: 404 len: 75 microversion: 2.90 time: 0.071730
Dec 10 17:58:04.966134 n-d-821424-1 devstack@n-api.service[102805]: [pid: 102805|app: 0|req: 19/39] 10.222.0.55 () {60 vars in 1190 bytes} [Fri Dec 10 17:58:04 2021] GET /compute/v2.1/flavors/42 => generated 75 bytes in 73 msecs (HTTP/1.1 404) 9 headers in 380 bytes (1 switches on core 0)
Dec 10 17:58:04.982306 n-d-821424-1 devstack@n-api.service[102806]: DEBUG nova.api.openstack.wsgi [None req-32a8564c-ed77-4326-958d-dca91914e303 admin admin] Calling method '>' {{(pid=102806) _process_stack /opt/stack/nova/nova/api/openstack/wsgi.py:513}}
Dec 10 17:58:05.004562 n-d-821424-1 devstack@n-api.service[102806]: INFO nova.api.openstack.requestlog [None req-32a8564c-ed77-4326-958d-dca91914e303 admin admin] 10.222.0.55 "GET /compute/v2.1/flavors?is_public=None" status: 200 len: 2056 microversion: 2.90 time: 0.028375
Dec 10 17:58:05.005156 n-d-821424-1 devstack@n-api.service[102806]: [pid: 102806|app: 0|req: 21/40] 10.222.0.55 () {60 vars in 1210 bytes} [Fri Dec 10 17:58:04 2021] GET /compute/v2.1/flavors?is_public=None => generated 2056 bytes in 30 msecs (HTTP/1.1 200) 9 headers in 360 bytes (1 switches on core 0)
Dec 10 17:58:05.023689 n-d-821424-1 devstack@n-api.service[102805]: DEBUG nova.api.openstack.wsgi [None req-d9673cda-7a7b-4439-ac10-f1f52e680c72 admin admin] Calling method '>' {{(pid=102805) _process_stack /opt/stack/nova/nova/api/openstack/wsgi.py:513}}
Dec 10 17:58:05.046049 n-d-821424-1 devstack@n-api.service[102805]: INFO nova.api.openstack.requestlog [None req-d9673cda-7a7b-4439-ac10-f1f52e680c72 admin admin] 10.222.0.55 "GET /compute/v2.1/flavors?is_public=None" status: 200 len: 2056 microversion: 2.90 time: 0.027117
Dec 10 17:58:05.047216 n-d-821424-1 devstack@n-api.service[102805]: [pid: 102805|app: 0|req: 20/41] 10.222.0.55 () {60 vars in 1210 bytes} [Fri Dec 10 17:58:05 2021] GET /compute/v2.1/flavors?is_public=None => generated 2056 bytes in 29 msecs (HTTP/1.1 200) 9 headers in 360 bytes (1 switches on core 0)
Dec 10 17:58:05.058744 n-d-821424-1 devstack@n-api.service[102806]: DEBUG nova.api.openstack.wsgi [None req-bbcba584-2b57-4d1e-bafd-9bb7e5d195f1 admin admin] Calling method '>' {{(pid=102806) _process_stack /opt/stack/nova/nova/api/openstack/wsgi.py:513}}
Dec 10 17:58:05.066449 n-d-821424-1 devstack@n-api.service[102806]: INFO nova.api.openstack.wsgi [None req-bbcba584-2b57-4d1e-bafd-9bb7e5d195f1 admin admin] HTTP exception thrown: Flavor 42 could not be found.
Dec 10 17:58:05.067472 n-d-821424-1 devstack@n-api.service[102806]: DEBUG nova.api.openstack.wsgi [None req-bbcba584-2b57-4d1e-bafd-9bb7e5d195f1 admin admin] Returning 404 to user: Flavor 42 could not be found. {{(pid=102806) __call__ /opt/stack/nova/nova/api/openstack/wsgi.py:936}}
Dec 10 17:58:05.068418 n-d-821424-1 devstack@n-api.service[102806]: INFO nova.api.openstack.requestlog [None req-bbcba584-2b57-4d1e-bafd-9bb7e5d195f1 admin admin] 10.222.0.55 "GET /compute/v2.1/flavors/42" status: 404 len: 75 microversion: 2.90 time: 0.014965
Dec 10 17:58:05.069067 n-d-821424-1 devstack@n-api.service[102806]: [pid: 102806|app: 0|req: 22/42] 10.222.0.55 () {60 vars in 1190 bytes} [Fri Dec 10 17:58:05 2021] GET /compute/v2.1/flavors/42 => generated 75 bytes in 16 msecs (HTTP/1.1 404) 9 headers in 380 bytes (1 switches on core 0)
Dec 10 17:58:06.599315 n-d-821424-1 devstack@n-api.service[102805]: DEBUG nova.api.openstack.wsgi [None req-d9673cda-7a7b-4439-ac10-f1f52e680c72 admin admin] Calling method '>' {{(pid=102805) _process_stack /opt/stack/nova/nova/api/openstack/wsgi.py:513}}
Dec 10 17:58:06.600340 n-d-821424-1 devstack@n-api.service[102805]: INFO nova.api.openstack.requestlog [None req-d9673cda-7a7b-4439-ac10-f1f52e680c72 admin admin] 10.222.0.55 "GET /compute/v2.1" status: 200 len: 388 microversion: 2.1 time: 0.001483
Dec 10 17:58:06.600737 n-d-821424-1 devstack@n-api.service[102805]: [pid: 102805|app: 0|req: 21/43] 10.222.0.55 () {56 vars in 1074 bytes} [Fri Dec 10 17:58:06 2021] GET /compute/v2.1 => generated 388 bytes in 2 msecs (HTTP/1.1 200) 9 headers in 357 bytes (1 switches on core 0)
Dec 10 17:58:06.796014 n-d-821424-1 devstack@n-api.service[102806]: DEBUG nova.api.openstack.wsgi [None req-07901cd7-83f3-41ac-89ff-b2e5e55def43 admin admin] Calling method '>' {{(pid=102806) _process_stack /opt/stack/nova/nova/api/openstack/wsgi.py:513}}
Dec 10 17:58:06.802070 n-d-821424-1 devstack@n-api.service[102806]: INFO nova.api.openstack.wsgi [None req-07901cd7-83f3-41ac-89ff-b2e5e55def43 admin admin] HTTP exception thrown: Flavor 84 could not be found.
Dec 10 17:58:06.802610 n-d-821424-1 devstack@n-api.service[102806]: DEBUG nova.api.openstack.wsgi [None req-07901cd7-83f3-41ac-89ff-b2e5e55def43 admin admin] Returning 404 to user: Flavor 84 could not be found. {{(pid=102806) __call__ /opt/stack/nova/nova/api/openstack/wsgi.py:936}}
Dec 10 17:58:06.803417 n-d-821424-1 devstack@n-api.service[102806]: INFO nova.api.openstack.requestlog [None req-07901cd7-83f3-41ac-89ff-b2e5e55def43 admin admin] 10.222.0.55 "GET /compute/v2.1/flavors/84" status: 404 len: 75 microversion: 2.90 time: 0.064966
Dec 10 17:58:06.803962 n-d-821424-1 devstack@n-api.service[102806]: [pid: 102806|app: 0|req: 23/44] 10.222.0.55 () {60 vars in 1190 bytes} [Fri Dec 10 17:58:06 2021] GET /compute/v2.1/flavors/84 => generated 75 bytes in 66 msecs (HTTP/1.1 404) 9 headers in 380 bytes (1 switches on core 0)
Dec 10 17:58:06.814820 n-d-821424-1 devstack@n-api.service[102805]: DEBUG nova.api.openstack.wsgi [None req-c134cbe7-ba88-4d21-8476-b1624fb9ab62 admin admin] Calling method '>' {{(pid=102805) _process_stack /opt/stack/nova/nova/api/openstack/wsgi.py:513}}
Dec 10 17:58:06.832992 n-d-821424-1 devstack@n-api.service[102805]: INFO nova.api.openstack.requestlog [None req-c134cbe7-ba88-4d21-8476-b1624fb9ab62 admin admin] 10.222.0.55 "GET /compute/v2.1/flavors?is_public=None" status: 200 len: 2056 microversion: 2.90 time: 0.021368
Dec 10 17:58:06.833583 n-d-821424-1 devstack@n-api.service[102805]: [pid: 102805|app: 0|req: 22/45] 10.222.0.55 () {60 vars in 1210 bytes} [Fri Dec 10 17:58:06 2021] GET /compute/v2.1/flavors?is_public=None => generated 2056 bytes in 24 msecs (HTTP/1.1 200) 9 headers in 360 bytes (2 switches on core 0)
Dec 10 17:58:06.844217 n-d-821424-1 devstack@n-api.service[102806]: DEBUG nova.api.openstack.wsgi [None req-f3ffb857-f04e-4637-b34f-c73b9f045723 admin admin] Calling method '>' {{(pid=102806) _process_stack /opt/stack/nova/nova/api/openstack/wsgi.py:513}}
Dec 10 17:58:06.859100 n-d-821424-1 devstack@n-api.service[102806]: INFO nova.api.openstack.requestlog [None req-f3ffb857-f04e-4637-b34f-c73b9f045723 admin admin] 10.222.0.55 "GET /compute/v2.1/flavors?is_public=None" status: 200 len: 2056 microversion: 2.90 time: 0.018416
Dec 10 17:58:06.859700 n-d-821424-1 devstack@n-api.service[102806]: [pid: 102806|app: 0|req: 24/46] 10.222.0.55 () {60 vars in 1210 bytes} [Fri Dec 10 17:58:06 2021] GET /compute/v2.1/flavors?is_public=None => generated 2056 bytes in 20 msecs (HTTP/1.1 200) 9 headers in 360 bytes (2 switches on core 0)
Dec 10 17:58:06.872970 n-d-821424-1 devstack@n-api.service[102805]: DEBUG nova.api.openstack.wsgi [None req-a875efe2-cfaa-457d-91e8-fc3f9a352ae3 admin admin] Calling method '>' {{(pid=102805) _process_stack /opt/stack/nova/nova/api/openstack/wsgi.py:513}}
Dec 10 17:58:06.879087 n-d-821424-1 devstack@n-api.service[102805]: INFO nova.api.openstack.wsgi [None req-a875efe2-cfaa-457d-91e8-fc3f9a352ae3 admin admin] HTTP exception thrown: Flavor 84 could not be found.
Dec 10 17:58:06.879655 n-d-821424-1 devstack@n-api.service[102805]: DEBUG nova.api.openstack.wsgi [None req-a875efe2-cfaa-457d-91e8-fc3f9a352ae3 admin admin] Returning 404 to user: Flavor 84 could not be found. {{(pid=102805) __call__ /opt/stack/nova/nova/api/openstack/wsgi.py:936}}
Dec 10 17:58:06.880557 n-d-821424-1 devstack@n-api.service[102805]: INFO nova.api.openstack.requestlog [None req-a875efe2-cfaa-457d-91e8-fc3f9a352ae3 admin admin] 10.222.0.55 "GET /compute/v2.1/flavors/84" status: 404 len: 75 microversion: 2.90 time: 0.011265
Dec 10 17:58:06.881082 n-d-821424-1 devstack@n-api.service[102805]: [pid: 102805|app: 0|req: 23/47] 10.222.0.55 () {60 vars in 1190 bytes} [Fri Dec 10 17:58:06 2021] GET /compute/v2.1/flavors/84 => generated 75 bytes in 12 msecs (HTTP/1.1 404) 9 headers in 380 bytes (1 switches on core 0)
Dec 10 17:58:08.395832 n-d-821424-1 devstack@n-api.service[102806]: DEBUG nova.api.openstack.wsgi [None req-f3ffb857-f04e-4637-b34f-c73b9f045723 admin admin] Calling method '>' {{(pid=102806) _process_stack /opt/stack/nova/nova/api/openstack/wsgi.py:513}}
Dec 10 17:58:08.396857 n-d-821424-1 devstack@n-api.service[102806]: INFO nova.api.openstack.requestlog [None req-f3ffb857-f04e-4637-b34f-c73b9f045723 admin admin] 10.222.0.55 "GET /compute/v2.1" status: 200 len: 388 microversion: 2.1 time: 0.001535
Dec 10 17:58:08.397269 n-d-821424-1 devstack@n-api.service[102806]: [pid: 102806|app: 0|req: 25/48] 10.222.0.55 () {56 vars in 1074 bytes} [Fri Dec 10 17:58:08 2021] GET /compute/v2.1 => generated 388 bytes in 2 msecs (HTTP/1.1 200) 9 headers in 357 bytes (1 switches on core 0)
Dec 10 17:58:08.590926 n-d-821424-1 devstack@n-api.service[102805]: DEBUG nova.api.openstack.wsgi [None req-ade7414e-91ac-4dfc-97a0-a18f70878ad4 admin admin] Calling method '>' {{(pid=102805) _process_stack /opt/stack/nova/nova/api/openstack/wsgi.py:513}}
Dec 10 17:58:08.597814 n-d-821424-1 devstack@n-api.service[102805]: INFO nova.api.openstack.wsgi [None req-ade7414e-91ac-4dfc-97a0-a18f70878ad4 admin admin] HTTP exception thrown: Flavor 451 could not be found.
Dec 10 17:58:08.598395 n-d-821424-1 devstack@n-api.service[102805]: DEBUG nova.api.openstack.wsgi [None req-ade7414e-91ac-4dfc-97a0-a18f70878ad4 admin admin] Returning 404 to user: Flavor 451 could not be found. {{(pid=102805) __call__ /opt/stack/nova/nova/api/openstack/wsgi.py:936}}
Dec 10 17:58:08.599206 n-d-821424-1 devstack@n-api.service[102805]: INFO nova.api.openstack.requestlog [None req-ade7414e-91ac-4dfc-97a0-a18f70878ad4 admin admin] 10.222.0.55 "GET /compute/v2.1/flavors/451" status: 404 len: 76 microversion: 2.90 time: 0.062728
Dec 10 17:58:08.599687 n-d-821424-1 devstack@n-api.service[102805]: [pid: 102805|app: 0|req: 24/49] 10.222.0.55 () {60 vars in 1193 bytes} [Fri Dec 10 17:58:08 2021] GET /compute/v2.1/flavors/451 => generated 76 bytes in 64 msecs (HTTP/1.1 404) 9 headers in 380 bytes (1 switches on core 0)
Dec 10 17:58:08.613611 n-d-821424-1 devstack@n-api.service[102806]: DEBUG nova.api.openstack.wsgi [None req-41f7ae0a-5dff-4b73-926b-8d9b2a5c7d65 admin admin] Calling method '>' {{(pid=102806) _process_stack /opt/stack/nova/nova/api/openstack/wsgi.py:513}}
Dec 10 17:58:08.632202 n-d-821424-1 devstack@n-api.service[102806]: INFO nova.api.openstack.requestlog [None req-41f7ae0a-5dff-4b73-926b-8d9b2a5c7d65 admin admin] 10.222.0.55 "GET /compute/v2.1/flavors?is_public=None" status: 200 len: 2056 microversion: 2.90 time: 0.024188
Dec 10 17:58:08.633038 n-d-821424-1 devstack@n-api.service[102806]: [pid: 102806|app: 0|req: 26/50] 10.222.0.55 () {60 vars in 1210 bytes} [Fri Dec 10 17:58:08 2021] GET /compute/v2.1/flavors?is_public=None => generated 2056 bytes in 26 msecs (HTTP/1.1 200) 9 headers in 360 bytes (1 switches on core 0)
Dec 10 17:58:08.643016 n-d-821424-1 devstack@n-api.service[102805]: DEBUG nova.api.openstack.wsgi [None req-0dbaa343-9661-4b5b-bbc3-4169c1693a1d admin admin] Calling method '>' {{(pid=102805) _process_stack /opt/stack/nova/nova/api/openstack/wsgi.py:513}}
Dec 10 17:58:08.656850 n-d-821424-1 devstack@n-api.service[102805]: INFO nova.api.openstack.requestlog [None req-0dbaa343-9661-4b5b-bbc3-4169c1693a1d admin admin] 10.222.0.55 "GET /compute/v2.1/flavors?is_public=None" status: 200 len: 2056 microversion: 2.90 time: 0.017309
Dec 10 17:58:08.657396 n-d-821424-1 devstack@n-api.service[102805]: [pid: 102805|app: 0|req: 25/51] 10.222.0.55 () {60 vars in 1210 bytes} [Fri Dec 10 17:58:08 2021] GET /compute/v2.1/flavors?is_public=None => generated 2056 bytes in 18 msecs (HTTP/1.1 200) 9 headers in 360 bytes (1 switches on core 0)
Dec 10 17:58:08.673970 n-d-821424-1 devstack@n-api.service[102806]: DEBUG nova.api.openstack.wsgi [None req-ca7a55eb-4ba2-4579-a7ce-114b9951ffa8 admin admin] Calling method '>' {{(pid=102806) _process_stack /opt/stack/nova/nova/api/openstack/wsgi.py:513}}
Dec 10 17:58:08.681608 n-d-821424-1 devstack@n-api.service[102806]: INFO nova.api.openstack.wsgi [None req-ca7a55eb-4ba2-4579-a7ce-114b9951ffa8 admin admin] HTTP exception thrown: Flavor 451 could not be found.
Dec 10 17:58:08.682173 n-d-821424-1 devstack@n-api.service[102806]: DEBUG nova.api.openstack.wsgi [None req-ca7a55eb-4ba2-4579-a7ce-114b9951ffa8 admin admin] Returning 404 to user: Flavor 451 could not be found. {{(pid=102806) __call__ /opt/stack/nova/nova/api/openstack/wsgi.py:936}}
Dec 10 17:58:08.682986 n-d-821424-1 devstack@n-api.service[102806]: INFO nova.api.openstack.requestlog [None req-ca7a55eb-4ba2-4579-a7ce-114b9951ffa8 admin admin] 10.222.0.55 "GET /compute/v2.1/flavors/451" status: 404 len: 76 microversion: 2.90 time: 0.015002
Dec 10 17:58:08.683505 n-d-821424-1 devstack@n-api.service[102806]: [pid: 102806|app: 0|req: 27/52] 10.222.0.55 () {60 vars in 1193 bytes} [Fri Dec 10 17:58:08 2021] GET /compute/v2.1/flavors/451 => generated 76 bytes in 16 msecs (HTTP/1.1 404) 9 headers in 380 bytes (1 switches on core 0)
Dec 10 17:58:10.178949 n-d-821424-1 devstack@n-api.service[102805]: DEBUG nova.api.openstack.wsgi [None req-0dbaa343-9661-4b5b-bbc3-4169c1693a1d admin admin] Calling method '>' {{(pid=102805) _process_stack /opt/stack/nova/nova/api/openstack/wsgi.py:513}}
Dec 10 17:58:10.180061 n-d-821424-1 devstack@n-api.service[102805]: INFO nova.api.openstack.requestlog [None req-0dbaa343-9661-4b5b-bbc3-4169c1693a1d admin admin] 10.222.0.55 "GET /compute/v2.1" status: 200 len: 388 microversion: 2.1 time: 0.001598
Dec 10 17:58:10.180628 n-d-821424-1 devstack@n-api.service[102805]: [pid: 102805|app: 0|req: 26/53] 10.222.0.55 () {56 vars in 1074 bytes} [Fri Dec 10 17:58:10 2021] GET /compute/v2.1 => generated 388 bytes in 3 msecs (HTTP/1.1 200) 9 headers in 357 bytes (1 switches on core 0)
Dec 10 17:58:10.381416 n-d-821424-1 devstack@n-api.service[102806]: DEBUG nova.api.openstack.wsgi [None req-849ba2a5-155f-4ab5-a9f1-812a9a8b226d admin admin] Action: 'create', calling method: >, body: {"flavor": {"name": "m1.nano", "ram": 256, "vcpus": 1, "disk": 1, "id": "42", "swap": 0, "OS-FLV-EXT-DATA:ephemeral": 0, "rxtx_factor": 1.0, "os-flavor-access:is_public": true}} {{(pid=102806) _process_stack /opt/stack/nova/nova/api/openstack/wsgi.py:511}}
Dec 10 17:58:10.403997 n-d-821424-1 devstack@n-api.service[102806]: INFO nova.api.openstack.requestlog [None req-849ba2a5-155f-4ab5-a9f1-812a9a8b226d admin admin] 10.222.0.55 "POST /compute/v2.1/flavors" status: 200 len: 404 microversion: 2.90 time: 0.085514
Dec 10 17:58:10.404531 n-d-821424-1 devstack@n-api.service[102806]: [pid: 102806|app: 0|req: 28/54] 10.222.0.55 () {64 vars in 1235 bytes} [Fri Dec 10 17:58:10 2021] POST /compute/v2.1/flavors => generated 404 bytes in 87 msecs (HTTP/1.1 200) 9 headers in 359 bytes (1 switches on core 0)
Dec 10 17:58:11.905759 n-d-821424-1 devstack@n-api.service[102805]: DEBUG nova.api.openstack.wsgi [None req-0dbaa343-9661-4b5b-bbc3-4169c1693a1d admin admin] Calling method '>' {{(pid=102805) _process_stack /opt/stack/nova/nova/api/openstack/wsgi.py:513}}
Dec 10 17:58:11.906816 n-d-821424-1 devstack@n-api.service[102805]: INFO nova.api.openstack.requestlog [None req-0dbaa343-9661-4b5b-bbc3-4169c1693a1d admin admin] 10.222.0.55 "GET /compute/v2.1" status: 200 len: 388 microversion: 2.1 time: 0.001477
Dec 10 17:58:11.907211 n-d-821424-1 devstack@n-api.service[102805]: [pid: 102805|app: 0|req: 27/55] 10.222.0.55 () {56 vars in 1074 bytes} [Fri Dec 10 17:58:11 2021] GET /compute/v2.1 => generated 388 bytes in 2 msecs (HTTP/1.1 200) 9 headers in 357 bytes (1 switches on core 0)
Dec 10 17:58:12.110697 n-d-821424-1 devstack@n-api.service[102806]: DEBUG nova.api.openstack.wsgi [None req-1947889b-cb50-4e03-a469-f98e6d30d022 admin admin] Action: 'create', calling method: >, body: {"flavor": {"name": "m1.micro", "ram": 256, "vcpus": 1, "disk": 2, "id": "84", "swap": 0, "OS-FLV-EXT-DATA:ephemeral": 0, "rxtx_factor": 1.0, "os-flavor-access:is_public": true}} {{(pid=102806) _process_stack /opt/stack/nova/nova/api/openstack/wsgi.py:511}}
Dec 10 17:58:12.131964 n-d-821424-1 devstack@n-api.service[102806]: INFO nova.api.openstack.requestlog [None req-1947889b-cb50-4e03-a469-f98e6d30d022 admin admin] 10.222.0.55 "POST /compute/v2.1/flavors" status: 200 len: 405 microversion: 2.90 time: 0.083334
Dec 10 17:58:12.132643 n-d-821424-1 devstack@n-api.service[102806]: [pid: 102806|app: 0|req: 29/56] 10.222.0.55 () {64 vars in 1235 bytes} [Fri Dec 10 17:58:12 2021] POST /compute/v2.1/flavors => generated 405 bytes in 85 msecs (HTTP/1.1 200) 9 headers in 359 bytes (1 switches on core 0)
Dec 10 17:58:13.641011 n-d-821424-1 devstack@n-api.service[102805]: DEBUG nova.api.openstack.wsgi [None req-0dbaa343-9661-4b5b-bbc3-4169c1693a1d admin admin] Calling method '>' {{(pid=102805) _process_stack /opt/stack/nova/nova/api/openstack/wsgi.py:513}}
Dec 10 17:58:13.642017 n-d-821424-1 devstack@n-api.service[102805]: INFO nova.api.openstack.requestlog [None req-0dbaa343-9661-4b5b-bbc3-4169c1693a1d admin admin] 10.222.0.55 "GET /compute/v2.1" status: 200 len: 388 microversion: 2.1 time: 0.001531
Dec 10 17:58:13.642485 n-d-821424-1 devstack@n-api.service[102805]: [pid: 102805|app: 0|req: 28/57] 10.222.0.55 () {56 vars in 1074 bytes} [Fri Dec 10 17:58:13 2021] GET /compute/v2.1 => generated 388 bytes in 2 msecs (HTTP/1.1 200) 9 headers in 357 bytes (1 switches on core 0)
Dec 10 17:58:13.843627 n-d-821424-1 devstack@n-api.service[102806]: DEBUG nova.api.openstack.wsgi [None req-3d36a508-93ee-423b-b798-9a3fae0a5693 admin admin] Action: 'create', calling method: >, body: {"flavor": {"name": "m1.heat", "ram": 512, "vcpus": 1, "disk": 1, "id": "451", "swap": 0, "OS-FLV-EXT-DATA:ephemeral": 0, "rxtx_factor": 1.0, "os-flavor-access:is_public": true}} {{(pid=102806) _process_stack /opt/stack/nova/nova/api/openstack/wsgi.py:511}}
Dec 10 17:58:13.863348 n-d-821424-1 devstack@n-api.service[102806]: INFO nova.api.openstack.requestlog [None req-3d36a508-93ee-423b-b798-9a3fae0a5693 admin admin] 10.222.0.55 "POST /compute/v2.1/flavors" status: 200 len: 407 microversion: 2.90 time: 0.079525
Dec 10 17:58:13.863804 n-d-821424-1 devstack@n-api.service[102806]: [pid: 102806|app: 0|req: 30/58] 10.222.0.55 () {64 vars in 1235 bytes} [Fri Dec 10 17:58:13 2021] POST /compute/v2.1/flavors => generated 407 bytes in 81 msecs (HTTP/1.1 200) 9 headers in 359 bytes (1 switches on core 0)
Dec 10 17:58:15.400190 n-d-821424-1 devstack@n-api.service[102805]: DEBUG nova.api.openstack.wsgi [None req-0dbaa343-9661-4b5b-bbc3-4169c1693a1d admin admin] Calling method '>' {{(pid=102805) _process_stack /opt/stack/nova/nova/api/openstack/wsgi.py:513}}
Dec 10 17:58:15.401344 n-d-821424-1 devstack@n-api.service[102805]: INFO nova.api.openstack.requestlog [None req-0dbaa343-9661-4b5b-bbc3-4169c1693a1d admin admin] 10.222.0.55 "GET /compute/v2.1" status: 200 len: 388 microversion: 2.1 time: 0.001821
Dec 10 17:58:15.401798 n-d-821424-1 devstack@n-api.service[102805]: [pid: 102805|app: 0|req: 29/59] 10.222.0.55 () {56 vars in 1074 bytes} [Fri Dec 10 17:58:15 2021] GET /compute/v2.1 => generated 388 bytes in 3 msecs (HTTP/1.1 200) 9 headers in 357 bytes (1 switches on core 0)
Dec 10 17:58:15.616494 n-d-821424-1 devstack@n-api.service[102806]: DEBUG nova.api.openstack.wsgi [None req-290565b0-ea7f-495d-92f8-5bc4f89524d7 admin admin] Action: 'create', calling method: >, body: {"flavor": {"name": "m1.heat2", "ram": 1024, "vcpus": 1, "disk": 1, "id": "452", "swap": 0, "OS-FLV-EXT-DATA:ephemeral": 0, "rxtx_factor": 1.0, "os-flavor-access:is_public": true}} {{(pid=102806) _process_stack /opt/stack/nova/nova/api/openstack/wsgi.py:511}}
Dec 10 17:58:15.639474 n-d-821424-1 devstack@n-api.service[102806]: INFO nova.api.openstack.requestlog [None req-290565b0-ea7f-495d-92f8-5bc4f89524d7 admin admin] 10.222.0.55 "POST /compute/v2.1/flavors" status: 200 len: 409 microversion: 2.90 time: 0.091480
Dec 10 17:58:15.640028 n-d-821424-1 devstack@n-api.service[102806]: [pid: 102806|app: 0|req: 31/60] 10.222.0.55 () {64 vars in 1235 bytes} [Fri Dec 10 17:58:15 2021] POST /compute/v2.1/flavors => generated 409 bytes in 93 msecs (HTTP/1.1 200) 9 headers in 359 bytes (1 switches on core 0)
Dec 10 17:58:17.210560 n-d-821424-1 devstack@n-api.service[102805]: DEBUG nova.api.openstack.wsgi [None req-0dbaa343-9661-4b5b-bbc3-4169c1693a1d admin admin] Calling method '>' {{(pid=102805) _process_stack /opt/stack/nova/nova/api/openstack/wsgi.py:513}}
Dec 10 17:58:17.211873 n-d-821424-1 devstack@n-api.service[102805]: INFO nova.api.openstack.requestlog [None req-0dbaa343-9661-4b5b-bbc3-4169c1693a1d admin admin] 10.222.0.55 "GET /compute/v2.1" status: 200 len: 388 microversion: 2.1 time: 0.001759
Dec 10 17:58:17.212284 n-d-821424-1 devstack@n-api.service[102805]: [pid: 102805|app: 0|req: 30/61] 10.222.0.55 () {56 vars in 1074 bytes} [Fri Dec 10 17:58:17 2021] GET /compute/v2.1 => generated 388 bytes in 3 msecs (HTTP/1.1 200) 9 headers in 357 bytes (1 switches on core 0)
Dec 10 17:58:17.414138 n-d-821424-1 devstack@n-api.service[102806]: DEBUG nova.api.openstack.wsgi [None req-2c6abc68-ea8f-48ca-b4be-4a7ba528b7c3 admin admin] Calling method '>' {{(pid=102806) _process_stack /opt/stack/nova/nova/api/openstack/wsgi.py:513}}
Dec 10 17:58:17.434239 n-d-821424-1 devstack@n-api.service[102806]: INFO nova.api.openstack.requestlog [None req-2c6abc68-ea8f-48ca-b4be-4a7ba528b7c3 admin admin] 10.222.0.55 "GET /compute/v2.1/flavors/detail" status: 200 len: 5777 microversion: 2.90 time: 0.082900
Dec 10 17:58:17.434769 n-d-821424-1 devstack@n-api.service[102806]: [pid: 102806|app: 0|req: 32/62] 10.222.0.55 () {60 vars in 1202 bytes} [Fri Dec 10 17:58:17 2021] GET /compute/v2.1/flavors/detail => generated 5777 bytes in 85 msecs (HTTP/1.1 200) 9 headers in 360 bytes (1 switches on core 0)
Dec 10 17:59:06.649667 n-d-821424-1 devstack@n-api.service[102805]: DEBUG nova.api.openstack.wsgi [None req-0dbaa343-9661-4b5b-bbc3-4169c1693a1d admin admin] Calling method '>' {{(pid=102805) _process_stack /opt/stack/nova/nova/api/openstack/wsgi.py:513}}
Dec 10 17:59:06.655771 n-d-821424-1 devstack@n-api.service[102805]: INFO nova.api.openstack.requestlog [None req-0dbaa343-9661-4b5b-bbc3-4169c1693a1d admin admin] 10.222.0.55 "GET /compute/v2.1" status: 200 len: 388 microversion: 2.1 time: 0.005886
Dec 10 17:59:06.658184 n-d-821424-1 devstack@n-api.service[102805]: [pid: 102805|app: 0|req: 31/63] 10.222.0.55 () {54 vars in 930 bytes} [Fri Dec 10 17:59:06 2021] GET /compute/v2.1 => generated 388 bytes in 10 msecs (HTTP/1.1 200) 9 headers in 357 bytes (1 switches on core 0)
Dec 10 17:59:06.741820 n-d-821424-1 devstack@n-api.service[102806]: DEBUG nova.api.openstack.wsgi [None req-3151c867-7963-43fc-baff-8e0abe65edc7 admin admin] Calling method '>' {{(pid=102806) _process_stack /opt/stack/nova/nova/api/openstack/wsgi.py:513}}
Dec 10 17:59:06.763145 n-d-821424-1 devstack@n-api.service[102806]: INFO nova.api.openstack.requestlog [None req-3151c867-7963-43fc-baff-8e0abe65edc7 admin admin] 10.222.0.55 "GET /compute/v2.1/flavors/detail?is_public=True" status: 200 len: 5791 microversion: 2.61 time: 0.093896
Dec 10 17:59:06.763678 n-d-821424-1 devstack@n-api.service[102806]: [pid: 102806|app: 0|req: 33/64] 10.222.0.55 () {60 vars in 1291 bytes} [Fri Dec 10 17:59:06 2021] GET /compute/v2.1/flavors/detail?is_public=True => generated 5791 bytes in 95 msecs (HTTP/1.1 200) 9 headers in 360 bytes (1 switches on core 0)
Dec 10 17:59:06.787058 n-d-821424-1 devstack@n-api.service[102805]: DEBUG nova.api.openstack.wsgi [None req-12ffb022-fa53-4acd-a04d-663d4301ac0d admin admin] Calling method '>' {{(pid=102805) _process_stack /opt/stack/nova/nova/api/openstack/wsgi.py:513}}
Dec 10 17:59:06.796847 n-d-821424-1 devstack@n-api.service[102805]: INFO nova.api.openstack.requestlog [None req-12ffb022-fa53-4acd-a04d-663d4301ac0d admin admin] 10.222.0.55 "GET /compute/v2.1/flavors/42/os-extra_specs" status: 200 len: 19 microversion: 2.61 time: 0.013371
Dec 10 17:59:06.797435 n-d-821424-1 devstack@n-api.service[102805]: [pid: 102805|app: 0|req: 32/65] 10.222.0.55 () {60 vars in 1282 bytes} [Fri Dec 10 17:59:06 2021] GET /compute/v2.1/flavors/42/os-extra_specs => generated 19 bytes in 15 msecs (HTTP/1.1 200) 9 headers in 358 bytes (1 switches on core 0)
Dec 10 17:59:06.812686 n-d-821424-1 devstack@n-api.service[102806]: DEBUG nova.api.openstack.wsgi [None req-c0dd6cd7-0fe8-4d9f-a241-076b72022354 admin admin] Calling method '>' {{(pid=102806) _process_stack /opt/stack/nova/nova/api/openstack/wsgi.py:513}}
Dec 10 17:59:06.821890 n-d-821424-1 devstack@n-api.service[102806]: INFO nova.api.openstack.requestlog [None req-c0dd6cd7-0fe8-4d9f-a241-076b72022354 admin admin] 10.222.0.55 "GET /compute/v2.1/flavors/451/os-extra_specs" status: 200 len: 19 microversion: 2.61 time: 0.012828
Dec 10 17:59:06.822485 n-d-821424-1 devstack@n-api.service[102806]: [pid: 102806|app: 0|req: 34/66] 10.222.0.55 () {60 vars in 1285 bytes} [Fri Dec 10 17:59:06 2021] GET /compute/v2.1/flavors/451/os-extra_specs => generated 19 bytes in 14 msecs (HTTP/1.1 200) 9 headers in 358 bytes (1 switches on core 0)
Dec 10 17:59:06.835075 n-d-821424-1 devstack@n-api.service[102805]: DEBUG nova.api.openstack.wsgi [None req-3afd3531-44c6-41ce-bb9e-9c9a04e5e377 admin admin] Calling method '>' {{(pid=102805) _process_stack /opt/stack/nova/nova/api/openstack/wsgi.py:513}}
Dec 10 17:59:06.844214 n-d-821424-1 devstack@n-api.service[102805]: INFO nova.api.openstack.requestlog [None req-3afd3531-44c6-41ce-bb9e-9c9a04e5e377 admin admin] 10.222.0.55 "GET /compute/v2.1/flavors/452/os-extra_specs" status: 200 len: 19 microversion: 2.61 time: 0.012906
Dec 10 17:59:06.844774 n-d-821424-1 devstack@n-api.service[102805]: [pid: 102805|app: 0|req: 33/67] 10.222.0.55 () {60 vars in 1285 bytes} [Fri Dec 10 17:59:06 2021] GET /compute/v2.1/flavors/452/os-extra_specs => generated 19 bytes in 14 msecs (HTTP/1.1 200) 9 headers in 358 bytes (1 switches on core 0)
Dec 10 17:59:06.857654 n-d-821424-1 devstack@n-api.service[102806]: DEBUG nova.api.openstack.wsgi [None req-23450ca4-6584-442b-a511-0fc2a5abdada admin admin] Calling method '>' {{(pid=102806) _process_stack /opt/stack/nova/nova/api/openstack/wsgi.py:513}}
Dec 10 17:59:06.867986 n-d-821424-1 devstack@n-api.service[102806]: INFO nova.api.openstack.requestlog [None req-23450ca4-6584-442b-a511-0fc2a5abdada admin admin] 10.222.0.55 "GET /compute/v2.1/flavors/84/os-extra_specs" status: 200 len: 19 microversion: 2.61 time: 0.013917
