Feb 10 18:21:16.711583 n-d-821423-2 devstack@placement-api.service[103864]: DEBUG placement.requestlog [req-88e596c6-54a2-4308-a2d9-38bf8ff5cc83 req-08576672-b617-4905-8d12-a962ff892060 None None] Starting request: 10.222.0.32 "PUT /placement/allocations/3d1ccee8-5bba-4eec-9d9a-7c978c4159ee" {{(pid=103864) __call__ /opt/stack/placement/placement/requestlog.py:55}}
Feb 10 18:21:16.860076 n-d-821423-2 devstack@placement-api.service[103864]: DEBUG placement.handlers.allocation [req-88e596c6-54a2-4308-a2d9-38bf8ff5cc83 req-08576672-b617-4905-8d12-a962ff892060 service placement] Successfully wrote allocations [, , ] {{(pid=103864) _update_consumers_and_create_allocations /opt/stack/placement/placement/handlers/allocation.py:462}}
Feb 10 18:21:16.869779 n-d-821423-2 devstack@placement-api.service[103864]: INFO placement.requestlog [req-88e596c6-54a2-4308-a2d9-38bf8ff5cc83 req-08576672-b617-4905-8d12-a962ff892060 service placement] 10.222.0.32 "PUT /placement/allocations/3d1ccee8-5bba-4eec-9d9a-7c978c4159ee" status: 204 len: 0 microversion: 1.36
Feb 10 18:21:16.870879 n-d-821423-2 devstack@placement-api.service[103864]: [pid: 103864|app: 0|req: 230/461] 10.222.0.32 () {64 vars in 1433 bytes} [Thu Feb 10 18:21:16 2022] PUT /placement/allocations/3d1ccee8-5bba-4eec-9d9a-7c978c4159ee => generated 0 bytes in 159 msecs (HTTP/1.1 204) 5 headers in 199 bytes (2 switches on core 0)
Feb 10 18:21:17.609872 n-d-821423-2 devstack@placement-api.service[103863]: DEBUG placement.requestlog [req-88e596c6-54a2-4308-a2d9-38bf8ff5cc83 req-0fb19169-1c0a-4246-aade-41b50a5ed180 None None] Starting request: 10.222.0.45 "GET /placement/allocations/3d1ccee8-5bba-4eec-9d9a-7c978c4159ee" {{(pid=103863) __call__ /opt/stack/placement/placement/requestlog.py:55}}
Feb 10 18:21:17.643234 n-d-821423-2 devstack@placement-api.service[103863]: INFO placement.requestlog [req-88e596c6-54a2-4308-a2d9-38bf8ff5cc83 req-0fb19169-1c0a-4246-aade-41b50a5ed180 service placement] 10.222.0.45 "GET /placement/allocations/3d1ccee8-5bba-4eec-9d9a-7c978c4159ee" status: 200 len: 259 microversion: 1.28
Feb 10 18:21:17.647433 n-d-821423-2 devstack@placement-api.service[103863]: [pid: 103863|app: 0|req: 232/462] 10.222.0.45 () {60 vars in 1377 bytes} [Thu Feb 10 18:21:17 2022] GET /placement/allocations/3d1ccee8-5bba-4eec-9d9a-7c978c4159ee => generated 259 bytes in 37 msecs (HTTP/1.1 200) 8 headers in 296 bytes (1 switches on core 0)
Feb 10 18:21:21.783578 n-d-821423-2 devstack@placement-api.service[103864]: DEBUG placement.requestlog [req-ea23cbbf-437e-4966-951d-6662c6f469b4 req-b525ed05-20f3-4bc5-b2b7-016873807e69 None None] Starting request: 10.222.0.45 "GET /placement/allocations/359e394d-0acb-4472-a7f9-e9f8695757e5" {{(pid=103864) __call__ /opt/stack/placement/placement/requestlog.py:55}}
Feb 10 18:21:21.820204 n-d-821423-2 devstack@placement-api.service[103864]: INFO placement.requestlog [req-ea23cbbf-437e-4966-951d-6662c6f469b4 req-b525ed05-20f3-4bc5-b2b7-016873807e69 service placement] 10.222.0.45 "GET /placement/allocations/359e394d-0acb-4472-a7f9-e9f8695757e5" status: 200 len: 245 microversion: 1.28
Feb 10 18:21:21.821790 n-d-821423-2 devstack@placement-api.service[103864]: [pid: 103864|app: 0|req: 231/463] 10.222.0.45 () {60 vars in 1377 bytes} [Thu Feb 10 18:21:21 2022] GET /placement/allocations/359e394d-0acb-4472-a7f9-e9f8695757e5 => generated 245 bytes in 39 msecs (HTTP/1.1 200) 8 headers in 296 bytes (1 switches on core 0)
Feb 10 18:21:21.832342 n-d-821423-2 devstack@placement-api.service[103863]: DEBUG placement.requestlog [req-ea23cbbf-437e-4966-951d-6662c6f469b4 req-39a08276-d556-4fdb-a0ab-9e24c3594495 None None] Starting request: 10.222.0.45 "GET /placement/allocations/359e394d-0acb-4472-a7f9-e9f8695757e5" {{(pid=103863) __call__ /opt/stack/placement/placement/requestlog.py:55}}
Feb 10 18:21:21.867471 n-d-821423-2 devstack@placement-api.service[103863]: INFO placement.requestlog [req-ea23cbbf-437e-4966-951d-6662c6f469b4 req-39a08276-d556-4fdb-a0ab-9e24c3594495 service placement] 10.222.0.45 "GET /placement/allocations/359e394d-0acb-4472-a7f9-e9f8695757e5" status: 200 len: 245 microversion: 1.28
Feb 10 18:21:21.868392 n-d-821423-2 devstack@placement-api.service[103863]: [pid: 103863|app: 0|req: 233/464] 10.222.0.45 () {60 vars in 1377 bytes} [Thu Feb 10 18:21:21 2022] GET /placement/allocations/359e394d-0acb-4472-a7f9-e9f8695757e5 => generated 245 bytes in 36 msecs (HTTP/1.1 200) 8 headers in 296 bytes (1 switches on core 0)
Feb 10 18:21:21.875009 n-d-821423-2 devstack@placement-api.service[103864]: DEBUG placement.requestlog [req-ea23cbbf-437e-4966-951d-6662c6f469b4 req-9521d412-8329-4e81-a238-da89e57d2682 None None] Starting request: 10.222.0.45 "GET /placement/allocations/2d523c19-1d60-4c4a-87ad-14bf917f6afc" {{(pid=103864) __call__ /opt/stack/placement/placement/requestlog.py:55}}
Feb 10 18:21:21.921082 n-d-821423-2 devstack@placement-api.service[103864]: INFO placement.requestlog [req-ea23cbbf-437e-4966-951d-6662c6f469b4 req-9521d412-8329-4e81-a238-da89e57d2682 service placement] 10.222.0.45 "GET /placement/allocations/2d523c19-1d60-4c4a-87ad-14bf917f6afc" status: 200 len: 245 microversion: 1.28
Feb 10 18:21:21.922698 n-d-821423-2 devstack@placement-api.service[103864]: [pid: 103864|app: 0|req: 232/465] 10.222.0.45 () {60 vars in 1377 bytes} [Thu Feb 10 18:21:21 2022] GET /placement/allocations/2d523c19-1d60-4c4a-87ad-14bf917f6afc => generated 245 bytes in 48 msecs (HTTP/1.1 200) 8 headers in 296 bytes (1 switches on core 0)
Feb 10 18:21:21.932532 n-d-821423-2 devstack@placement-api.service[103863]: DEBUG placement.requestlog [req-ea23cbbf-437e-4966-951d-6662c6f469b4 req-0e7e0ed7-9910-4b56-a57e-e064f1b3f27e None None] Starting request: 10.222.0.45 "POST /placement/allocations" {{(pid=103863) __call__ /opt/stack/placement/placement/requestlog.py:55}}
Feb 10 18:21:22.152375 n-d-821423-2 devstack@placement-api.service[103863]: DEBUG placement.handlers.allocation [req-ea23cbbf-437e-4966-951d-6662c6f469b4 req-0e7e0ed7-9910-4b56-a57e-e064f1b3f27e service placement] Successfully wrote allocations [, , , ] {{(pid=103863) _update_consumers_and_create_allocations /opt/stack/placement/placement/handlers/allocation.py:572}}
Feb 10 18:21:22.157846 n-d-821423-2 devstack@placement-api.service[103863]: INFO placement.requestlog [req-ea23cbbf-437e-4966-951d-6662c6f469b4 req-0e7e0ed7-9910-4b56-a57e-e064f1b3f27e service placement] 10.222.0.45 "POST /placement/allocations" status: 204 len: 0 microversion: 1.28
Feb 10 18:21:22.158818 n-d-821423-2 devstack@placement-api.service[103863]: [pid: 103863|app: 0|req: 234/466] 10.222.0.45 () {64 vars in 1320 bytes} [Thu Feb 10 18:21:21 2022] POST /placement/allocations => generated 0 bytes in 227 msecs (HTTP/1.1 204) 5 headers in 199 bytes (1 switches on core 0)
Feb 10 18:21:26.690486 n-d-821423-2 devstack@placement-api.service[103864]: DEBUG placement.requestlog [req-d555c1ae-f4cf-4940-a4b8-3a9edeef4a97 req-a84ba2e8-07f0-4683-af66-a8d7c92dc822 None None] Starting request: 10.222.0.45 "DELETE /placement/allocations/baec8c6d-2e16-46ef-b231-1f7f4f1f7dad" {{(pid=103864) __call__ /opt/stack/placement/placement/requestlog.py:55}}
Feb 10 18:21:26.734143 n-d-821423-2 devstack@placement-api.service[103864]: DEBUG placement.handlers.allocation [req-d555c1ae-f4cf-4940-a4b8-3a9edeef4a97 req-a84ba2e8-07f0-4683-af66-a8d7c92dc822 service placement] Successfully deleted allocations [, , ] {{(pid=103864) delete_allocations /opt/stack/placement/placement/handlers/allocation.py:627}}
Feb 10 18:21:26.747556 n-d-821423-2 devstack@placement-api.service[103864]: INFO placement.requestlog [req-d555c1ae-f4cf-4940-a4b8-3a9edeef4a97 req-a84ba2e8-07f0-4683-af66-a8d7c92dc822 service placement] 10.222.0.45 "DELETE /placement/allocations/baec8c6d-2e16-46ef-b231-1f7f4f1f7dad" status: 204 len: 0 microversion: 1.0
Feb 10 18:21:26.748496 n-d-821423-2 devstack@placement-api.service[103864]: [pid: 103864|app: 0|req: 233/467] 10.222.0.45 () {60 vars in 1355 bytes} [Thu Feb 10 18:21:26 2022] DELETE /placement/allocations/baec8c6d-2e16-46ef-b231-1f7f4f1f7dad => generated 0 bytes in 58 msecs (HTTP/1.1 204) 5 headers in 198 bytes (1 switches on core 0)
Feb 10 18:21:31.890153 n-d-821423-2 devstack@placement-api.service[103863]: DEBUG placement.requestlog [req-5e66fcfb-097c-4984-bbac-3f55ee2936fc req-6146113b-673a-4654-a8d9-00bb352679a4 None None] Starting request: 10.222.0.45 "DELETE /placement/allocations/abe96323-f471-4644-88ed-f48e8377a317" {{(pid=103863) __call__ /opt/stack/placement/placement/requestlog.py:55}}
Feb 10 18:21:31.955263 n-d-821423-2 devstack@placement-api.service[103863]: DEBUG placement.handlers.allocation [req-5e66fcfb-097c-4984-bbac-3f55ee2936fc req-6146113b-673a-4654-a8d9-00bb352679a4 service placement] Successfully deleted allocations [, , ] {{(pid=103863) delete_allocations /opt/stack/placement/placement/handlers/allocation.py:627}}
Feb 10 18:21:31.955801 n-d-821423-2 devstack@placement-api.service[103863]: INFO placement.requestlog [req-5e66fcfb-097c-4984-bbac-3f55ee2936fc req-6146113b-673a-4654-a8d9-00bb352679a4 service placement] 10.222.0.45 "DELETE /placement/allocations/abe96323-f471-4644-88ed-f48e8377a317" status: 204 len: 0 microversion: 1.0
Feb 10 18:21:31.956655 n-d-821423-2 devstack@placement-api.service[103863]: [pid: 103863|app: 0|req: 235/468] 10.222.0.45 () {60 vars in 1355 bytes} [Thu Feb 10 18:21:31 2022] DELETE /placement/allocations/abe96323-f471-4644-88ed-f48e8377a317 => generated 0 bytes in 67 msecs (HTTP/1.1 204) 5 headers in 198 bytes (1 switches on core 0)
Feb 10 18:21:35.630293 n-d-821423-2 devstack@placement-api.service[103864]: DEBUG placement.requestlog [req-8e120913-4d79-4178-936e-2081e763b205 req-1a87021f-cd2e-4e80-9804-3caea7cab8b1 None None] Starting request: 10.222.0.32 "GET /placement/allocation_candidates?limit=1000&resources=DISK_GB%3A1%2CMEMORY_MB%3A1024%2CVCPU%3A1&root_required=%21COMPUTE_STATUS_DISABLED" {{(pid=103864) __call__ /opt/stack/placement/placement/requestlog.py:55}}
Feb 10 18:21:35.703341 n-d-821423-2 devstack@placement-api.service[103864]: DEBUG placement.objects.research_context [req-8e120913-4d79-4178-936e-2081e763b205 req-1a87021f-cd2e-4e80-9804-3caea7cab8b1 service placement] getting providers with 1 DISK_GB {{(pid=103864) __init__ /opt/stack/placement/placement/objects/research_context.py:126}}
Feb 10 18:21:35.716899 n-d-821423-2 devstack@placement-api.service[103864]: DEBUG placement.objects.research_context [req-8e120913-4d79-4178-936e-2081e763b205 req-1a87021f-cd2e-4e80-9804-3caea7cab8b1 service placement] getting providers with 1024 MEMORY_MB {{(pid=103864) __init__ /opt/stack/placement/placement/objects/research_context.py:126}}
Feb 10 18:21:35.725628 n-d-821423-2 devstack@placement-api.service[103864]: DEBUG placement.objects.research_context [req-8e120913-4d79-4178-936e-2081e763b205 req-1a87021f-cd2e-4e80-9804-3caea7cab8b1 service placement] getting providers with 1 VCPU {{(pid=103864) __init__ /opt/stack/placement/placement/objects/research_context.py:126}}
Feb 10 18:21:35.749880 n-d-821423-2 devstack@placement-api.service[103864]: DEBUG placement.objects.research_context [req-8e120913-4d79-4178-936e-2081e763b205 req-1a87021f-cd2e-4e80-9804-3caea7cab8b1 service placement] found 2 providers with available 1 DISK_GB {{(pid=103864) get_provider_ids_matching /opt/stack/placement/placement/objects/research_context.py:549}}
Feb 10 18:21:35.750404 n-d-821423-2 devstack@placement-api.service[103864]: DEBUG placement.objects.research_context [req-8e120913-4d79-4178-936e-2081e763b205 req-1a87021f-cd2e-4e80-9804-3caea7cab8b1 service placement] found 2 providers with available 1024 MEMORY_MB {{(pid=103864) get_provider_ids_matching /opt/stack/placement/placement/objects/research_context.py:549}}
Feb 10 18:21:35.750680 n-d-821423-2 devstack@placement-api.service[103864]: DEBUG placement.objects.research_context [req-8e120913-4d79-4178-936e-2081e763b205 req-1a87021f-cd2e-4e80-9804-3caea7cab8b1 service placement] found 2 providers after filtering by previous result {{(pid=103864) get_provider_ids_matching /opt/stack/placement/placement/objects/research_context.py:580}}
Feb 10 18:21:35.751159 n-d-821423-2 devstack@placement-api.service[103864]: DEBUG placement.objects.research_context [req-8e120913-4d79-4178-936e-2081e763b205 req-1a87021f-cd2e-4e80-9804-3caea7cab8b1 service placement] found 2 providers with available 1 VCPU {{(pid=103864) get_provider_ids_matching /opt/stack/placement/placement/objects/research_context.py:549}}
Feb 10 18:21:35.751739 n-d-821423-2 devstack@placement-api.service[103864]: DEBUG placement.objects.research_context [req-8e120913-4d79-4178-936e-2081e763b205 req-1a87021f-cd2e-4e80-9804-3caea7cab8b1 service placement] found 2 providers after filtering by previous result {{(pid=103864) get_provider_ids_matching /opt/stack/placement/placement/objects/research_context.py:580}}
Feb 10 18:21:35.768118 n-d-821423-2 devstack@placement-api.service[103864]: DEBUG placement.objects.allocation_candidate [req-8e120913-4d79-4178-936e-2081e763b205 req-1a87021f-cd2e-4e80-9804-3caea7cab8b1 service placement] RequestGroup(use_same_provider=False, resources={DISK_GB:1, MEMORY_MB:1024, VCPU:1}, traits=[], aggregates=[]) (suffix '') returned 2 matches {{(pid=103864) _get_by_requests /opt/stack/placement/placement/objects/allocation_candidate.py:145}}
Feb 10 18:21:35.768642 n-d-821423-2 devstack@placement-api.service[103864]: DEBUG placement.objects.allocation_candidate [req-8e120913-4d79-4178-936e-2081e763b205 req-1a87021f-cd2e-4e80-9804-3caea7cab8b1 service placement] Merging candidates yields 2 allocation requests and 2 provider summaries {{(pid=103864) _merge_candidates /opt/stack/placement/placement/objects/allocation_candidate.py:783}}
Feb 10 18:21:35.770864 n-d-821423-2 devstack@placement-api.service[103864]: INFO placement.requestlog [req-8e120913-4d79-4178-936e-2081e763b205 req-1a87021f-cd2e-4e80-9804-3caea7cab8b1 service placement] 10.222.0.32 "GET /placement/allocation_candidates?limit=1000&resources=DISK_GB%3A1%2CMEMORY_MB%3A1024%2CVCPU%3A1&root_required=%21COMPUTE_STATUS_DISABLED" status: 200 len: 1309 microversion: 1.36
Feb 10 18:21:35.774764 n-d-821423-2 devstack@placement-api.service[103864]: [pid: 103864|app: 0|req: 234/469] 10.222.0.32 () {60 vars in 1506 bytes} [Thu Feb 10 18:21:35 2022] GET /placement/allocation_candidates?limit=1000&resources=DISK_GB%3A1%2CMEMORY_MB%3A1024%2CVCPU%3A1&root_required=%21COMPUTE_STATUS_DISABLED => generated 1309 bytes in 145 msecs (HTTP/1.1 200) 8 headers in 297 bytes (1 switches on core 0)
Feb 10 18:21:35.871010 n-d-821423-2 devstack@placement-api.service[103863]: DEBUG placement.requestlog [req-a8a84d43-ade9-4536-b9e4-4f32d64ee4fc req-a99f0681-d4fb-4064-a3fb-c99cfbca5f90 None None] Starting request: 10.222.0.45 "DELETE /placement/allocations/4655be21-abdf-42ee-807f-4cb9e2b1b3eb" {{(pid=103863) __call__ /opt/stack/placement/placement/requestlog.py:55}}
Feb 10 18:21:35.884595 n-d-821423-2 devstack@placement-api.service[103864]: DEBUG placement.requestlog [req-8e120913-4d79-4178-936e-2081e763b205 req-915ad03a-8d57-4199-a892-264d98c9db3d None None] Starting request: 10.222.0.32 "GET /placement/allocations/edc141e7-efce-43c1-853e-f08d518d1fe9" {{(pid=103864) __call__ /opt/stack/placement/placement/requestlog.py:55}}
Feb 10 18:21:35.906476 n-d-821423-2 devstack@placement-api.service[103864]: INFO placement.requestlog [req-8e120913-4d79-4178-936e-2081e763b205 req-915ad03a-8d57-4199-a892-264d98c9db3d service placement] 10.222.0.32 "GET /placement/allocations/edc141e7-efce-43c1-853e-f08d518d1fe9" status: 200 len: 19 microversion: 1.28
Feb 10 18:21:35.906976 n-d-821423-2 devstack@placement-api.service[103864]: [pid: 103864|app: 0|req: 235/470] 10.222.0.32 () {60 vars in 1380 bytes} [Thu Feb 10 18:21:35 2022] GET /placement/allocations/edc141e7-efce-43c1-853e-f08d518d1fe9 => generated 19 bytes in 23 msecs (HTTP/1.1 200) 8 headers in 295 bytes (2 switches on core 0)
Feb 10 18:21:35.915020 n-d-821423-2 devstack@placement-api.service[103864]: DEBUG placement.requestlog [req-8e120913-4d79-4178-936e-2081e763b205 req-29b65223-739b-4f9f-84d2-d4b6a817afa4 None None] Starting request: 10.222.0.32 "PUT /placement/allocations/edc141e7-efce-43c1-853e-f08d518d1fe9" {{(pid=103864) __call__ /opt/stack/placement/placement/requestlog.py:55}}
Feb 10 18:21:35.937114 n-d-821423-2 devstack@placement-api.service[103863]: DEBUG placement.handlers.allocation [req-a8a84d43-ade9-4536-b9e4-4f32d64ee4fc req-a99f0681-d4fb-4064-a3fb-c99cfbca5f90 service placement] Successfully deleted allocations [, , ] {{(pid=103863) delete_allocations /opt/stack/placement/placement/handlers/allocation.py:627}}
Feb 10 18:21:35.938023 n-d-821423-2 devstack@placement-api.service[103863]: INFO placement.requestlog [req-a8a84d43-ade9-4536-b9e4-4f32d64ee4fc req-a99f0681-d4fb-4064-a3fb-c99cfbca5f90 service placement] 10.222.0.45 "DELETE /placement/allocations/4655be21-abdf-42ee-807f-4cb9e2b1b3eb" status: 204 len: 0 microversion: 1.0
Feb 10 18:21:35.938840 n-d-821423-2 devstack@placement-api.service[103863]: [pid: 103863|app: 0|req: 236/471] 10.222.0.45 () {60 vars in 1355 bytes} [Thu Feb 10 18:21:35 2022] DELETE /placement/allocations/4655be21-abdf-42ee-807f-4cb9e2b1b3eb => generated 0 bytes in 68 msecs (HTTP/1.1 204) 5 headers in 198 bytes (1 switches on core 0)
Feb 10 18:21:36.069176 n-d-821423-2 devstack@placement-api.service[103864]: DEBUG placement.handlers.allocation [req-8e120913-4d79-4178-936e-2081e763b205 req-29b65223-739b-4f9f-84d2-d4b6a817afa4 service placement] Successfully wrote allocations [, , ] {{(pid=103864) _update_consumers_and_create_allocations /opt/stack/placement/placement/handlers/allocation.py:462}}
Feb 10 18:21:36.076540 n-d-821423-2 devstack@placement-api.service[103864]: INFO placement.requestlog [req-8e120913-4d79-4178-936e-2081e763b205 req-29b65223-739b-4f9f-84d2-d4b6a817afa4 service placement] 10.222.0.32 "PUT /placement/allocations/edc141e7-efce-43c1-853e-f08d518d1fe9" status: 204 len: 0 microversion: 1.36
Feb 10 18:21:36.077373 n-d-821423-2 devstack@placement-api.service[103864]: [pid: 103864|app: 0|req: 236/472] 10.222.0.32 () {64 vars in 1433 bytes} [Thu Feb 10 18:21:35 2022] PUT /placement/allocations/edc141e7-efce-43c1-853e-f08d518d1fe9 => generated 0 bytes in 163 msecs (HTTP/1.1 204) 5 headers in 199 bytes (1 switches on core 0)
Feb 10 18:21:36.634353 n-d-821423-2 devstack@placement-api.service[103863]: DEBUG placement.requestlog [req-8e120913-4d79-4178-936e-2081e763b205 req-b2f6b50d-831c-4f4a-b6c3-82c75b7977f8 None None] Starting request: 10.222.0.45 "GET /placement/allocations/edc141e7-efce-43c1-853e-f08d518d1fe9" {{(pid=103863) __call__ /opt/stack/placement/placement/requestlog.py:55}}
Feb 10 18:21:36.664115 n-d-821423-2 devstack@placement-api.service[103863]: INFO placement.requestlog [req-8e120913-4d79-4178-936e-2081e763b205 req-b2f6b50d-831c-4f4a-b6c3-82c75b7977f8 service placement] 10.222.0.45 "GET /placement/allocations/edc141e7-efce-43c1-853e-f08d518d1fe9" status: 200 len: 259 microversion: 1.28
Feb 10 18:21:36.665130 n-d-821423-2 devstack@placement-api.service[103863]: [pid: 103863|app: 0|req: 237/473] 10.222.0.45 () {60 vars in 1377 bytes} [Thu Feb 10 18:21:36 2022] GET /placement/allocations/edc141e7-efce-43c1-853e-f08d518d1fe9 => generated 259 bytes in 31 msecs (HTTP/1.1 200) 8 headers in 296 bytes (1 switches on core 0)
Feb 10 18:21:48.053909 n-d-821423-2 devstack@placement-api.service[103864]: DEBUG placement.requestlog [req-4750d655-9a0f-40f8-ba25-4d7306a9e811 req-49ba4017-a49d-4438-9c39-082de0cb21dd None None] Starting request: 10.222.0.45 "DELETE /placement/allocations/2d523c19-1d60-4c4a-87ad-14bf917f6afc" {{(pid=103864) __call__ /opt/stack/placement/placement/requestlog.py:55}}
Feb 10 18:21:48.117885 n-d-821423-2 devstack@placement-api.service[103864]: DEBUG placement.handlers.allocation [req-4750d655-9a0f-40f8-ba25-4d7306a9e811 req-49ba4017-a49d-4438-9c39-082de0cb21dd service placement] Successfully deleted allocations [, ] {{(pid=103864) delete_allocations /opt/stack/placement/placement/handlers/allocation.py:627}}
Feb 10 18:21:48.118719 n-d-821423-2 devstack@placement-api.service[103864]: INFO placement.requestlog [req-4750d655-9a0f-40f8-ba25-4d7306a9e811 req-49ba4017-a49d-4438-9c39-082de0cb21dd service placement] 10.222.0.45 "DELETE /placement/allocations/2d523c19-1d60-4c4a-87ad-14bf917f6afc" status: 204 len: 0 microversion: 1.0
Feb 10 18:21:48.121045 n-d-821423-2 devstack@placement-api.service[103864]: [pid: 103864|app: 0|req: 237/474] 10.222.0.45 () {60 vars in 1355 bytes} [Thu Feb 10 18:21:48 2022] DELETE /placement/allocations/2d523c19-1d60-4c4a-87ad-14bf917f6afc => generated 0 bytes in 67 msecs (HTTP/1.1 204) 5 headers in 198 bytes (1 switches on core 0)
Feb 10 18:21:53.306792 n-d-821423-2 devstack@placement-api.service[103863]: DEBUG placement.requestlog [req-ddce7e12-dcd6-4b19-95ed-b9fb39fc1f98 req-8e861676-f644-4bd0-9ea9-ec2ced847b11 None None] Starting request: 10.222.0.45 "GET /placement/resource_providers?in_tree=c562c955-103e-4744-a0d6-ba61b5d34e57" {{(pid=103863) __call__ /opt/stack/placement/placement/requestlog.py:55}}
Feb 10 18:21:53.595344 n-d-821423-2 devstack@placement-api.service[103863]: INFO placement.requestlog [req-ddce7e12-dcd6-4b19-95ed-b9fb39fc1f98 req-8e861676-f644-4bd0-9ea9-ec2ced847b11 service placement] 10.222.0.45 "GET /placement/resource_providers?in_tree=c562c955-103e-4744-a0d6-ba61b5d34e57" status: 200 len: 863 microversion: 1.14
Feb 10 18:21:53.596803 n-d-821423-2 devstack@placement-api.service[103863]: [pid: 103863|app: 0|req: 238/475] 10.222.0.45 () {60 vars in 1376 bytes} [Thu Feb 10 18:21:53 2022] GET /placement/resource_providers?in_tree=c562c955-103e-4744-a0d6-ba61b5d34e57 => generated 863 bytes in 290 msecs (HTTP/1.1 200) 6 headers in 225 bytes (1 switches on core 0)
Feb 10 18:21:53.609692 n-d-821423-2 devstack@placement-api.service[103864]: DEBUG placement.requestlog [req-ddce7e12-dcd6-4b19-95ed-b9fb39fc1f98 req-0a8279c8-0626-4b40-9aa4-baa40fbfa4e7 None None] Starting request: 10.222.0.45 "GET /placement/resource_providers/c562c955-103e-4744-a0d6-ba61b5d34e57/inventories" {{(pid=103864) __call__ /opt/stack/placement/placement/requestlog.py:55}}
Feb 10 18:21:53.655507 n-d-821423-2 devstack@placement-api.service[103864]: INFO placement.requestlog [req-ddce7e12-dcd6-4b19-95ed-b9fb39fc1f98 req-0a8279c8-0626-4b40-9aa4-baa40fbfa4e7 service placement] 10.222.0.45 "GET /placement/resource_providers/c562c955-103e-4744-a0d6-ba61b5d34e57/inventories" status: 200 len: 398 microversion: 1.0
Feb 10 18:21:53.656168 n-d-821423-2 devstack@placement-api.service[103864]: [pid: 103864|app: 0|req: 238/476] 10.222.0.45 () {58 vars in 1390 bytes} [Thu Feb 10 18:21:53 2022] GET /placement/resource_providers/c562c955-103e-4744-a0d6-ba61b5d34e57/inventories => generated 398 bytes in 47 msecs (HTTP/1.1 200) 6 headers in 224 bytes (1 switches on core 0)
Feb 10 18:21:53.665721 n-d-821423-2 devstack@placement-api.service[103863]: DEBUG placement.requestlog [req-ddce7e12-dcd6-4b19-95ed-b9fb39fc1f98 req-7c6a78ec-b6f7-4369-ac24-8ef2865ff377 None None] Starting request: 10.222.0.45 "GET /placement/resource_providers/c562c955-103e-4744-a0d6-ba61b5d34e57/aggregates" {{(pid=103863) __call__ /opt/stack/placement/placement/requestlog.py:55}}
Feb 10 18:21:53.686894 n-d-821423-2 devstack@placement-api.service[103863]: INFO placement.requestlog [req-ddce7e12-dcd6-4b19-95ed-b9fb39fc1f98 req-7c6a78ec-b6f7-4369-ac24-8ef2865ff377 service placement] 10.222.0.45 "GET /placement/resource_providers/c562c955-103e-4744-a0d6-ba61b5d34e57/aggregates" status: 200 len: 54 microversion: 1.19
Feb 10 18:21:53.687553 n-d-821423-2 devstack@placement-api.service[103863]: [pid: 103863|app: 0|req: 239/477] 10.222.0.45 () {60 vars in 1431 bytes} [Thu Feb 10 18:21:53 2022] GET /placement/resource_providers/c562c955-103e-4744-a0d6-ba61b5d34e57/aggregates => generated 54 bytes in 22 msecs (HTTP/1.1 200) 8 headers in 295 bytes (1 switches on core 0)
Feb 10 18:21:53.695388 n-d-821423-2 devstack@placement-api.service[103864]: DEBUG placement.requestlog [req-ddce7e12-dcd6-4b19-95ed-b9fb39fc1f98 req-4f8f877e-50e1-4e09-adbd-e16a27e5e4f4 None None] Starting request: 10.222.0.45 "GET /placement/resource_providers/c562c955-103e-4744-a0d6-ba61b5d34e57/traits" {{(pid=103864) __call__ /opt/stack/placement/placement/requestlog.py:55}}
Feb 10 18:21:53.768068 n-d-821423-2 devstack@placement-api.service[103864]: INFO placement.requestlog [req-ddce7e12-dcd6-4b19-95ed-b9fb39fc1f98 req-4f8f877e-50e1-4e09-adbd-e16a27e5e4f4 service placement] 10.222.0.45 "GET /placement/resource_providers/c562c955-103e-4744-a0d6-ba61b5d34e57/traits" status: 200 len: 212 microversion: 1.6
Feb 10 18:21:53.771104 n-d-821423-2 devstack@placement-api.service[103864]: [pid: 103864|app: 0|req: 239/478] 10.222.0.45 () {60 vars in 1418 bytes} [Thu Feb 10 18:21:53 2022] GET /placement/resource_providers/c562c955-103e-4744-a0d6-ba61b5d34e57/traits => generated 212 bytes in 76 msecs (HTTP/1.1 200) 6 headers in 224 bytes (1 switches on core 0)
Feb 10 18:21:54.031330 n-d-821423-2 devstack@placement-api.service[103863]: DEBUG placement.requestlog [req-ddce7e12-dcd6-4b19-95ed-b9fb39fc1f98 req-726acf2a-3925-4044-8141-eac1063faeab None None] Starting request: 10.222.0.45 "DELETE /placement/allocations/3d1ccee8-5bba-4eec-9d9a-7c978c4159ee" {{(pid=103863) __call__ /opt/stack/placement/placement/requestlog.py:55}}
Feb 10 18:21:54.110057 n-d-821423-2 devstack@placement-api.service[103863]: DEBUG placement.handlers.allocation [req-ddce7e12-dcd6-4b19-95ed-b9fb39fc1f98 req-726acf2a-3925-4044-8141-eac1063faeab service placement] Successfully deleted allocations [, , ] {{(pid=103863) delete_allocations /opt/stack/placement/placement/handlers/allocation.py:627}}
Feb 10 18:21:54.111115 n-d-821423-2 devstack@placement-api.service[103863]: INFO placement.requestlog [req-ddce7e12-dcd6-4b19-95ed-b9fb39fc1f98 req-726acf2a-3925-4044-8141-eac1063faeab service placement] 10.222.0.45 "DELETE /placement/allocations/3d1ccee8-5bba-4eec-9d9a-7c978c4159ee" status: 204 len: 0 microversion: 1.0
Feb 10 18:21:54.112585 n-d-821423-2 devstack@placement-api.service[103863]: [pid: 103863|app: 0|req: 240/479] 10.222.0.45 () {60 vars in 1355 bytes} [Thu Feb 10 18:21:54 2022] DELETE /placement/allocations/3d1ccee8-5bba-4eec-9d9a-7c978c4159ee => generated 0 bytes in 81 msecs (HTTP/1.1 204) 5 headers in 198 bytes (2 switches on core 0)
Feb 10 18:21:54.265528 n-d-821423-2 devstack@placement-api.service[103864]: DEBUG placement.requestlog [req-07cc8fcc-fa31-4b32-b223-8c731751c58f req-56c063c8-49a4-4cd5-8cbd-156677fc5008 None None] Starting request: 10.222.0.45 "GET /placement/resource_providers/c562c955-103e-4744-a0d6-ba61b5d34e57/allocations" {{(pid=103864) __call__ /opt/stack/placement/placement/requestlog.py:55}}
Feb 10 18:21:54.306345 n-d-821423-2 devstack@placement-api.service[103864]: INFO placement.requestlog [req-07cc8fcc-fa31-4b32-b223-8c731751c58f req-56c063c8-49a4-4cd5-8cbd-156677fc5008 service placement] 10.222.0.45 "GET /placement/resource_providers/c562c955-103e-4744-a0d6-ba61b5d34e57/allocations" status: 200 len: 558 microversion: 1.0
Feb 10 18:21:54.306756 n-d-821423-2 devstack@placement-api.service[103864]: [pid: 103864|app: 0|req: 240/480] 10.222.0.45 () {58 vars in 1390 bytes} [Thu Feb 10 18:21:54 2022] GET /placement/resource_providers/c562c955-103e-4744-a0d6-ba61b5d34e57/allocations => generated 558 bytes in 42 msecs (HTTP/1.1 200) 6 headers in 224 bytes (1 switches on core 0)
Feb 10 18:21:55.814267 n-d-821423-2 devstack@placement-api.service[103863]: DEBUG placement.requestlog [req-0a32dd5d-c5d7-47b3-81b3-ef87eab29f5e req-56b7a7f8-66d5-4a41-a9ef-8b84421d2923 None None] Starting request: 10.222.0.43 "GET /placement/resource_providers/8b4ba076-8282-4632-a1f5-6f2735df53d9/allocations" {{(pid=103863) __call__ /opt/stack/placement/placement/requestlog.py:55}}
Feb 10 18:21:56.149533 n-d-821423-2 devstack@placement-api.service[103863]: INFO placement.requestlog [req-0a32dd5d-c5d7-47b3-81b3-ef87eab29f5e req-56b7a7f8-66d5-4a41-a9ef-8b84421d2923 service placement] 10.222.0.43 "GET /placement/resource_providers/8b4ba076-8282-4632-a1f5-6f2735df53d9/allocations" status: 200 len: 659 microversion: 1.0
Feb 10 18:21:56.150377 n-d-821423-2 devstack@placement-api.service[103863]: [pid: 103863|app: 0|req: 241/481] 10.222.0.43 () {58 vars in 1390 bytes} [Thu Feb 10 18:21:55 2022] GET /placement/resource_providers/8b4ba076-8282-4632-a1f5-6f2735df53d9/allocations => generated 659 bytes in 336 msecs (HTTP/1.1 200) 6 headers in 224 bytes (1 switches on core 0)
Feb 10 18:21:56.205348 n-d-821423-2 devstack@placement-api.service[103864]: DEBUG placement.requestlog [req-0a32dd5d-c5d7-47b3-81b3-ef87eab29f5e req-7fd7884b-b850-4bc6-9a0e-3570ed2048a4 None None] Starting request: 10.222.0.43 "GET /placement/resource_providers?in_tree=8b4ba076-8282-4632-a1f5-6f2735df53d9" {{(pid=103864) __call__ /opt/stack/placement/placement/requestlog.py:55}}
Feb 10 18:21:56.237863 n-d-821423-2 devstack@placement-api.service[103864]: INFO placement.requestlog [req-0a32dd5d-c5d7-47b3-81b3-ef87eab29f5e req-7fd7884b-b850-4bc6-9a0e-3570ed2048a4 service placement] 10.222.0.43 "GET /placement/resource_providers?in_tree=8b4ba076-8282-4632-a1f5-6f2735df53d9" status: 200 len: 863 microversion: 1.14
Feb 10 18:21:56.238656 n-d-821423-2 devstack@placement-api.service[103864]: [pid: 103864|app: 0|req: 241/482] 10.222.0.43 () {60 vars in 1376 bytes} [Thu Feb 10 18:21:56 2022] GET /placement/resource_providers?in_tree=8b4ba076-8282-4632-a1f5-6f2735df53d9 => generated 863 bytes in 35 msecs (HTTP/1.1 200) 6 headers in 225 bytes (1 switches on core 0)
Feb 10 18:21:56.247627 n-d-821423-2 devstack@placement-api.service[103863]: DEBUG placement.requestlog [req-0a32dd5d-c5d7-47b3-81b3-ef87eab29f5e req-5478e749-2495-4adb-93b8-12d3bfa25c15 None None] Starting request: 10.222.0.43 "GET /placement/resource_providers/8b4ba076-8282-4632-a1f5-6f2735df53d9/inventories" {{(pid=103863) __call__ /opt/stack/placement/placement/requestlog.py:55}}
Feb 10 18:21:56.294583 n-d-821423-2 devstack@placement-api.service[103863]: INFO placement.requestlog [req-0a32dd5d-c5d7-47b3-81b3-ef87eab29f5e req-5478e749-2495-4adb-93b8-12d3bfa25c15 service placement] 10.222.0.43 "GET /placement/resource_providers/8b4ba076-8282-4632-a1f5-6f2735df53d9/inventories" status: 200 len: 398 microversion: 1.0
Feb 10 18:21:56.296782 n-d-821423-2 devstack@placement-api.service[103863]: [pid: 103863|app: 0|req: 242/483] 10.222.0.43 () {58 vars in 1390 bytes} [Thu Feb 10 18:21:56 2022] GET /placement/resource_providers/8b4ba076-8282-4632-a1f5-6f2735df53d9/inventories => generated 398 bytes in 49 msecs (HTTP/1.1 200) 6 headers in 224 bytes (1 switches on core 0)
Feb 10 18:21:56.303354 n-d-821423-2 devstack@placement-api.service[103864]: DEBUG placement.requestlog [req-0a32dd5d-c5d7-47b3-81b3-ef87eab29f5e req-da79e564-3d64-4924-864f-978c11daae1d None None] Starting request: 10.222.0.43 "GET /placement/resource_providers/8b4ba076-8282-4632-a1f5-6f2735df53d9/aggregates" {{(pid=103864) __call__ /opt/stack/placement/placement/requestlog.py:55}}
Feb 10 18:21:56.324504 n-d-821423-2 devstack@placement-api.service[103864]: INFO placement.requestlog [req-0a32dd5d-c5d7-47b3-81b3-ef87eab29f5e req-da79e564-3d64-4924-864f-978c11daae1d service placement] 10.222.0.43 "GET /placement/resource_providers/8b4ba076-8282-4632-a1f5-6f2735df53d9/aggregates" status: 200 len: 54 microversion: 1.19
Feb 10 18:21:56.326510 n-d-821423-2 devstack@placement-api.service[103864]: [pid: 103864|app: 0|req: 242/484] 10.222.0.43 () {60 vars in 1431 bytes} [Thu Feb 10 18:21:56 2022] GET /placement/resource_providers/8b4ba076-8282-4632-a1f5-6f2735df53d9/aggregates => generated 54 bytes in 23 msecs (HTTP/1.1 200) 8 headers in 295 bytes (1 switches on core 0)
Feb 10 18:21:56.333970 n-d-821423-2 devstack@placement-api.service[103863]: DEBUG placement.requestlog [req-0a32dd5d-c5d7-47b3-81b3-ef87eab29f5e req-abc903b2-bfbd-4cb7-a7e7-82e371c797f1 None None] Starting request: 10.222.0.43 "GET /placement/resource_providers/8b4ba076-8282-4632-a1f5-6f2735df53d9/traits" {{(pid=103863) __call__ /opt/stack/placement/placement/requestlog.py:55}}
Feb 10 18:21:56.409886 n-d-821423-2 devstack@placement-api.service[103863]: INFO placement.requestlog [req-0a32dd5d-c5d7-47b3-81b3-ef87eab29f5e req-abc903b2-bfbd-4cb7-a7e7-82e371c797f1 service placement] 10.222.0.43 "GET /placement/resource_providers/8b4ba076-8282-4632-a1f5-6f2735df53d9/traits" status: 200 len: 212 microversion: 1.6
Feb 10 18:21:56.410821 n-d-821423-2 devstack@placement-api.service[103863]: [pid: 103863|app: 0|req: 243/485] 10.222.0.43 () {60 vars in 1418 bytes} [Thu Feb 10 18:21:56 2022] GET /placement/resource_providers/8b4ba076-8282-4632-a1f5-6f2735df53d9/traits => generated 212 bytes in 77 msecs (HTTP/1.1 200) 6 headers in 224 bytes (1 switches on core 0)
Feb 10 18:22:04.815841 n-d-821423-2 devstack@placement-api.service[103864]: DEBUG placement.requestlog [req-b64959f1-5317-4d3c-9ca9-ddc40651ddbd req-aaf721de-c803-48a6-b90f-424ff20e9860 None None] Starting request: 10.222.0.45 "DELETE /placement/allocations/975bdbc5-1799-49d7-9001-946dd5a24ab1" {{(pid=103864) __call__ /opt/stack/placement/placement/requestlog.py:55}}
Feb 10 18:22:04.888633 n-d-821423-2 devstack@placement-api.service[103864]: DEBUG placement.handlers.allocation [req-b64959f1-5317-4d3c-9ca9-ddc40651ddbd req-aaf721de-c803-48a6-b90f-424ff20e9860 service placement] Successfully deleted allocations [, , ] {{(pid=103864) delete_allocations /opt/stack/placement/placement/handlers/allocation.py:627}}
Feb 10 18:22:04.889142 n-d-821423-2 devstack@placement-api.service[103864]: INFO placement.requestlog [req-b64959f1-5317-4d3c-9ca9-ddc40651ddbd req-aaf721de-c803-48a6-b90f-424ff20e9860 service placement] 10.222.0.45 "DELETE /placement/allocations/975bdbc5-1799-49d7-9001-946dd5a24ab1" status: 204 len: 0 microversion: 1.0
Feb 10 18:22:04.889570 n-d-821423-2 devstack@placement-api.service[103864]: [pid: 103864|app: 0|req: 243/486] 10.222.0.45 () {60 vars in 1355 bytes} [Thu Feb 10 18:22:04 2022] DELETE /placement/allocations/975bdbc5-1799-49d7-9001-946dd5a24ab1 => generated 0 bytes in 74 msecs (HTTP/1.1 204) 5 headers in 198 bytes (1 switches on core 0)
Feb 10 18:22:23.042557 n-d-821423-2 devstack@placement-api.service[103863]: DEBUG placement.requestlog [req-c29a7e21-2fcf-4641-96d6-b9436857a1a9 req-84d3d4a7-e8af-43a2-aa2e-8d94987e4452 None None] Starting request: 10.222.0.32 "GET /placement/allocation_candidates?limit=1000&resources=DISK_GB%3A1%2CMEMORY_MB%3A1024%2CVCPU%3A1&root_required=%21COMPUTE_STATUS_DISABLED" {{(pid=103863) __call__ /opt/stack/placement/placement/requestlog.py:55}}
Feb 10 18:22:23.098556 n-d-821423-2 devstack@placement-api.service[103863]: DEBUG placement.objects.research_context [req-c29a7e21-2fcf-4641-96d6-b9436857a1a9 req-84d3d4a7-e8af-43a2-aa2e-8d94987e4452 service placement] getting providers with 1 DISK_GB {{(pid=103863) __init__ /opt/stack/placement/placement/objects/research_context.py:126}}
Feb 10 18:22:23.107523 n-d-821423-2 devstack@placement-api.service[103863]: DEBUG placement.objects.research_context [req-c29a7e21-2fcf-4641-96d6-b9436857a1a9 req-84d3d4a7-e8af-43a2-aa2e-8d94987e4452 service placement] getting providers with 1024 MEMORY_MB {{(pid=103863) __init__ /opt/stack/placement/placement/objects/research_context.py:126}}
Feb 10 18:22:23.114352 n-d-821423-2 devstack@placement-api.service[103863]: DEBUG placement.objects.research_context [req-c29a7e21-2fcf-4641-96d6-b9436857a1a9 req-84d3d4a7-e8af-43a2-aa2e-8d94987e4452 service placement] getting providers with 1 VCPU {{(pid=103863) __init__ /opt/stack/placement/placement/objects/research_context.py:126}}
Feb 10 18:22:23.123613 n-d-821423-2 devstack@placement-api.service[103863]: DEBUG placement.objects.research_context [req-c29a7e21-2fcf-4641-96d6-b9436857a1a9 req-84d3d4a7-e8af-43a2-aa2e-8d94987e4452 service placement] found 2 providers with available 1 DISK_GB {{(pid=103863) get_provider_ids_matching /opt/stack/placement/placement/objects/research_context.py:549}}
Feb 10 18:22:23.124374 n-d-821423-2 devstack@placement-api.service[103863]: DEBUG placement.objects.research_context [req-c29a7e21-2fcf-4641-96d6-b9436857a1a9 req-84d3d4a7-e8af-43a2-aa2e-8d94987e4452 service placement] found 2 providers with available 1024 MEMORY_MB {{(pid=103863) get_provider_ids_matching /opt/stack/placement/placement/objects/research_context.py:549}}
Feb 10 18:22:23.125108 n-d-821423-2 devstack@placement-api.service[103863]: DEBUG placement.objects.research_context [req-c29a7e21-2fcf-4641-96d6-b9436857a1a9 req-84d3d4a7-e8af-43a2-aa2e-8d94987e4452 service placement] found 2 providers after filtering by previous result {{(pid=103863) get_provider_ids_matching /opt/stack/placement/placement/objects/research_context.py:580}}
Feb 10 18:22:23.125601 n-d-821423-2 devstack@placement-api.service[103863]: DEBUG placement.objects.research_context [req-c29a7e21-2fcf-4641-96d6-b9436857a1a9 req-84d3d4a7-e8af-43a2-aa2e-8d94987e4452 service placement] found 2 providers with available 1 VCPU {{(pid=103863) get_provider_ids_matching /opt/stack/placement/placement/objects/research_context.py:549}}
Feb 10 18:22:23.126897 n-d-821423-2 devstack@placement-api.service[103863]: DEBUG placement.objects.research_context [req-c29a7e21-2fcf-4641-96d6-b9436857a1a9 req-84d3d4a7-e8af-43a2-aa2e-8d94987e4452 service placement] found 2 providers after filtering by previous result {{(pid=103863) get_provider_ids_matching /opt/stack/placement/placement/objects/research_context.py:580}}
Feb 10 18:22:23.148771 n-d-821423-2 devstack@placement-api.service[103863]: DEBUG placement.objects.allocation_candidate [req-c29a7e21-2fcf-4641-96d6-b9436857a1a9 req-84d3d4a7-e8af-43a2-aa2e-8d94987e4452 service placement] RequestGroup(use_same_provider=False, resources={DISK_GB:1, MEMORY_MB:1024, VCPU:1}, traits=[], aggregates=[]) (suffix '') returned 2 matches {{(pid=103863) _get_by_requests /opt/stack/placement/placement/objects/allocation_candidate.py:145}}
Feb 10 18:22:23.149310 n-d-821423-2 devstack@placement-api.service[103863]: DEBUG placement.objects.allocation_candidate [req-c29a7e21-2fcf-4641-96d6-b9436857a1a9 req-84d3d4a7-e8af-43a2-aa2e-8d94987e4452 service placement] Merging candidates yields 2 allocation requests and 2 provider summaries {{(pid=103863) _merge_candidates /opt/stack/placement/placement/objects/allocation_candidate.py:783}}
Feb 10 18:22:23.152644 n-d-821423-2 devstack@placement-api.service[103863]: INFO placement.requestlog [req-c29a7e21-2fcf-4641-96d6-b9436857a1a9 req-84d3d4a7-e8af-43a2-aa2e-8d94987e4452 service placement] 10.222.0.32 "GET /placement/allocation_candidates?limit=1000&resources=DISK_GB%3A1%2CMEMORY_MB%3A1024%2CVCPU%3A1&root_required=%21COMPUTE_STATUS_DISABLED" status: 200 len: 1309 microversion: 1.36
Feb 10 18:22:23.153255 n-d-821423-2 devstack@placement-api.service[103863]: [pid: 103863|app: 0|req: 244/487] 10.222.0.32 () {60 vars in 1506 bytes} [Thu Feb 10 18:22:23 2022] GET /placement/allocation_candidates?limit=1000&resources=DISK_GB%3A1%2CMEMORY_MB%3A1024%2CVCPU%3A1&root_required=%21COMPUTE_STATUS_DISABLED => generated 1309 bytes in 112 msecs (HTTP/1.1 200) 8 headers in 297 bytes (1 switches on core 0)
Feb 10 18:22:23.217747 n-d-821423-2 devstack@placement-api.service[103864]: DEBUG placement.requestlog [req-c29a7e21-2fcf-4641-96d6-b9436857a1a9 req-088f69fc-c153-47a7-9c8a-73233d418ed4 None None] Starting request: 10.222.0.32 "GET /placement/allocations/d07ff24c-61db-4277-bffc-72f5342d7776" {{(pid=103864) __call__ /opt/stack/placement/placement/requestlog.py:55}}
Feb 10 18:22:23.242899 n-d-821423-2 devstack@placement-api.service[103864]: INFO placement.requestlog [req-c29a7e21-2fcf-4641-96d6-b9436857a1a9 req-088f69fc-c153-47a7-9c8a-73233d418ed4 service placement] 10.222.0.32 "GET /placement/allocations/d07ff24c-61db-4277-bffc-72f5342d7776" status: 200 len: 19 microversion: 1.28
Feb 10 18:22:23.245323 n-d-821423-2 devstack@placement-api.service[103864]: [pid: 103864|app: 0|req: 244/488] 10.222.0.32 () {60 vars in 1380 bytes} [Thu Feb 10 18:22:23 2022] GET /placement/allocations/d07ff24c-61db-4277-bffc-72f5342d7776 => generated 19 bytes in 28 msecs (HTTP/1.1 200) 8 headers in 295 bytes (1 switches on core 0)
Feb 10 18:22:23.252444 n-d-821423-2 devstack@placement-api.service[103863]: DEBUG placement.requestlog [req-c29a7e21-2fcf-4641-96d6-b9436857a1a9 req-e0c2f180-de5c-4936-9f69-fd1ddeaa44f3 None None] Starting request: 10.222.0.32 "PUT /placement/allocations/d07ff24c-61db-4277-bffc-72f5342d7776" {{(pid=103863) __call__ /opt/stack/placement/placement/requestlog.py:55}}
Feb 10 18:22:23.349120 n-d-821423-2 devstack@placement-api.service[103863]: DEBUG placement.handlers.allocation [req-c29a7e21-2fcf-4641-96d6-b9436857a1a9 req-e0c2f180-de5c-4936-9f69-fd1ddeaa44f3 service placement] Successfully wrote allocations [, , ] {{(pid=103863) _update_consumers_and_create_allocations /opt/stack/placement/placement/handlers/allocation.py:462}}
Feb 10 18:22:23.357446 n-d-821423-2 devstack@placement-api.service[103863]: INFO placement.requestlog [req-c29a7e21-2fcf-4641-96d6-b9436857a1a9 req-e0c2f180-de5c-4936-9f69-fd1ddeaa44f3 service placement] 10.222.0.32 "PUT /placement/allocations/d07ff24c-61db-4277-bffc-72f5342d7776" status: 204 len: 0 microversion: 1.36
Feb 10 18:22:23.358471 n-d-821423-2 devstack@placement-api.service[103863]: [pid: 103863|app: 0|req: 245/489] 10.222.0.32 () {64 vars in 1433 bytes} [Thu Feb 10 18:22:23 2022] PUT /placement/allocations/d07ff24c-61db-4277-bffc-72f5342d7776 => generated 0 bytes in 106 msecs (HTTP/1.1 204) 5 headers in 199 bytes (1 switches on core 0)
Feb 10 18:22:23.810377 n-d-821423-2 devstack@placement-api.service[103864]: DEBUG placement.requestlog [req-c29a7e21-2fcf-4641-96d6-b9436857a1a9 req-b3520f93-6275-4d9f-a43c-01d5f08c87c5 None None] Starting request: 10.222.0.45 "GET /placement/allocations/d07ff24c-61db-4277-bffc-72f5342d7776" {{(pid=103864) __call__ /opt/stack/placement/placement/requestlog.py:55}}
Feb 10 18:22:23.839820 n-d-821423-2 devstack@placement-api.service[103864]: INFO placement.requestlog [req-c29a7e21-2fcf-4641-96d6-b9436857a1a9 req-b3520f93-6275-4d9f-a43c-01d5f08c87c5 service placement] 10.222.0.45 "GET /placement/allocations/d07ff24c-61db-4277-bffc-72f5342d7776" status: 200 len: 259 microversion: 1.28
Feb 10 18:22:23.840839 n-d-821423-2 devstack@placement-api.service[103864]: [pid: 103864|app: 0|req: 245/490] 10.222.0.45 () {60 vars in 1377 bytes} [Thu Feb 10 18:22:23 2022] GET /placement/allocations/d07ff24c-61db-4277-bffc-72f5342d7776 => generated 259 bytes in 31 msecs (HTTP/1.1 200) 8 headers in 296 bytes (1 switches on core 0)
Feb 10 18:22:26.724207 n-d-821423-2 devstack@placement-api.service[103863]: DEBUG placement.requestlog [req-d1a8072d-c316-4356-8f83-46b06887c9f3 req-0cce136e-4158-46a8-ba38-f7b73f9f0558 None None] Starting request: 10.222.0.43 "DELETE /placement/allocations/a0cc099b-1257-4e05-9af6-d78f50d4078e" {{(pid=103863) __call__ /opt/stack/placement/placement/requestlog.py:55}}
Feb 10 18:22:26.782823 n-d-821423-2 devstack@placement-api.service[103863]: DEBUG placement.handlers.allocation [req-d1a8072d-c316-4356-8f83-46b06887c9f3 req-0cce136e-4158-46a8-ba38-f7b73f9f0558 service placement] Successfully deleted allocations [, , ] {{(pid=103863) delete_allocations /opt/stack/placement/placement/handlers/allocation.py:627}}
Feb 10 18:22:26.783643 n-d-821423-2 devstack@placement-api.service[103863]: INFO placement.requestlog [req-d1a8072d-c316-4356-8f83-46b06887c9f3 req-0cce136e-4158-46a8-ba38-f7b73f9f0558 service placement] 10.222.0.43 "DELETE /placement/allocations/a0cc099b-1257-4e05-9af6-d78f50d4078e" status: 204 len: 0 microversion: 1.0
Feb 10 18:22:26.784333 n-d-821423-2 devstack@placement-api.service[103863]: [pid: 103863|app: 0|req: 246/491] 10.222.0.43 () {60 vars in 1355 bytes} [Thu Feb 10 18:22:26 2022] DELETE /placement/allocations/a0cc099b-1257-4e05-9af6-d78f50d4078e => generated 0 bytes in 60 msecs (HTTP/1.1 204) 5 headers in 198 bytes (1 switches on core 0)
Feb 10 18:22:28.975930 n-d-821423-2 devstack@placement-api.service[103864]: DEBUG placement.requestlog [req-14abd3a0-ad15-4032-97c5-6f145a8d47f2 req-4cd4ed86-e89f-465b-8a1d-e8e9e5b20170 None None] Starting request: 10.222.0.45 "DELETE /placement/allocations/1807ec5c-81f9-4000-9557-47d872d4c1a7" {{(pid=103864) __call__ /opt/stack/placement/placement/requestlog.py:55}}
Feb 10 18:22:29.034032 n-d-821423-2 devstack@placement-api.service[103864]: DEBUG placement.handlers.allocation [req-14abd3a0-ad15-4032-97c5-6f145a8d47f2 req-4cd4ed86-e89f-465b-8a1d-e8e9e5b20170 service placement] Successfully deleted allocations [, , ] {{(pid=103864) delete_allocations /opt/stack/placement/placement/handlers/allocation.py:627}}
Feb 10 18:22:29.036651 n-d-821423-2 devstack@placement-api.service[103864]: INFO placement.requestlog [req-14abd3a0-ad15-4032-97c5-6f145a8d47f2 req-4cd4ed86-e89f-465b-8a1d-e8e9e5b20170 service placement] 10.222.0.45 "DELETE /placement/allocations/1807ec5c-81f9-4000-9557-47d872d4c1a7" status: 204 len: 0 microversion: 1.0
Feb 10 18:22:29.037189 n-d-821423-2 devstack@placement-api.service[103864]: [pid: 103864|app: 0|req: 246/492] 10.222.0.45 () {60 vars in 1355 bytes} [Thu Feb 10 18:22:28 2022] DELETE /placement/allocations/1807ec5c-81f9-4000-9557-47d872d4c1a7 => generated 0 bytes in 62 msecs (HTTP/1.1 204) 5 headers in 198 bytes (1 switches on core 0)
Feb 10 18:22:29.862519 n-d-821423-2 devstack@placement-api.service[103863]: DEBUG placement.requestlog [req-3483fc2f-c59f-45e8-a4a9-172c850119af req-740a1a23-4e3e-48d9-a2fd-eeeb45d69c2d None None] Starting request: 10.222.0.45 "DELETE /placement/allocations/e2b2dc41-1395-465e-97d6-af47c93de1fd" {{(pid=103863) __call__ /opt/stack/placement/placement/requestlog.py:55}}
Feb 10 18:22:29.919658 n-d-821423-2 devstack@placement-api.service[103863]: DEBUG placement.handlers.allocation [req-3483fc2f-c59f-45e8-a4a9-172c850119af req-740a1a23-4e3e-48d9-a2fd-eeeb45d69c2d service placement] Successfully deleted allocations [, , ] {{(pid=103863) delete_allocations /opt/stack/placement/placement/handlers/allocation.py:627}}
Feb 10 18:22:29.921009 n-d-821423-2 devstack@placement-api.service[103863]: INFO placement.requestlog [req-3483fc2f-c59f-45e8-a4a9-172c850119af req-740a1a23-4e3e-48d9-a2fd-eeeb45d69c2d service placement] 10.222.0.45 "DELETE /placement/allocations/e2b2dc41-1395-465e-97d6-af47c93de1fd" status: 204 len: 0 microversion: 1.0
Feb 10 18:22:29.921886 n-d-821423-2 devstack@placement-api.service[103863]: [pid: 103863|app: 0|req: 247/493] 10.222.0.45 () {60 vars in 1355 bytes} [Thu Feb 10 18:22:29 2022] DELETE /placement/allocations/e2b2dc41-1395-465e-97d6-af47c93de1fd => generated 0 bytes in 60 msecs (HTTP/1.1 204) 5 headers in 198 bytes (1 switches on core 0)
Feb 10 18:22:31.509378 n-d-821423-2 devstack@placement-api.service[103864]: DEBUG placement.requestlog [req-3766e6b6-bd74-49a9-a554-67c61adb9a6b req-87cc4c61-bd49-4ccb-b508-0b1168cfeb06 None None] Starting request: 10.222.0.45 "DELETE /placement/allocations/3c453a7f-12b8-4742-8d4d-574521f527b7" {{(pid=103864) __call__ /opt/stack/placement/placement/requestlog.py:55}}
Feb 10 18:22:31.544199 n-d-821423-2 devstack@placement-api.service[103864]: DEBUG placement.handlers.allocation [req-3766e6b6-bd74-49a9-a554-67c61adb9a6b req-87cc4c61-bd49-4ccb-b508-0b1168cfeb06 service placement] Successfully deleted allocations [, , ] {{(pid=103864) delete_allocations /opt/stack/placement/placement/handlers/allocation.py:627}}
Feb 10 18:22:31.545139 n-d-821423-2 devstack@placement-api.service[103864]: INFO placement.requestlog [req-3766e6b6-bd74-49a9-a554-67c61adb9a6b req-87cc4c61-bd49-4ccb-b508-0b1168cfeb06 service placement] 10.222.0.45 "DELETE /placement/allocations/3c453a7f-12b8-4742-8d4d-574521f527b7" status: 204 len: 0 microversion: 1.0
Feb 10 18:22:31.545556 n-d-821423-2 devstack@placement-api.service[103864]: [pid: 103864|app: 0|req: 247/494] 10.222.0.45 () {60 vars in 1355 bytes} [Thu Feb 10 18:22:31 2022] DELETE /placement/allocations/3c453a7f-12b8-4742-8d4d-574521f527b7 => generated 0 bytes in 37 msecs (HTTP/1.1 204) 5 headers in 198 bytes (1 switches on core 0)
Feb 10 18:22:34.997506 n-d-821423-2 devstack@placement-api.service[103863]: DEBUG placement.requestlog [req-ee148a11-f0d4-4905-b70d-468567805f08 req-a3e0da35-83fd-47e8-bd50-0105157074f4 None None] Starting request: 10.222.0.45 "DELETE /placement/allocations/edc141e7-efce-43c1-853e-f08d518d1fe9" {{(pid=103863) __call__ /opt/stack/placement/placement/requestlog.py:55}}
Feb 10 18:22:35.058469 n-d-821423-2 devstack@placement-api.service[103863]: DEBUG placement.handlers.allocation [req-ee148a11-f0d4-4905-b70d-468567805f08 req-a3e0da35-83fd-47e8-bd50-0105157074f4 service placement] Successfully deleted allocations [, , ] {{(pid=103863) delete_allocations /opt/stack/placement/placement/handlers/allocation.py:627}}
Feb 10 18:22:35.059328 n-d-821423-2 devstack@placement-api.service[103863]: INFO placement.requestlog [req-ee148a11-f0d4-4905-b70d-468567805f08 req-a3e0da35-83fd-47e8-bd50-0105157074f4 service placement] 10.222.0.45 "DELETE /placement/allocations/edc141e7-efce-43c1-853e-f08d518d1fe9" status: 204 len: 0 microversion: 1.0
Feb 10 18:22:35.059855 n-d-821423-2 devstack@placement-api.service[103863]: [pid: 103863|app: 0|req: 248/495] 10.222.0.45 () {60 vars in 1355 bytes} [Thu Feb 10 18:22:34 2022] DELETE /placement/allocations/edc141e7-efce-43c1-853e-f08d518d1fe9 => generated 0 bytes in 63 msecs (HTTP/1.1 204) 5 headers in 198 bytes (1 switches on core 0)
