Apr 30 01:19:13.498439 n-d-821348-1 devstack@placement-api.service[103802]: DEBUG placement.objects.research_context [req-e73634e7-ee34-4545-b29f-f41ad54f0854 req-7970ddcd-313d-4f46-8a24-c0be1c5a0ae5 service placement] getting providers with 1 VCPU {{(pid=103802) __init__ /opt/stack/placement/placement/objects/research_context.py:126}}
Apr 30 01:19:13.505366 n-d-821348-1 devstack@placement-api.service[103802]: DEBUG placement.objects.research_context [req-e73634e7-ee34-4545-b29f-f41ad54f0854 req-7970ddcd-313d-4f46-8a24-c0be1c5a0ae5 service placement] found 2 providers with available 1 DISK_GB {{(pid=103802) get_provider_ids_matching /opt/stack/placement/placement/objects/research_context.py:549}}
Apr 30 01:19:13.505836 n-d-821348-1 devstack@placement-api.service[103802]: DEBUG placement.objects.research_context [req-e73634e7-ee34-4545-b29f-f41ad54f0854 req-7970ddcd-313d-4f46-8a24-c0be1c5a0ae5 service placement] found 2 providers with available 1024 MEMORY_MB {{(pid=103802) get_provider_ids_matching /opt/stack/placement/placement/objects/research_context.py:549}}
Apr 30 01:19:13.506431 n-d-821348-1 devstack@placement-api.service[103802]: DEBUG placement.objects.research_context [req-e73634e7-ee34-4545-b29f-f41ad54f0854 req-7970ddcd-313d-4f46-8a24-c0be1c5a0ae5 service placement] found 2 providers after filtering by previous result {{(pid=103802) get_provider_ids_matching /opt/stack/placement/placement/objects/research_context.py:580}}
Apr 30 01:19:13.507072 n-d-821348-1 devstack@placement-api.service[103802]: DEBUG placement.objects.research_context [req-e73634e7-ee34-4545-b29f-f41ad54f0854 req-7970ddcd-313d-4f46-8a24-c0be1c5a0ae5 service placement] found 2 providers with available 1 VCPU {{(pid=103802) get_provider_ids_matching /opt/stack/placement/placement/objects/research_context.py:549}}
Apr 30 01:19:13.507549 n-d-821348-1 devstack@placement-api.service[103802]: DEBUG placement.objects.research_context [req-e73634e7-ee34-4545-b29f-f41ad54f0854 req-7970ddcd-313d-4f46-8a24-c0be1c5a0ae5 service placement] found 2 providers after filtering by previous result {{(pid=103802) get_provider_ids_matching /opt/stack/placement/placement/objects/research_context.py:580}}
Apr 30 01:19:13.520472 n-d-821348-1 devstack@placement-api.service[103802]: DEBUG placement.objects.allocation_candidate [req-e73634e7-ee34-4545-b29f-f41ad54f0854 req-7970ddcd-313d-4f46-8a24-c0be1c5a0ae5 service placement] RequestGroup(use_same_provider=False, resources={DISK_GB:1, MEMORY_MB:1024, VCPU:1}, traits=[], aggregates=[]) (suffix '') returned 2 matches {{(pid=103802) _get_by_requests /opt/stack/placement/placement/objects/allocation_candidate.py:145}}
Apr 30 01:19:13.521056 n-d-821348-1 devstack@placement-api.service[103802]: DEBUG placement.objects.allocation_candidate [req-e73634e7-ee34-4545-b29f-f41ad54f0854 req-7970ddcd-313d-4f46-8a24-c0be1c5a0ae5 service placement] Merging candidates yields 2 allocation requests and 2 provider summaries {{(pid=103802) _merge_candidates /opt/stack/placement/placement/objects/allocation_candidate.py:783}}
Apr 30 01:19:13.523022 n-d-821348-1 devstack@placement-api.service[103802]: INFO placement.requestlog [req-e73634e7-ee34-4545-b29f-f41ad54f0854 req-7970ddcd-313d-4f46-8a24-c0be1c5a0ae5 service placement] 10.222.0.15 "GET /placement/allocation_candidates?limit=1000&resources=DISK_GB%3A1%2CMEMORY_MB%3A1024%2CVCPU%3A1&root_required=%21COMPUTE_STATUS_DISABLED" status: 200 len: 1309 microversion: 1.36
Apr 30 01:19:13.523835 n-d-821348-1 devstack@placement-api.service[103802]: [pid: 103802|app: 0|req: 113/215] 10.222.0.15 () {60 vars in 1506 bytes} [Sat Apr 30 01:19:13 2022] GET /placement/allocation_candidates?limit=1000&resources=DISK_GB%3A1%2CMEMORY_MB%3A1024%2CVCPU%3A1&root_required=%21COMPUTE_STATUS_DISABLED => generated 1309 bytes in 88 msecs (HTTP/1.1 200) 8 headers in 297 bytes (1 switches on core 0)
Apr 30 01:19:13.596712 n-d-821348-1 devstack@placement-api.service[103803]: DEBUG placement.requestlog [req-e73634e7-ee34-4545-b29f-f41ad54f0854 req-c34793df-d2ac-4c21-a82e-23b279735f7c None None] Starting request: 10.222.0.15 "GET /placement/allocations/0b4a5d62-8cec-4c99-ba07-e7c64d7331ed" {{(pid=103803) __call__ /opt/stack/placement/placement/requestlog.py:55}}
Apr 30 01:19:13.613849 n-d-821348-1 devstack@placement-api.service[103803]: INFO placement.requestlog [req-e73634e7-ee34-4545-b29f-f41ad54f0854 req-c34793df-d2ac-4c21-a82e-23b279735f7c service placement] 10.222.0.15 "GET /placement/allocations/0b4a5d62-8cec-4c99-ba07-e7c64d7331ed" status: 200 len: 19 microversion: 1.28
Apr 30 01:19:13.614614 n-d-821348-1 devstack@placement-api.service[103803]: [pid: 103803|app: 0|req: 103/216] 10.222.0.15 () {60 vars in 1380 bytes} [Sat Apr 30 01:19:13 2022] GET /placement/allocations/0b4a5d62-8cec-4c99-ba07-e7c64d7331ed => generated 19 bytes in 18 msecs (HTTP/1.1 200) 8 headers in 295 bytes (1 switches on core 0)
Apr 30 01:19:13.622838 n-d-821348-1 devstack@placement-api.service[103802]: DEBUG placement.requestlog [req-e73634e7-ee34-4545-b29f-f41ad54f0854 req-a1742fe2-1d5d-4ec1-93c1-20c13c2c3e7a None None] Starting request: 10.222.0.15 "PUT /placement/allocations/0b4a5d62-8cec-4c99-ba07-e7c64d7331ed" {{(pid=103802) __call__ /opt/stack/placement/placement/requestlog.py:55}}
Apr 30 01:19:13.765625 n-d-821348-1 devstack@placement-api.service[103802]: DEBUG placement.handlers.allocation [req-e73634e7-ee34-4545-b29f-f41ad54f0854 req-a1742fe2-1d5d-4ec1-93c1-20c13c2c3e7a service placement] Successfully wrote allocations [, , ] {{(pid=103802) _update_consumers_and_create_allocations /opt/stack/placement/placement/handlers/allocation.py:462}}
Apr 30 01:19:13.853541 n-d-821348-1 devstack@placement-api.service[103802]: INFO placement.requestlog [req-e73634e7-ee34-4545-b29f-f41ad54f0854 req-a1742fe2-1d5d-4ec1-93c1-20c13c2c3e7a service placement] 10.222.0.15 "PUT /placement/allocations/0b4a5d62-8cec-4c99-ba07-e7c64d7331ed" status: 204 len: 0 microversion: 1.36
Apr 30 01:19:13.854209 n-d-821348-1 devstack@placement-api.service[103802]: [pid: 103802|app: 0|req: 114/217] 10.222.0.15 () {64 vars in 1433 bytes} [Sat Apr 30 01:19:13 2022] PUT /placement/allocations/0b4a5d62-8cec-4c99-ba07-e7c64d7331ed => generated 0 bytes in 232 msecs (HTTP/1.1 204) 5 headers in 199 bytes (1 switches on core 0)
Apr 30 01:19:14.750550 n-d-821348-1 devstack@placement-api.service[103803]: DEBUG placement.requestlog [req-e73634e7-ee34-4545-b29f-f41ad54f0854 req-2952e2a1-ac9a-4276-8b8a-bbd56476d322 None None] Starting request: 10.222.0.23 "GET /placement/allocations/0b4a5d62-8cec-4c99-ba07-e7c64d7331ed" {{(pid=103803) __call__ /opt/stack/placement/placement/requestlog.py:55}}
Apr 30 01:19:14.768864 n-d-821348-1 devstack@placement-api.service[103803]: INFO placement.requestlog [req-e73634e7-ee34-4545-b29f-f41ad54f0854 req-2952e2a1-ac9a-4276-8b8a-bbd56476d322 service placement] 10.222.0.23 "GET /placement/allocations/0b4a5d62-8cec-4c99-ba07-e7c64d7331ed" status: 200 len: 259 microversion: 1.28
Apr 30 01:19:14.769382 n-d-821348-1 devstack@placement-api.service[103803]: [pid: 103803|app: 0|req: 104/218] 10.222.0.23 () {60 vars in 1377 bytes} [Sat Apr 30 01:19:14 2022] GET /placement/allocations/0b4a5d62-8cec-4c99-ba07-e7c64d7331ed => generated 259 bytes in 19 msecs (HTTP/1.1 200) 8 headers in 296 bytes (2 switches on core 0)
Apr 30 01:19:16.439173 n-d-821348-1 devstack@placement-api.service[103802]: DEBUG placement.requestlog [req-ac40b29f-802f-46dd-a5d1-79ec6106e01a req-fbe08035-de3f-4c11-8ea7-f2557ea18612 None None] Starting request: 10.222.0.21 "GET /placement/resource_providers/b68a8be0-b67f-4131-9c04-b70f1a99a7fe/allocations" {{(pid=103802) __call__ /opt/stack/placement/placement/requestlog.py:55}}
Apr 30 01:19:16.472452 n-d-821348-1 devstack@placement-api.service[103802]: INFO placement.requestlog [req-ac40b29f-802f-46dd-a5d1-79ec6106e01a req-fbe08035-de3f-4c11-8ea7-f2557ea18612 service placement] 10.222.0.21 "GET /placement/resource_providers/b68a8be0-b67f-4131-9c04-b70f1a99a7fe/allocations" status: 200 len: 658 microversion: 1.0
Apr 30 01:19:16.473261 n-d-821348-1 devstack@placement-api.service[103802]: [pid: 103802|app: 0|req: 115/219] 10.222.0.21 () {58 vars in 1390 bytes} [Sat Apr 30 01:19:16 2022] GET /placement/resource_providers/b68a8be0-b67f-4131-9c04-b70f1a99a7fe/allocations => generated 658 bytes in 34 msecs (HTTP/1.1 200) 6 headers in 224 bytes (1 switches on core 0)
Apr 30 01:19:16.946680 n-d-821348-1 devstack@placement-api.service[103803]: DEBUG placement.requestlog [req-ac40b29f-802f-46dd-a5d1-79ec6106e01a req-589c76c5-50ba-4023-966e-fc8195388247 None None] Starting request: 10.222.0.21 "GET /placement/allocations/845add98-60a9-446d-ac51-f71b9e8c6d3f" {{(pid=103803) __call__ /opt/stack/placement/placement/requestlog.py:55}}
Apr 30 01:19:16.965356 n-d-821348-1 devstack@placement-api.service[103803]: INFO placement.requestlog [req-ac40b29f-802f-46dd-a5d1-79ec6106e01a req-589c76c5-50ba-4023-966e-fc8195388247 service placement] 10.222.0.21 "GET /placement/allocations/845add98-60a9-446d-ac51-f71b9e8c6d3f" status: 200 len: 259 microversion: 1.28
Apr 30 01:19:16.967500 n-d-821348-1 devstack@placement-api.service[103803]: [pid: 103803|app: 0|req: 105/220] 10.222.0.21 () {60 vars in 1377 bytes} [Sat Apr 30 01:19:16 2022] GET /placement/allocations/845add98-60a9-446d-ac51-f71b9e8c6d3f => generated 259 bytes in 21 msecs (HTTP/1.1 200) 8 headers in 296 bytes (1 switches on core 0)
Apr 30 01:19:16.981197 n-d-821348-1 devstack@placement-api.service[103802]: DEBUG placement.requestlog [req-ac40b29f-802f-46dd-a5d1-79ec6106e01a req-0cfb4928-d67f-4cd0-abcf-94915e0dd80e None None] Starting request: 10.222.0.21 "PUT /placement/allocations/845add98-60a9-446d-ac51-f71b9e8c6d3f" {{(pid=103802) __call__ /opt/stack/placement/placement/requestlog.py:55}}
Apr 30 01:19:17.061284 n-d-821348-1 devstack@placement-api.service[103802]: DEBUG placement.handlers.allocation [req-ac40b29f-802f-46dd-a5d1-79ec6106e01a req-0cfb4928-d67f-4cd0-abcf-94915e0dd80e service placement] Successfully wrote allocations [, , ] {{(pid=103802) _update_consumers_and_create_allocations /opt/stack/placement/placement/handlers/allocation.py:462}}
Apr 30 01:19:17.152886 n-d-821348-1 devstack@placement-api.service[103802]: INFO placement.requestlog [req-ac40b29f-802f-46dd-a5d1-79ec6106e01a req-0cfb4928-d67f-4cd0-abcf-94915e0dd80e service placement] 10.222.0.21 "PUT /placement/allocations/845add98-60a9-446d-ac51-f71b9e8c6d3f" status: 204 len: 0 microversion: 1.28
Apr 30 01:19:17.153728 n-d-821348-1 devstack@placement-api.service[103802]: [pid: 103802|app: 0|req: 116/221] 10.222.0.21 () {64 vars in 1430 bytes} [Sat Apr 30 01:19:16 2022] PUT /placement/allocations/845add98-60a9-446d-ac51-f71b9e8c6d3f => generated 0 bytes in 175 msecs (HTTP/1.1 204) 5 headers in 199 bytes (1 switches on core 0)
Apr 30 01:19:18.954584 n-d-821348-1 devstack@placement-api.service[103803]: DEBUG placement.requestlog [req-628f892c-7396-45e1-ab7e-003b48cbb545 req-d75837b8-2bb3-4d40-a9bd-9849e7efeb29 None None] Starting request: 10.222.0.15 "GET /placement/allocation_candidates?limit=1000&resources=DISK_GB%3A1%2CMEMORY_MB%3A1024%2CVCPU%3A1&root_required=%21COMPUTE_STATUS_DISABLED" {{(pid=103803) __call__ /opt/stack/placement/placement/requestlog.py:55}}
Apr 30 01:19:19.017064 n-d-821348-1 devstack@placement-api.service[103803]: DEBUG placement.objects.research_context [req-628f892c-7396-45e1-ab7e-003b48cbb545 req-d75837b8-2bb3-4d40-a9bd-9849e7efeb29 service placement] getting providers with 1 DISK_GB {{(pid=103803) __init__ /opt/stack/placement/placement/objects/research_context.py:126}}
Apr 30 01:19:19.024711 n-d-821348-1 devstack@placement-api.service[103803]: DEBUG placement.objects.research_context [req-628f892c-7396-45e1-ab7e-003b48cbb545 req-d75837b8-2bb3-4d40-a9bd-9849e7efeb29 service placement] getting providers with 1024 MEMORY_MB {{(pid=103803) __init__ /opt/stack/placement/placement/objects/research_context.py:126}}
Apr 30 01:19:19.031910 n-d-821348-1 devstack@placement-api.service[103803]: DEBUG placement.objects.research_context [req-628f892c-7396-45e1-ab7e-003b48cbb545 req-d75837b8-2bb3-4d40-a9bd-9849e7efeb29 service placement] getting providers with 1 VCPU {{(pid=103803) __init__ /opt/stack/placement/placement/objects/research_context.py:126}}
Apr 30 01:19:19.040871 n-d-821348-1 devstack@placement-api.service[103803]: DEBUG placement.objects.research_context [req-628f892c-7396-45e1-ab7e-003b48cbb545 req-d75837b8-2bb3-4d40-a9bd-9849e7efeb29 service placement] found 2 providers with available 1 DISK_GB {{(pid=103803) get_provider_ids_matching /opt/stack/placement/placement/objects/research_context.py:549}}
Apr 30 01:19:19.041383 n-d-821348-1 devstack@placement-api.service[103803]: DEBUG placement.objects.research_context [req-628f892c-7396-45e1-ab7e-003b48cbb545 req-d75837b8-2bb3-4d40-a9bd-9849e7efeb29 service placement] found 2 providers with available 1024 MEMORY_MB {{(pid=103803) get_provider_ids_matching /opt/stack/placement/placement/objects/research_context.py:549}}
Apr 30 01:19:19.041992 n-d-821348-1 devstack@placement-api.service[103803]: DEBUG placement.objects.research_context [req-628f892c-7396-45e1-ab7e-003b48cbb545 req-d75837b8-2bb3-4d40-a9bd-9849e7efeb29 service placement] found 2 providers after filtering by previous result {{(pid=103803) get_provider_ids_matching /opt/stack/placement/placement/objects/research_context.py:580}}
Apr 30 01:19:19.043278 n-d-821348-1 devstack@placement-api.service[103803]: DEBUG placement.objects.research_context [req-628f892c-7396-45e1-ab7e-003b48cbb545 req-d75837b8-2bb3-4d40-a9bd-9849e7efeb29 service placement] found 2 providers with available 1 VCPU {{(pid=103803) get_provider_ids_matching /opt/stack/placement/placement/objects/research_context.py:549}}
Apr 30 01:19:19.043715 n-d-821348-1 devstack@placement-api.service[103803]: DEBUG placement.objects.research_context [req-628f892c-7396-45e1-ab7e-003b48cbb545 req-d75837b8-2bb3-4d40-a9bd-9849e7efeb29 service placement] found 2 providers after filtering by previous result {{(pid=103803) get_provider_ids_matching /opt/stack/placement/placement/objects/research_context.py:580}}
Apr 30 01:19:19.058796 n-d-821348-1 devstack@placement-api.service[103803]: DEBUG placement.objects.allocation_candidate [req-628f892c-7396-45e1-ab7e-003b48cbb545 req-d75837b8-2bb3-4d40-a9bd-9849e7efeb29 service placement] RequestGroup(use_same_provider=False, resources={DISK_GB:1, MEMORY_MB:1024, VCPU:1}, traits=[], aggregates=[]) (suffix '') returned 2 matches {{(pid=103803) _get_by_requests /opt/stack/placement/placement/objects/allocation_candidate.py:145}}
Apr 30 01:19:19.066047 n-d-821348-1 devstack@placement-api.service[103803]: DEBUG placement.objects.allocation_candidate [req-628f892c-7396-45e1-ab7e-003b48cbb545 req-d75837b8-2bb3-4d40-a9bd-9849e7efeb29 service placement] Merging candidates yields 2 allocation requests and 2 provider summaries {{(pid=103803) _merge_candidates /opt/stack/placement/placement/objects/allocation_candidate.py:783}}
Apr 30 01:19:19.066047 n-d-821348-1 devstack@placement-api.service[103803]: INFO placement.requestlog [req-628f892c-7396-45e1-ab7e-003b48cbb545 req-d75837b8-2bb3-4d40-a9bd-9849e7efeb29 service placement] 10.222.0.15 "GET /placement/allocation_candidates?limit=1000&resources=DISK_GB%3A1%2CMEMORY_MB%3A1024%2CVCPU%3A1&root_required=%21COMPUTE_STATUS_DISABLED" status: 200 len: 1309 microversion: 1.36
Apr 30 01:19:19.066047 n-d-821348-1 devstack@placement-api.service[103803]: [pid: 103803|app: 0|req: 106/222] 10.222.0.15 () {60 vars in 1506 bytes} [Sat Apr 30 01:19:18 2022] GET /placement/allocation_candidates?limit=1000&resources=DISK_GB%3A1%2CMEMORY_MB%3A1024%2CVCPU%3A1&root_required=%21COMPUTE_STATUS_DISABLED => generated 1309 bytes in 107 msecs (HTTP/1.1 200) 8 headers in 297 bytes (2 switches on core 0)
Apr 30 01:19:19.113141 n-d-821348-1 devstack@placement-api.service[103802]: DEBUG placement.requestlog [req-628f892c-7396-45e1-ab7e-003b48cbb545 req-7ac1f0cf-c810-4fe4-b898-9b85dfd4379b None None] Starting request: 10.222.0.15 "GET /placement/allocations/7810af70-d03a-4cb5-afb3-c4fab1763f3c" {{(pid=103802) __call__ /opt/stack/placement/placement/requestlog.py:55}}
Apr 30 01:19:19.125580 n-d-821348-1 devstack@placement-api.service[103802]: INFO placement.requestlog [req-628f892c-7396-45e1-ab7e-003b48cbb545 req-7ac1f0cf-c810-4fe4-b898-9b85dfd4379b service placement] 10.222.0.15 "GET /placement/allocations/7810af70-d03a-4cb5-afb3-c4fab1763f3c" status: 200 len: 19 microversion: 1.28
Apr 30 01:19:19.131349 n-d-821348-1 devstack@placement-api.service[103802]: [pid: 103802|app: 0|req: 117/223] 10.222.0.15 () {60 vars in 1380 bytes} [Sat Apr 30 01:19:19 2022] GET /placement/allocations/7810af70-d03a-4cb5-afb3-c4fab1763f3c => generated 19 bytes in 13 msecs (HTTP/1.1 200) 8 headers in 295 bytes (1 switches on core 0)
Apr 30 01:19:19.133051 n-d-821348-1 devstack@placement-api.service[103803]: DEBUG placement.requestlog [req-628f892c-7396-45e1-ab7e-003b48cbb545 req-f982c619-be5e-49ff-ad76-f79fc5a9a351 None None] Starting request: 10.222.0.15 "PUT /placement/allocations/7810af70-d03a-4cb5-afb3-c4fab1763f3c" {{(pid=103803) __call__ /opt/stack/placement/placement/requestlog.py:55}}
Apr 30 01:19:19.283969 n-d-821348-1 devstack@placement-api.service[103803]: DEBUG placement.handlers.allocation [req-628f892c-7396-45e1-ab7e-003b48cbb545 req-f982c619-be5e-49ff-ad76-f79fc5a9a351 service placement] Successfully wrote allocations [, , ] {{(pid=103803) _update_consumers_and_create_allocations /opt/stack/placement/placement/handlers/allocation.py:462}}
Apr 30 01:19:19.368956 n-d-821348-1 devstack@placement-api.service[103803]: INFO placement.requestlog [req-628f892c-7396-45e1-ab7e-003b48cbb545 req-f982c619-be5e-49ff-ad76-f79fc5a9a351 service placement] 10.222.0.15 "PUT /placement/allocations/7810af70-d03a-4cb5-afb3-c4fab1763f3c" status: 204 len: 0 microversion: 1.36
Apr 30 01:19:19.369561 n-d-821348-1 devstack@placement-api.service[103803]: [pid: 103803|app: 0|req: 107/224] 10.222.0.15 () {64 vars in 1433 bytes} [Sat Apr 30 01:19:19 2022] PUT /placement/allocations/7810af70-d03a-4cb5-afb3-c4fab1763f3c => generated 0 bytes in 237 msecs (HTTP/1.1 204) 5 headers in 199 bytes (1 switches on core 0)
Apr 30 01:19:20.750996 n-d-821348-1 devstack@placement-api.service[103802]: DEBUG placement.requestlog [req-628f892c-7396-45e1-ab7e-003b48cbb545 req-e6233be0-2d62-49b1-bc18-15703a755211 None None] Starting request: 10.222.0.21 "GET /placement/allocations/7810af70-d03a-4cb5-afb3-c4fab1763f3c" {{(pid=103802) __call__ /opt/stack/placement/placement/requestlog.py:55}}
Apr 30 01:19:20.785159 n-d-821348-1 devstack@placement-api.service[103802]: INFO placement.requestlog [req-628f892c-7396-45e1-ab7e-003b48cbb545 req-e6233be0-2d62-49b1-bc18-15703a755211 service placement] 10.222.0.21 "GET /placement/allocations/7810af70-d03a-4cb5-afb3-c4fab1763f3c" status: 200 len: 259 microversion: 1.28
Apr 30 01:19:20.785946 n-d-821348-1 devstack@placement-api.service[103802]: [pid: 103802|app: 0|req: 118/225] 10.222.0.21 () {60 vars in 1377 bytes} [Sat Apr 30 01:19:20 2022] GET /placement/allocations/7810af70-d03a-4cb5-afb3-c4fab1763f3c => generated 259 bytes in 35 msecs (HTTP/1.1 200) 8 headers in 296 bytes (1 switches on core 0)
Apr 30 01:19:23.190906 n-d-821348-1 devstack@placement-api.service[103803]: DEBUG placement.requestlog [req-c577246e-42bc-4ed4-8a6f-260905896fe5 req-9848c66e-8164-4952-a61d-67d0c82247b5 None None] Starting request: 10.222.0.15 "GET /placement/allocation_candidates?limit=1000&resources=DISK_GB%3A1%2CMEMORY_MB%3A1024%2CVCPU%3A1&root_required=%21COMPUTE_STATUS_DISABLED" {{(pid=103803) __call__ /opt/stack/placement/placement/requestlog.py:55}}
Apr 30 01:19:23.258352 n-d-821348-1 devstack@placement-api.service[103803]: DEBUG placement.objects.research_context [req-c577246e-42bc-4ed4-8a6f-260905896fe5 req-9848c66e-8164-4952-a61d-67d0c82247b5 service placement] getting providers with 1 DISK_GB {{(pid=103803) __init__ /opt/stack/placement/placement/objects/research_context.py:126}}
Apr 30 01:19:23.264834 n-d-821348-1 devstack@placement-api.service[103803]: DEBUG placement.objects.research_context [req-c577246e-42bc-4ed4-8a6f-260905896fe5 req-9848c66e-8164-4952-a61d-67d0c82247b5 service placement] getting providers with 1024 MEMORY_MB {{(pid=103803) __init__ /opt/stack/placement/placement/objects/research_context.py:126}}
Apr 30 01:19:23.274428 n-d-821348-1 devstack@placement-api.service[103803]: DEBUG placement.objects.research_context [req-c577246e-42bc-4ed4-8a6f-260905896fe5 req-9848c66e-8164-4952-a61d-67d0c82247b5 service placement] getting providers with 1 VCPU {{(pid=103803) __init__ /opt/stack/placement/placement/objects/research_context.py:126}}
Apr 30 01:19:23.278885 n-d-821348-1 devstack@placement-api.service[103803]: DEBUG placement.objects.research_context [req-c577246e-42bc-4ed4-8a6f-260905896fe5 req-9848c66e-8164-4952-a61d-67d0c82247b5 service placement] found 2 providers with available 1 DISK_GB {{(pid=103803) get_provider_ids_matching /opt/stack/placement/placement/objects/research_context.py:549}}
Apr 30 01:19:23.279751 n-d-821348-1 devstack@placement-api.service[103803]: DEBUG placement.objects.research_context [req-c577246e-42bc-4ed4-8a6f-260905896fe5 req-9848c66e-8164-4952-a61d-67d0c82247b5 service placement] found 2 providers with available 1024 MEMORY_MB {{(pid=103803) get_provider_ids_matching /opt/stack/placement/placement/objects/research_context.py:549}}
Apr 30 01:19:23.280134 n-d-821348-1 devstack@placement-api.service[103803]: DEBUG placement.objects.research_context [req-c577246e-42bc-4ed4-8a6f-260905896fe5 req-9848c66e-8164-4952-a61d-67d0c82247b5 service placement] found 2 providers after filtering by previous result {{(pid=103803) get_provider_ids_matching /opt/stack/placement/placement/objects/research_context.py:580}}
Apr 30 01:19:23.280500 n-d-821348-1 devstack@placement-api.service[103803]: DEBUG placement.objects.research_context [req-c577246e-42bc-4ed4-8a6f-260905896fe5 req-9848c66e-8164-4952-a61d-67d0c82247b5 service placement] found 2 providers with available 1 VCPU {{(pid=103803) get_provider_ids_matching /opt/stack/placement/placement/objects/research_context.py:549}}
Apr 30 01:19:23.281283 n-d-821348-1 devstack@placement-api.service[103803]: DEBUG placement.objects.research_context [req-c577246e-42bc-4ed4-8a6f-260905896fe5 req-9848c66e-8164-4952-a61d-67d0c82247b5 service placement] found 2 providers after filtering by previous result {{(pid=103803) get_provider_ids_matching /opt/stack/placement/placement/objects/research_context.py:580}}
Apr 30 01:19:23.294554 n-d-821348-1 devstack@placement-api.service[103803]: DEBUG placement.objects.allocation_candidate [req-c577246e-42bc-4ed4-8a6f-260905896fe5 req-9848c66e-8164-4952-a61d-67d0c82247b5 service placement] RequestGroup(use_same_provider=False, resources={DISK_GB:1, MEMORY_MB:1024, VCPU:1}, traits=[], aggregates=[]) (suffix '') returned 2 matches {{(pid=103803) _get_by_requests /opt/stack/placement/placement/objects/allocation_candidate.py:145}}
Apr 30 01:19:23.295308 n-d-821348-1 devstack@placement-api.service[103803]: DEBUG placement.objects.allocation_candidate [req-c577246e-42bc-4ed4-8a6f-260905896fe5 req-9848c66e-8164-4952-a61d-67d0c82247b5 service placement] Merging candidates yields 2 allocation requests and 2 provider summaries {{(pid=103803) _merge_candidates /opt/stack/placement/placement/objects/allocation_candidate.py:783}}
Apr 30 01:19:23.297691 n-d-821348-1 devstack@placement-api.service[103803]: INFO placement.requestlog [req-c577246e-42bc-4ed4-8a6f-260905896fe5 req-9848c66e-8164-4952-a61d-67d0c82247b5 service placement] 10.222.0.15 "GET /placement/allocation_candidates?limit=1000&resources=DISK_GB%3A1%2CMEMORY_MB%3A1024%2CVCPU%3A1&root_required=%21COMPUTE_STATUS_DISABLED" status: 200 len: 1309 microversion: 1.36
Apr 30 01:19:23.298226 n-d-821348-1 devstack@placement-api.service[103803]: [pid: 103803|app: 0|req: 108/226] 10.222.0.15 () {60 vars in 1506 bytes} [Sat Apr 30 01:19:23 2022] GET /placement/allocation_candidates?limit=1000&resources=DISK_GB%3A1%2CMEMORY_MB%3A1024%2CVCPU%3A1&root_required=%21COMPUTE_STATUS_DISABLED => generated 1309 bytes in 107 msecs (HTTP/1.1 200) 8 headers in 297 bytes (1 switches on core 0)
Apr 30 01:19:23.385414 n-d-821348-1 devstack@placement-api.service[103802]: DEBUG placement.requestlog [req-c577246e-42bc-4ed4-8a6f-260905896fe5 req-e5b42748-4a7d-47cc-b181-1fd15a660946 None None] Starting request: 10.222.0.15 "GET /placement/allocations/2e884e21-ccaf-4cc5-824f-716c55431dd7" {{(pid=103802) __call__ /opt/stack/placement/placement/requestlog.py:55}}
Apr 30 01:19:23.422880 n-d-821348-1 devstack@placement-api.service[103802]: INFO placement.requestlog [req-c577246e-42bc-4ed4-8a6f-260905896fe5 req-e5b42748-4a7d-47cc-b181-1fd15a660946 service placement] 10.222.0.15 "GET /placement/allocations/2e884e21-ccaf-4cc5-824f-716c55431dd7" status: 200 len: 19 microversion: 1.28
Apr 30 01:19:23.429640 n-d-821348-1 devstack@placement-api.service[103802]: [pid: 103802|app: 0|req: 119/227] 10.222.0.15 () {60 vars in 1380 bytes} [Sat Apr 30 01:19:23 2022] GET /placement/allocations/2e884e21-ccaf-4cc5-824f-716c55431dd7 => generated 19 bytes in 39 msecs (HTTP/1.1 200) 8 headers in 295 bytes (1 switches on core 0)
Apr 30 01:19:23.430269 n-d-821348-1 devstack@placement-api.service[103803]: DEBUG placement.requestlog [req-c577246e-42bc-4ed4-8a6f-260905896fe5 req-e152cf3e-785c-4128-bbb1-eae029bfef34 None None] Starting request: 10.222.0.15 "PUT /placement/allocations/2e884e21-ccaf-4cc5-824f-716c55431dd7" {{(pid=103803) __call__ /opt/stack/placement/placement/requestlog.py:55}}
Apr 30 01:19:23.722057 n-d-821348-1 devstack@placement-api.service[103802]: DEBUG placement.requestlog [req-0a5dd148-e856-4f96-a8c8-94c897058d93 req-29551f94-d311-4823-a33a-75a380230fde None None] Starting request: 10.222.0.21 "GET /placement/resource_providers/b68a8be0-b67f-4131-9c04-b70f1a99a7fe/allocations" {{(pid=103802) __call__ /opt/stack/placement/placement/requestlog.py:55}}
Apr 30 01:19:23.819230 n-d-821348-1 devstack@placement-api.service[103803]: DEBUG placement.handlers.allocation [req-c577246e-42bc-4ed4-8a6f-260905896fe5 req-e152cf3e-785c-4128-bbb1-eae029bfef34 service placement] Successfully wrote allocations [, , ] {{(pid=103803) _update_consumers_and_create_allocations /opt/stack/placement/placement/handlers/allocation.py:462}}
Apr 30 01:19:23.883332 n-d-821348-1 devstack@placement-api.service[103803]: INFO placement.requestlog [req-c577246e-42bc-4ed4-8a6f-260905896fe5 req-e152cf3e-785c-4128-bbb1-eae029bfef34 service placement] 10.222.0.15 "PUT /placement/allocations/2e884e21-ccaf-4cc5-824f-716c55431dd7" status: 204 len: 0 microversion: 1.36
Apr 30 01:19:23.884496 n-d-821348-1 devstack@placement-api.service[103803]: [pid: 103803|app: 0|req: 109/228] 10.222.0.15 () {64 vars in 1433 bytes} [Sat Apr 30 01:19:23 2022] PUT /placement/allocations/2e884e21-ccaf-4cc5-824f-716c55431dd7 => generated 0 bytes in 454 msecs (HTTP/1.1 204) 5 headers in 199 bytes (1 switches on core 0)
Apr 30 01:19:23.885362 n-d-821348-1 devstack@placement-api.service[103803]: DEBUG placement.requestlog [req-25a5f392-0585-4a75-822a-2f5590cf3534 req-a3ec263e-3908-4e18-b38d-7a8727e9a02d None None] Starting request: 10.222.0.23 "DELETE /placement/allocations/19bd4dd8-06fe-46d9-b98d-855b6df1b1f3" {{(pid=103803) __call__ /opt/stack/placement/placement/requestlog.py:55}}
Apr 30 01:19:24.016414 n-d-821348-1 devstack@placement-api.service[103802]: INFO placement.requestlog [req-0a5dd148-e856-4f96-a8c8-94c897058d93 req-29551f94-d311-4823-a33a-75a380230fde service placement] 10.222.0.21 "GET /placement/resource_providers/b68a8be0-b67f-4131-9c04-b70f1a99a7fe/allocations" status: 200 len: 759 microversion: 1.0
Apr 30 01:19:24.016914 n-d-821348-1 devstack@placement-api.service[103802]: [pid: 103802|app: 0|req: 120/229] 10.222.0.21 () {58 vars in 1390 bytes} [Sat Apr 30 01:19:23 2022] GET /placement/resource_providers/b68a8be0-b67f-4131-9c04-b70f1a99a7fe/allocations => generated 759 bytes in 297 msecs (HTTP/1.1 200) 6 headers in 224 bytes (1 switches on core 0)
Apr 30 01:19:24.017616 n-d-821348-1 devstack@placement-api.service[103802]: DEBUG placement.requestlog [req-c577246e-42bc-4ed4-8a6f-260905896fe5 req-b01e3791-b071-49f0-a77a-0180c4c601bb None None] Starting request: 10.222.0.15 "GET /placement/allocations/dfd67a4e-15bf-4f9e-903b-f96f1c55481a" {{(pid=103802) __call__ /opt/stack/placement/placement/requestlog.py:55}}
Apr 30 01:19:24.043101 n-d-821348-1 devstack@placement-api.service[103802]: INFO placement.requestlog [req-c577246e-42bc-4ed4-8a6f-260905896fe5 req-b01e3791-b071-49f0-a77a-0180c4c601bb service placement] 10.222.0.15 "GET /placement/allocations/dfd67a4e-15bf-4f9e-903b-f96f1c55481a" status: 200 len: 19 microversion: 1.28
Apr 30 01:19:24.050245 n-d-821348-1 devstack@placement-api.service[103802]: [pid: 103802|app: 0|req: 121/230] 10.222.0.15 () {60 vars in 1380 bytes} [Sat Apr 30 01:19:24 2022] GET /placement/allocations/dfd67a4e-15bf-4f9e-903b-f96f1c55481a => generated 19 bytes in 32 msecs (HTTP/1.1 200) 8 headers in 295 bytes (1 switches on core 0)
Apr 30 01:19:24.050970 n-d-821348-1 devstack@placement-api.service[103802]: DEBUG placement.requestlog [req-c577246e-42bc-4ed4-8a6f-260905896fe5 req-5102f8af-f209-4615-90e3-4dc6729578db None None] Starting request: 10.222.0.15 "PUT /placement/allocations/dfd67a4e-15bf-4f9e-903b-f96f1c55481a" {{(pid=103802) __call__ /opt/stack/placement/placement/requestlog.py:55}}
Apr 30 01:19:24.145888 n-d-821348-1 devstack@placement-api.service[103803]: DEBUG placement.handlers.allocation [req-25a5f392-0585-4a75-822a-2f5590cf3534 req-a3ec263e-3908-4e18-b38d-7a8727e9a02d service placement] Successfully deleted allocations [, , ] {{(pid=103803) delete_allocations /opt/stack/placement/placement/handlers/allocation.py:627}}
Apr 30 01:19:24.146726 n-d-821348-1 devstack@placement-api.service[103803]: INFO placement.requestlog [req-25a5f392-0585-4a75-822a-2f5590cf3534 req-a3ec263e-3908-4e18-b38d-7a8727e9a02d service placement] 10.222.0.23 "DELETE /placement/allocations/19bd4dd8-06fe-46d9-b98d-855b6df1b1f3" status: 204 len: 0 microversion: 1.0
Apr 30 01:19:24.147356 n-d-821348-1 devstack@placement-api.service[103803]: [pid: 103803|app: 0|req: 110/231] 10.222.0.23 () {60 vars in 1355 bytes} [Sat Apr 30 01:19:23 2022] DELETE /placement/allocations/19bd4dd8-06fe-46d9-b98d-855b6df1b1f3 => generated 0 bytes in 262 msecs (HTTP/1.1 204) 5 headers in 198 bytes (1 switches on core 0)
Apr 30 01:19:24.160022 n-d-821348-1 devstack@placement-api.service[103803]: DEBUG placement.requestlog [req-0a5dd148-e856-4f96-a8c8-94c897058d93 req-72167edb-e9b0-4c4b-8034-03fc8a93f195 None None] Starting request: 10.222.0.21 "GET /placement/resource_providers?in_tree=b68a8be0-b67f-4131-9c04-b70f1a99a7fe" {{(pid=103803) __call__ /opt/stack/placement/placement/requestlog.py:55}}
Apr 30 01:19:24.161033 n-d-821348-1 devstack@placement-api.service[103802]: DEBUG placement.handlers.allocation [req-c577246e-42bc-4ed4-8a6f-260905896fe5 req-5102f8af-f209-4615-90e3-4dc6729578db service placement] Successfully wrote allocations [, , ] {{(pid=103802) _update_consumers_and_create_allocations /opt/stack/placement/placement/handlers/allocation.py:462}}
Apr 30 01:19:24.186254 n-d-821348-1 devstack@placement-api.service[103803]: INFO placement.requestlog [req-0a5dd148-e856-4f96-a8c8-94c897058d93 req-72167edb-e9b0-4c4b-8034-03fc8a93f195 service placement] 10.222.0.21 "GET /placement/resource_providers?in_tree=b68a8be0-b67f-4131-9c04-b70f1a99a7fe" status: 200 len: 863 microversion: 1.14
Apr 30 01:19:24.187129 n-d-821348-1 devstack@placement-api.service[103803]: [pid: 103803|app: 0|req: 111/232] 10.222.0.21 () {60 vars in 1376 bytes} [Sat Apr 30 01:19:24 2022] GET /placement/resource_providers?in_tree=b68a8be0-b67f-4131-9c04-b70f1a99a7fe => generated 863 bytes in 27 msecs (HTTP/1.1 200) 6 headers in 225 bytes (2 switches on core 0)
Apr 30 01:19:24.196807 n-d-821348-1 devstack@placement-api.service[103803]: DEBUG placement.requestlog [req-0a5dd148-e856-4f96-a8c8-94c897058d93 req-897a0c8b-60fb-4eeb-8d81-a0f219664ff1 None None] Starting request: 10.222.0.21 "GET /placement/resource_providers/b68a8be0-b67f-4131-9c04-b70f1a99a7fe/inventories" {{(pid=103803) __call__ /opt/stack/placement/placement/requestlog.py:55}}
Apr 30 01:19:24.215944 n-d-821348-1 devstack@placement-api.service[103802]: INFO placement.requestlog [req-c577246e-42bc-4ed4-8a6f-260905896fe5 req-5102f8af-f209-4615-90e3-4dc6729578db service placement] 10.222.0.15 "PUT /placement/allocations/dfd67a4e-15bf-4f9e-903b-f96f1c55481a" status: 204 len: 0 microversion: 1.36
Apr 30 01:19:24.216201 n-d-821348-1 devstack@placement-api.service[103802]: [pid: 103802|app: 0|req: 122/233] 10.222.0.15 () {64 vars in 1433 bytes} [Sat Apr 30 01:19:24 2022] PUT /placement/allocations/dfd67a4e-15bf-4f9e-903b-f96f1c55481a => generated 0 bytes in 166 msecs (HTTP/1.1 204) 5 headers in 199 bytes (1 switches on core 0)
Apr 30 01:19:24.273930 n-d-821348-1 devstack@placement-api.service[103803]: INFO placement.requestlog [req-0a5dd148-e856-4f96-a8c8-94c897058d93 req-897a0c8b-60fb-4eeb-8d81-a0f219664ff1 service placement] 10.222.0.21 "GET /placement/resource_providers/b68a8be0-b67f-4131-9c04-b70f1a99a7fe/inventories" status: 200 len: 398 microversion: 1.0
Apr 30 01:19:24.284801 n-d-821348-1 devstack@placement-api.service[103803]: [pid: 103803|app: 0|req: 112/234] 10.222.0.21 () {58 vars in 1390 bytes} [Sat Apr 30 01:19:24 2022] GET /placement/resource_providers/b68a8be0-b67f-4131-9c04-b70f1a99a7fe/inventories => generated 398 bytes in 82 msecs (HTTP/1.1 200) 6 headers in 224 bytes (1 switches on core 0)
Apr 30 01:19:24.286315 n-d-821348-1 devstack@placement-api.service[103802]: DEBUG placement.requestlog [req-0a5dd148-e856-4f96-a8c8-94c897058d93 req-9d79a47e-1f1e-4e65-8b76-7a088c3665d5 None None] Starting request: 10.222.0.21 "GET /placement/resource_providers/b68a8be0-b67f-4131-9c04-b70f1a99a7fe/aggregates" {{(pid=103802) __call__ /opt/stack/placement/placement/requestlog.py:55}}
Apr 30 01:19:24.305129 n-d-821348-1 devstack@placement-api.service[103802]: INFO placement.requestlog [req-0a5dd148-e856-4f96-a8c8-94c897058d93 req-9d79a47e-1f1e-4e65-8b76-7a088c3665d5 service placement] 10.222.0.21 "GET /placement/resource_providers/b68a8be0-b67f-4131-9c04-b70f1a99a7fe/aggregates" status: 200 len: 54 microversion: 1.19
Apr 30 01:19:24.306324 n-d-821348-1 devstack@placement-api.service[103802]: [pid: 103802|app: 0|req: 123/235] 10.222.0.21 () {60 vars in 1431 bytes} [Sat Apr 30 01:19:24 2022] GET /placement/resource_providers/b68a8be0-b67f-4131-9c04-b70f1a99a7fe/aggregates => generated 54 bytes in 20 msecs (HTTP/1.1 200) 8 headers in 295 bytes (1 switches on core 0)
Apr 30 01:19:24.329910 n-d-821348-1 devstack@placement-api.service[103803]: DEBUG placement.requestlog [req-0a5dd148-e856-4f96-a8c8-94c897058d93 req-d8028bbe-c647-4361-a2c2-3e033f96f1aa None None] Starting request: 10.222.0.21 "GET /placement/resource_providers/b68a8be0-b67f-4131-9c04-b70f1a99a7fe/traits" {{(pid=103803) __call__ /opt/stack/placement/placement/requestlog.py:55}}
Apr 30 01:19:24.369497 n-d-821348-1 devstack@placement-api.service[103803]: INFO placement.requestlog [req-0a5dd148-e856-4f96-a8c8-94c897058d93 req-d8028bbe-c647-4361-a2c2-3e033f96f1aa service placement] 10.222.0.21 "GET /placement/resource_providers/b68a8be0-b67f-4131-9c04-b70f1a99a7fe/traits" status: 200 len: 212 microversion: 1.6
Apr 30 01:19:24.370197 n-d-821348-1 devstack@placement-api.service[103803]: [pid: 103803|app: 0|req: 113/236] 10.222.0.21 () {60 vars in 1418 bytes} [Sat Apr 30 01:19:24 2022] GET /placement/resource_providers/b68a8be0-b67f-4131-9c04-b70f1a99a7fe/traits => generated 212 bytes in 40 msecs (HTTP/1.1 200) 6 headers in 224 bytes (1 switches on core 0)
Apr 30 01:19:25.143479 n-d-821348-1 devstack@placement-api.service[103802]: DEBUG placement.requestlog [req-ccf45a30-753b-437a-9e83-c70e25e50348 req-30b706cd-3712-4732-8d85-8f68c3482370 None None] Starting request: 10.222.0.23 "GET /placement/resource_providers/664c9c99-19fd-4e85-9e3a-3fdd1ba3d09e/allocations" {{(pid=103802) __call__ /opt/stack/placement/placement/requestlog.py:55}}
Apr 30 01:19:25.182787 n-d-821348-1 devstack@placement-api.service[103802]: INFO placement.requestlog [req-ccf45a30-753b-437a-9e83-c70e25e50348 req-30b706cd-3712-4732-8d85-8f68c3482370 service placement] 10.222.0.23 "GET /placement/resource_providers/664c9c99-19fd-4e85-9e3a-3fdd1ba3d09e/allocations" status: 200 len: 659 microversion: 1.0
Apr 30 01:19:25.183779 n-d-821348-1 devstack@placement-api.service[103802]: [pid: 103802|app: 0|req: 124/237] 10.222.0.23 () {58 vars in 1390 bytes} [Sat Apr 30 01:19:25 2022] GET /placement/resource_providers/664c9c99-19fd-4e85-9e3a-3fdd1ba3d09e/allocations => generated 659 bytes in 41 msecs (HTTP/1.1 200) 6 headers in 224 bytes (2 switches on core 0)
Apr 30 01:19:25.319300 n-d-821348-1 devstack@placement-api.service[103803]: DEBUG placement.requestlog [req-ccf45a30-753b-437a-9e83-c70e25e50348 req-5fc86428-70de-4155-91ff-feb013e9002a None None] Starting request: 10.222.0.23 "GET /placement/resource_providers?in_tree=664c9c99-19fd-4e85-9e3a-3fdd1ba3d09e" {{(pid=103803) __call__ /opt/stack/placement/placement/requestlog.py:55}}
Apr 30 01:19:25.354363 n-d-821348-1 devstack@placement-api.service[103803]: INFO placement.requestlog [req-ccf45a30-753b-437a-9e83-c70e25e50348 req-5fc86428-70de-4155-91ff-feb013e9002a service placement] 10.222.0.23 "GET /placement/resource_providers?in_tree=664c9c99-19fd-4e85-9e3a-3fdd1ba3d09e" status: 200 len: 863 microversion: 1.14
Apr 30 01:19:25.355305 n-d-821348-1 devstack@placement-api.service[103803]: [pid: 103803|app: 0|req: 114/238] 10.222.0.23 () {60 vars in 1376 bytes} [Sat Apr 30 01:19:25 2022] GET /placement/resource_providers?in_tree=664c9c99-19fd-4e85-9e3a-3fdd1ba3d09e => generated 863 bytes in 36 msecs (HTTP/1.1 200) 6 headers in 225 bytes (1 switches on core 0)
Apr 30 01:19:25.365285 n-d-821348-1 devstack@placement-api.service[103802]: DEBUG placement.requestlog [req-ccf45a30-753b-437a-9e83-c70e25e50348 req-3463ece4-0f00-4ac8-ae64-334e4a9c450c None None] Starting request: 10.222.0.23 "GET /placement/resource_providers/664c9c99-19fd-4e85-9e3a-3fdd1ba3d09e/inventories" {{(pid=103802) __call__ /opt/stack/placement/placement/requestlog.py:55}}
Apr 30 01:19:25.403236 n-d-821348-1 devstack@placement-api.service[103802]: INFO placement.requestlog [req-ccf45a30-753b-437a-9e83-c70e25e50348 req-3463ece4-0f00-4ac8-ae64-334e4a9c450c service placement] 10.222.0.23 "GET /placement/resource_providers/664c9c99-19fd-4e85-9e3a-3fdd1ba3d09e/inventories" status: 200 len: 398 microversion: 1.0
Apr 30 01:19:25.404129 n-d-821348-1 devstack@placement-api.service[103802]: [pid: 103802|app: 0|req: 125/239] 10.222.0.23 () {58 vars in 1390 bytes} [Sat Apr 30 01:19:25 2022] GET /placement/resource_providers/664c9c99-19fd-4e85-9e3a-3fdd1ba3d09e/inventories => generated 398 bytes in 40 msecs (HTTP/1.1 200) 6 headers in 224 bytes (1 switches on core 0)
Apr 30 01:19:25.415829 n-d-821348-1 devstack@placement-api.service[103803]: DEBUG placement.requestlog [req-ccf45a30-753b-437a-9e83-c70e25e50348 req-eb1b4e57-00c9-4f06-a73c-24cc756b4bff None None] Starting request: 10.222.0.23 "GET /placement/resource_providers/664c9c99-19fd-4e85-9e3a-3fdd1ba3d09e/aggregates" {{(pid=103803) __call__ /opt/stack/placement/placement/requestlog.py:55}}
Apr 30 01:19:25.429152 n-d-821348-1 devstack@placement-api.service[103803]: INFO placement.requestlog [req-ccf45a30-753b-437a-9e83-c70e25e50348 req-eb1b4e57-00c9-4f06-a73c-24cc756b4bff service placement] 10.222.0.23 "GET /placement/resource_providers/664c9c99-19fd-4e85-9e3a-3fdd1ba3d09e/aggregates" status: 200 len: 54 microversion: 1.19
Apr 30 01:19:25.429461 n-d-821348-1 devstack@placement-api.service[103803]: [pid: 103803|app: 0|req: 115/240] 10.222.0.23 () {60 vars in 1431 bytes} [Sat Apr 30 01:19:25 2022] GET /placement/resource_providers/664c9c99-19fd-4e85-9e3a-3fdd1ba3d09e/aggregates => generated 54 bytes in 14 msecs (HTTP/1.1 200) 8 headers in 295 bytes (2 switches on core 0)
Apr 30 01:19:25.446332 n-d-821348-1 devstack@placement-api.service[103802]: DEBUG placement.requestlog [req-ccf45a30-753b-437a-9e83-c70e25e50348 req-1660ce1c-908f-46de-a536-fbb76d969d8c None None] Starting request: 10.222.0.23 "GET /placement/resource_providers/664c9c99-19fd-4e85-9e3a-3fdd1ba3d09e/traits" {{(pid=103802) __call__ /opt/stack/placement/placement/requestlog.py:55}}
Apr 30 01:19:25.491561 n-d-821348-1 devstack@placement-api.service[103802]: INFO placement.requestlog [req-ccf45a30-753b-437a-9e83-c70e25e50348 req-1660ce1c-908f-46de-a536-fbb76d969d8c service placement] 10.222.0.23 "GET /placement/resource_providers/664c9c99-19fd-4e85-9e3a-3fdd1ba3d09e/traits" status: 200 len: 212 microversion: 1.6
Apr 30 01:19:25.491980 n-d-821348-1 devstack@placement-api.service[103802]: [pid: 103802|app: 0|req: 126/241] 10.222.0.23 () {60 vars in 1418 bytes} [Sat Apr 30 01:19:25 2022] GET /placement/resource_providers/664c9c99-19fd-4e85-9e3a-3fdd1ba3d09e/traits => generated 212 bytes in 48 msecs (HTTP/1.1 200) 6 headers in 224 bytes (1 switches on core 0)
Apr 30 01:19:25.638226 n-d-821348-1 devstack@placement-api.service[103803]: DEBUG placement.requestlog [req-c577246e-42bc-4ed4-8a6f-260905896fe5 req-54b5d907-0529-40f8-adc8-d1c090e54764 None None] Starting request: 10.222.0.21 "GET /placement/allocations/2e884e21-ccaf-4cc5-824f-716c55431dd7" {{(pid=103803) __call__ /opt/stack/placement/placement/requestlog.py:55}}
Apr 30 01:19:25.692908 n-d-821348-1 devstack@placement-api.service[103803]: INFO placement.requestlog [req-c577246e-42bc-4ed4-8a6f-260905896fe5 req-54b5d907-0529-40f8-adc8-d1c090e54764 service placement] 10.222.0.21 "GET /placement/allocations/2e884e21-ccaf-4cc5-824f-716c55431dd7" status: 200 len: 259 microversion: 1.28
Apr 30 01:19:25.695355 n-d-821348-1 devstack@placement-api.service[103803]: [pid: 103803|app: 0|req: 116/242] 10.222.0.21 () {60 vars in 1377 bytes} [Sat Apr 30 01:19:25 2022] GET /placement/allocations/2e884e21-ccaf-4cc5-824f-716c55431dd7 => generated 259 bytes in 57 msecs (HTTP/1.1 200) 8 headers in 296 bytes (1 switches on core 0)
Apr 30 01:19:26.115933 n-d-821348-1 devstack@placement-api.service[103802]: DEBUG placement.requestlog [req-c577246e-42bc-4ed4-8a6f-260905896fe5 req-7e30da85-f535-4987-b858-068c358a521d None None] Starting request: 10.222.0.23 "GET /placement/allocations/dfd67a4e-15bf-4f9e-903b-f96f1c55481a" {{(pid=103802) __call__ /opt/stack/placement/placement/requestlog.py:55}}
Apr 30 01:19:26.145546 n-d-821348-1 devstack@placement-api.service[103802]: INFO placement.requestlog [req-c577246e-42bc-4ed4-8a6f-260905896fe5 req-7e30da85-f535-4987-b858-068c358a521d service placement] 10.222.0.23 "GET /placement/allocations/dfd67a4e-15bf-4f9e-903b-f96f1c55481a" status: 200 len: 259 microversion: 1.28
Apr 30 01:19:26.146153 n-d-821348-1 devstack@placement-api.service[103802]: [pid: 103802|app: 0|req: 127/243] 10.222.0.23 () {60 vars in 1377 bytes} [Sat Apr 30 01:19:26 2022] GET /placement/allocations/dfd67a4e-15bf-4f9e-903b-f96f1c55481a => generated 259 bytes in 30 msecs (HTTP/1.1 200) 8 headers in 296 bytes (1 switches on core 0)
Apr 30 01:19:33.517875 n-d-821348-1 devstack@placement-api.service[103803]: DEBUG placement.requestlog [None req-6fc8ae6f-ee45-4ed5-982e-61baab0ad717 None None] Starting request: 10.222.0.15 "GET /placement/" {{(pid=103803) __call__ /opt/stack/placement/placement/requestlog.py:55}}
Apr 30 01:19:33.518877 n-d-821348-1 devstack@placement-api.service[103803]: INFO placement.requestlog [None req-6fc8ae6f-ee45-4ed5-982e-61baab0ad717 None None] 10.222.0.15 "GET /placement/" status: 200 len: 136 microversion: 1.0
Apr 30 01:19:33.519455 n-d-821348-1 devstack@placement-api.service[103803]: [pid: 103803|app: 0|req: 117/244] 10.222.0.15 () {54 vars in 916 bytes} [Sat Apr 30 01:19:33 2022] GET /placement => generated 136 bytes in 3 msecs (HTTP/1.1 200) 6 headers in 224 bytes (1 switches on core 0)
Apr 30 01:19:33.529086 n-d-821348-1 devstack@placement-api.service[103802]: DEBUG placement.requestlog [req-d9166d8e-2823-4abd-ae0a-37f5fff19638 req-9b61537f-97cc-4cb4-80c9-b0fd3df46ffb None None] Starting request: 10.222.0.15 "GET /placement/allocations/0b4a5d62-8cec-4c99-ba07-e7c64d7331ed" {{(pid=103802) __call__ /opt/stack/placement/placement/requestlog.py:55}}
Apr 30 01:19:33.613108 n-d-821348-1 devstack@placement-api.service[103802]: INFO placement.requestlog [req-d9166d8e-2823-4abd-ae0a-37f5fff19638 req-9b61537f-97cc-4cb4-80c9-b0fd3df46ffb service placement] 10.222.0.15 "GET /placement/allocations/0b4a5d62-8cec-4c99-ba07-e7c64d7331ed" status: 200 len: 259 microversion: 1.28
Apr 30 01:19:33.621877 n-d-821348-1 devstack@placement-api.service[103803]: DEBUG placement.requestlog [req-d9166d8e-2823-4abd-ae0a-37f5fff19638 req-841f74e0-370c-4ede-bc66-a7fc0a2a600f None None] Starting request: 10.222.0.15 "GET /placement/allocations/0b4a5d62-8cec-4c99-ba07-e7c64d7331ed" {{(pid=103803) __call__ /opt/stack/placement/placement/requestlog.py:55}}
Apr 30 01:19:33.622251 n-d-821348-1 devstack@placement-api.service[103802]: [pid: 103802|app: 0|req: 128/245] 10.222.0.15 () {60 vars in 1380 bytes} [Sat Apr 30 01:19:33 2022] GET /placement/allocations/0b4a5d62-8cec-4c99-ba07-e7c64d7331ed => generated 259 bytes in 93 msecs (HTTP/1.1 200) 8 headers in 296 bytes (1 switches on core 0)
Apr 30 01:19:33.653453 n-d-821348-1 devstack@placement-api.service[103803]: INFO placement.requestlog [req-d9166d8e-2823-4abd-ae0a-37f5fff19638 req-841f74e0-370c-4ede-bc66-a7fc0a2a600f service placement] 10.222.0.15 "GET /placement/allocations/0b4a5d62-8cec-4c99-ba07-e7c64d7331ed" status: 200 len: 259 microversion: 1.28
Apr 30 01:19:33.654281 n-d-821348-1 devstack@placement-api.service[103803]: [pid: 103803|app: 0|req: 118/246] 10.222.0.15 () {60 vars in 1380 bytes} [Sat Apr 30 01:19:33 2022] GET /placement/allocations/0b4a5d62-8cec-4c99-ba07-e7c64d7331ed => generated 259 bytes in 32 msecs (HTTP/1.1 200) 8 headers in 296 bytes (2 switches on core 0)
Apr 30 01:19:33.660197 n-d-821348-1 devstack@placement-api.service[103802]: DEBUG placement.requestlog [req-d9166d8e-2823-4abd-ae0a-37f5fff19638 req-e05ace4d-8910-43b7-bf4b-090066a713d1 None None] Starting request: 10.222.0.15 "GET /placement/allocations/cb9010b8-aa81-409d-b0d8-a06cb2e2001d" {{(pid=103802) __call__ /opt/stack/placement/placement/requestlog.py:55}}
Apr 30 01:19:33.674762 n-d-821348-1 devstack@placement-api.service[103802]: INFO placement.requestlog [req-d9166d8e-2823-4abd-ae0a-37f5fff19638 req-e05ace4d-8910-43b7-bf4b-090066a713d1 service placement] 10.222.0.15 "GET /placement/allocations/cb9010b8-aa81-409d-b0d8-a06cb2e2001d" status: 200 len: 19 microversion: 1.28
Apr 30 01:19:33.675330 n-d-821348-1 devstack@placement-api.service[103802]: [pid: 103802|app: 0|req: 129/247] 10.222.0.15 () {60 vars in 1380 bytes} [Sat Apr 30 01:19:33 2022] GET /placement/allocations/cb9010b8-aa81-409d-b0d8-a06cb2e2001d => generated 19 bytes in 15 msecs (HTTP/1.1 200) 8 headers in 295 bytes (1 switches on core 0)
Apr 30 01:19:33.681352 n-d-821348-1 devstack@placement-api.service[103803]: DEBUG placement.requestlog [req-d9166d8e-2823-4abd-ae0a-37f5fff19638 req-2d17de2b-8bce-4ad0-82e5-52bc35520709 None None] Starting request: 10.222.0.15 "POST /placement/allocations" {{(pid=103803) __call__ /opt/stack/placement/placement/requestlog.py:55}}
Apr 30 01:19:33.831594 n-d-821348-1 devstack@placement-api.service[103803]: DEBUG placement.handlers.allocation [req-d9166d8e-2823-4abd-ae0a-37f5fff19638 req-2d17de2b-8bce-4ad0-82e5-52bc35520709 service placement] Successfully wrote allocations [, , , , , ] {{(pid=103803) _update_consumers_and_create_allocations /opt/stack/placement/placement/handlers/allocation.py:572}}
Apr 30 01:19:33.906280 n-d-821348-1 devstack@placement-api.service[103803]: INFO placement.requestlog [req-d9166d8e-2823-4abd-ae0a-37f5fff19638 req-2d17de2b-8bce-4ad0-82e5-52bc35520709 service placement] 10.222.0.15 "POST /placement/allocations" status: 204 len: 0 microversion: 1.28
Apr 30 01:19:33.910847 n-d-821348-1 devstack@placement-api.service[103803]: [pid: 103803|app: 0|req: 119/248] 10.222.0.15 () {64 vars in 1323 bytes} [Sat Apr 30 01:19:33 2022] POST /placement/allocations => generated 0 bytes in 225 msecs (HTTP/1.1 204) 5 headers in 199 bytes (2 switches on core 0)
Apr 30 01:19:33.974655 n-d-821348-1 devstack@placement-api.service[103802]: DEBUG placement.requestlog [req-d9166d8e-2823-4abd-ae0a-37f5fff19638 req-f8559b49-0d78-4694-9656-06ac8ca90e1f None None] Starting request: 10.222.0.15 "GET /placement/allocation_candidates?limit=1000&resources=DISK_GB%3A1%2CMEMORY_MB%3A512%2CVCPU%3A1&root_required=%21COMPUTE_STATUS_DISABLED" {{(pid=103802) __call__ /opt/stack/placement/placement/requestlog.py:55}}
Apr 30 01:19:34.029670 n-d-821348-1 devstack@placement-api.service[103802]: DEBUG placement.objects.research_context [req-d9166d8e-2823-4abd-ae0a-37f5fff19638 req-f8559b49-0d78-4694-9656-06ac8ca90e1f service placement] getting providers with 1 DISK_GB {{(pid=103802) __init__ /opt/stack/placement/placement/objects/research_context.py:126}}
Apr 30 01:19:34.040277 n-d-821348-1 devstack@placement-api.service[103802]: DEBUG placement.objects.research_context [req-d9166d8e-2823-4abd-ae0a-37f5fff19638 req-f8559b49-0d78-4694-9656-06ac8ca90e1f service placement] getting providers with 512 MEMORY_MB {{(pid=103802) __init__ /opt/stack/placement/placement/objects/research_context.py:126}}
Apr 30 01:19:34.043535 n-d-821348-1 devstack@placement-api.service[103802]: DEBUG placement.objects.research_context [req-d9166d8e-2823-4abd-ae0a-37f5fff19638 req-f8559b49-0d78-4694-9656-06ac8ca90e1f service placement] getting providers with 1 VCPU {{(pid=103802) __init__ /opt/stack/placement/placement/objects/research_context.py:126}}
