Dec 09 19:43:07.630063 n-d-820935-6 neutron-server[109903]: DEBUG neutron.pecan_wsgi.hooks.policy_enforcement [req-7c80940b-6a6a-4380-b11a-10b6ba0a3af7 req-d281437f-5f13-44ba-8990-e0f411cbf358 tempest-ServersWithSpecificFlavorTestJSON-908383940 tempest-ServersWithSpecificFlavorTestJSON-908383940-project] Attributes excluded by policy engine: ['standard_attr_id', 'binding:profile', 'binding:host_id', 'binding:vif_type', 'binding:vif_details'] {{(pid=109903) _exclude_attributes_by_policy /opt/stack/neutron/neutron/pecan_wsgi/hooks/policy_enforcement.py:255}}
Dec 09 19:43:07.639022 n-d-820935-6 neutron-server[109903]: INFO neutron.wsgi [req-7c80940b-6a6a-4380-b11a-10b6ba0a3af7 req-d281437f-5f13-44ba-8990-e0f411cbf358 tempest-ServersWithSpecificFlavorTestJSON-908383940 tempest-ServersWithSpecificFlavorTestJSON-908383940-project] 10.222.0.46 "GET /v2.0/ports?device_id=7e070fbc-c6d7-478e-8587-0d99f3f3d975 HTTP/1.1" status: 200 len: 945 time: 0.3100107
Dec 09 19:43:07.658368 n-d-820935-6 neutron-server[109903]: DEBUG neutron_lib.callbacks.manager [None req-25f0eda8-dc49-44c7-aaf0-dfc1efd4da57 admin admin] Publish callbacks ['neutron.plugins.ml2.ovo_rpc._ObjectChangeHandler.handle_event-4138601'] for security_group, after_delete {{(pid=109903) _notify_loop /usr/local/lib/python3.8/dist-packages/neutron_lib/callbacks/manager.py:175}}
Dec 09 19:43:07.661030 n-d-820935-6 neutron-server[109903]: DEBUG neutron_lib.callbacks.manager [None req-25f0eda8-dc49-44c7-aaf0-dfc1efd4da57 admin admin] Publish callbacks [] for security_group, before_response {{(pid=109903) _notify_loop /usr/local/lib/python3.8/dist-packages/neutron_lib/callbacks/manager.py:175}}
Dec 09 19:43:07.664680 n-d-820935-6 neutron-server[109903]: INFO neutron.wsgi [None req-25f0eda8-dc49-44c7-aaf0-dfc1efd4da57 admin admin] 10.222.0.46 "DELETE /v2.0/security-groups/8ab1c1fc-d376-403f-89eb-c652d58f47b1 HTTP/1.1" status: 204 len: 168 time: 0.7952387
Dec 09 19:43:07.664680 n-d-820935-6 neutron-server[109903]: DEBUG neutron.wsgi [-] (109903) accepted ('10.222.0.46', 55892) {{(pid=109903) server /usr/local/lib/python3.8/dist-packages/eventlet/wsgi.py:1004}}
Dec 09 19:43:07.678394 n-d-820935-6 neutron-server[109903]: DEBUG neutron.pecan_wsgi.hooks.policy_enforcement [req-3e110537-4ff7-4b68-9b4e-ad163226f8cf req-bda539a7-2174-4a0d-bac1-926109ee5704 service neutron] Attributes excluded by policy engine: ['standard_attr_id', 'shared', 'segment_id'] {{(pid=109903) _exclude_attributes_by_policy /opt/stack/neutron/neutron/pecan_wsgi/hooks/policy_enforcement.py:255}}
Dec 09 19:43:07.679850 n-d-820935-6 neutron-server[109903]: INFO neutron.wsgi [req-3e110537-4ff7-4b68-9b4e-ad163226f8cf req-bda539a7-2174-4a0d-bac1-926109ee5704 service neutron] 10.222.0.42 "GET /v2.0/subnets?id=756bad04-28f7-44e0-b843-7115c0c74506 HTTP/1.1" status: 200 len: 843 time: 0.1812193
Dec 09 19:43:07.718322 n-d-820935-6 neutron-server[109903]: DEBUG neutron_lib.callbacks.manager [None req-cbb5596e-732a-4c14-99bd-10daca9ea228 admin admin] Publish callbacks ['neutron.plugins.ml2.ovo_rpc._ObjectChangeHandler.handle_event-3967065', 'neutron.api.rpc.agentnotifiers.dhcp_rpc_agent_api.DhcpAgentNotifyAPI._native_event_send_dhcp_notification-3902312', 'neutron.services.segments.plugin.NovaSegmentNotifier._notify_subnet_created-25331228', 'neutron.services.segments.plugin.SegmentHostRoutes.host_routes_after_create-25174139'] for subnet, after_create {{(pid=109903) _notify_loop /usr/local/lib/python3.8/dist-packages/neutron_lib/callbacks/manager.py:175}}
Dec 09 19:43:07.745160 n-d-820935-6 neutron-server[109903]: DEBUG neutron.api.rpc.handlers.resources_rpc [None req-25f0eda8-dc49-44c7-aaf0-dfc1efd4da57 admin admin] Pushing event deleted for resources: {'SecurityGroup': ['ID=8ab1c1fc-d376-403f-89eb-c652d58f47b1,revision_number=None']} {{(pid=109903) push /opt/stack/neutron/neutron/api/rpc/handlers/resources_rpc.py:237}}
Dec 09 19:43:07.767394 n-d-820935-6 neutron-server[109903]: DEBUG neutron_lib.callbacks.manager [None req-ef2f3404-9946-47d5-a3e7-cbb1ff563bc5 admin admin] Publish callbacks [] for security_group, before_create {{(pid=109903) _notify_loop /usr/local/lib/python3.8/dist-packages/neutron_lib/callbacks/manager.py:175}}
Dec 09 19:43:07.826768 n-d-820935-6 neutron-server[109903]: INFO neutron.wsgi [req-baa76265-6186-4925-b5a0-5a4b093b2449 req-9cb7e062-cdef-45ea-8e93-6d48a84b737b service neutron] 10.222.0.47 "GET /v2.0/security-groups?id=2f3cb721-b1a2-4cb7-af13-3defb64ab860&fields=id&fields=name HTTP/1.1" status: 200 len: 286 time: 0.2371268
Dec 09 19:43:07.876098 n-d-820935-6 neutron-server[109903]: INFO neutron.wsgi [req-7c80940b-6a6a-4380-b11a-10b6ba0a3af7 req-bd9c6a96-3d90-4793-b2b7-5624b8ffc8c8 tempest-ServersWithSpecificFlavorTestJSON-908383940 tempest-ServersWithSpecificFlavorTestJSON-908383940-project] 10.222.0.46 "GET /v2.0/security-groups?id=6d8e7763-ce30-4451-92e1-4d9476904f91&fields=id&fields=name HTTP/1.1" status: 200 len: 312 time: 0.2362213
Dec 09 19:43:07.910223 n-d-820935-6 neutron-server[109903]: DEBUG neutron.pecan_wsgi.hooks.policy_enforcement [req-e1ca4905-482f-4f13-b122-c8c210e804d1 req-244049c3-c813-40c4-b19c-a16e4c97ee95 tempest-DeleteServersAdminTestJSON-1041418029 tempest-DeleteServersAdminTestJSON-1041418029-project] Attributes excluded by policy engine: ['standard_attr_id', 'binding:profile', 'binding:host_id', 'binding:vif_type', 'binding:vif_details'] {{(pid=109903) _exclude_attributes_by_policy /opt/stack/neutron/neutron/pecan_wsgi/hooks/policy_enforcement.py:255}}
Dec 09 19:43:07.911786 n-d-820935-6 neutron-server[109903]: INFO neutron.wsgi [req-e1ca4905-482f-4f13-b122-c8c210e804d1 req-244049c3-c813-40c4-b19c-a16e4c97ee95 tempest-DeleteServersAdminTestJSON-1041418029 tempest-DeleteServersAdminTestJSON-1041418029-project] 10.222.0.46 "GET /v2.0/ports?device_id=69d2767d-5f4a-4dc2-8f0a-e46e6c2a8a0b HTTP/1.1" status: 200 len: 946 time: 0.2705181
Dec 09 19:43:07.924156 n-d-820935-6 neutron-server[109903]: DEBUG neutron.pecan_wsgi.hooks.policy_enforcement [req-3e110537-4ff7-4b68-9b4e-ad163226f8cf req-74a0f221-0597-4d35-b8f3-29491fefb62c service neutron] Attributes excluded by policy engine: ['standard_attr_id'] {{(pid=109903) _exclude_attributes_by_policy /opt/stack/neutron/neutron/pecan_wsgi/hooks/policy_enforcement.py:255}}
Dec 09 19:43:07.925633 n-d-820935-6 neutron-server[109903]: INFO neutron.wsgi [req-3e110537-4ff7-4b68-9b4e-ad163226f8cf req-74a0f221-0597-4d35-b8f3-29491fefb62c service neutron] 10.222.0.42 "GET /v2.0/ports?network_id=4bf1c04f-20d6-49d9-9a13-45d9c8948cc6&device_owner=network%3Adhcp HTTP/1.1" status: 200 len: 1166 time: 0.2138090
Dec 09 19:43:07.976376 n-d-820935-6 neutron-server[109903]: DEBUG neutron.api.rpc.handlers.resources_rpc [None req-cbb5596e-732a-4c14-99bd-10daca9ea228 admin admin] Pushing event updated for resources: {'Subnet': ['ID=7e3fd191-5d68-4109-906d-7776c5e32ab6,revision_number=0']} {{(pid=109903) push /opt/stack/neutron/neutron/api/rpc/handlers/resources_rpc.py:237}}
Dec 09 19:43:08.001853 n-d-820935-6 neutron-server[109902]: DEBUG neutron.wsgi [-] (109902) accepted ('10.222.0.46', 55904) {{(pid=109902) server /usr/local/lib/python3.8/dist-packages/eventlet/wsgi.py:1004}}
Dec 09 19:43:08.006757 n-d-820935-6 neutron-server[109903]: DEBUG neutron.plugins.ml2.drivers.mech_agent [None req-cbb5596e-732a-4c14-99bd-10daca9ea228 admin admin] Checking segment: {'id': '3c623aee-d106-42bf-aee7-67fedfdec3ee', 'network_type': 'vlan', 'physical_network': 'physnet1', 'segmentation_id': 317, 'network_id': 'f95faced-9878-43fd-a6c5-9a3eac57753e'} for mappings: {'physnet1': 'br-data'} with network types: ['local', 'flat', 'vlan'] {{(pid=109903) check_segment_for_agent /opt/stack/neutron/neutron/plugins/ml2/drivers/mech_agent.py:371}}
Dec 09 19:43:08.007118 n-d-820935-6 neutron-server[109903]: DEBUG neutron.scheduler.dhcp_agent_scheduler [None req-cbb5596e-732a-4c14-99bd-10daca9ea228 admin admin] Network hostable DHCP agents. Network: f95faced-9878-43fd-a6c5-9a3eac57753e, hostable agents: ['5c7886b2-e891-4593-933c-7ff697a9bad9'], hosted agents: [] {{(pid=109903) _get_network_hostable_dhcp_agents /opt/stack/neutron/neutron/scheduler/dhcp_agent_scheduler.py:329}}
Dec 09 19:43:08.017925 n-d-820935-6 neutron-server[109902]: DEBUG neutron_lib.callbacks.manager [None req-7c0de79a-fd88-41df-9b75-94c895825241 admin admin] Publish callbacks [] for security_group, before_create {{(pid=109902) _notify_loop /usr/local/lib/python3.8/dist-packages/neutron_lib/callbacks/manager.py:175}}
Dec 09 19:43:08.103567 n-d-820935-6 neutron-server[109902]: DEBUG neutron_lib.callbacks.manager [None req-7c0de79a-fd88-41df-9b75-94c895825241 admin admin] Publish callbacks [] for security_group, precommit_create {{(pid=109902) _notify_loop /usr/local/lib/python3.8/dist-packages/neutron_lib/callbacks/manager.py:175}}
Dec 09 19:43:08.108111 n-d-820935-6 neutron-server[109902]: DEBUG neutron_lib.callbacks.manager [None req-7c0de79a-fd88-41df-9b75-94c895825241 admin admin] Publish callbacks ['neutron.plugins.ml2.ovo_rpc._ObjectChangeHandler.handle_event-4138601'] for security_group, after_create {{(pid=109902) _notify_loop /usr/local/lib/python3.8/dist-packages/neutron_lib/callbacks/manager.py:175}}
Dec 09 19:43:08.121510 n-d-820935-6 neutron-server[109903]: INFO neutron.wsgi [req-e1ca4905-482f-4f13-b122-c8c210e804d1 req-9a0ce812-8a90-470c-8134-bab4e2db68b9 tempest-DeleteServersAdminTestJSON-1041418029 tempest-DeleteServersAdminTestJSON-1041418029-project] 10.222.0.46 "GET /v2.0/security-groups?id=0a9b4f39-9ad9-4b2d-b564-018d02eed13f&fields=id&fields=name HTTP/1.1" status: 200 len: 286 time: 0.2016749
Dec 09 19:43:08.148001 n-d-820935-6 neutron-server[109902]: INFO neutron.wsgi [None req-7c0de79a-fd88-41df-9b75-94c895825241 admin admin] 10.222.0.46 "GET /v2.0/security-groups?tenant_id=aa775dba6b7443e1beccd01dd6bf4b1e&name=default HTTP/1.1" status: 200 len: 2996 time: 0.1447084
Dec 09 19:43:08.149180 n-d-820935-6 neutron-server[109902]: DEBUG neutron.api.rpc.handlers.resources_rpc [None req-7c0de79a-fd88-41df-9b75-94c895825241 admin admin] Pushing event updated for resources: {'SecurityGroup': ['ID=a9d31fd4-fe0b-4930-88bb-d44a621436f5,revision_number=1']} {{(pid=109902) push /opt/stack/neutron/neutron/api/rpc/handlers/resources_rpc.py:237}}
Dec 09 19:43:08.150633 n-d-820935-6 neutron-server[109903]: DEBUG neutron.pecan_wsgi.hooks.policy_enforcement [req-80d7f960-f911-4643-9b2e-43211dda7669 req-c39aeba2-a377-419a-8d2e-51d6d3e0b68f tempest-MigrationsAdminTest-1355433963 tempest-MigrationsAdminTest-1355433963-project] Attributes excluded by policy engine: ['standard_attr_id', 'binding:profile', 'binding:host_id', 'binding:vif_type', 'binding:vif_details'] {{(pid=109903) _exclude_attributes_by_policy /opt/stack/neutron/neutron/pecan_wsgi/hooks/policy_enforcement.py:255}}
Dec 09 19:43:08.152133 n-d-820935-6 neutron-server[109903]: INFO neutron.wsgi [req-80d7f960-f911-4643-9b2e-43211dda7669 req-c39aeba2-a377-419a-8d2e-51d6d3e0b68f tempest-MigrationsAdminTest-1355433963 tempest-MigrationsAdminTest-1355433963-project] 10.222.0.46 "GET /v2.0/ports?device_id=65971893-0fbd-40e6-ab16-87027014f2c6 HTTP/1.1" status: 200 len: 950 time: 0.2059441
Dec 09 19:43:08.152635 n-d-820935-6 neutron-server[109903]: DEBUG neutron.wsgi [-] (109903) accepted ('10.222.0.46', 55908) {{(pid=109903) server /usr/local/lib/python3.8/dist-packages/eventlet/wsgi.py:1004}}
Dec 09 19:43:08.170306 n-d-820935-6 neutron-server[109903]: DEBUG neutron.scheduler.dhcp_agent_scheduler [None req-cbb5596e-732a-4c14-99bd-10daca9ea228 admin admin] Network f95faced-9878-43fd-a6c5-9a3eac57753e is scheduled to be hosted by DHCP agent 5c7886b2-e891-4593-933c-7ff697a9bad9 with binding_index 1 {{(pid=109903) bind /opt/stack/neutron/neutron/scheduler/dhcp_agent_scheduler.py:227}}
Dec 09 19:43:08.177174 n-d-820935-6 neutron-server[109903]: DEBUG neutron_lib.callbacks.manager [None req-ef2f3404-9946-47d5-a3e7-cbb1ff563bc5 admin admin] Publish callbacks [] for security_group, precommit_create {{(pid=109903) _notify_loop /usr/local/lib/python3.8/dist-packages/neutron_lib/callbacks/manager.py:175}}
Dec 09 19:43:08.204944 n-d-820935-6 neutron-server[109903]: DEBUG neutron_lib.callbacks.manager [None req-ef2f3404-9946-47d5-a3e7-cbb1ff563bc5 admin admin] Publish callbacks ['neutron.plugins.ml2.ovo_rpc._ObjectChangeHandler.handle_event-4138601'] for security_group, after_create {{(pid=109903) _notify_loop /usr/local/lib/python3.8/dist-packages/neutron_lib/callbacks/manager.py:175}}
Dec 09 19:43:08.227750 n-d-820935-6 neutron-server[109903]: DEBUG neutron.scheduler.base_scheduler [None req-cbb5596e-732a-4c14-99bd-10daca9ea228 admin admin] Resources bound (agent type, host, resource id): (DHCP agent, n-d-820935-6, f95faced-9878-43fd-a6c5-9a3eac57753e) {{(pid=109903) schedule /opt/stack/neutron/neutron/scheduler/base_scheduler.py:57}}
Dec 09 19:43:08.235690 n-d-820935-6 neutron-server[109904]: DEBUG neutron.api.rpc.handlers.dhcp_rpc [None req-dfccd838-6f8e-47c7-862b-017b67197e41 None None] Network f95faced-9878-43fd-a6c5-9a3eac57753e requested from n-d-820935-6 {{(pid=109904) get_network_info /opt/stack/neutron/neutron/api/rpc/handlers/dhcp_rpc.py:219}}
Dec 09 19:43:08.249957 n-d-820935-6 neutron-server[109903]: INFO neutron.wsgi [req-3e110537-4ff7-4b68-9b4e-ad163226f8cf req-14f9d4ca-e931-4cd8-880b-6dfbb0fa847a service neutron] 10.222.0.42 "GET /v2.0/networks/4bf1c04f-20d6-49d9-9a13-45d9c8948cc6?fields=segments HTTP/1.1" status: 200 len: 212 time: 0.3016284
Dec 09 19:43:08.277320 n-d-820935-6 neutron-server[109903]: DEBUG neutron.pecan_wsgi.hooks.policy_enforcement [None req-cbb5596e-732a-4c14-99bd-10daca9ea228 admin admin] Attributes excluded by policy engine: ['standard_attr_id', 'shared', 'segment_id', 'network'] {{(pid=109903) _exclude_attributes_by_policy /opt/stack/neutron/neutron/pecan_wsgi/hooks/policy_enforcement.py:255}}
Dec 09 19:43:08.277916 n-d-820935-6 neutron-server[109903]: DEBUG neutron_lib.callbacks.manager [None req-cbb5596e-732a-4c14-99bd-10daca9ea228 admin admin] Publish callbacks [] for subnet, before_response {{(pid=109903) _notify_loop /usr/local/lib/python3.8/dist-packages/neutron_lib/callbacks/manager.py:175}}
Dec 09 19:43:08.307762 n-d-820935-6 neutron-server[109903]: INFO neutron.wsgi [req-50591127-d643-4f14-8ae2-02b0b0892ab1 req-0eed854a-10ef-44a3-bf46-efd2f905ffc2 tempest-LiveMigrationNegativeTest-333893840 tempest-LiveMigrationNegativeTest-333893840-project] 10.222.0.46 "GET /v2.0/networks?tenant_id=5b9cc8d76b0947cdb00b91e220852dd0&shared=False HTTP/1.1" status: 200 len: 213 time: 0.0978215
Dec 09 19:43:08.331927 n-d-820935-6 neutron-server[109903]: INFO neutron.wsgi [None req-ef2f3404-9946-47d5-a3e7-cbb1ff563bc5 admin admin] 10.222.0.46 "GET /v2.0/security-groups?tenant_id=4835269005254469962180e31a9aa401&name=default HTTP/1.1" status: 200 len: 2996 time: 0.6553500
Dec 09 19:43:08.334695 n-d-820935-6 neutron-server[109902]: DEBUG neutron.wsgi [-] (109902) accepted ('10.222.0.46', 55918) {{(pid=109902) server /usr/local/lib/python3.8/dist-packages/eventlet/wsgi.py:1004}}
Dec 09 19:43:08.340742 n-d-820935-6 neutron-server[109904]: DEBUG neutron.api.rpc.handlers.dhcp_rpc [None req-b709d2e0-ef2c-4974-a9a0-f0541d1bf812 None None] Create dhcp port {'port': {'name': '', 'admin_state_up': True, 'device_id': 'dhcp2141f85f-deb1-59c0-bb01-3a13621d860a-f95faced-9878-43fd-a6c5-9a3eac57753e', 'network_id': 'f95faced-9878-43fd-a6c5-9a3eac57753e', 'project_id': 'e7debc8431794d54b8d6d696ed2cab4a', 'fixed_ips': [{'subnet_id': '7e3fd191-5d68-4109-906d-7776c5e32ab6'}]}} from n-d-820935-6. {{(pid=109904) create_dhcp_port /opt/stack/neutron/neutron/api/rpc/handlers/dhcp_rpc.py:296}}
Dec 09 19:43:08.341127 n-d-820935-6 neutron-server[109903]: DEBUG neutron.api.rpc.handlers.resources_rpc [None req-ef2f3404-9946-47d5-a3e7-cbb1ff563bc5 admin admin] Pushing event updated for resources: {'SecurityGroup': ['ID=095442c0-d0e4-41cd-ada9-ee83ba26efd4,revision_number=1']} {{(pid=109903) push /opt/stack/neutron/neutron/api/rpc/handlers/resources_rpc.py:237}}
Dec 09 19:43:08.341777 n-d-820935-6 neutron-server[109904]: DEBUG neutron_lib.callbacks.manager [None req-b709d2e0-ef2c-4974-a9a0-f0541d1bf812 None None] Publish callbacks ['neutron.plugins.ml2.plugin.SecurityGroupDbMixin._ensure_default_security_group_handler-668307'] for port, before_create {{(pid=109904) _notify_loop /usr/local/lib/python3.8/dist-packages/neutron_lib/callbacks/manager.py:175}}
Dec 09 19:43:08.377294 n-d-820935-6 neutron-server[109903]: INFO neutron.wsgi [None req-cbb5596e-732a-4c14-99bd-10daca9ea228 admin admin] 10.222.0.46 "POST /v2.0/subnets HTTP/1.1" status: 201 len: 857 time: 1.6440837
Dec 09 19:43:08.382090 n-d-820935-6 neutron-server[109903]: DEBUG neutron.wsgi [-] (109903) accepted ('10.222.0.46', 55920) {{(pid=109903) server /usr/local/lib/python3.8/dist-packages/eventlet/wsgi.py:1004}}
Dec 09 19:43:08.388378 n-d-820935-6 neutron-server[109902]: DEBUG neutron_lib.callbacks.manager [None req-78a1c023-cbaa-4b64-b77f-82b364e41bde admin admin] Publish callbacks [] for security_group, before_delete {{(pid=109902) _notify_loop /usr/local/lib/python3.8/dist-packages/neutron_lib/callbacks/manager.py:175}}
Dec 09 19:43:08.396920 n-d-820935-6 neutron-server[109903]: DEBUG neutron.api.v2.base [None req-d3410db9-e64c-4ab0-b8df-52b985dd1278 admin admin] Request body: {'router': {'name': 'tempest-FloatingIPsAssociationTestJSON-1125501004-router', 'tenant_id': 'e7debc8431794d54b8d6d696ed2cab4a', 'external_gateway_info': {'network_id': 'f2727f77-e0ab-46bf-87eb-aa24b27991ab'}}} {{(pid=109903) prepare_request_body /opt/stack/neutron/neutron/api/v2/base.py:729}}
Dec 09 19:43:08.409133 n-d-820935-6 neutron-server[109902]: DEBUG neutron_lib.callbacks.manager [None req-78a1c023-cbaa-4b64-b77f-82b364e41bde admin admin] Publish callbacks [] for security_group, precommit_delete {{(pid=109902) _notify_loop /usr/local/lib/python3.8/dist-packages/neutron_lib/callbacks/manager.py:175}}
Dec 09 19:43:08.464540 n-d-820935-6 neutron-server[109903]: INFO neutron.wsgi [req-80d7f960-f911-4643-9b2e-43211dda7669 req-8245f98c-c1d2-48d7-afe9-3c9e8ef76951 tempest-MigrationsAdminTest-1355433963 tempest-MigrationsAdminTest-1355433963-project] 10.222.0.46 "GET /v2.0/security-groups?id=2f3cb721-b1a2-4cb7-af13-3defb64ab860&fields=id&fields=name HTTP/1.1" status: 200 len: 286 time: 0.2816081
Dec 09 19:43:08.466304 n-d-820935-6 neutron-server[109902]: DEBUG neutron_lib.callbacks.manager [None req-78a1c023-cbaa-4b64-b77f-82b364e41bde admin admin] Publish callbacks ['neutron.plugins.ml2.ovo_rpc._ObjectChangeHandler.handle_event-4138601'] for security_group, after_delete {{(pid=109902) _notify_loop /usr/local/lib/python3.8/dist-packages/neutron_lib/callbacks/manager.py:175}}
Dec 09 19:43:08.469619 n-d-820935-6 neutron-server[109902]: DEBUG neutron_lib.callbacks.manager [None req-78a1c023-cbaa-4b64-b77f-82b364e41bde admin admin] Publish callbacks [] for security_group, before_response {{(pid=109902) _notify_loop /usr/local/lib/python3.8/dist-packages/neutron_lib/callbacks/manager.py:175}}
Dec 09 19:43:08.474131 n-d-820935-6 neutron-server[109902]: INFO neutron.wsgi [None req-78a1c023-cbaa-4b64-b77f-82b364e41bde admin admin] 10.222.0.46 "DELETE /v2.0/security-groups/095442c0-d0e4-41cd-ada9-ee83ba26efd4 HTTP/1.1" status: 204 len: 168 time: 0.1383848
Dec 09 19:43:08.483960 n-d-820935-6 neutron-server[109902]: DEBUG neutron.api.rpc.handlers.resources_rpc [None req-78a1c023-cbaa-4b64-b77f-82b364e41bde admin admin] Pushing event deleted for resources: {'SecurityGroup': ['ID=095442c0-d0e4-41cd-ada9-ee83ba26efd4,revision_number=None']} {{(pid=109902) push /opt/stack/neutron/neutron/api/rpc/handlers/resources_rpc.py:237}}
Dec 09 19:43:08.486255 n-d-820935-6 neutron-server[109904]: DEBUG neutron.db.db_base_plugin_common [None req-b709d2e0-ef2c-4974-a9a0-f0541d1bf812 None None] Allocated IP 172.20.0.2 (f95faced-9878-43fd-a6c5-9a3eac57753e/7e3fd191-5d68-4109-906d-7776c5e32ab6/cb10c3f8-7887-4d30-adda-37c165bbf7e4) {{(pid=109904) _store_ip_allocation /opt/stack/neutron/neutron/db/db_base_plugin_common.py:131}}
Dec 09 19:43:08.559893 n-d-820935-6 neutron-server[109904]: DEBUG neutron_lib.callbacks.manager [None req-2e8e0240-e8fb-4b3a-b89f-bcaafb6ade0c None None] Publish callbacks ['neutron.services.segments.db._update_segment_host_mapping_for_agent-8756488657309', 'neutron.plugins.ml2.plugin.Ml2Plugin._retry_binding_revived_agents-679697'] for agent, after_update {{(pid=109904) _notify_loop /usr/local/lib/python3.8/dist-packages/neutron_lib/callbacks/manager.py:175}}
Dec 09 19:43:08.676928 n-d-820935-6 neutron-server[109904]: DEBUG neutron_lib.callbacks.manager [None req-b709d2e0-ef2c-4974-a9a0-f0541d1bf812 None None] Publish callbacks [] for port, precommit_create {{(pid=109904) _notify_loop /usr/local/lib/python3.8/dist-packages/neutron_lib/callbacks/manager.py:175}}
Dec 09 19:43:08.684282 n-d-820935-6 neutron-server[109904]: DEBUG neutron_lib.callbacks.manager [None req-b709d2e0-ef2c-4974-a9a0-f0541d1bf812 None None] Publish callbacks ['neutron.plugins.ml2.plugin.SecurityGroupServerNotifierRpcMixin._notify_sg_on_port_change-668368', 'neutron.plugins.ml2.ovo_rpc._ObjectChangeHandler.handle_event-452369', 'neutron.api.rpc.agentnotifiers.dhcp_rpc_agent_api.DhcpAgentNotifyAPI._native_event_send_dhcp_notification-3902312', 'neutron.db.l3_dvrscheduler_db._notify_l3_agent_new_port-8756488142102'] for port, after_create {{(pid=109904) _notify_loop /usr/local/lib/python3.8/dist-packages/neutron_lib/callbacks/manager.py:175}}
Dec 09 19:43:08.726587 n-d-820935-6 neutron-server[109904]: DEBUG neutron.scheduler.dhcp_agent_scheduler [None req-b709d2e0-ef2c-4974-a9a0-f0541d1bf812 None None] Network f95faced-9878-43fd-a6c5-9a3eac57753e is already hosted by enough agents. {{(pid=109904) _get_dhcp_agents_hosting_network /opt/stack/neutron/neutron/scheduler/dhcp_agent_scheduler.py:275}}
Dec 09 19:43:08.729592 n-d-820935-6 neutron-server[109904]: DEBUG neutron.scheduler.base_scheduler [None req-b709d2e0-ef2c-4974-a9a0-f0541d1bf812 None None] Resources bound (agent type, host, resource id): {{(pid=109904) schedule /opt/stack/neutron/neutron/scheduler/base_scheduler.py:57}}
Dec 09 19:43:08.736056 n-d-820935-6 neutron-server[109904]: DEBUG neutron.db.l3_dvrscheduler_db [None req-b709d2e0-ef2c-4974-a9a0-f0541d1bf812 None None] Received port after_create {{(pid=109904) _notify_l3_agent_new_port /opt/stack/neutron/neutron/db/l3_dvrscheduler_db.py:535}}
Dec 09 19:43:08.741363 n-d-820935-6 neutron-server[109903]: DEBUG neutron_lib.callbacks.manager [None req-8e24666b-0ff4-49a7-beb2-f71f03db1ab0 admin admin] Publish callbacks [] for security_group, before_delete {{(pid=109903) _notify_loop /usr/local/lib/python3.8/dist-packages/neutron_lib/callbacks/manager.py:175}}
Dec 09 19:43:08.743496 n-d-820935-6 neutron-server[109904]: DEBUG neutron.api.rpc.handlers.resources_rpc [None req-b709d2e0-ef2c-4974-a9a0-f0541d1bf812 None None] Pushing event updated for resources: {'Port': ['ID=cb10c3f8-7887-4d30-adda-37c165bbf7e4,revision_number=1']} {{(pid=109904) push /opt/stack/neutron/neutron/api/rpc/handlers/resources_rpc.py:237}}
Dec 09 19:43:08.816569 n-d-820935-6 neutron-server[109903]: DEBUG neutron_lib.callbacks.manager [None req-d3410db9-e64c-4ab0-b8df-52b985dd1278 admin admin] Publish callbacks ['neutron.services.l3_router.l3_router_plugin.L3_HA_NAT_db_mixin._before_router_create_handler-3758054', 'neutron.services.l3_router.service_providers.driver_controller.DriverController._check_router_request-49009'] for router, before_create {{(pid=109903) _notify_loop /usr/local/lib/python3.8/dist-packages/neutron_lib/callbacks/manager.py:175}}
Dec 09 19:43:08.817929 n-d-820935-6 neutron-server[109903]: DEBUG neutron_lib.callbacks.manager [None req-d3410db9-e64c-4ab0-b8df-52b985dd1278 admin admin] Publish callbacks ['neutron.services.l3_router.l3_router_plugin.L3_HA_NAT_db_mixin._precommit_router_create-3757946', 'neutron.services.l3_router.l3_router_plugin.DVRResourceOperationHandler._set_distributed_flag-4088107', 'neutron.services.l3_router.l3_router_plugin.RouterAvailabilityZoneMixin._process_az_request-4139750', 'neutron.services.l3_router.service_providers.driver_controller.DriverController._set_router_provider-48998'] for router, precommit_create {{(pid=109903) _notify_loop /usr/local/lib/python3.8/dist-packages/neutron_lib/callbacks/manager.py:175}}
Dec 09 19:43:08.820265 n-d-820935-6 neutron-server[109904]: DEBUG neutron.plugins.ml2.managers [None req-b709d2e0-ef2c-4974-a9a0-f0541d1bf812 None None] Attempting to bind port cb10c3f8-7887-4d30-adda-37c165bbf7e4 on host n-d-820935-6 for vnic_type normal with profile {{(pid=109904) bind_port /opt/stack/neutron/neutron/plugins/ml2/managers.py:795}}
Dec 09 19:43:08.821129 n-d-820935-6 neutron-server[109904]: DEBUG neutron.plugins.ml2.managers [None req-b709d2e0-ef2c-4974-a9a0-f0541d1bf812 None None] Attempting to bind port cb10c3f8-7887-4d30-adda-37c165bbf7e4 by drivers openvswitch,hyperv on host n-d-820935-6 at level 0 using segments [{'id': '3c623aee-d106-42bf-aee7-67fedfdec3ee', 'network_type': 'vlan', 'physical_network': 'physnet1', 'segmentation_id': 317, 'network_id': 'f95faced-9878-43fd-a6c5-9a3eac57753e'}] {{(pid=109904) _bind_port_level /opt/stack/neutron/neutron/plugins/ml2/managers.py:820}}
Dec 09 19:43:08.821759 n-d-820935-6 neutron-server[109904]: DEBUG neutron.plugins.ml2.drivers.mech_agent [None req-b709d2e0-ef2c-4974-a9a0-f0541d1bf812 None None] Attempting to bind port cb10c3f8-7887-4d30-adda-37c165bbf7e4 on network f95faced-9878-43fd-a6c5-9a3eac57753e {{(pid=109904) bind_port /opt/stack/neutron/neutron/plugins/ml2/drivers/mech_agent.py:91}}
Dec 09 19:43:08.832108 n-d-820935-6 neutron-server[109903]: DEBUG neutron_lib.callbacks.manager [None req-8e24666b-0ff4-49a7-beb2-f71f03db1ab0 admin admin] Publish callbacks [] for security_group, precommit_delete {{(pid=109903) _notify_loop /usr/local/lib/python3.8/dist-packages/neutron_lib/callbacks/manager.py:175}}
Dec 09 19:43:08.834645 n-d-820935-6 neutron-server[109904]: DEBUG neutron.plugins.ml2.drivers.mech_agent [None req-b709d2e0-ef2c-4974-a9a0-f0541d1bf812 None None] Checking agent: {'id': 'a00ff9e3-25f1-4969-96d6-f06029b5a9e6', 'agent_type': 'Open vSwitch agent', 'binary': 'neutron-openvswitch-agent', 'topic': 'N/A', 'host': 'n-d-820935-6', 'admin_state_up': True, 'created_at': datetime.datetime(2021, 12, 9, 19, 32, 44), 'started_at': datetime.datetime(2021, 12, 9, 19, 33, 14), 'heartbeat_timestamp': datetime.datetime(2021, 12, 9, 19, 42, 44), 'description': None, 'resources_synced': None, 'availability_zone': None, 'alive': True, 'configurations': {'arp_responder_enabled': False, 'baremetal_smartnic': False, 'bridge_mappings': {'physnet1': 'br-data'}, 'datapath_type': 'system', 'devices': 0, 'enable_distributed_routing': False, 'extensions': [], 'in_distributed_mode': False, 'integration_bridge': 'br-int', 'l2_population': False, 'log_agent_heartbeats': False, 'ovs_capabilities': {'datapath_types': ['netdev', 'system'], 'iface_types': ['erspan', 'geneve', 'gre', 'internal', 'ip6erspan', 'ip6gre', 'lisp', 'patch', 'stt', 'system', 'tap', 'vxlan']}, 'ovs_hybrid_plug': False, 'resource_provider_bandwidths': {}, 'resource_provider_hypervisors': {'br-data': 'n-d-820935-6'}, 'resource_provider_inventory_defaults': {'allocation_ratio': 1.0, 'min_unit': 1, 'step_size': 1, 'reserved': 0}, 'resource_provider_packet_processing_inventory_defaults': {'allocation_ratio': 1.0, 'min_unit': 1, 'step_size': 1, 'reserved': 0}, 'resource_provider_packet_processing_with_direction': {}, 'resource_provider_packet_processing_without_direction': {}, 'tunnel_types': [], 'tunneling_ip': None, 'vhostuser_socket_dir': '/var/run/openvswitch'}, 'resource_versions': {'AddressGroup': '1.2', 'ConntrackHelper': '1.0', 'LocalIPAssociation': '1.0', 'Log': '1.0', 'Network': '1.1', 'Port': '1.7', 'PortForwarding': '1.2', 'QosPolicy': '1.10', 'SecurityGroup': '1.5', 'SecurityGroupRule': '1.2', 'SubPort': '1.0', 'Subnet': '1.1', 'Trunk': '1.1'}} {{(pid=109904) bind_port /opt/stack/neutron/neutron/plugins/ml2/drivers/mech_agent.py:110}}
Dec 09 19:43:08.835255 n-d-820935-6 neutron-server[109904]: DEBUG neutron.plugins.ml2.drivers.mech_agent [None req-b709d2e0-ef2c-4974-a9a0-f0541d1bf812 None None] Checking segment: {'id': '3c623aee-d106-42bf-aee7-67fedfdec3ee', 'network_type': 'vlan', 'physical_network': 'physnet1', 'segmentation_id': 317, 'network_id': 'f95faced-9878-43fd-a6c5-9a3eac57753e'} for mappings: {'physnet1': 'br-data'} with network types: ['local', 'flat', 'vlan'] {{(pid=109904) check_segment_for_agent /opt/stack/neutron/neutron/plugins/ml2/drivers/mech_agent.py:371}}
Dec 09 19:43:08.835538 n-d-820935-6 neutron-server[109904]: DEBUG neutron_lib.callbacks.manager [None req-b709d2e0-ef2c-4974-a9a0-f0541d1bf812 None None] Publish callbacks [] for ovs_bridge_name, before_read {{(pid=109904) _notify_loop /usr/local/lib/python3.8/dist-packages/neutron_lib/callbacks/manager.py:175}}
Dec 09 19:43:08.836098 n-d-820935-6 neutron-server[109904]: DEBUG neutron.plugins.ml2.drivers.mech_agent [None req-b709d2e0-ef2c-4974-a9a0-f0541d1bf812 None None] Bound using segment: {'id': '3c623aee-d106-42bf-aee7-67fedfdec3ee', 'network_type': 'vlan', 'physical_network': 'physnet1', 'segmentation_id': 317, 'network_id': 'f95faced-9878-43fd-a6c5-9a3eac57753e'} {{(pid=109904) bind_port /opt/stack/neutron/neutron/plugins/ml2/drivers/mech_agent.py:120}}
Dec 09 19:43:08.836583 n-d-820935-6 neutron-server[109904]: DEBUG neutron.plugins.ml2.managers [None req-b709d2e0-ef2c-4974-a9a0-f0541d1bf812 None None] Bound port: cb10c3f8-7887-4d30-adda-37c165bbf7e4, host: n-d-820935-6, vif_type: ovs, vif_details: {"connectivity": "l2", "port_filter": true, "ovs_hybrid_plug": false, "datapath_type": "system", "bridge_name": "br-int"}, binding_levels: [{'bound_driver': 'openvswitch', 'bound_segment': {'id': '3c623aee-d106-42bf-aee7-67fedfdec3ee', 'network_type': 'vlan', 'physical_network': 'physnet1', 'segmentation_id': 317, 'network_id': 'f95faced-9878-43fd-a6c5-9a3eac57753e'}}] {{(pid=109904) _bind_port_level /opt/stack/neutron/neutron/plugins/ml2/managers.py:932}}
Dec 09 19:43:08.836947 n-d-820935-6 neutron-server[109904]: DEBUG neutron_lib.callbacks.manager [None req-b709d2e0-ef2c-4974-a9a0-f0541d1bf812 None None] Publish callbacks ['neutron.plugins.ml2.plugin.SecurityGroupDbMixin._ensure_default_security_group_handler-668307'] for port, before_update {{(pid=109904) _notify_loop /usr/local/lib/python3.8/dist-packages/neutron_lib/callbacks/manager.py:175}}
Dec 09 19:43:08.838644 n-d-820935-6 neutron-server[109903]: INFO neutron.wsgi [req-3e110537-4ff7-4b68-9b4e-ad163226f8cf req-51f42a1a-c4c8-45b7-8f57-112eff19af73 service neutron] 10.222.0.42 "GET /v2.0/networks/4bf1c04f-20d6-49d9-9a13-45d9c8948cc6?fields=provider%3Aphysical_network&fields=provider%3Anetwork_type HTTP/1.1" status: 200 len: 281 time: 0.5774782
Dec 09 19:43:08.925527 n-d-820935-6 neutron-server[109903]: DEBUG neutron.pecan_wsgi.hooks.policy_enforcement [req-50591127-d643-4f14-8ae2-02b0b0892ab1 req-cffadfe4-51ce-44f7-816a-6bb704bde05e tempest-LiveMigrationNegativeTest-333893840 tempest-LiveMigrationNegativeTest-333893840-project] Attributes excluded by policy engine: ['standard_attr_id', 'vlan_transparent', 'provider:network_type', 'provider:physical_network', 'provider:segmentation_id'] {{(pid=109903) _exclude_attributes_by_policy /opt/stack/neutron/neutron/pecan_wsgi/hooks/policy_enforcement.py:255}}
Dec 09 19:43:08.926894 n-d-820935-6 neutron-server[109904]: DEBUG neutron.plugins.ml2.db [None req-b709d2e0-ef2c-4974-a9a0-f0541d1bf812 None None] For port cb10c3f8-7887-4d30-adda-37c165bbf7e4, host n-d-820935-6, cleared binding levels {{(pid=109904) clear_binding_levels /opt/stack/neutron/neutron/plugins/ml2/db.py:87}}
Dec 09 19:43:08.930715 n-d-820935-6 neutron-server[109904]: DEBUG neutron.plugins.ml2.db [None req-b709d2e0-ef2c-4974-a9a0-f0541d1bf812 None None] For port cb10c3f8-7887-4d30-adda-37c165bbf7e4, host n-d-820935-6, set binding levels [PortBindingLevel(driver='openvswitch',host='n-d-820935-6',level=0,port_id=cb10c3f8-7887-4d30-adda-37c165bbf7e4,segment=NetworkSegment(3c623aee-d106-42bf-aee7-67fedfdec3ee),segment_id=3c623aee-d106-42bf-aee7-67fedfdec3ee)] {{(pid=109904) set_binding_levels /opt/stack/neutron/neutron/plugins/ml2/db.py:59}}
Dec 09 19:43:08.932403 n-d-820935-6 neutron-server[109903]: INFO neutron.wsgi [req-50591127-d643-4f14-8ae2-02b0b0892ab1 req-cffadfe4-51ce-44f7-816a-6bb704bde05e tempest-LiveMigrationNegativeTest-333893840 tempest-LiveMigrationNegativeTest-333893840-project] 10.222.0.46 "GET /v2.0/networks?shared=True HTTP/1.1" status: 200 len: 769 time: 0.6069813
Dec 09 19:43:08.937613 n-d-820935-6 neutron-server[109904]: DEBUG neutron_lib.callbacks.manager [None req-b709d2e0-ef2c-4974-a9a0-f0541d1bf812 None None] Publish callbacks ['neutron.plugins.ml2.plugin.SecurityGroupServerNotifierRpcMixin._notify_sg_on_port_change-668368', 'neutron.plugins.ml2.ovo_rpc._ObjectChangeHandler.handle_event-452369', 'neutron.api.rpc.agentnotifiers.dhcp_rpc_agent_api.DhcpAgentNotifyAPI._native_event_send_dhcp_notification-3902312', 'neutron.db.l3_db.L3RpcNotifierMixin._notify_gateway_port_ip_changed-8756488559665', 'neutron.db.l3_dvrscheduler_db._notify_l3_agent_port_update-8756488142120', 'neutron.db.l3_hascheduler_db._notify_l3_agent_ha_port_update-8756488142138'] for port, after_update {{(pid=109904) _notify_loop /usr/local/lib/python3.8/dist-packages/neutron_lib/callbacks/manager.py:175}}
Dec 09 19:43:08.969623 n-d-820935-6 neutron-server[109903]: DEBUG neutron.pecan_wsgi.hooks.policy_enforcement [req-c3dccab8-8bfb-48d0-9929-24e6adeb7c53 req-3ec06d88-cf24-48fe-b510-458373e28509 tempest-ServersWithSpecificFlavorTestJSON-908383940 tempest-ServersWithSpecificFlavorTestJSON-908383940-project] Attributes excluded by policy engine: ['standard_attr_id', 'binding:profile', 'binding:host_id', 'binding:vif_type', 'binding:vif_details'] {{(pid=109903) _exclude_attributes_by_policy /opt/stack/neutron/neutron/pecan_wsgi/hooks/policy_enforcement.py:255}}
Dec 09 19:43:08.971128 n-d-820935-6 neutron-server[109903]: INFO neutron.wsgi [req-c3dccab8-8bfb-48d0-9929-24e6adeb7c53 req-3ec06d88-cf24-48fe-b510-458373e28509 tempest-ServersWithSpecificFlavorTestJSON-908383940 tempest-ServersWithSpecificFlavorTestJSON-908383940-project] 10.222.0.46 "GET /v2.0/ports?device_id=7e070fbc-c6d7-478e-8587-0d99f3f3d975 HTTP/1.1" status: 200 len: 945 time: 0.2278833
Dec 09 19:43:08.980485 n-d-820935-6 neutron-server[109902]: DEBUG neutron.wsgi [-] (109902) accepted ('10.222.0.46', 55932) {{(pid=109902) server /usr/local/lib/python3.8/dist-packages/eventlet/wsgi.py:1004}}
Dec 09 19:43:08.985658 n-d-820935-6 neutron-server[109902]: DEBUG neutron.api.v2.base [None req-6b822c01-4937-43a5-b9f6-bb12e3c0ff49 tempest-ServersWithSpecificFlavorTestJSON-908383940 tempest-ServersWithSpecificFlavorTestJSON-908383940-project] Request body: {'floatingip': {'port_id': '06b7bec2-0f2e-4c8b-9ae9-890c4d315d70'}} {{(pid=109902) prepare_request_body /opt/stack/neutron/neutron/api/v2/base.py:729}}
Dec 09 19:43:09.019649 n-d-820935-6 neutron-server[109904]: DEBUG neutron.api.rpc.handlers.resources_rpc [None req-b709d2e0-ef2c-4974-a9a0-f0541d1bf812 None None] Pushing event updated for resources: {'Port': ['ID=cb10c3f8-7887-4d30-adda-37c165bbf7e4,revision_number=2']} {{(pid=109904) push /opt/stack/neutron/neutron/api/rpc/handlers/resources_rpc.py:237}}
Dec 09 19:43:09.076563 n-d-820935-6 neutron-server[109903]: DEBUG neutron_lib.callbacks.manager [None req-d3410db9-e64c-4ab0-b8df-52b985dd1278 admin admin] Publish callbacks [] for router_controller, precommit_add_association {{(pid=109903) _notify_loop /usr/local/lib/python3.8/dist-packages/neutron_lib/callbacks/manager.py:175}}
Dec 09 19:43:09.084934 n-d-820935-6 neutron-server[109903]: INFO neutron.wsgi [req-50591127-d643-4f14-8ae2-02b0b0892ab1 req-f2a03ee9-5172-430f-ad94-2fcc13dd9818 tempest-LiveMigrationNegativeTest-333893840 tempest-LiveMigrationNegativeTest-333893840-project] 10.222.0.46 "GET /v2.0/quotas/5b9cc8d76b0947cdb00b91e220852dd0 HTTP/1.1" status: 200 len: 375 time: 0.1515977
Dec 09 19:43:09.125479 n-d-820935-6 neutron-server[109902]: DEBUG neutron_lib.callbacks.manager [None req-6b822c01-4937-43a5-b9f6-bb12e3c0ff49 tempest-ServersWithSpecificFlavorTestJSON-908383940 tempest-ServersWithSpecificFlavorTestJSON-908383940-project] Publish callbacks [] for floatingip, before_update {{(pid=109902) _notify_loop /usr/local/lib/python3.8/dist-packages/neutron_lib/callbacks/manager.py:175}}
Dec 09 19:43:09.193928 n-d-820935-6 neutron-server[109903]: DEBUG neutron_lib.callbacks.manager [None req-8e24666b-0ff4-49a7-beb2-f71f03db1ab0 admin admin] Publish callbacks ['neutron.plugins.ml2.ovo_rpc._ObjectChangeHandler.handle_event-4138601'] for security_group, after_delete {{(pid=109903) _notify_loop /usr/local/lib/python3.8/dist-packages/neutron_lib/callbacks/manager.py:175}}
Dec 09 19:43:09.196916 n-d-820935-6 neutron-server[109903]: DEBUG neutron_lib.callbacks.manager [None req-8e24666b-0ff4-49a7-beb2-f71f03db1ab0 admin admin] Publish callbacks [] for security_group, before_response {{(pid=109903) _notify_loop /usr/local/lib/python3.8/dist-packages/neutron_lib/callbacks/manager.py:175}}
Dec 09 19:43:09.201313 n-d-820935-6 neutron-server[109903]: INFO neutron.wsgi [None req-8e24666b-0ff4-49a7-beb2-f71f03db1ab0 admin admin] 10.222.0.46 "DELETE /v2.0/security-groups/a9d31fd4-fe0b-4930-88bb-d44a621436f5 HTTP/1.1" status: 204 len: 168 time: 1.0289028
Dec 09 19:43:09.265801 n-d-820935-6 neutron-server[109903]: DEBUG neutron.pecan_wsgi.hooks.policy_enforcement [req-ab3071b1-cf7e-49d1-a4ad-9da1f4c2dcd1 req-86731e2c-bc0f-41ff-96c8-8bafd132e90b service neutron] Attributes excluded by policy engine: ['standard_attr_id'] {{(pid=109903) _exclude_attributes_by_policy /opt/stack/neutron/neutron/pecan_wsgi/hooks/policy_enforcement.py:255}}
Dec 09 19:43:09.267456 n-d-820935-6 neutron-server[109903]: INFO neutron.wsgi [req-ab3071b1-cf7e-49d1-a4ad-9da1f4c2dcd1 req-86731e2c-bc0f-41ff-96c8-8bafd132e90b service neutron] 10.222.0.42 "GET /v2.0/ports?tenant_id=79fa89d98c3e46bdbc84648ea178413a&device_id=69d2767d-5f4a-4dc2-8f0a-e46e6c2a8a0b HTTP/1.1" status: 200 len: 1097 time: 0.3590624
Dec 09 19:43:09.274383 n-d-820935-6 neutron-server[109903]: DEBUG neutron.api.rpc.handlers.resources_rpc [None req-8e24666b-0ff4-49a7-beb2-f71f03db1ab0 admin admin] Pushing event deleted for resources: {'SecurityGroup': ['ID=a9d31fd4-fe0b-4930-88bb-d44a621436f5,revision_number=None']} {{(pid=109903) push /opt/stack/neutron/neutron/api/rpc/handlers/resources_rpc.py:237}}
Dec 09 19:43:09.364366 n-d-820935-6 neutron-server[109903]: INFO neutron.wsgi [req-50591127-d643-4f14-8ae2-02b0b0892ab1 req-fd30bba2-7015-4efa-a2e9-c91dad95e36e tempest-LiveMigrationNegativeTest-333893840 tempest-LiveMigrationNegativeTest-333893840-project] 10.222.0.46 "GET /v2.0/ports?tenant_id=5b9cc8d76b0947cdb00b91e220852dd0&fields=id HTTP/1.1" status: 200 len: 255 time: 0.2783096
Dec 09 19:43:09.498081 n-d-820935-6 neutron-server[109903]: DEBUG neutron_lib.callbacks.manager [None req-d3410db9-e64c-4ab0-b8df-52b985dd1278 admin admin] Publish callbacks [] for router_gateway, precommit_update {{(pid=109903) _notify_loop /usr/local/lib/python3.8/dist-packages/neutron_lib/callbacks/manager.py:175}}
Dec 09 19:43:09.534085 n-d-820935-6 neutron-server[109903]: DEBUG neutron.pecan_wsgi.hooks.policy_enforcement [req-4eb1e113-f201-4088-bf7d-ae2445b93752 req-3fcb8fca-f2cc-4852-808e-42e1df753dad tempest-LiveAutoBlockMigrationV225Test-470736383 tempest-LiveAutoBlockMigrationV225Test-470736383-project] Attributes excluded by policy engine: ['standard_attr_id', 'binding:profile', 'binding:host_id', 'binding:vif_type', 'binding:vif_details'] {{(pid=109903) _exclude_attributes_by_policy /opt/stack/neutron/neutron/pecan_wsgi/hooks/policy_enforcement.py:255}}
Dec 09 19:43:09.544942 n-d-820935-6 neutron-server[109903]: INFO neutron.wsgi [req-4eb1e113-f201-4088-bf7d-ae2445b93752 req-3fcb8fca-f2cc-4852-808e-42e1df753dad tempest-LiveAutoBlockMigrationV225Test-470736383 tempest-LiveAutoBlockMigrationV225Test-470736383-project] 10.222.0.46 "GET /v2.0/ports?device_id=7d5d6b2c-d034-4588-a72c-f9eb4d08a086 HTTP/1.1" status: 200 len: 945 time: 0.4791586
Dec 09 19:43:09.678178 n-d-820935-6 neutron-server[109903]: DEBUG neutron.pecan_wsgi.hooks.policy_enforcement [req-ab3071b1-cf7e-49d1-a4ad-9da1f4c2dcd1 req-a6230590-bab1-497a-bcbc-f70aedd20f8b service neutron] Attributes excluded by policy engine: ['standard_attr_id', 'vlan_transparent'] {{(pid=109903) _exclude_attributes_by_policy /opt/stack/neutron/neutron/pecan_wsgi/hooks/policy_enforcement.py:255}}
Dec 09 19:43:09.680857 n-d-820935-6 neutron-server[109903]: INFO neutron.wsgi [req-ab3071b1-cf7e-49d1-a4ad-9da1f4c2dcd1 req-a6230590-bab1-497a-bcbc-f70aedd20f8b service neutron] 10.222.0.42 "GET /v2.0/networks?id=4bf1c04f-20d6-49d9-9a13-45d9c8948cc6 HTTP/1.1" status: 200 len: 870 time: 0.3995359
Dec 09 19:43:09.764516 n-d-820935-6 neutron-server[109903]: INFO neutron.wsgi [req-ab3071b1-cf7e-49d1-a4ad-9da1f4c2dcd1 req-9451902b-d23c-4ae1-a3d0-8b8aa5c25c07 service neutron] 10.222.0.42 "GET /v2.0/floatingips?fixed_ip_address=192.168.233.4&port_id=b14a1b70-0453-4087-9d34-11fa8adc553f HTTP/1.1" status: 200 len: 217 time: 0.0619476
Dec 09 19:43:09.905983 n-d-820935-6 neutron-server[109903]: INFO neutron.wsgi [req-4eb1e113-f201-4088-bf7d-ae2445b93752 req-59fe2afb-9cd4-4fa6-88c9-617b06bf4f67 tempest-LiveAutoBlockMigrationV225Test-470736383 tempest-LiveAutoBlockMigrationV225Test-470736383-project] 10.222.0.46 "GET /v2.0/security-groups?id=80931dde-b896-47e2-bd05-efe4b6c139c9&fields=id&fields=name HTTP/1.1" status: 200 len: 286 time: 0.3570716
Dec 09 19:43:09.964977 n-d-820935-6 neutron-server[109903]: DEBUG neutron.pecan_wsgi.hooks.policy_enforcement [req-36240861-bc57-4589-93a2-63e3d419ef64 req-aee97417-b352-4a97-9aad-ceb7959d7697 tempest-DeleteServersAdminTestJSON-1041418029 tempest-DeleteServersAdminTestJSON-1041418029-project] Attributes excluded by policy engine: ['standard_attr_id', 'binding:profile', 'binding:host_id', 'binding:vif_type', 'binding:vif_details'] {{(pid=109903) _exclude_attributes_by_policy /opt/stack/neutron/neutron/pecan_wsgi/hooks/policy_enforcement.py:255}}
Dec 09 19:43:09.977511 n-d-820935-6 neutron-server[109903]: INFO neutron.wsgi [req-36240861-bc57-4589-93a2-63e3d419ef64 req-aee97417-b352-4a97-9aad-ceb7959d7697 tempest-DeleteServersAdminTestJSON-1041418029 tempest-DeleteServersAdminTestJSON-1041418029-project] 10.222.0.46 "GET /v2.0/ports?device_id=69d2767d-5f4a-4dc2-8f0a-e46e6c2a8a0b HTTP/1.1" status: 200 len: 946 time: 0.3599060
Dec 09 19:43:09.998963 n-d-820935-6 neutron-server[109903]: DEBUG neutron.pecan_wsgi.hooks.policy_enforcement [req-ab3071b1-cf7e-49d1-a4ad-9da1f4c2dcd1 req-950ef44d-7bae-4fa2-8042-811ab2327f28 service neutron] Attributes excluded by policy engine: ['standard_attr_id', 'shared', 'segment_id'] {{(pid=109903) _exclude_attributes_by_policy /opt/stack/neutron/neutron/pecan_wsgi/hooks/policy_enforcement.py:255}}
Dec 09 19:43:10.009222 n-d-820935-6 neutron-server[109903]: INFO neutron.wsgi [req-ab3071b1-cf7e-49d1-a4ad-9da1f4c2dcd1 req-950ef44d-7bae-4fa2-8042-811ab2327f28 service neutron] 10.222.0.42 "GET /v2.0/subnets?id=756bad04-28f7-44e0-b843-7115c0c74506 HTTP/1.1" status: 200 len: 843 time: 0.2268779
Dec 09 19:43:10.331237 n-d-820935-6 neutron-server[109903]: INFO neutron.wsgi [req-36240861-bc57-4589-93a2-63e3d419ef64 req-4ea6aa9b-bfe3-4d22-b758-9bd5f94be152 tempest-DeleteServersAdminTestJSON-1041418029 tempest-DeleteServersAdminTestJSON-1041418029-project] 10.222.0.46 "GET /v2.0/security-groups?id=0a9b4f39-9ad9-4b2d-b564-018d02eed13f&fields=id&fields=name HTTP/1.1" status: 200 len: 286 time: 0.3502672
Dec 09 19:43:10.346374 n-d-820935-6 neutron-server[109903]: DEBUG neutron.pecan_wsgi.hooks.policy_enforcement [req-ab3071b1-cf7e-49d1-a4ad-9da1f4c2dcd1 req-d488c456-66b1-4410-9562-ed8065ea04ca service neutron] Attributes excluded by policy engine: ['standard_attr_id'] {{(pid=109903) _exclude_attributes_by_policy /opt/stack/neutron/neutron/pecan_wsgi/hooks/policy_enforcement.py:255}}
Dec 09 19:43:10.348301 n-d-820935-6 neutron-server[109903]: INFO neutron.wsgi [req-ab3071b1-cf7e-49d1-a4ad-9da1f4c2dcd1 req-d488c456-66b1-4410-9562-ed8065ea04ca service neutron] 10.222.0.42 "GET /v2.0/ports?network_id=4bf1c04f-20d6-49d9-9a13-45d9c8948cc6&device_owner=network%3Adhcp HTTP/1.1" status: 200 len: 1166 time: 0.2945526
Dec 09 19:43:10.363410 n-d-820935-6 neutron-server[109903]: DEBUG neutron.pecan_wsgi.hooks.policy_enforcement [req-162383c0-cbf4-4987-becc-46137e5a9811 req-a3108bf3-fe17-424a-b142-da81063b92aa tempest-MigrationsAdminTest-1355433963 tempest-MigrationsAdminTest-1355433963-project] Attributes excluded by policy engine: ['standard_attr_id', 'binding:profile', 'binding:host_id', 'binding:vif_type', 'binding:vif_details'] {{(pid=109903) _exclude_attributes_by_policy /opt/stack/neutron/neutron/pecan_wsgi/hooks/policy_enforcement.py:255}}
Dec 09 19:43:10.364624 n-d-820935-6 neutron-server[109903]: INFO neutron.wsgi [req-162383c0-cbf4-4987-becc-46137e5a9811 req-a3108bf3-fe17-424a-b142-da81063b92aa tempest-MigrationsAdminTest-1355433963 tempest-MigrationsAdminTest-1355433963-project] 10.222.0.46 "GET /v2.0/ports?device_id=65971893-0fbd-40e6-ab16-87027014f2c6 HTTP/1.1" status: 200 len: 950 time: 0.2685328
Dec 09 19:43:10.442579 n-d-820935-6 neutron-server[109904]: DEBUG neutron.api.rpc.handlers.dhcp_rpc [None req-223a5298-65bd-4d5e-b0af-00a7c2ce2e29 None None] Network f95faced-9878-43fd-a6c5-9a3eac57753e requested from n-d-820935-6 {{(pid=109904) get_network_info /opt/stack/neutron/neutron/api/rpc/handlers/dhcp_rpc.py:219}}
Dec 09 19:43:10.494898 n-d-820935-6 neutron-server[109902]: DEBUG neutron_lib.callbacks.manager [None req-6b822c01-4937-43a5-b9f6-bb12e3c0ff49 tempest-ServersWithSpecificFlavorTestJSON-908383940 tempest-ServersWithSpecificFlavorTestJSON-908383940-project] Publish callbacks [] for floatingip, precommit_update {{(pid=109902) _notify_loop /usr/local/lib/python3.8/dist-packages/neutron_lib/callbacks/manager.py:175}}
Dec 09 19:43:10.507433 n-d-820935-6 neutron-server[109902]: DEBUG neutron_lib.callbacks.manager [None req-6b822c01-4937-43a5-b9f6-bb12e3c0ff49 tempest-ServersWithSpecificFlavorTestJSON-908383940 tempest-ServersWithSpecificFlavorTestJSON-908383940-project] Publish callbacks ['neutron.services.l3_router.l3_router_plugin.DVRResourceOperationHandler._create_dvr_floating_gw_port-4088414'] for floatingip, after_update {{(pid=109902) _notify_loop /usr/local/lib/python3.8/dist-packages/neutron_lib/callbacks/manager.py:175}}
Dec 09 19:43:10.622157 n-d-820935-6 neutron-server[109904]: DEBUG neutron.db.provisioning_blocks [None req-89693469-bf4a-4831-9c67-2859ebda1a82 None None] Provisioning complete for port cb10c3f8-7887-4d30-adda-37c165bbf7e4 triggered by entity DHCP. {{(pid=109904) provisioning_complete /opt/stack/neutron/neutron/db/provisioning_blocks.py:139}}
Dec 09 19:43:10.622803 n-d-820935-6 neutron-server[109904]: DEBUG neutron_lib.callbacks.manager [None req-89693469-bf4a-4831-9c67-2859ebda1a82 None None] Publish callbacks ['neutron.plugins.ml2.plugin.Ml2Plugin._port_provisioned-679886'] for port, provisioning_complete {{(pid=109904) _notify_loop /usr/local/lib/python3.8/dist-packages/neutron_lib/callbacks/manager.py:175}}
Dec 09 19:43:10.688676 n-d-820935-6 neutron-server[109904]: DEBUG neutron.plugins.ml2.rpc [None req-6ef5fb51-fc2f-4812-9445-2463574af61b None None] Device cb10c3f8-7887-4d30-adda-37c165bbf7e4 up at agent ovs-agent-n-d-820935-6 {{(pid=109904) update_device_up /opt/stack/neutron/neutron/plugins/ml2/rpc.py:296}}
Dec 09 19:43:10.700008 n-d-820935-6 neutron-server[109902]: INFO neutron.db.l3_db [None req-6b822c01-4937-43a5-b9f6-bb12e3c0ff49 tempest-ServersWithSpecificFlavorTestJSON-908383940 tempest-ServersWithSpecificFlavorTestJSON-908383940-project] Floating IP a7a33bf4-5810-44a5-869e-9c1d3139e455 associated. External IP: 172.25.8.26, port: 06b7bec2-0f2e-4c8b-9ae9-890c4d315d70.
Dec 09 19:43:10.701828 n-d-820935-6 neutron-server[109903]: INFO neutron.wsgi [req-b2d4feb3-cbfe-4517-bdf6-754b73beb60b req-ce365666-000e-45cc-a70d-6b6e053cb04c tempest-LiveMigrationNegativeTest-333893840 tempest-LiveMigrationNegativeTest-333893840-project] 10.222.0.46 "GET /v2.0/ports?device_id=51b8982f-3da7-4441-8339-b420f49bc189 HTTP/1.1" status: 200 len: 210 time: 0.1567392
Dec 09 19:43:10.740789 n-d-820935-6 neutron-server[109903]: INFO neutron.wsgi [req-162383c0-cbf4-4987-becc-46137e5a9811 req-3f864b84-7d98-4c18-ac60-58130f12941c tempest-MigrationsAdminTest-1355433963 tempest-MigrationsAdminTest-1355433963-project] 10.222.0.46 "GET /v2.0/security-groups?id=2f3cb721-b1a2-4cb7-af13-3defb64ab860&fields=id&fields=name HTTP/1.1" status: 200 len: 286 time: 0.3642399
Dec 09 19:43:10.798782 n-d-820935-6 neutron-server[109903]: DEBUG neutron_lib.callbacks.manager [None req-d3410db9-e64c-4ab0-b8df-52b985dd1278 admin admin] Publish callbacks [] for router_gateway, before_create {{(pid=109903) _notify_loop /usr/local/lib/python3.8/dist-packages/neutron_lib/callbacks/manager.py:175}}
Dec 09 19:43:10.823090 n-d-820935-6 neutron-server[109904]: DEBUG neutron.db.provisioning_blocks [None req-6ef5fb51-fc2f-4812-9445-2463574af61b None None] Provisioning complete for port cb10c3f8-7887-4d30-adda-37c165bbf7e4 triggered by entity L2. {{(pid=109904) provisioning_complete /opt/stack/neutron/neutron/db/provisioning_blocks.py:139}}
Dec 09 19:43:10.823807 n-d-820935-6 neutron-server[109904]: DEBUG neutron_lib.callbacks.manager [None req-6ef5fb51-fc2f-4812-9445-2463574af61b None None] Publish callbacks ['neutron.plugins.ml2.plugin.Ml2Plugin._port_provisioned-679886'] for port, provisioning_complete {{(pid=109904) _notify_loop /usr/local/lib/python3.8/dist-packages/neutron_lib/callbacks/manager.py:175}}
