Dec 08 15:58:41.189884 n-d-820935-5 neutron-server[103283]: DEBUG neutron_lib.callbacks.manager [None req-510555cb-de8f-4ea1-bfaa-1e71804b6777 None None] Publish callbacks ['neutron.plugins.ml2.plugin.SecurityGroupDbMixin._ensure_default_security_group_handler-3658876'] for port, before_update {{(pid=103283) _notify_loop /usr/local/lib/python3.8/dist-packages/neutron_lib/callbacks/manager.py:175}}
Dec 08 15:58:41.229970 n-d-820935-5 neutron-server[103283]: DEBUG neutron.api.rpc.callbacks.version_manager [None req-510555cb-de8f-4ea1-bfaa-1e71804b6777 None None] Version for resource type AddressGroup changed None to 1.2 on consumer Open vSwitch agent@n-d-820935-5 {{(pid=103283) _set_version /opt/stack/neutron/neutron/api/rpc/callbacks/version_manager.py:113}}
Dec 08 15:58:41.237531 n-d-820935-5 neutron-server[103283]: DEBUG neutron.api.rpc.callbacks.version_manager [None req-510555cb-de8f-4ea1-bfaa-1e71804b6777 None None] Version for resource type ConntrackHelper changed None to 1.0 on consumer Open vSwitch agent@n-d-820935-5 {{(pid=103283) _set_version /opt/stack/neutron/neutron/api/rpc/callbacks/version_manager.py:113}}
Dec 08 15:58:41.238627 n-d-820935-5 neutron-server[103283]: DEBUG neutron.api.rpc.callbacks.version_manager [None req-510555cb-de8f-4ea1-bfaa-1e71804b6777 None None] Version for resource type LocalIPAssociation changed None to 1.0 on consumer Open vSwitch agent@n-d-820935-5 {{(pid=103283) _set_version /opt/stack/neutron/neutron/api/rpc/callbacks/version_manager.py:113}}
Dec 08 15:58:41.239442 n-d-820935-5 neutron-server[103283]: DEBUG neutron.api.rpc.callbacks.version_manager [None req-510555cb-de8f-4ea1-bfaa-1e71804b6777 None None] Version for resource type Log changed None to 1.0 on consumer Open vSwitch agent@n-d-820935-5 {{(pid=103283) _set_version /opt/stack/neutron/neutron/api/rpc/callbacks/version_manager.py:113}}
Dec 08 15:58:41.240821 n-d-820935-5 neutron-server[103283]: DEBUG neutron.api.rpc.callbacks.version_manager [None req-510555cb-de8f-4ea1-bfaa-1e71804b6777 None None] Version for resource type Network changed None to 1.1 on consumer Open vSwitch agent@n-d-820935-5 {{(pid=103283) _set_version /opt/stack/neutron/neutron/api/rpc/callbacks/version_manager.py:113}}
Dec 08 15:58:41.241699 n-d-820935-5 neutron-server[103283]: DEBUG neutron.api.rpc.callbacks.version_manager [None req-510555cb-de8f-4ea1-bfaa-1e71804b6777 None None] Version for resource type Port changed None to 1.7 on consumer Open vSwitch agent@n-d-820935-5 {{(pid=103283) _set_version /opt/stack/neutron/neutron/api/rpc/callbacks/version_manager.py:113}}
Dec 08 15:58:41.242971 n-d-820935-5 neutron-server[103283]: DEBUG neutron.api.rpc.callbacks.version_manager [None req-510555cb-de8f-4ea1-bfaa-1e71804b6777 None None] Version for resource type PortForwarding changed None to 1.2 on consumer Open vSwitch agent@n-d-820935-5 {{(pid=103283) _set_version /opt/stack/neutron/neutron/api/rpc/callbacks/version_manager.py:113}}
Dec 08 15:58:41.244190 n-d-820935-5 neutron-server[103283]: DEBUG neutron.api.rpc.callbacks.version_manager [None req-510555cb-de8f-4ea1-bfaa-1e71804b6777 None None] Version for resource type QosPolicy changed None to 1.10 on consumer Open vSwitch agent@n-d-820935-5 {{(pid=103283) _set_version /opt/stack/neutron/neutron/api/rpc/callbacks/version_manager.py:113}}
Dec 08 15:58:41.244977 n-d-820935-5 neutron-server[103283]: DEBUG neutron.api.rpc.callbacks.version_manager [None req-510555cb-de8f-4ea1-bfaa-1e71804b6777 None None] Version for resource type SecurityGroup changed None to 1.5 on consumer Open vSwitch agent@n-d-820935-5 {{(pid=103283) _set_version /opt/stack/neutron/neutron/api/rpc/callbacks/version_manager.py:113}}
Dec 08 15:58:41.245754 n-d-820935-5 neutron-server[103283]: DEBUG neutron.api.rpc.callbacks.version_manager [None req-510555cb-de8f-4ea1-bfaa-1e71804b6777 None None] Version for resource type SecurityGroupRule changed None to 1.2 on consumer Open vSwitch agent@n-d-820935-5 {{(pid=103283) _set_version /opt/stack/neutron/neutron/api/rpc/callbacks/version_manager.py:113}}
Dec 08 15:58:41.246589 n-d-820935-5 neutron-server[103283]: DEBUG neutron.api.rpc.callbacks.version_manager [None req-510555cb-de8f-4ea1-bfaa-1e71804b6777 None None] Version for resource type SubPort changed None to 1.0 on consumer Open vSwitch agent@n-d-820935-5 {{(pid=103283) _set_version /opt/stack/neutron/neutron/api/rpc/callbacks/version_manager.py:113}}
Dec 08 15:58:41.247370 n-d-820935-5 neutron-server[103283]: DEBUG neutron.api.rpc.callbacks.version_manager [None req-510555cb-de8f-4ea1-bfaa-1e71804b6777 None None] Version for resource type Subnet changed None to 1.1 on consumer Open vSwitch agent@n-d-820935-5 {{(pid=103283) _set_version /opt/stack/neutron/neutron/api/rpc/callbacks/version_manager.py:113}}
Dec 08 15:58:41.248127 n-d-820935-5 neutron-server[103283]: DEBUG neutron.api.rpc.callbacks.version_manager [None req-510555cb-de8f-4ea1-bfaa-1e71804b6777 None None] Version for resource type Trunk changed None to 1.1 on consumer Open vSwitch agent@n-d-820935-5 {{(pid=103283) _set_version /opt/stack/neutron/neutron/api/rpc/callbacks/version_manager.py:113}}
Dec 08 15:58:41.250578 n-d-820935-5 neutron-server[103283]: DEBUG neutron.api.rpc.callbacks.version_manager [None req-510555cb-de8f-4ea1-bfaa-1e71804b6777 None None] Tracked resource versions report:
Dec 08 15:58:41.250578 n-d-820935-5 neutron-server[103283]: pushed versions:
Dec 08 15:58:41.250578 n-d-820935-5 neutron-server[103283]: { 'AddressGroup': {'1.2'},
Dec 08 15:58:41.250578 n-d-820935-5 neutron-server[103283]: 'ConntrackHelper': {'1.0'},
Dec 08 15:58:41.250578 n-d-820935-5 neutron-server[103283]: 'LocalIPAssociation': {'1.0'},
Dec 08 15:58:41.250578 n-d-820935-5 neutron-server[103283]: 'Log': {'1.0'},
Dec 08 15:58:41.250578 n-d-820935-5 neutron-server[103283]: 'Network': {'1.1'},
Dec 08 15:58:41.250578 n-d-820935-5 neutron-server[103283]: 'Port': {'1.7'},
Dec 08 15:58:41.250578 n-d-820935-5 neutron-server[103283]: 'PortForwarding': {'1.2'},
Dec 08 15:58:41.250578 n-d-820935-5 neutron-server[103283]: 'QosPolicy': {'1.10'},
Dec 08 15:58:41.250578 n-d-820935-5 neutron-server[103283]: 'SecurityGroup': {'1.5'},
Dec 08 15:58:41.250578 n-d-820935-5 neutron-server[103283]: 'SecurityGroupRule': {'1.2'},
Dec 08 15:58:41.250578 n-d-820935-5 neutron-server[103283]: 'SubPort': {'1.0'},
Dec 08 15:58:41.250578 n-d-820935-5 neutron-server[103283]: 'Subnet': {'1.1'},
Dec 08 15:58:41.250578 n-d-820935-5 neutron-server[103283]: 'Trunk': {'1.1'}}
Dec 08 15:58:41.250578 n-d-820935-5 neutron-server[103283]: consumer versions:
Dec 08 15:58:41.250578 n-d-820935-5 neutron-server[103283]: { DHCP agent@n-d-820935-5: {},
Dec 08 15:58:41.250578 n-d-820935-5 neutron-server[103283]: HyperV agent@n-h1-820935-5: {},
Dec 08 15:58:41.250578 n-d-820935-5 neutron-server[103283]: HyperV agent@n-h2-820935-5: {},
Dec 08 15:58:41.250578 n-d-820935-5 neutron-server[103283]: L3 agent@n-d-820935-5: {},
Dec 08 15:58:41.250578 n-d-820935-5 neutron-server[103283]: Metadata agent@n-d-820935-5: {},
Dec 08 15:58:41.250578 n-d-820935-5 neutron-server[103283]: Metering agent@n-d-820935-5: {},
Dec 08 15:58:41.250578 n-d-820935-5 neutron-server[103283]: Open vSwitch agent@n-d-820935-5: { 'AddressGroup': '1.2',
Dec 08 15:58:41.250578 n-d-820935-5 neutron-server[103283]: 'ConntrackHelper': '1.0',
Dec 08 15:58:41.250578 n-d-820935-5 neutron-server[103283]: 'LocalIPAssociation': '1.0',
Dec 08 15:58:41.250578 n-d-820935-5 neutron-server[103283]: 'Log': '1.0',
Dec 08 15:58:41.250578 n-d-820935-5 neutron-server[103283]: 'Network': '1.1',
Dec 08 15:58:41.250578 n-d-820935-5 neutron-server[103283]: 'Port': '1.7',
Dec 08 15:58:41.250578 n-d-820935-5 neutron-server[103283]: 'PortForwarding': '1.2',
Dec 08 15:58:41.250578 n-d-820935-5 neutron-server[103283]: 'QosPolicy': '1.10',
Dec 08 15:58:41.250578 n-d-820935-5 neutron-server[103283]: 'SecurityGroup': '1.5',
Dec 08 15:58:41.250578 n-d-820935-5 neutron-server[103283]: 'SecurityGroupRule': '1.2',
Dec 08 15:58:41.250578 n-d-820935-5 neutron-server[103283]: 'SubPort': '1.0',
Dec 08 15:58:41.250578 n-d-820935-5 neutron-server[103283]: 'Subnet': '1.1',
Dec 08 15:58:41.250578 n-d-820935-5 neutron-server[103283]: 'Trunk': '1.1'}}
Dec 08 15:58:41.250578 n-d-820935-5 neutron-server[103283]: {{(pid=103283) report /opt/stack/neutron/neutron/api/rpc/callbacks/version_manager.py:175}}
Dec 08 15:58:41.291362 n-d-820935-5 neutron-server[103282]: INFO neutron.wsgi [None req-7e3e7f0a-741b-4198-856a-7a4367ac1ef6 admin admin] 10.222.0.62 "GET /v2.0/security-groups?tenant_id=1e37d56af64344b2a2403a5c50797a88&name=default HTTP/1.1" status: 200 len: 2996 time: 2.5994020
Dec 08 15:58:41.313855 n-d-820935-5 neutron-server[103281]: DEBUG neutron.wsgi [-] (103281) accepted ('10.222.0.62', 52436) {{(pid=103281) server /usr/local/lib/python3.8/dist-packages/eventlet/wsgi.py:1004}}
Dec 08 15:58:41.323385 n-d-820935-5 neutron-server[103282]: DEBUG neutron.api.rpc.handlers.resources_rpc [None req-7e3e7f0a-741b-4198-856a-7a4367ac1ef6 admin admin] Pushing event updated for resources: {'SecurityGroup': ['ID=e7a3c680-a7d2-400b-9afd-04e60f8f2c10,revision_number=1']} {{(pid=103282) push /opt/stack/neutron/neutron/api/rpc/handlers/resources_rpc.py:237}}
Dec 08 15:58:41.482120 n-d-820935-5 neutron-server[103283]: DEBUG neutron.plugins.ml2.db [None req-510555cb-de8f-4ea1-bfaa-1e71804b6777 None None] For port ccb50526-11b7-401b-b8bd-103372506de1, host n-d-820935-5, cleared binding levels {{(pid=103283) clear_binding_levels /opt/stack/neutron/neutron/plugins/ml2/db.py:87}}
Dec 08 15:58:41.497459 n-d-820935-5 neutron-server[103283]: DEBUG neutron.plugins.ml2.db [None req-510555cb-de8f-4ea1-bfaa-1e71804b6777 None None] For port ccb50526-11b7-401b-b8bd-103372506de1, host n-d-820935-5, set binding levels [PortBindingLevel(driver='openvswitch',host='n-d-820935-5',level=0,port_id=ccb50526-11b7-401b-b8bd-103372506de1,segment=NetworkSegment(57c4b859-105c-449c-b19c-1a2d945b1d44),segment_id=57c4b859-105c-449c-b19c-1a2d945b1d44)] {{(pid=103283) set_binding_levels /opt/stack/neutron/neutron/plugins/ml2/db.py:59}}
Dec 08 15:58:41.515118 n-d-820935-5 neutron-server[103283]: DEBUG neutron_lib.callbacks.manager [None req-510555cb-de8f-4ea1-bfaa-1e71804b6777 None None] Publish callbacks ['neutron.plugins.ml2.plugin.SecurityGroupServerNotifierRpcMixin._notify_sg_on_port_change-3658815', 'neutron.plugins.ml2.ovo_rpc._ObjectChangeHandler.handle_event-4168472', 'neutron.api.rpc.agentnotifiers.dhcp_rpc_agent_api.DhcpAgentNotifyAPI._native_event_send_dhcp_notification-3783266', 'neutron.db.l3_db.L3RpcNotifierMixin._notify_gateway_port_ip_changed-8784455893800', 'neutron.db.l3_dvrscheduler_db._notify_l3_agent_port_update-8784455426573', 'neutron.db.l3_hascheduler_db._notify_l3_agent_ha_port_update-8784455426591'] for port, after_update {{(pid=103283) _notify_loop /usr/local/lib/python3.8/dist-packages/neutron_lib/callbacks/manager.py:175}}
Dec 08 15:58:41.637051 n-d-820935-5 neutron-server[103281]: DEBUG neutron.plugins.ml2.db [req-3811cd25-25c7-47b2-9363-91c0d00b0d6c req-2a45054f-2b56-4e97-a219-a39946b1b262 service neutron] For port d7e9fa1a-db25-4fc8-b797-7aae599fb103, host n-h1-820935-5, cleared binding levels {{(pid=103281) clear_binding_levels /opt/stack/neutron/neutron/plugins/ml2/db.py:87}}
Dec 08 15:58:41.705237 n-d-820935-5 neutron-server[103281]: DEBUG neutron_lib.callbacks.manager [None req-893d4cd2-dfa3-47ea-afc1-ca9ac4d11396 admin admin] Publish callbacks [] for security_group, before_delete {{(pid=103281) _notify_loop /usr/local/lib/python3.8/dist-packages/neutron_lib/callbacks/manager.py:175}}
Dec 08 15:58:41.730190 n-d-820935-5 neutron-server[103281]: DEBUG neutron.wsgi [-] (103281) accepted ('10.222.0.62', 52440) {{(pid=103281) server /usr/local/lib/python3.8/dist-packages/eventlet/wsgi.py:1004}}
Dec 08 15:58:41.754153 n-d-820935-5 neutron-server[103283]: DEBUG neutron.api.rpc.handlers.resources_rpc [None req-510555cb-de8f-4ea1-bfaa-1e71804b6777 None None] Pushing event updated for resources: {'Port': ['ID=ccb50526-11b7-401b-b8bd-103372506de1,revision_number=2']} {{(pid=103283) push /opt/stack/neutron/neutron/api/rpc/handlers/resources_rpc.py:237}}
Dec 08 15:58:41.819734 n-d-820935-5 neutron-server[103281]: DEBUG neutron.plugins.ml2.db [req-3811cd25-25c7-47b2-9363-91c0d00b0d6c req-2a45054f-2b56-4e97-a219-a39946b1b262 service neutron] For port d7e9fa1a-db25-4fc8-b797-7aae599fb103, host n-h1-820935-5, set binding levels [PortBindingLevel(driver='hyperv',host='n-h1-820935-5',level=0,port_id=d7e9fa1a-db25-4fc8-b797-7aae599fb103,segment=NetworkSegment(9e6f8329-3038-486a-994a-e59d3d18c777),segment_id=9e6f8329-3038-486a-994a-e59d3d18c777)] {{(pid=103281) set_binding_levels /opt/stack/neutron/neutron/plugins/ml2/db.py:59}}
Dec 08 15:58:41.820938 n-d-820935-5 neutron-server[103281]: DEBUG neutron_lib.callbacks.manager [None req-e01cdf37-ca3c-49ec-a513-2be9102769f3 admin admin] Publish callbacks ['neutron.plugins.ml2.ovo_rpc._ObjectChangeHandler.handle_event-3676009'] for security_group, after_delete {{(pid=103281) _notify_loop /usr/local/lib/python3.8/dist-packages/neutron_lib/callbacks/manager.py:175}}
Dec 08 15:58:41.823979 n-d-820935-5 neutron-server[103281]: DEBUG neutron_lib.callbacks.manager [None req-e01cdf37-ca3c-49ec-a513-2be9102769f3 admin admin] Publish callbacks [] for security_group, before_response {{(pid=103281) _notify_loop /usr/local/lib/python3.8/dist-packages/neutron_lib/callbacks/manager.py:175}}
Dec 08 15:58:41.835440 n-d-820935-5 neutron-server[103281]: INFO neutron.wsgi [None req-e01cdf37-ca3c-49ec-a513-2be9102769f3 admin admin] 10.222.0.62 "DELETE /v2.0/security-groups/2faffe24-530a-49c2-be84-250da604766f HTTP/1.1" status: 204 len: 168 time: 2.7243240
Dec 08 15:58:41.836378 n-d-820935-5 neutron-server[103281]: DEBUG neutron_lib.callbacks.manager [None req-b0125efc-e2ea-4e07-b5d3-75a82d1f3e17 admin admin] Publish callbacks [] for security_group, before_create {{(pid=103281) _notify_loop /usr/local/lib/python3.8/dist-packages/neutron_lib/callbacks/manager.py:175}}
Dec 08 15:58:41.852272 n-d-820935-5 neutron-server[103281]: DEBUG neutron_lib.callbacks.manager [req-3811cd25-25c7-47b2-9363-91c0d00b0d6c req-2a45054f-2b56-4e97-a219-a39946b1b262 service neutron] Publish callbacks ['neutron.plugins.ml2.plugin.SecurityGroupServerNotifierRpcMixin._notify_sg_on_port_change-3658815', 'neutron.plugins.ml2.ovo_rpc._ObjectChangeHandler.handle_event-4168472', 'neutron.api.rpc.agentnotifiers.dhcp_rpc_agent_api.DhcpAgentNotifyAPI._native_event_send_dhcp_notification-3783266', 'neutron.db.l3_db.L3RpcNotifierMixin._notify_gateway_port_ip_changed-8784455893800', 'neutron.db.l3_dvrscheduler_db._notify_l3_agent_port_update-8784455426573', 'neutron.db.l3_hascheduler_db._notify_l3_agent_ha_port_update-8784455426591'] for port, after_update {{(pid=103281) _notify_loop /usr/local/lib/python3.8/dist-packages/neutron_lib/callbacks/manager.py:175}}
Dec 08 15:58:41.913741 n-d-820935-5 neutron-server[103282]: DEBUG neutron_lib.callbacks.manager [None req-296ef37d-33ec-4894-8fb9-477dce53eb47 admin admin] Publish callbacks [] for router_gateway, before_create {{(pid=103282) _notify_loop /usr/local/lib/python3.8/dist-packages/neutron_lib/callbacks/manager.py:175}}
Dec 08 15:58:42.003685 n-d-820935-5 neutron-server[103282]: DEBUG neutron_lib.callbacks.manager [None req-296ef37d-33ec-4894-8fb9-477dce53eb47 admin admin] Publish callbacks ['neutron.plugins.ml2.plugin.SecurityGroupDbMixin._ensure_default_security_group_handler-3658876'] for port, before_create {{(pid=103282) _notify_loop /usr/local/lib/python3.8/dist-packages/neutron_lib/callbacks/manager.py:175}}
Dec 08 15:58:42.068707 n-d-820935-5 neutron-server[103281]: DEBUG neutron_lib.callbacks.manager [None req-893d4cd2-dfa3-47ea-afc1-ca9ac4d11396 admin admin] Publish callbacks [] for security_group, precommit_delete {{(pid=103281) _notify_loop /usr/local/lib/python3.8/dist-packages/neutron_lib/callbacks/manager.py:175}}
Dec 08 15:58:42.085052 n-d-820935-5 neutron-server[103281]: DEBUG neutron.api.rpc.handlers.resources_rpc [None req-e01cdf37-ca3c-49ec-a513-2be9102769f3 admin admin] Pushing event deleted for resources: {'SecurityGroup': ['ID=2faffe24-530a-49c2-be84-250da604766f,revision_number=None']} {{(pid=103281) push /opt/stack/neutron/neutron/api/rpc/handlers/resources_rpc.py:237}}
Dec 08 15:58:42.111020 n-d-820935-5 neutron-server[103281]: DEBUG neutron.pecan_wsgi.hooks.policy_enforcement [req-3811cd25-25c7-47b2-9363-91c0d00b0d6c req-2a45054f-2b56-4e97-a219-a39946b1b262 service neutron] Attributes excluded by policy engine: ['standard_attr_id'] {{(pid=103281) _exclude_attributes_by_policy /opt/stack/neutron/neutron/pecan_wsgi/hooks/policy_enforcement.py:255}}
Dec 08 15:58:42.119970 n-d-820935-5 neutron-server[103281]: DEBUG neutron_lib.callbacks.manager [req-3811cd25-25c7-47b2-9363-91c0d00b0d6c req-2a45054f-2b56-4e97-a219-a39946b1b262 service neutron] Publish callbacks ['neutron.notifiers.nova.Notifier._send_nova_notification-101789', 'neutron.api.rpc.agentnotifiers.dhcp_rpc_agent_api.DhcpAgentNotifyAPI._send_dhcp_notification-3783180'] for port, before_response {{(pid=103281) _notify_loop /usr/local/lib/python3.8/dist-packages/neutron_lib/callbacks/manager.py:175}}
Dec 08 15:58:42.121433 n-d-820935-5 neutron-server[103281]: INFO neutron.wsgi [req-3811cd25-25c7-47b2-9363-91c0d00b0d6c req-2a45054f-2b56-4e97-a219-a39946b1b262 service neutron] 10.222.0.58 "PUT /v2.0/ports/d7e9fa1a-db25-4fc8-b797-7aae599fb103 HTTP/1.1" status: 200 len: 1117 time: 4.6133313
Dec 08 15:58:42.395749 n-d-820935-5 neutron-server[103281]: DEBUG neutron_lib.callbacks.manager [None req-b0125efc-e2ea-4e07-b5d3-75a82d1f3e17 admin admin] Publish callbacks [] for security_group, precommit_create {{(pid=103281) _notify_loop /usr/local/lib/python3.8/dist-packages/neutron_lib/callbacks/manager.py:175}}
Dec 08 15:58:42.404530 n-d-820935-5 neutron-server[103281]: DEBUG neutron.notifiers.nova [-] Sending events: [{'name': 'network-changed', 'server_uuid': '177f1077-85ff-4985-a3b1-1b61f76b5253', 'tag': 'd7e9fa1a-db25-4fc8-b797-7aae599fb103'}] {{(pid=103281) send_events /opt/stack/neutron/neutron/notifiers/nova.py:262}}
Dec 08 15:58:42.559243 n-d-820935-5 neutron-server[103282]: DEBUG neutron.db.db_base_plugin_common [None req-296ef37d-33ec-4894-8fb9-477dce53eb47 admin admin] Allocated IP 172.25.3.242 (ffada9dd-2359-467c-b049-1cbfc53f8a6b/f5feeaf1-2678-45f1-83d3-495848bd5636/5af5219e-dd2f-4a39-85b7-73a8e16687f7) {{(pid=103282) _store_ip_allocation /opt/stack/neutron/neutron/db/db_base_plugin_common.py:131}}
Dec 08 15:58:42.835721 n-d-820935-5 neutron-server[103282]: DEBUG neutron.pecan_wsgi.hooks.policy_enforcement [req-12f45bce-57bc-4e51-a49f-e3ad7044913e req-64dd0a9b-6ae7-4c23-a31f-e296ccc86b61 tempest-AggregatesAdminTestJSON-1839856866 tempest-AggregatesAdminTestJSON-1839856866-project] Attributes excluded by policy engine: ['standard_attr_id', 'binding:profile', 'binding:host_id', 'binding:vif_type', 'binding:vif_details'] {{(pid=103282) _exclude_attributes_by_policy /opt/stack/neutron/neutron/pecan_wsgi/hooks/policy_enforcement.py:255}}
Dec 08 15:58:42.845962 n-d-820935-5 neutron-server[103282]: INFO neutron.wsgi [req-12f45bce-57bc-4e51-a49f-e3ad7044913e req-64dd0a9b-6ae7-4c23-a31f-e296ccc86b61 tempest-AggregatesAdminTestJSON-1839856866 tempest-AggregatesAdminTestJSON-1839856866-project] 10.222.0.62 "GET /v2.0/ports?device_id=177f1077-85ff-4985-a3b1-1b61f76b5253 HTTP/1.1" status: 200 len: 969 time: 0.4676619
Dec 08 15:58:42.890317 n-d-820935-5 neutron-server[103281]: DEBUG neutron_lib.callbacks.manager [None req-b0125efc-e2ea-4e07-b5d3-75a82d1f3e17 admin admin] Publish callbacks ['neutron.plugins.ml2.ovo_rpc._ObjectChangeHandler.handle_event-3676009'] for security_group, after_create {{(pid=103281) _notify_loop /usr/local/lib/python3.8/dist-packages/neutron_lib/callbacks/manager.py:175}}
Dec 08 15:58:43.052778 n-d-820935-5 neutron-server[103282]: INFO neutron.wsgi [req-12f45bce-57bc-4e51-a49f-e3ad7044913e req-eb598b59-00fa-4032-8803-ef7897e988be tempest-AggregatesAdminTestJSON-1839856866 tempest-AggregatesAdminTestJSON-1839856866-project] 10.222.0.62 "GET /v2.0/security-groups?id=31d50333-a20a-47e9-8bf1-bca4bd50d9af&fields=id&fields=name HTTP/1.1" status: 200 len: 286 time: 0.2058644
Dec 08 15:58:43.091195 n-d-820935-5 neutron-server[103281]: DEBUG neutron.api.rpc.handlers.resources_rpc [None req-b0125efc-e2ea-4e07-b5d3-75a82d1f3e17 admin admin] Pushing event updated for resources: {'SecurityGroup': ['ID=7bd19d6a-96b3-42bb-ba57-0a37f990335c,revision_number=1']} {{(pid=103281) push /opt/stack/neutron/neutron/api/rpc/handlers/resources_rpc.py:237}}
Dec 08 15:58:43.146702 n-d-820935-5 neutron-server[103282]: DEBUG neutron_lib.callbacks.manager [None req-296ef37d-33ec-4894-8fb9-477dce53eb47 admin admin] Publish callbacks [] for port, precommit_create {{(pid=103282) _notify_loop /usr/local/lib/python3.8/dist-packages/neutron_lib/callbacks/manager.py:175}}
Dec 08 15:58:43.171494 n-d-820935-5 neutron-server[103281]: DEBUG neutron_lib.callbacks.manager [None req-893d4cd2-dfa3-47ea-afc1-ca9ac4d11396 admin admin] Publish callbacks ['neutron.plugins.ml2.ovo_rpc._ObjectChangeHandler.handle_event-3676009'] for security_group, after_delete {{(pid=103281) _notify_loop /usr/local/lib/python3.8/dist-packages/neutron_lib/callbacks/manager.py:175}}
Dec 08 15:58:43.171494 n-d-820935-5 neutron-server[103281]: DEBUG neutron_lib.callbacks.manager [None req-893d4cd2-dfa3-47ea-afc1-ca9ac4d11396 admin admin] Publish callbacks [] for security_group, before_response {{(pid=103281) _notify_loop /usr/local/lib/python3.8/dist-packages/neutron_lib/callbacks/manager.py:175}}
Dec 08 15:58:43.177744 n-d-820935-5 neutron-server[103281]: INFO neutron.wsgi [None req-893d4cd2-dfa3-47ea-afc1-ca9ac4d11396 admin admin] 10.222.0.62 "DELETE /v2.0/security-groups/e7a3c680-a7d2-400b-9afd-04e60f8f2c10 HTTP/1.1" status: 204 len: 168 time: 1.8554924
Dec 08 15:58:43.198421 n-d-820935-5 neutron-server[103282]: DEBUG neutron.wsgi [-] (103282) accepted ('10.222.0.62', 52464) {{(pid=103282) server /usr/local/lib/python3.8/dist-packages/eventlet/wsgi.py:1004}}
Dec 08 15:58:43.211135 n-d-820935-5 neutron-server[103283]: DEBUG neutron.plugins.ml2.rpc [None req-54380d4b-9ae5-436c-a113-7bf8ec81d663 None None] Device ccb50526-11b7-401b-b8bd-103372506de1 up at agent ovs-agent-n-d-820935-5 {{(pid=103283) update_device_up /opt/stack/neutron/neutron/plugins/ml2/rpc.py:296}}
Dec 08 15:58:43.218188 n-d-820935-5 neutron-server[103281]: DEBUG neutron.api.rpc.handlers.resources_rpc [None req-893d4cd2-dfa3-47ea-afc1-ca9ac4d11396 admin admin] Pushing event deleted for resources: {'SecurityGroup': ['ID=e7a3c680-a7d2-400b-9afd-04e60f8f2c10,revision_number=None']} {{(pid=103281) push /opt/stack/neutron/neutron/api/rpc/handlers/resources_rpc.py:237}}
Dec 08 15:58:43.260782 n-d-820935-5 neutron-server[103282]: DEBUG neutron_lib.callbacks.manager [None req-7f22537e-c59f-43d0-87e0-2af85f7b0988 admin admin] Publish callbacks [] for security_group, before_create {{(pid=103282) _notify_loop /usr/local/lib/python3.8/dist-packages/neutron_lib/callbacks/manager.py:175}}
Dec 08 15:58:43.313448 n-d-820935-5 neutron-server[103282]: DEBUG neutron_lib.callbacks.manager [None req-296ef37d-33ec-4894-8fb9-477dce53eb47 admin admin] Publish callbacks ['neutron.plugins.ml2.plugin.SecurityGroupServerNotifierRpcMixin._notify_sg_on_port_change-3658815', 'neutron.plugins.ml2.ovo_rpc._ObjectChangeHandler.handle_event-4168472', 'neutron.api.rpc.agentnotifiers.dhcp_rpc_agent_api.DhcpAgentNotifyAPI._native_event_send_dhcp_notification-3783266', 'neutron.db.l3_dvrscheduler_db._notify_l3_agent_new_port-8784455426551'] for port, after_create {{(pid=103282) _notify_loop /usr/local/lib/python3.8/dist-packages/neutron_lib/callbacks/manager.py:175}}
Dec 08 15:58:43.358169 n-d-820935-5 neutron-server[103281]: DEBUG neutron.api.rpc.handlers.resources_rpc [None req-2a45054f-2b56-4e97-a219-a39946b1b262 service neutron] Pushing event updated for resources: {'Port': ['ID=d7e9fa1a-db25-4fc8-b797-7aae599fb103,revision_number=3']} {{(pid=103281) push /opt/stack/neutron/neutron/api/rpc/handlers/resources_rpc.py:237}}
Dec 08 15:58:43.386367 n-d-820935-5 neutron-server[103282]: DEBUG neutron.scheduler.dhcp_agent_scheduler [None req-296ef37d-33ec-4894-8fb9-477dce53eb47 admin admin] Network ffada9dd-2359-467c-b049-1cbfc53f8a6b is already hosted by enough agents. {{(pid=103282) _get_dhcp_agents_hosting_network /opt/stack/neutron/neutron/scheduler/dhcp_agent_scheduler.py:275}}
Dec 08 15:58:43.404246 n-d-820935-5 neutron-server[103282]: DEBUG neutron.scheduler.base_scheduler [None req-296ef37d-33ec-4894-8fb9-477dce53eb47 admin admin] Resources bound (agent type, host, resource id): {{(pid=103282) schedule /opt/stack/neutron/neutron/scheduler/base_scheduler.py:57}}
Dec 08 15:58:43.410743 n-d-820935-5 neutron-server[103281]: INFO neutron.wsgi [None req-b0125efc-e2ea-4e07-b5d3-75a82d1f3e17 admin admin] 10.222.0.62 "GET /v2.0/security-groups?tenant_id=f3a5597a167f4337b8f74baf3ee3a580&name=default HTTP/1.1" status: 200 len: 2996 time: 1.6517847
Dec 08 15:58:43.427351 n-d-820935-5 neutron-server[103282]: DEBUG neutron.db.l3_dvrscheduler_db [None req-296ef37d-33ec-4894-8fb9-477dce53eb47 admin admin] Received port after_create {{(pid=103282) _notify_l3_agent_new_port /opt/stack/neutron/neutron/db/l3_dvrscheduler_db.py:535}}
Dec 08 15:58:43.460529 n-d-820935-5 neutron-server[103281]: DEBUG neutron.wsgi [-] (103281) accepted ('10.222.0.62', 52470) {{(pid=103281) server /usr/local/lib/python3.8/dist-packages/eventlet/wsgi.py:1004}}
Dec 08 15:58:43.470737 n-d-820935-5 neutron-server[103281]: DEBUG novaclient.v2.client [-] REQ: curl -g -i --cacert "/opt/stack/data/ca-bundle.pem" -X POST http://10.222.0.62/compute/v2.1/os-server-external-events -H "Accept: application/json" -H "Content-Type: application/json" -H "User-Agent: python-novaclient" -H "X-Auth-Token: {SHA256}25c38bb7ccb82df87979bcb230bea3f9252bb95571831d84744eecd13ffd7351" -H "X-OpenStack-Nova-API-Version: 2.1" -H "X-OpenStack-Request-ID: req-99050aab-bda8-496c-a4cf-e1cd59adcd87" -d '{"events": [{"name": "network-changed", "server_uuid": "177f1077-85ff-4985-a3b1-1b61f76b5253", "tag": "d7e9fa1a-db25-4fc8-b797-7aae599fb103"}]}' {{(pid=103281) _http_log_request /usr/local/lib/python3.8/dist-packages/keystoneauth1/session.py:519}}
Dec 08 15:58:43.531009 n-d-820935-5 neutron-server[103283]: DEBUG neutron.db.provisioning_blocks [None req-54380d4b-9ae5-436c-a113-7bf8ec81d663 None None] Provisioning complete for port ccb50526-11b7-401b-b8bd-103372506de1 triggered by entity L2. {{(pid=103283) provisioning_complete /opt/stack/neutron/neutron/db/provisioning_blocks.py:139}}
Dec 08 15:58:43.550072 n-d-820935-5 neutron-server[103283]: DEBUG neutron_lib.callbacks.manager [None req-54380d4b-9ae5-436c-a113-7bf8ec81d663 None None] Publish callbacks ['neutron.plugins.ml2.plugin.Ml2Plugin._port_provisioned-3616024'] for port, provisioning_complete {{(pid=103283) _notify_loop /usr/local/lib/python3.8/dist-packages/neutron_lib/callbacks/manager.py:175}}
Dec 08 15:58:43.618170 n-d-820935-5 neutron-server[103281]: DEBUG neutron.pecan_wsgi.hooks.policy_enforcement [req-3811cd25-25c7-47b2-9363-91c0d00b0d6c req-a88a8f56-0d96-486b-8b2e-f3628d6221e8 service neutron] Attributes excluded by policy engine: ['standard_attr_id'] {{(pid=103281) _exclude_attributes_by_policy /opt/stack/neutron/neutron/pecan_wsgi/hooks/policy_enforcement.py:255}}
Dec 08 15:58:43.632050 n-d-820935-5 neutron-server[103281]: INFO neutron.wsgi [req-3811cd25-25c7-47b2-9363-91c0d00b0d6c req-a88a8f56-0d96-486b-8b2e-f3628d6221e8 service neutron] 10.222.0.58 "GET /v2.0/ports?tenant_id=e1d5f3c101ed4c5d95eb1d0b20ef82b0&device_id=177f1077-85ff-4985-a3b1-1b61f76b5253 HTTP/1.1" status: 200 len: 1120 time: 0.7851195
Dec 08 15:58:43.804586 n-d-820935-5 neutron-server[103281]: DEBUG neutron_lib.callbacks.manager [None req-bf73d665-3cdd-4621-96e5-ffff164c0809 admin admin] Publish callbacks [] for security_group, before_delete {{(pid=103281) _notify_loop /usr/local/lib/python3.8/dist-packages/neutron_lib/callbacks/manager.py:175}}
Dec 08 15:58:43.877558 n-d-820935-5 neutron-server[103283]: DEBUG neutron_lib.callbacks.manager [None req-54380d4b-9ae5-436c-a113-7bf8ec81d663 None None] Publish callbacks ['neutron.plugins.ml2.plugin.SecurityGroupDbMixin._ensure_default_security_group_handler-3658876'] for port, before_update {{(pid=103283) _notify_loop /usr/local/lib/python3.8/dist-packages/neutron_lib/callbacks/manager.py:175}}
Dec 08 15:58:43.980632 n-d-820935-5 neutron-server[103282]: DEBUG neutron.api.rpc.handlers.resources_rpc [None req-296ef37d-33ec-4894-8fb9-477dce53eb47 admin admin] Pushing event updated for resources: {'Port': ['ID=5af5219e-dd2f-4a39-85b7-73a8e16687f7,revision_number=1']} {{(pid=103282) push /opt/stack/neutron/neutron/api/rpc/handlers/resources_rpc.py:237}}
Dec 08 15:58:43.985138 n-d-820935-5 neutron-server[103283]: DEBUG neutron.plugins.ml2.db [None req-54380d4b-9ae5-436c-a113-7bf8ec81d663 None None] For port ccb50526-11b7-401b-b8bd-103372506de1, host n-d-820935-5, got binding levels [PortBindingLevel(driver='openvswitch',host='n-d-820935-5',level=0,port_id=ccb50526-11b7-401b-b8bd-103372506de1,segment=NetworkSegment(57c4b859-105c-449c-b19c-1a2d945b1d44),segment_id=57c4b859-105c-449c-b19c-1a2d945b1d44)] {{(pid=103283) get_binding_level_objs /opt/stack/neutron/neutron/plugins/ml2/db.py:74}}
Dec 08 15:58:43.994209 n-d-820935-5 neutron-server[103283]: DEBUG neutron_lib.callbacks.manager [None req-54380d4b-9ae5-436c-a113-7bf8ec81d663 None None] Publish callbacks ['neutron.plugins.ml2.plugin.SecurityGroupServerNotifierRpcMixin._notify_sg_on_port_change-3658815', 'neutron.plugins.ml2.ovo_rpc._ObjectChangeHandler.handle_event-4168472', 'neutron.api.rpc.agentnotifiers.dhcp_rpc_agent_api.DhcpAgentNotifyAPI._native_event_send_dhcp_notification-3783266', 'neutron.db.l3_db.L3RpcNotifierMixin._notify_gateway_port_ip_changed-8784455893800', 'neutron.db.l3_dvrscheduler_db._notify_l3_agent_port_update-8784455426573', 'neutron.db.l3_hascheduler_db._notify_l3_agent_ha_port_update-8784455426591'] for port, after_update {{(pid=103283) _notify_loop /usr/local/lib/python3.8/dist-packages/neutron_lib/callbacks/manager.py:175}}
Dec 08 15:58:44.155394 n-d-820935-5 neutron-server[103283]: DEBUG neutron.api.rpc.handlers.dhcp_rpc [None req-36532dd1-2326-4886-a646-7ba2d3fe9d7f None None] Network b9f0086a-06d3-4e40-ab51-fcd1a185f024 requested from n-d-820935-5 {{(pid=103283) get_network_info /opt/stack/neutron/neutron/api/rpc/handlers/dhcp_rpc.py:219}}
Dec 08 15:58:44.261493 n-d-820935-5 neutron-server[103283]: DEBUG neutron.api.rpc.handlers.resources_rpc [None req-54380d4b-9ae5-436c-a113-7bf8ec81d663 None None] Pushing event updated for resources: {'Port': ['ID=ccb50526-11b7-401b-b8bd-103372506de1,revision_number=3']} {{(pid=103283) push /opt/stack/neutron/neutron/api/rpc/handlers/resources_rpc.py:237}}
Dec 08 15:58:44.283297 n-d-820935-5 neutron-server[103281]: INFO neutron.wsgi [req-3811cd25-25c7-47b2-9363-91c0d00b0d6c req-3d541fb2-8380-4c43-9e0e-6919340a2e77 service neutron] 10.222.0.58 "GET /v2.0/floatingips?fixed_ip_address=192.168.233.67&port_id=d7e9fa1a-db25-4fc8-b797-7aae599fb103 HTTP/1.1" status: 200 len: 217 time: 0.4643178
Dec 08 15:58:44.398993 n-d-820935-5 neutron-server[103283]: DEBUG neutron.db.provisioning_blocks [None req-9ab8ba08-45ef-4da4-af3f-9c58cc770324 None None] Provisioning complete for port ccb50526-11b7-401b-b8bd-103372506de1 triggered by entity DHCP. {{(pid=103283) provisioning_complete /opt/stack/neutron/neutron/db/provisioning_blocks.py:139}}
Dec 08 15:58:44.403833 n-d-820935-5 neutron-server[103283]: DEBUG neutron_lib.callbacks.manager [None req-9ab8ba08-45ef-4da4-af3f-9c58cc770324 None None] Publish callbacks ['neutron.plugins.ml2.plugin.Ml2Plugin._port_provisioned-3616024'] for port, provisioning_complete {{(pid=103283) _notify_loop /usr/local/lib/python3.8/dist-packages/neutron_lib/callbacks/manager.py:175}}
Dec 08 15:58:44.462620 n-d-820935-5 neutron-server[103281]: DEBUG neutron.pecan_wsgi.hooks.policy_enforcement [req-3811cd25-25c7-47b2-9363-91c0d00b0d6c req-992ed43d-d9fe-47ff-b1e7-00cf1ea12ff9 service neutron] Attributes excluded by policy engine: ['standard_attr_id', 'shared'] {{(pid=103281) _exclude_attributes_by_policy /opt/stack/neutron/neutron/pecan_wsgi/hooks/policy_enforcement.py:255}}
Dec 08 15:58:44.464585 n-d-820935-5 neutron-server[103281]: INFO neutron.wsgi [req-3811cd25-25c7-47b2-9363-91c0d00b0d6c req-992ed43d-d9fe-47ff-b1e7-00cf1ea12ff9 service neutron] 10.222.0.58 "GET /v2.0/subnets?id=78cf11f0-7606-44f0-a91f-ef651debdd62 HTTP/1.1" status: 200 len: 843 time: 0.1678076
Dec 08 15:58:44.488633 n-d-820935-5 neutron-server[103281]: DEBUG neutron_lib.callbacks.manager [None req-bf73d665-3cdd-4621-96e5-ffff164c0809 admin admin] Publish callbacks [] for security_group, precommit_delete {{(pid=103281) _notify_loop /usr/local/lib/python3.8/dist-packages/neutron_lib/callbacks/manager.py:175}}
Dec 08 15:58:44.528312 n-d-820935-5 neutron-server[103282]: DEBUG neutron_lib.callbacks.manager [None req-7f22537e-c59f-43d0-87e0-2af85f7b0988 admin admin] Publish callbacks [] for security_group, precommit_create {{(pid=103282) _notify_loop /usr/local/lib/python3.8/dist-packages/neutron_lib/callbacks/manager.py:175}}
Dec 08 15:58:44.549192 n-d-820935-5 neutron-server[103282]: DEBUG neutron.wsgi [-] (103282) accepted ('10.222.0.62', 52484) {{(pid=103282) server /usr/local/lib/python3.8/dist-packages/eventlet/wsgi.py:1004}}
Dec 08 15:58:44.635128 n-d-820935-5 neutron-server[103282]: DEBUG neutron_lib.callbacks.manager [None req-296ef37d-33ec-4894-8fb9-477dce53eb47 admin admin] Publish callbacks [] for router_gateway, after_create {{(pid=103282) _notify_loop /usr/local/lib/python3.8/dist-packages/neutron_lib/callbacks/manager.py:175}}
Dec 08 15:58:44.635128 n-d-820935-5 neutron-server[103282]: DEBUG neutron_lib.callbacks.manager [None req-7f22537e-c59f-43d0-87e0-2af85f7b0988 admin admin] Publish callbacks ['neutron.plugins.ml2.ovo_rpc._ObjectChangeHandler.handle_event-3676009'] for security_group, after_create {{(pid=103282) _notify_loop /usr/local/lib/python3.8/dist-packages/neutron_lib/callbacks/manager.py:175}}
Dec 08 15:58:44.648101 n-d-820935-5 neutron-server[103282]: DEBUG neutron_lib.callbacks.manager [None req-0476611f-353f-48bd-84d0-8f809fc9bd1f admin admin] Publish callbacks [] for security_group, before_create {{(pid=103282) _notify_loop /usr/local/lib/python3.8/dist-packages/neutron_lib/callbacks/manager.py:175}}
Dec 08 15:58:44.766504 n-d-820935-5 neutron-server[103281]: DEBUG novaclient.v2.client [-] RESP: [200] Connection: close Content-Length: 179 Content-Type: application/json Date: Wed, 08 Dec 2021 15:58:43 GMT OpenStack-API-Version: compute 2.1 Server: Apache/2.4.41 (Ubuntu) Vary: OpenStack-API-Version,X-OpenStack-Nova-API-Version X-OpenStack-Nova-API-Version: 2.1 x-compute-request-id: req-a968eb1a-aec3-44d4-9b4c-eae7ae0817c9 x-openstack-request-id: req-a968eb1a-aec3-44d4-9b4c-eae7ae0817c9 {{(pid=103281) _http_log_response /usr/local/lib/python3.8/dist-packages/keystoneauth1/session.py:550}}
Dec 08 15:58:44.766804 n-d-820935-5 neutron-server[103281]: DEBUG novaclient.v2.client [-] RESP BODY: {"events": [{"name": "network-changed", "server_uuid": "177f1077-85ff-4985-a3b1-1b61f76b5253", "tag": "d7e9fa1a-db25-4fc8-b797-7aae599fb103", "status": "completed", "code": 200}]} {{(pid=103281) _http_log_response /usr/local/lib/python3.8/dist-packages/keystoneauth1/session.py:582}}
Dec 08 15:58:44.769899 n-d-820935-5 neutron-server[103281]: DEBUG novaclient.v2.client [-] POST call to compute for http://10.222.0.62/compute/v2.1/os-server-external-events used request id req-a968eb1a-aec3-44d4-9b4c-eae7ae0817c9 {{(pid=103281) request /usr/local/lib/python3.8/dist-packages/keystoneauth1/session.py:954}}
Dec 08 15:58:44.770367 n-d-820935-5 neutron-server[103281]: INFO neutron.notifiers.nova [-] Nova event response: {'name': 'network-changed', 'server_uuid': '177f1077-85ff-4985-a3b1-1b61f76b5253', 'tag': 'd7e9fa1a-db25-4fc8-b797-7aae599fb103', 'status': 'completed', 'code': 200}
Dec 08 15:58:44.856231 n-d-820935-5 neutron-server[103283]: DEBUG neutron.plugins.ml2.rpc [None req-54380d4b-9ae5-436c-a113-7bf8ec81d663 None None] Device ccb50526-11b7-401b-b8bd-103372506de1 up at agent ovs-agent-n-d-820935-5 {{(pid=103283) update_device_up /opt/stack/neutron/neutron/plugins/ml2/rpc.py:296}}
Dec 08 15:58:44.857065 n-d-820935-5 neutron-server[103281]: DEBUG neutron.pecan_wsgi.hooks.policy_enforcement [req-3811cd25-25c7-47b2-9363-91c0d00b0d6c req-7b3f8c6d-e0aa-4fd7-82ca-b5d468234a61 service neutron] Attributes excluded by policy engine: ['standard_attr_id'] {{(pid=103281) _exclude_attributes_by_policy /opt/stack/neutron/neutron/pecan_wsgi/hooks/policy_enforcement.py:255}}
Dec 08 15:58:44.859934 n-d-820935-5 neutron-server[103282]: DEBUG neutron.api.rpc.handlers.resources_rpc [None req-7f22537e-c59f-43d0-87e0-2af85f7b0988 admin admin] Pushing event updated for resources: {'SecurityGroup': ['ID=d78d8bab-4997-403f-89ee-cd3309f006b4,revision_number=1']} {{(pid=103282) push /opt/stack/neutron/neutron/api/rpc/handlers/resources_rpc.py:237}}
Dec 08 15:58:44.875810 n-d-820935-5 neutron-server[103281]: INFO neutron.wsgi [req-3811cd25-25c7-47b2-9363-91c0d00b0d6c req-7b3f8c6d-e0aa-4fd7-82ca-b5d468234a61 service neutron] 10.222.0.58 "GET /v2.0/ports?network_id=c763941a-4f61-42c1-bce8-f239c82b8b61&device_owner=network%3Adhcp HTTP/1.1" status: 200 len: 1166 time: 0.3691280
Dec 08 15:58:44.922929 n-d-820935-5 neutron-server[103282]: INFO neutron.wsgi [None req-7f22537e-c59f-43d0-87e0-2af85f7b0988 admin admin] 10.222.0.62 "GET /v2.0/security-groups?tenant_id=103215a6847e4840b29d381aed004bc2&name=default HTTP/1.1" status: 200 len: 2996 time: 1.7043207
Dec 08 15:58:45.029526 n-d-820935-5 neutron-server[103282]: DEBUG neutron.wsgi [-] (103282) accepted ('10.222.0.62', 52492) {{(pid=103282) server /usr/local/lib/python3.8/dist-packages/eventlet/wsgi.py:1004}}
Dec 08 15:58:45.080723 n-d-820935-5 neutron-server[103283]: DEBUG neutron.db.provisioning_blocks [None req-54380d4b-9ae5-436c-a113-7bf8ec81d663 None None] Provisioning complete for port ccb50526-11b7-401b-b8bd-103372506de1 triggered by entity L2. {{(pid=103283) provisioning_complete /opt/stack/neutron/neutron/db/provisioning_blocks.py:139}}
Dec 08 15:58:45.081097 n-d-820935-5 neutron-server[103283]: DEBUG neutron_lib.callbacks.manager [None req-54380d4b-9ae5-436c-a113-7bf8ec81d663 None None] Publish callbacks ['neutron.plugins.ml2.plugin.Ml2Plugin._port_provisioned-3616024'] for port, provisioning_complete {{(pid=103283) _notify_loop /usr/local/lib/python3.8/dist-packages/neutron_lib/callbacks/manager.py:175}}
Dec 08 15:58:45.179944 n-d-820935-5 neutron-server[103281]: INFO neutron.wsgi [req-3811cd25-25c7-47b2-9363-91c0d00b0d6c req-ff114626-d8ef-4bba-86a5-06a4f64e0f78 service neutron] 10.222.0.58 "GET /v2.0/networks/c763941a-4f61-42c1-bce8-f239c82b8b61?fields=segments HTTP/1.1" status: 200 len: 212 time: 0.2941966
Dec 08 15:58:45.236683 n-d-820935-5 neutron-server[103281]: DEBUG neutron_lib.callbacks.manager [None req-bf73d665-3cdd-4621-96e5-ffff164c0809 admin admin] Publish callbacks ['neutron.plugins.ml2.ovo_rpc._ObjectChangeHandler.handle_event-3676009'] for security_group, after_delete {{(pid=103281) _notify_loop /usr/local/lib/python3.8/dist-packages/neutron_lib/callbacks/manager.py:175}}
Dec 08 15:58:45.242779 n-d-820935-5 neutron-server[103281]: DEBUG neutron_lib.callbacks.manager [None req-bf73d665-3cdd-4621-96e5-ffff164c0809 admin admin] Publish callbacks [] for security_group, before_response {{(pid=103281) _notify_loop /usr/local/lib/python3.8/dist-packages/neutron_lib/callbacks/manager.py:175}}
Dec 08 15:58:45.247866 n-d-820935-5 neutron-server[103281]: INFO neutron.wsgi [None req-bf73d665-3cdd-4621-96e5-ffff164c0809 admin admin] 10.222.0.62 "DELETE /v2.0/security-groups/7bd19d6a-96b3-42bb-ba57-0a37f990335c HTTP/1.1" status: 204 len: 168 time: 1.7524903
Dec 08 15:58:45.273159 n-d-820935-5 neutron-server[103281]: DEBUG neutron.api.rpc.handlers.resources_rpc [None req-bf73d665-3cdd-4621-96e5-ffff164c0809 admin admin] Pushing event deleted for resources: {'SecurityGroup': ['ID=7bd19d6a-96b3-42bb-ba57-0a37f990335c,revision_number=None']} {{(pid=103281) push /opt/stack/neutron/neutron/api/rpc/handlers/resources_rpc.py:237}}
Dec 08 15:58:45.504628 n-d-820935-5 neutron-server[103282]: DEBUG neutron_lib.callbacks.manager [None req-24aefa93-6303-4a8c-b066-7975cd8fe672 admin admin] Publish callbacks [] for security_group, before_delete {{(pid=103282) _notify_loop /usr/local/lib/python3.8/dist-packages/neutron_lib/callbacks/manager.py:175}}
Dec 08 15:58:45.565220 n-d-820935-5 neutron-server[103281]: INFO neutron.wsgi [req-3811cd25-25c7-47b2-9363-91c0d00b0d6c req-a96cf04e-d0d5-4b51-881f-f2bf3f065462 service neutron] 10.222.0.58 "GET /v2.0/networks/c763941a-4f61-42c1-bce8-f239c82b8b61?fields=provider%3Aphysical_network&fields=provider%3Anetwork_type HTTP/1.1" status: 200 len: 281 time: 0.2138679
Dec 08 15:58:45.581160 n-d-820935-5 neutron-server[103282]: DEBUG neutron_lib.callbacks.manager [None req-24aefa93-6303-4a8c-b066-7975cd8fe672 admin admin] Publish callbacks [] for security_group, precommit_delete {{(pid=103282) _notify_loop /usr/local/lib/python3.8/dist-packages/neutron_lib/callbacks/manager.py:175}}
Dec 08 15:58:45.602318 n-d-820935-5 neutron-server[103283]: DEBUG neutron.db.provisioning_blocks [None req-2d83bdb1-ed1e-42a0-a115-a552051eb958 None None] Provisioning complete for port ccb50526-11b7-401b-b8bd-103372506de1 triggered by entity DHCP. {{(pid=103283) provisioning_complete /opt/stack/neutron/neutron/db/provisioning_blocks.py:139}}
Dec 08 15:58:45.603008 n-d-820935-5 neutron-server[103283]: DEBUG neutron_lib.callbacks.manager [None req-2d83bdb1-ed1e-42a0-a115-a552051eb958 None None] Publish callbacks ['neutron.plugins.ml2.plugin.Ml2Plugin._port_provisioned-3616024'] for port, provisioning_complete {{(pid=103283) _notify_loop /usr/local/lib/python3.8/dist-packages/neutron_lib/callbacks/manager.py:175}}
Dec 08 15:58:45.753265 n-d-820935-5 neutron-server[103282]: DEBUG neutron.pecan_wsgi.hooks.policy_enforcement [req-a08095e7-e5ff-4ddd-8c62-c376c3f25cfb req-43d785eb-7223-468c-9e13-6864ea72d952 tempest-AggregatesAdminTestJSON-1839856866 tempest-AggregatesAdminTestJSON-1839856866-project] Attributes excluded by policy engine: ['standard_attr_id', 'binding:profile', 'binding:host_id', 'binding:vif_type', 'binding:vif_details'] {{(pid=103282) _exclude_attributes_by_policy /opt/stack/neutron/neutron/pecan_wsgi/hooks/policy_enforcement.py:255}}
Dec 08 15:58:45.755592 n-d-820935-5 neutron-server[103282]: INFO neutron.wsgi [req-a08095e7-e5ff-4ddd-8c62-c376c3f25cfb req-43d785eb-7223-468c-9e13-6864ea72d952 tempest-AggregatesAdminTestJSON-1839856866 tempest-AggregatesAdminTestJSON-1839856866-project] 10.222.0.62 "GET /v2.0/ports?device_id=177f1077-85ff-4985-a3b1-1b61f76b5253 HTTP/1.1" status: 200 len: 969 time: 0.8280330
Dec 08 15:58:45.873131 n-d-820935-5 neutron-server[103281]: DEBUG neutron.pecan_wsgi.hooks.policy_enforcement [req-99050aab-bda8-496c-a4cf-e1cd59adcd87 req-fdf24a91-9a2f-415e-ba19-4dac2d3ac1cb service neutron] Attributes excluded by policy engine: ['standard_attr_id'] {{(pid=103281) _exclude_attributes_by_policy /opt/stack/neutron/neutron/pecan_wsgi/hooks/policy_enforcement.py:255}}
Dec 08 15:58:45.876479 n-d-820935-5 neutron-server[103281]: INFO neutron.wsgi [req-99050aab-bda8-496c-a4cf-e1cd59adcd87 req-fdf24a91-9a2f-415e-ba19-4dac2d3ac1cb service neutron] 10.222.0.58 "GET /v2.0/ports?tenant_id=e1d5f3c101ed4c5d95eb1d0b20ef82b0&device_id=177f1077-85ff-4985-a3b1-1b61f76b5253 HTTP/1.1" status: 200 len: 1120 time: 0.1282890
Dec 08 15:58:45.913215 n-d-820935-5 neutron-server[103282]: DEBUG neutron_lib.callbacks.manager [None req-24aefa93-6303-4a8c-b066-7975cd8fe672 admin admin] Publish callbacks ['neutron.plugins.ml2.ovo_rpc._ObjectChangeHandler.handle_event-3676009'] for security_group, after_delete {{(pid=103282) _notify_loop /usr/local/lib/python3.8/dist-packages/neutron_lib/callbacks/manager.py:175}}
Dec 08 15:58:45.917062 n-d-820935-5 neutron-server[103282]: DEBUG neutron_lib.callbacks.manager [None req-24aefa93-6303-4a8c-b066-7975cd8fe672 admin admin] Publish callbacks [] for security_group, before_response {{(pid=103282) _notify_loop /usr/local/lib/python3.8/dist-packages/neutron_lib/callbacks/manager.py:175}}
Dec 08 15:58:45.922933 n-d-820935-5 neutron-server[103282]: INFO neutron.wsgi [None req-24aefa93-6303-4a8c-b066-7975cd8fe672 admin admin] 10.222.0.62 "DELETE /v2.0/security-groups/d78d8bab-4997-403f-89ee-cd3309f006b4 HTTP/1.1" status: 204 len: 168 time: 0.8893216
Dec 08 15:58:45.977041 n-d-820935-5 neutron-server[103281]: DEBUG neutron.wsgi [-] (103281) accepted ('10.222.0.62', 52510) {{(pid=103281) server /usr/local/lib/python3.8/dist-packages/eventlet/wsgi.py:1004}}
Dec 08 15:58:45.985096 n-d-820935-5 neutron-server[103282]: DEBUG neutron.api.rpc.handlers.resources_rpc [None req-24aefa93-6303-4a8c-b066-7975cd8fe672 admin admin] Pushing event deleted for resources: {'SecurityGroup': ['ID=d78d8bab-4997-403f-89ee-cd3309f006b4,revision_number=None']} {{(pid=103282) push /opt/stack/neutron/neutron/api/rpc/handlers/resources_rpc.py:237}}
Dec 08 15:58:46.058783 n-d-820935-5 neutron-server[103282]: INFO neutron.wsgi [req-a08095e7-e5ff-4ddd-8c62-c376c3f25cfb req-07bd9731-20e1-4032-9e65-f9f93517de95 tempest-AggregatesAdminTestJSON-1839856866 tempest-AggregatesAdminTestJSON-1839856866-project] 10.222.0.62 "GET /v2.0/security-groups?id=31d50333-a20a-47e9-8bf1-bca4bd50d9af&fields=id&fields=name HTTP/1.1" status: 200 len: 286 time: 0.2493112
Dec 08 15:58:46.111789 n-d-820935-5 neutron-server[103282]: DEBUG neutron_lib.callbacks.manager [None req-0476611f-353f-48bd-84d0-8f809fc9bd1f admin admin] Publish callbacks [] for security_group, precommit_create {{(pid=103282) _notify_loop /usr/local/lib/python3.8/dist-packages/neutron_lib/callbacks/manager.py:175}}
Dec 08 15:58:46.151453 n-d-820935-5 neutron-server[103282]: DEBUG neutron_lib.callbacks.manager [None req-0476611f-353f-48bd-84d0-8f809fc9bd1f admin admin] Publish callbacks ['neutron.plugins.ml2.ovo_rpc._ObjectChangeHandler.handle_event-3676009'] for security_group, after_create {{(pid=103282) _notify_loop /usr/local/lib/python3.8/dist-packages/neutron_lib/callbacks/manager.py:175}}
Dec 08 15:58:46.235115 n-d-820935-5 neutron-server[103282]: DEBUG neutron_lib.callbacks.manager [None req-296ef37d-33ec-4894-8fb9-477dce53eb47 admin admin] Publish callbacks ['neutron.services.l3_router.l3_router_plugin.L3_HA_NAT_db_mixin._after_router_create-3682884', 'neutron.services.l3_router.l3_router_plugin.DVRResourceOperationHandler._create_snat_interfaces_after_change-513277'] for router, after_create {{(pid=103282) _notify_loop /usr/local/lib/python3.8/dist-packages/neutron_lib/callbacks/manager.py:175}}
Dec 08 15:58:46.414611 n-d-820935-5 neutron-server[103282]: DEBUG neutron.api.rpc.handlers.resources_rpc [None req-0476611f-353f-48bd-84d0-8f809fc9bd1f admin admin] Pushing event updated for resources: {'SecurityGroup': ['ID=cefa09ae-fc0d-4d0c-ad33-c9256dbbf339,revision_number=1']} {{(pid=103282) push /opt/stack/neutron/neutron/api/rpc/handlers/resources_rpc.py:237}}
Dec 08 15:58:46.423289 n-d-820935-5 neutron-server[103282]: INFO neutron.wsgi [None req-0476611f-353f-48bd-84d0-8f809fc9bd1f admin admin] 10.222.0.62 "GET /v2.0/security-groups?tenant_id=e27318180694495eb6b851d92b1fb7ea&name=default HTTP/1.1" status: 200 len: 2996 time: 1.8670743
Dec 08 15:58:46.429708 n-d-820935-5 neutron-server[103282]: DEBUG neutron.wsgi [-] (103282) accepted ('10.222.0.62', 52518) {{(pid=103282) server /usr/local/lib/python3.8/dist-packages/eventlet/wsgi.py:1004}}
Dec 08 15:58:46.575478 n-d-820935-5 neutron-server[103282]: DEBUG neutron.scheduler.l3_agent_scheduler [None req-296ef37d-33ec-4894-8fb9-477dce53eb47 admin admin] Router 60be46b8-3214-492e-91f0-6f1897f57ec4 is scheduled to L3 agent 463d44a1-3760-4d3e-88db-b6b3dc695b36 with binding_index 1 {{(pid=103282) bind_router /opt/stack/neutron/neutron/scheduler/l3_agent_scheduler.py:209}}
Dec 08 15:58:46.581850 n-d-820935-5 neutron-server[103281]: DEBUG neutron.pecan_wsgi.hooks.policy_enforcement [req-99050aab-bda8-496c-a4cf-e1cd59adcd87 req-3908679d-97c6-4e18-bacc-078671ed29fc service neutron] Attributes excluded by policy engine: ['standard_attr_id', 'vlan_transparent'] {{(pid=103281) _exclude_attributes_by_policy /opt/stack/neutron/neutron/pecan_wsgi/hooks/policy_enforcement.py:255}}
Dec 08 15:58:46.584284 n-d-820935-5 neutron-server[103281]: INFO neutron.wsgi [req-99050aab-bda8-496c-a4cf-e1cd59adcd87 req-3908679d-97c6-4e18-bacc-078671ed29fc service neutron] 10.222.0.58 "GET /v2.0/networks?id=c763941a-4f61-42c1-bce8-f239c82b8b61 HTTP/1.1" status: 200 len: 870 time: 0.4691164
Dec 08 15:58:46.586330 n-d-820935-5 neutron-server[103282]: DEBUG neutron_lib.callbacks.manager [None req-efbe9ec9-629b-49cc-8480-32f004f9ac2f admin admin] Publish callbacks [] for security_group, before_delete {{(pid=103282) _notify_loop /usr/local/lib/python3.8/dist-packages/neutron_lib/callbacks/manager.py:175}}
Dec 08 15:58:46.667285 n-d-820935-5 neutron-server[103281]: INFO neutron.wsgi [req-99050aab-bda8-496c-a4cf-e1cd59adcd87 req-8aecbbd9-db86-431f-9c00-aa78a87430c3 service neutron] 10.222.0.58 "GET /v2.0/floatingips?fixed_ip_address=192.168.233.67&port_id=d7e9fa1a-db25-4fc8-b797-7aae599fb103 HTTP/1.1" status: 200 len: 217 time: 0.0502505
Dec 08 15:58:46.866583 n-d-820935-5 neutron-server[103282]: DEBUG neutron_lib.callbacks.manager [None req-efbe9ec9-629b-49cc-8480-32f004f9ac2f admin admin] Publish callbacks [] for security_group, precommit_delete {{(pid=103282) _notify_loop /usr/local/lib/python3.8/dist-packages/neutron_lib/callbacks/manager.py:175}}
