Dec 08 12:21:30.670635 n-d-820935-3 devstack@placement-api.service[110750]: DEBUG placement.handlers.allocation [req-97e57ad9-4cd2-4fef-ac48-31bfc9e61b8b req-94433841-0466-4259-8440-34a39aa8c88c service placement] Successfully deleted allocations [, , ] {{(pid=110750) delete_allocations /opt/stack/placement/placement/handlers/allocation.py:627}}
Dec 08 12:21:30.671821 n-d-820935-3 devstack@placement-api.service[110750]: INFO placement.requestlog [req-97e57ad9-4cd2-4fef-ac48-31bfc9e61b8b req-94433841-0466-4259-8440-34a39aa8c88c service placement] 10.222.0.69 "DELETE /placement/allocations/78a1cf1c-d5bd-47dc-955e-6ef3991a8784" status: 204 len: 0 microversion: 1.0
Dec 08 12:21:30.672356 n-d-820935-3 devstack@placement-api.service[110750]: [pid: 110750|app: 0|req: 481/960] 10.222.0.69 () {60 vars in 1355 bytes} [Wed Dec 8 12:21:30 2021] DELETE /placement/allocations/78a1cf1c-d5bd-47dc-955e-6ef3991a8784 => generated 0 bytes in 212 msecs (HTTP/1.1 204) 5 headers in 198 bytes (2 switches on core 0)
Dec 08 12:21:35.570585 n-d-820935-3 devstack@placement-api.service[110749]: DEBUG placement.requestlog [req-243713d3-35a5-4204-808f-258cd975c50b req-4b5ab3c6-e161-4527-b0cb-57d55451fe11 None None] Starting request: 10.222.0.44 "GET /placement/allocation_candidates?limit=1000&resources=DISK_GB%3A1%2CMEMORY_MB%3A1024%2CVCPU%3A1&root_required=%21COMPUTE_STATUS_DISABLED" {{(pid=110749) __call__ /opt/stack/placement/placement/requestlog.py:55}}
Dec 08 12:21:35.615713 n-d-820935-3 devstack@placement-api.service[110749]: DEBUG placement.objects.research_context [req-243713d3-35a5-4204-808f-258cd975c50b req-4b5ab3c6-e161-4527-b0cb-57d55451fe11 service placement] getting providers with 1 DISK_GB {{(pid=110749) __init__ /opt/stack/placement/placement/objects/research_context.py:126}}
Dec 08 12:21:35.622165 n-d-820935-3 devstack@placement-api.service[110749]: DEBUG placement.objects.research_context [req-243713d3-35a5-4204-808f-258cd975c50b req-4b5ab3c6-e161-4527-b0cb-57d55451fe11 service placement] getting providers with 1024 MEMORY_MB {{(pid=110749) __init__ /opt/stack/placement/placement/objects/research_context.py:126}}
Dec 08 12:21:35.630180 n-d-820935-3 devstack@placement-api.service[110749]: DEBUG placement.objects.research_context [req-243713d3-35a5-4204-808f-258cd975c50b req-4b5ab3c6-e161-4527-b0cb-57d55451fe11 service placement] getting providers with 1 VCPU {{(pid=110749) __init__ /opt/stack/placement/placement/objects/research_context.py:126}}
Dec 08 12:21:35.638219 n-d-820935-3 devstack@placement-api.service[110749]: DEBUG placement.objects.research_context [req-243713d3-35a5-4204-808f-258cd975c50b req-4b5ab3c6-e161-4527-b0cb-57d55451fe11 service placement] found 2 providers with available 1 DISK_GB {{(pid=110749) get_provider_ids_matching /opt/stack/placement/placement/objects/research_context.py:549}}
Dec 08 12:21:35.638796 n-d-820935-3 devstack@placement-api.service[110749]: DEBUG placement.objects.research_context [req-243713d3-35a5-4204-808f-258cd975c50b req-4b5ab3c6-e161-4527-b0cb-57d55451fe11 service placement] found 2 providers with available 1024 MEMORY_MB {{(pid=110749) get_provider_ids_matching /opt/stack/placement/placement/objects/research_context.py:549}}
Dec 08 12:21:35.639273 n-d-820935-3 devstack@placement-api.service[110749]: DEBUG placement.objects.research_context [req-243713d3-35a5-4204-808f-258cd975c50b req-4b5ab3c6-e161-4527-b0cb-57d55451fe11 service placement] found 2 providers after filtering by previous result {{(pid=110749) get_provider_ids_matching /opt/stack/placement/placement/objects/research_context.py:580}}
Dec 08 12:21:35.639969 n-d-820935-3 devstack@placement-api.service[110749]: DEBUG placement.objects.research_context [req-243713d3-35a5-4204-808f-258cd975c50b req-4b5ab3c6-e161-4527-b0cb-57d55451fe11 service placement] found 2 providers with available 1 VCPU {{(pid=110749) get_provider_ids_matching /opt/stack/placement/placement/objects/research_context.py:549}}
Dec 08 12:21:35.640316 n-d-820935-3 devstack@placement-api.service[110749]: DEBUG placement.objects.research_context [req-243713d3-35a5-4204-808f-258cd975c50b req-4b5ab3c6-e161-4527-b0cb-57d55451fe11 service placement] found 2 providers after filtering by previous result {{(pid=110749) get_provider_ids_matching /opt/stack/placement/placement/objects/research_context.py:580}}
Dec 08 12:21:35.653343 n-d-820935-3 devstack@placement-api.service[110749]: DEBUG placement.objects.allocation_candidate [req-243713d3-35a5-4204-808f-258cd975c50b req-4b5ab3c6-e161-4527-b0cb-57d55451fe11 service placement] RequestGroup(use_same_provider=False, resources={DISK_GB:1, MEMORY_MB:1024, VCPU:1}, traits=[], aggregates=[]) (suffix '') returned 2 matches {{(pid=110749) _get_by_requests /opt/stack/placement/placement/objects/allocation_candidate.py:145}}
Dec 08 12:21:35.654440 n-d-820935-3 devstack@placement-api.service[110749]: DEBUG placement.objects.allocation_candidate [req-243713d3-35a5-4204-808f-258cd975c50b req-4b5ab3c6-e161-4527-b0cb-57d55451fe11 service placement] Merging candidates yields 2 allocation requests and 2 provider summaries {{(pid=110749) _merge_candidates /opt/stack/placement/placement/objects/allocation_candidate.py:783}}
Dec 08 12:21:35.656410 n-d-820935-3 devstack@placement-api.service[110749]: INFO placement.requestlog [req-243713d3-35a5-4204-808f-258cd975c50b req-4b5ab3c6-e161-4527-b0cb-57d55451fe11 service placement] 10.222.0.44 "GET /placement/allocation_candidates?limit=1000&resources=DISK_GB%3A1%2CMEMORY_MB%3A1024%2CVCPU%3A1&root_required=%21COMPUTE_STATUS_DISABLED" status: 200 len: 1306 microversion: 1.36
Dec 08 12:21:35.657030 n-d-820935-3 devstack@placement-api.service[110749]: [pid: 110749|app: 0|req: 480/961] 10.222.0.44 () {60 vars in 1506 bytes} [Wed Dec 8 12:21:35 2021] GET /placement/allocation_candidates?limit=1000&resources=DISK_GB%3A1%2CMEMORY_MB%3A1024%2CVCPU%3A1&root_required=%21COMPUTE_STATUS_DISABLED => generated 1306 bytes in 87 msecs (HTTP/1.1 200) 8 headers in 297 bytes (1 switches on core 0)
Dec 08 12:21:35.750038 n-d-820935-3 devstack@placement-api.service[110750]: DEBUG placement.requestlog [req-243713d3-35a5-4204-808f-258cd975c50b req-0a8d1cec-21a1-4909-99f1-27eeaa05c8f6 None None] Starting request: 10.222.0.44 "GET /placement/allocations/78a1cf1c-d5bd-47dc-955e-6ef3991a8784" {{(pid=110750) __call__ /opt/stack/placement/placement/requestlog.py:55}}
Dec 08 12:21:35.766190 n-d-820935-3 devstack@placement-api.service[110750]: INFO placement.requestlog [req-243713d3-35a5-4204-808f-258cd975c50b req-0a8d1cec-21a1-4909-99f1-27eeaa05c8f6 service placement] 10.222.0.44 "GET /placement/allocations/78a1cf1c-d5bd-47dc-955e-6ef3991a8784" status: 200 len: 19 microversion: 1.28
Dec 08 12:21:35.767467 n-d-820935-3 devstack@placement-api.service[110750]: [pid: 110750|app: 0|req: 482/962] 10.222.0.44 () {60 vars in 1380 bytes} [Wed Dec 8 12:21:35 2021] GET /placement/allocations/78a1cf1c-d5bd-47dc-955e-6ef3991a8784 => generated 19 bytes in 18 msecs (HTTP/1.1 200) 8 headers in 295 bytes (1 switches on core 0)
Dec 08 12:21:35.779473 n-d-820935-3 devstack@placement-api.service[110749]: DEBUG placement.requestlog [req-243713d3-35a5-4204-808f-258cd975c50b req-0dc99218-b993-4285-821c-1fa2466532c7 None None] Starting request: 10.222.0.44 "PUT /placement/allocations/78a1cf1c-d5bd-47dc-955e-6ef3991a8784" {{(pid=110749) __call__ /opt/stack/placement/placement/requestlog.py:55}}
Dec 08 12:21:35.921968 n-d-820935-3 devstack@placement-api.service[110749]: DEBUG placement.handlers.allocation [req-243713d3-35a5-4204-808f-258cd975c50b req-0dc99218-b993-4285-821c-1fa2466532c7 service placement] Successfully wrote allocations [, , ] {{(pid=110749) _update_consumers_and_create_allocations /opt/stack/placement/placement/handlers/allocation.py:462}}
Dec 08 12:21:36.030990 n-d-820935-3 devstack@placement-api.service[110749]: INFO placement.requestlog [req-243713d3-35a5-4204-808f-258cd975c50b req-0dc99218-b993-4285-821c-1fa2466532c7 service placement] 10.222.0.44 "PUT /placement/allocations/78a1cf1c-d5bd-47dc-955e-6ef3991a8784" status: 204 len: 0 microversion: 1.36
Dec 08 12:21:36.035482 n-d-820935-3 devstack@placement-api.service[110749]: [pid: 110749|app: 0|req: 481/963] 10.222.0.44 () {64 vars in 1433 bytes} [Wed Dec 8 12:21:35 2021] PUT /placement/allocations/78a1cf1c-d5bd-47dc-955e-6ef3991a8784 => generated 0 bytes in 258 msecs (HTTP/1.1 204) 5 headers in 199 bytes (1 switches on core 0)
Dec 08 12:21:37.390266 n-d-820935-3 devstack@placement-api.service[110750]: DEBUG placement.requestlog [req-0819a7fc-f0df-41a2-acd6-65942ac0a6ed req-6027445c-31b7-49f5-b9d2-e54ed50f513e None None] Starting request: 10.222.0.62 "GET /placement/resource_providers/b0e37259-cf48-4f8b-8a26-c674c78b46cc/allocations" {{(pid=110750) __call__ /opt/stack/placement/placement/requestlog.py:55}}
Dec 08 12:21:37.445509 n-d-820935-3 devstack@placement-api.service[110750]: INFO placement.requestlog [req-0819a7fc-f0df-41a2-acd6-65942ac0a6ed req-6027445c-31b7-49f5-b9d2-e54ed50f513e service placement] 10.222.0.62 "GET /placement/resource_providers/b0e37259-cf48-4f8b-8a26-c674c78b46cc/allocations" status: 200 len: 155 microversion: 1.0
Dec 08 12:21:37.449767 n-d-820935-3 devstack@placement-api.service[110750]: [pid: 110750|app: 0|req: 483/964] 10.222.0.62 () {58 vars in 1390 bytes} [Wed Dec 8 12:21:37 2021] GET /placement/resource_providers/b0e37259-cf48-4f8b-8a26-c674c78b46cc/allocations => generated 155 bytes in 60 msecs (HTTP/1.1 200) 6 headers in 224 bytes (1 switches on core 0)
Dec 08 12:21:38.277597 n-d-820935-3 devstack@placement-api.service[110749]: DEBUG placement.requestlog [req-0ecfd105-7235-4616-954e-b96b2feb3124 req-de90ae7e-482b-4669-a406-5567a5c44886 None None] Starting request: 10.222.0.44 "GET /placement/allocation_candidates?limit=1000&resources=DISK_GB%3A1%2CMEMORY_MB%3A1024%2CVCPU%3A1&root_required=%21COMPUTE_STATUS_DISABLED" {{(pid=110749) __call__ /opt/stack/placement/placement/requestlog.py:55}}
Dec 08 12:21:38.335486 n-d-820935-3 devstack@placement-api.service[110749]: DEBUG placement.objects.research_context [req-0ecfd105-7235-4616-954e-b96b2feb3124 req-de90ae7e-482b-4669-a406-5567a5c44886 service placement] getting providers with 1 DISK_GB {{(pid=110749) __init__ /opt/stack/placement/placement/objects/research_context.py:126}}
Dec 08 12:21:38.341800 n-d-820935-3 devstack@placement-api.service[110749]: DEBUG placement.objects.research_context [req-0ecfd105-7235-4616-954e-b96b2feb3124 req-de90ae7e-482b-4669-a406-5567a5c44886 service placement] getting providers with 1024 MEMORY_MB {{(pid=110749) __init__ /opt/stack/placement/placement/objects/research_context.py:126}}
Dec 08 12:21:38.360639 n-d-820935-3 devstack@placement-api.service[110749]: DEBUG placement.objects.research_context [req-0ecfd105-7235-4616-954e-b96b2feb3124 req-de90ae7e-482b-4669-a406-5567a5c44886 service placement] getting providers with 1 VCPU {{(pid=110749) __init__ /opt/stack/placement/placement/objects/research_context.py:126}}
Dec 08 12:21:38.374087 n-d-820935-3 devstack@placement-api.service[110749]: DEBUG placement.objects.research_context [req-0ecfd105-7235-4616-954e-b96b2feb3124 req-de90ae7e-482b-4669-a406-5567a5c44886 service placement] found 2 providers with available 1 DISK_GB {{(pid=110749) get_provider_ids_matching /opt/stack/placement/placement/objects/research_context.py:549}}
Dec 08 12:21:38.377619 n-d-820935-3 devstack@placement-api.service[110749]: DEBUG placement.objects.research_context [req-0ecfd105-7235-4616-954e-b96b2feb3124 req-de90ae7e-482b-4669-a406-5567a5c44886 service placement] found 2 providers with available 1024 MEMORY_MB {{(pid=110749) get_provider_ids_matching /opt/stack/placement/placement/objects/research_context.py:549}}
Dec 08 12:21:38.377619 n-d-820935-3 devstack@placement-api.service[110749]: DEBUG placement.objects.research_context [req-0ecfd105-7235-4616-954e-b96b2feb3124 req-de90ae7e-482b-4669-a406-5567a5c44886 service placement] found 2 providers after filtering by previous result {{(pid=110749) get_provider_ids_matching /opt/stack/placement/placement/objects/research_context.py:580}}
Dec 08 12:21:38.377846 n-d-820935-3 devstack@placement-api.service[110749]: DEBUG placement.objects.research_context [req-0ecfd105-7235-4616-954e-b96b2feb3124 req-de90ae7e-482b-4669-a406-5567a5c44886 service placement] found 2 providers with available 1 VCPU {{(pid=110749) get_provider_ids_matching /opt/stack/placement/placement/objects/research_context.py:549}}
Dec 08 12:21:38.378063 n-d-820935-3 devstack@placement-api.service[110749]: DEBUG placement.objects.research_context [req-0ecfd105-7235-4616-954e-b96b2feb3124 req-de90ae7e-482b-4669-a406-5567a5c44886 service placement] found 2 providers after filtering by previous result {{(pid=110749) get_provider_ids_matching /opt/stack/placement/placement/objects/research_context.py:580}}
Dec 08 12:21:38.412198 n-d-820935-3 devstack@placement-api.service[110749]: DEBUG placement.objects.allocation_candidate [req-0ecfd105-7235-4616-954e-b96b2feb3124 req-de90ae7e-482b-4669-a406-5567a5c44886 service placement] RequestGroup(use_same_provider=False, resources={DISK_GB:1, MEMORY_MB:1024, VCPU:1}, traits=[], aggregates=[]) (suffix '') returned 2 matches {{(pid=110749) _get_by_requests /opt/stack/placement/placement/objects/allocation_candidate.py:145}}
Dec 08 12:21:38.415803 n-d-820935-3 devstack@placement-api.service[110749]: DEBUG placement.objects.allocation_candidate [req-0ecfd105-7235-4616-954e-b96b2feb3124 req-de90ae7e-482b-4669-a406-5567a5c44886 service placement] Merging candidates yields 2 allocation requests and 2 provider summaries {{(pid=110749) _merge_candidates /opt/stack/placement/placement/objects/allocation_candidate.py:783}}
Dec 08 12:21:38.420323 n-d-820935-3 devstack@placement-api.service[110749]: INFO placement.requestlog [req-0ecfd105-7235-4616-954e-b96b2feb3124 req-de90ae7e-482b-4669-a406-5567a5c44886 service placement] 10.222.0.44 "GET /placement/allocation_candidates?limit=1000&resources=DISK_GB%3A1%2CMEMORY_MB%3A1024%2CVCPU%3A1&root_required=%21COMPUTE_STATUS_DISABLED" status: 200 len: 1309 microversion: 1.36
Dec 08 12:21:38.422744 n-d-820935-3 devstack@placement-api.service[110749]: [pid: 110749|app: 0|req: 482/965] 10.222.0.44 () {60 vars in 1506 bytes} [Wed Dec 8 12:21:38 2021] GET /placement/allocation_candidates?limit=1000&resources=DISK_GB%3A1%2CMEMORY_MB%3A1024%2CVCPU%3A1&root_required=%21COMPUTE_STATUS_DISABLED => generated 1309 bytes in 145 msecs (HTTP/1.1 200) 8 headers in 297 bytes (1 switches on core 0)
Dec 08 12:21:39.605198 n-d-820935-3 devstack@placement-api.service[110750]: DEBUG placement.requestlog [req-0ecfd105-7235-4616-954e-b96b2feb3124 req-26776d74-bbb1-434c-9676-eb4bd2ec86bb None None] Starting request: 10.222.0.44 "GET /placement/allocations/30b3862f-0d80-405e-af7d-d61101d7e24b" {{(pid=110750) __call__ /opt/stack/placement/placement/requestlog.py:55}}
Dec 08 12:21:39.623056 n-d-820935-3 devstack@placement-api.service[110750]: INFO placement.requestlog [req-0ecfd105-7235-4616-954e-b96b2feb3124 req-26776d74-bbb1-434c-9676-eb4bd2ec86bb service placement] 10.222.0.44 "GET /placement/allocations/30b3862f-0d80-405e-af7d-d61101d7e24b" status: 200 len: 19 microversion: 1.28
Dec 08 12:21:39.625682 n-d-820935-3 devstack@placement-api.service[110750]: [pid: 110750|app: 0|req: 484/966] 10.222.0.44 () {60 vars in 1380 bytes} [Wed Dec 8 12:21:39 2021] GET /placement/allocations/30b3862f-0d80-405e-af7d-d61101d7e24b => generated 19 bytes in 21 msecs (HTTP/1.1 200) 8 headers in 295 bytes (1 switches on core 0)
Dec 08 12:21:39.636553 n-d-820935-3 devstack@placement-api.service[110749]: DEBUG placement.requestlog [req-0ecfd105-7235-4616-954e-b96b2feb3124 req-277efd2d-06b7-43c4-8775-b256f7e006ee None None] Starting request: 10.222.0.44 "PUT /placement/allocations/30b3862f-0d80-405e-af7d-d61101d7e24b" {{(pid=110749) __call__ /opt/stack/placement/placement/requestlog.py:55}}
Dec 08 12:21:39.961563 n-d-820935-3 devstack@placement-api.service[110749]: DEBUG placement.handlers.allocation [req-0ecfd105-7235-4616-954e-b96b2feb3124 req-277efd2d-06b7-43c4-8775-b256f7e006ee service placement] Successfully wrote allocations [, , ] {{(pid=110749) _update_consumers_and_create_allocations /opt/stack/placement/placement/handlers/allocation.py:462}}
Dec 08 12:21:40.042412 n-d-820935-3 devstack@placement-api.service[110749]: INFO placement.requestlog [req-0ecfd105-7235-4616-954e-b96b2feb3124 req-277efd2d-06b7-43c4-8775-b256f7e006ee service placement] 10.222.0.44 "PUT /placement/allocations/30b3862f-0d80-405e-af7d-d61101d7e24b" status: 204 len: 0 microversion: 1.36
Dec 08 12:21:40.043216 n-d-820935-3 devstack@placement-api.service[110749]: [pid: 110749|app: 0|req: 483/967] 10.222.0.44 () {64 vars in 1433 bytes} [Wed Dec 8 12:21:39 2021] PUT /placement/allocations/30b3862f-0d80-405e-af7d-d61101d7e24b => generated 0 bytes in 407 msecs (HTTP/1.1 204) 5 headers in 199 bytes (1 switches on core 0)
Dec 08 12:21:42.409361 n-d-820935-3 devstack@placement-api.service[110750]: DEBUG placement.requestlog [req-0ecfd105-7235-4616-954e-b96b2feb3124 req-48dcaa69-6d3b-4e29-bfdc-f5ed8204b6e8 None None] Starting request: 10.222.0.69 "GET /placement/allocations/30b3862f-0d80-405e-af7d-d61101d7e24b" {{(pid=110750) __call__ /opt/stack/placement/placement/requestlog.py:55}}
Dec 08 12:21:42.449045 n-d-820935-3 devstack@placement-api.service[110750]: INFO placement.requestlog [req-0ecfd105-7235-4616-954e-b96b2feb3124 req-48dcaa69-6d3b-4e29-bfdc-f5ed8204b6e8 service placement] 10.222.0.69 "GET /placement/allocations/30b3862f-0d80-405e-af7d-d61101d7e24b" status: 200 len: 259 microversion: 1.28
Dec 08 12:21:42.451350 n-d-820935-3 devstack@placement-api.service[110750]: [pid: 110750|app: 0|req: 485/968] 10.222.0.69 () {60 vars in 1377 bytes} [Wed Dec 8 12:21:42 2021] GET /placement/allocations/30b3862f-0d80-405e-af7d-d61101d7e24b => generated 259 bytes in 42 msecs (HTTP/1.1 200) 8 headers in 296 bytes (1 switches on core 0)
Dec 08 12:21:45.710673 n-d-820935-3 devstack@placement-api.service[110749]: DEBUG placement.requestlog [req-243713d3-35a5-4204-808f-258cd975c50b req-4a460368-32ba-4a58-894c-4a7c2272abe6 None None] Starting request: 10.222.0.69 "GET /placement/allocations/78a1cf1c-d5bd-47dc-955e-6ef3991a8784" {{(pid=110749) __call__ /opt/stack/placement/placement/requestlog.py:55}}
Dec 08 12:21:45.749612 n-d-820935-3 devstack@placement-api.service[110749]: INFO placement.requestlog [req-243713d3-35a5-4204-808f-258cd975c50b req-4a460368-32ba-4a58-894c-4a7c2272abe6 service placement] 10.222.0.69 "GET /placement/allocations/78a1cf1c-d5bd-47dc-955e-6ef3991a8784" status: 200 len: 259 microversion: 1.28
Dec 08 12:21:45.750337 n-d-820935-3 devstack@placement-api.service[110749]: [pid: 110749|app: 0|req: 484/969] 10.222.0.69 () {60 vars in 1377 bytes} [Wed Dec 8 12:21:45 2021] GET /placement/allocations/78a1cf1c-d5bd-47dc-955e-6ef3991a8784 => generated 259 bytes in 40 msecs (HTTP/1.1 200) 8 headers in 296 bytes (1 switches on core 0)
Dec 08 12:22:03.920362 n-d-820935-3 devstack@placement-api.service[110750]: DEBUG placement.requestlog [req-c7b16c6a-a05c-4ddf-a9b3-850262fc845f req-031a1c88-ad11-47b5-aa91-f18dd8dfa274 None None] Starting request: 10.222.0.44 "GET /placement/allocation_candidates?limit=1000&resources=DISK_GB%3A1%2CMEMORY_MB%3A1024%2CVCPU%3A1&root_required=%21COMPUTE_STATUS_DISABLED" {{(pid=110750) __call__ /opt/stack/placement/placement/requestlog.py:55}}
Dec 08 12:22:04.306110 n-d-820935-3 devstack@placement-api.service[110750]: DEBUG placement.objects.research_context [req-c7b16c6a-a05c-4ddf-a9b3-850262fc845f req-031a1c88-ad11-47b5-aa91-f18dd8dfa274 service placement] getting providers with 1 DISK_GB {{(pid=110750) __init__ /opt/stack/placement/placement/objects/research_context.py:126}}
Dec 08 12:22:04.335498 n-d-820935-3 devstack@placement-api.service[110750]: DEBUG placement.objects.research_context [req-c7b16c6a-a05c-4ddf-a9b3-850262fc845f req-031a1c88-ad11-47b5-aa91-f18dd8dfa274 service placement] getting providers with 1024 MEMORY_MB {{(pid=110750) __init__ /opt/stack/placement/placement/objects/research_context.py:126}}
Dec 08 12:22:04.348241 n-d-820935-3 devstack@placement-api.service[110750]: DEBUG placement.objects.research_context [req-c7b16c6a-a05c-4ddf-a9b3-850262fc845f req-031a1c88-ad11-47b5-aa91-f18dd8dfa274 service placement] getting providers with 1 VCPU {{(pid=110750) __init__ /opt/stack/placement/placement/objects/research_context.py:126}}
Dec 08 12:22:04.355873 n-d-820935-3 devstack@placement-api.service[110750]: DEBUG placement.objects.research_context [req-c7b16c6a-a05c-4ddf-a9b3-850262fc845f req-031a1c88-ad11-47b5-aa91-f18dd8dfa274 service placement] found 2 providers with available 1 DISK_GB {{(pid=110750) get_provider_ids_matching /opt/stack/placement/placement/objects/research_context.py:549}}
Dec 08 12:22:04.356407 n-d-820935-3 devstack@placement-api.service[110750]: DEBUG placement.objects.research_context [req-c7b16c6a-a05c-4ddf-a9b3-850262fc845f req-031a1c88-ad11-47b5-aa91-f18dd8dfa274 service placement] found 2 providers with available 1024 MEMORY_MB {{(pid=110750) get_provider_ids_matching /opt/stack/placement/placement/objects/research_context.py:549}}
Dec 08 12:22:04.363189 n-d-820935-3 devstack@placement-api.service[110750]: DEBUG placement.objects.research_context [req-c7b16c6a-a05c-4ddf-a9b3-850262fc845f req-031a1c88-ad11-47b5-aa91-f18dd8dfa274 service placement] found 2 providers after filtering by previous result {{(pid=110750) get_provider_ids_matching /opt/stack/placement/placement/objects/research_context.py:580}}
Dec 08 12:22:04.363189 n-d-820935-3 devstack@placement-api.service[110750]: DEBUG placement.objects.research_context [req-c7b16c6a-a05c-4ddf-a9b3-850262fc845f req-031a1c88-ad11-47b5-aa91-f18dd8dfa274 service placement] found 2 providers with available 1 VCPU {{(pid=110750) get_provider_ids_matching /opt/stack/placement/placement/objects/research_context.py:549}}
Dec 08 12:22:04.363189 n-d-820935-3 devstack@placement-api.service[110750]: DEBUG placement.objects.research_context [req-c7b16c6a-a05c-4ddf-a9b3-850262fc845f req-031a1c88-ad11-47b5-aa91-f18dd8dfa274 service placement] found 2 providers after filtering by previous result {{(pid=110750) get_provider_ids_matching /opt/stack/placement/placement/objects/research_context.py:580}}
Dec 08 12:22:04.370721 n-d-820935-3 devstack@placement-api.service[110750]: DEBUG placement.objects.allocation_candidate [req-c7b16c6a-a05c-4ddf-a9b3-850262fc845f req-031a1c88-ad11-47b5-aa91-f18dd8dfa274 service placement] RequestGroup(use_same_provider=False, resources={DISK_GB:1, MEMORY_MB:1024, VCPU:1}, traits=[], aggregates=[]) (suffix '') returned 2 matches {{(pid=110750) _get_by_requests /opt/stack/placement/placement/objects/allocation_candidate.py:145}}
Dec 08 12:22:04.371658 n-d-820935-3 devstack@placement-api.service[110750]: DEBUG placement.objects.allocation_candidate [req-c7b16c6a-a05c-4ddf-a9b3-850262fc845f req-031a1c88-ad11-47b5-aa91-f18dd8dfa274 service placement] Merging candidates yields 2 allocation requests and 2 provider summaries {{(pid=110750) _merge_candidates /opt/stack/placement/placement/objects/allocation_candidate.py:783}}
Dec 08 12:22:04.373479 n-d-820935-3 devstack@placement-api.service[110750]: INFO placement.requestlog [req-c7b16c6a-a05c-4ddf-a9b3-850262fc845f req-031a1c88-ad11-47b5-aa91-f18dd8dfa274 service placement] 10.222.0.44 "GET /placement/allocation_candidates?limit=1000&resources=DISK_GB%3A1%2CMEMORY_MB%3A1024%2CVCPU%3A1&root_required=%21COMPUTE_STATUS_DISABLED" status: 200 len: 1309 microversion: 1.36
Dec 08 12:22:04.377975 n-d-820935-3 devstack@placement-api.service[110750]: [pid: 110750|app: 0|req: 486/970] 10.222.0.44 () {60 vars in 1506 bytes} [Wed Dec 8 12:22:03 2021] GET /placement/allocation_candidates?limit=1000&resources=DISK_GB%3A1%2CMEMORY_MB%3A1024%2CVCPU%3A1&root_required=%21COMPUTE_STATUS_DISABLED => generated 1309 bytes in 458 msecs (HTTP/1.1 200) 8 headers in 297 bytes (1 switches on core 0)
Dec 08 12:22:04.442502 n-d-820935-3 devstack@placement-api.service[110749]: DEBUG placement.requestlog [req-c7b16c6a-a05c-4ddf-a9b3-850262fc845f req-38f1140e-0c07-4de8-b874-18b8c03ab594 None None] Starting request: 10.222.0.44 "GET /placement/allocations/ae276614-0873-4ee0-92bc-77b5ccc54cb1" {{(pid=110749) __call__ /opt/stack/placement/placement/requestlog.py:55}}
Dec 08 12:22:04.464651 n-d-820935-3 devstack@placement-api.service[110749]: INFO placement.requestlog [req-c7b16c6a-a05c-4ddf-a9b3-850262fc845f req-38f1140e-0c07-4de8-b874-18b8c03ab594 service placement] 10.222.0.44 "GET /placement/allocations/ae276614-0873-4ee0-92bc-77b5ccc54cb1" status: 200 len: 19 microversion: 1.28
Dec 08 12:22:04.465341 n-d-820935-3 devstack@placement-api.service[110749]: [pid: 110749|app: 0|req: 485/971] 10.222.0.44 () {60 vars in 1380 bytes} [Wed Dec 8 12:22:04 2021] GET /placement/allocations/ae276614-0873-4ee0-92bc-77b5ccc54cb1 => generated 19 bytes in 23 msecs (HTTP/1.1 200) 8 headers in 295 bytes (1 switches on core 0)
Dec 08 12:22:04.475216 n-d-820935-3 devstack@placement-api.service[110750]: DEBUG placement.requestlog [req-c7b16c6a-a05c-4ddf-a9b3-850262fc845f req-a6f973a2-5b43-4965-830d-40ee76fafbab None None] Starting request: 10.222.0.44 "PUT /placement/allocations/ae276614-0873-4ee0-92bc-77b5ccc54cb1" {{(pid=110750) __call__ /opt/stack/placement/placement/requestlog.py:55}}
Dec 08 12:22:04.867311 n-d-820935-3 devstack@placement-api.service[110750]: DEBUG placement.handlers.allocation [req-c7b16c6a-a05c-4ddf-a9b3-850262fc845f req-a6f973a2-5b43-4965-830d-40ee76fafbab service placement] Successfully wrote allocations [, , ] {{(pid=110750) _update_consumers_and_create_allocations /opt/stack/placement/placement/handlers/allocation.py:462}}
Dec 08 12:22:04.973130 n-d-820935-3 devstack@placement-api.service[110750]: INFO placement.requestlog [req-c7b16c6a-a05c-4ddf-a9b3-850262fc845f req-a6f973a2-5b43-4965-830d-40ee76fafbab service placement] 10.222.0.44 "PUT /placement/allocations/ae276614-0873-4ee0-92bc-77b5ccc54cb1" status: 204 len: 0 microversion: 1.36
Dec 08 12:22:04.973130 n-d-820935-3 devstack@placement-api.service[110750]: [pid: 110750|app: 0|req: 487/972] 10.222.0.44 () {64 vars in 1433 bytes} [Wed Dec 8 12:22:04 2021] PUT /placement/allocations/ae276614-0873-4ee0-92bc-77b5ccc54cb1 => generated 0 bytes in 494 msecs (HTTP/1.1 204) 5 headers in 199 bytes (2 switches on core 0)
Dec 08 12:22:06.137541 n-d-820935-3 devstack@placement-api.service[110749]: DEBUG placement.requestlog [req-c7b16c6a-a05c-4ddf-a9b3-850262fc845f req-25807473-3088-479b-b20f-9a95607e9d4c None None] Starting request: 10.222.0.62 "GET /placement/allocations/ae276614-0873-4ee0-92bc-77b5ccc54cb1" {{(pid=110749) __call__ /opt/stack/placement/placement/requestlog.py:55}}
Dec 08 12:22:06.173868 n-d-820935-3 devstack@placement-api.service[110749]: INFO placement.requestlog [req-c7b16c6a-a05c-4ddf-a9b3-850262fc845f req-25807473-3088-479b-b20f-9a95607e9d4c service placement] 10.222.0.62 "GET /placement/allocations/ae276614-0873-4ee0-92bc-77b5ccc54cb1" status: 200 len: 260 microversion: 1.28
Dec 08 12:22:06.177157 n-d-820935-3 devstack@placement-api.service[110749]: [pid: 110749|app: 0|req: 486/973] 10.222.0.62 () {60 vars in 1377 bytes} [Wed Dec 8 12:22:06 2021] GET /placement/allocations/ae276614-0873-4ee0-92bc-77b5ccc54cb1 => generated 260 bytes in 40 msecs (HTTP/1.1 200) 8 headers in 296 bytes (1 switches on core 0)
Dec 08 12:22:19.504560 n-d-820935-3 devstack@placement-api.service[110750]: DEBUG placement.requestlog [req-80ee3d7a-e2a0-464f-81b7-ea0e5029108a req-552877b6-ef57-44a7-b41f-eccb2998e5a8 None None] Starting request: 10.222.0.44 "GET /placement/allocation_candidates?limit=1000&resources=DISK_GB%3A1%2CMEMORY_MB%3A1024%2CVCPU%3A1&root_required=%21COMPUTE_STATUS_DISABLED" {{(pid=110750) __call__ /opt/stack/placement/placement/requestlog.py:55}}
Dec 08 12:22:19.551223 n-d-820935-3 devstack@placement-api.service[110750]: DEBUG placement.objects.research_context [req-80ee3d7a-e2a0-464f-81b7-ea0e5029108a req-552877b6-ef57-44a7-b41f-eccb2998e5a8 service placement] getting providers with 1 DISK_GB {{(pid=110750) __init__ /opt/stack/placement/placement/objects/research_context.py:126}}
Dec 08 12:22:19.567840 n-d-820935-3 devstack@placement-api.service[110750]: DEBUG placement.objects.research_context [req-80ee3d7a-e2a0-464f-81b7-ea0e5029108a req-552877b6-ef57-44a7-b41f-eccb2998e5a8 service placement] getting providers with 1024 MEMORY_MB {{(pid=110750) __init__ /opt/stack/placement/placement/objects/research_context.py:126}}
Dec 08 12:22:19.582096 n-d-820935-3 devstack@placement-api.service[110750]: DEBUG placement.objects.research_context [req-80ee3d7a-e2a0-464f-81b7-ea0e5029108a req-552877b6-ef57-44a7-b41f-eccb2998e5a8 service placement] getting providers with 1 VCPU {{(pid=110750) __init__ /opt/stack/placement/placement/objects/research_context.py:126}}
Dec 08 12:22:19.589282 n-d-820935-3 devstack@placement-api.service[110750]: DEBUG placement.objects.research_context [req-80ee3d7a-e2a0-464f-81b7-ea0e5029108a req-552877b6-ef57-44a7-b41f-eccb2998e5a8 service placement] found 2 providers with available 1 DISK_GB {{(pid=110750) get_provider_ids_matching /opt/stack/placement/placement/objects/research_context.py:549}}
Dec 08 12:22:19.589640 n-d-820935-3 devstack@placement-api.service[110750]: DEBUG placement.objects.research_context [req-80ee3d7a-e2a0-464f-81b7-ea0e5029108a req-552877b6-ef57-44a7-b41f-eccb2998e5a8 service placement] found 2 providers with available 1024 MEMORY_MB {{(pid=110750) get_provider_ids_matching /opt/stack/placement/placement/objects/research_context.py:549}}
Dec 08 12:22:19.589987 n-d-820935-3 devstack@placement-api.service[110750]: DEBUG placement.objects.research_context [req-80ee3d7a-e2a0-464f-81b7-ea0e5029108a req-552877b6-ef57-44a7-b41f-eccb2998e5a8 service placement] found 2 providers after filtering by previous result {{(pid=110750) get_provider_ids_matching /opt/stack/placement/placement/objects/research_context.py:580}}
Dec 08 12:22:19.590323 n-d-820935-3 devstack@placement-api.service[110750]: DEBUG placement.objects.research_context [req-80ee3d7a-e2a0-464f-81b7-ea0e5029108a req-552877b6-ef57-44a7-b41f-eccb2998e5a8 service placement] found 2 providers with available 1 VCPU {{(pid=110750) get_provider_ids_matching /opt/stack/placement/placement/objects/research_context.py:549}}
Dec 08 12:22:19.590591 n-d-820935-3 devstack@placement-api.service[110750]: DEBUG placement.objects.research_context [req-80ee3d7a-e2a0-464f-81b7-ea0e5029108a req-552877b6-ef57-44a7-b41f-eccb2998e5a8 service placement] found 2 providers after filtering by previous result {{(pid=110750) get_provider_ids_matching /opt/stack/placement/placement/objects/research_context.py:580}}
Dec 08 12:22:19.606107 n-d-820935-3 devstack@placement-api.service[110750]: DEBUG placement.objects.allocation_candidate [req-80ee3d7a-e2a0-464f-81b7-ea0e5029108a req-552877b6-ef57-44a7-b41f-eccb2998e5a8 service placement] RequestGroup(use_same_provider=False, resources={DISK_GB:1, MEMORY_MB:1024, VCPU:1}, traits=[], aggregates=[]) (suffix '') returned 2 matches {{(pid=110750) _get_by_requests /opt/stack/placement/placement/objects/allocation_candidate.py:145}}
Dec 08 12:22:19.606485 n-d-820935-3 devstack@placement-api.service[110750]: DEBUG placement.objects.allocation_candidate [req-80ee3d7a-e2a0-464f-81b7-ea0e5029108a req-552877b6-ef57-44a7-b41f-eccb2998e5a8 service placement] Merging candidates yields 2 allocation requests and 2 provider summaries {{(pid=110750) _merge_candidates /opt/stack/placement/placement/objects/allocation_candidate.py:783}}
Dec 08 12:22:19.611395 n-d-820935-3 devstack@placement-api.service[110750]: INFO placement.requestlog [req-80ee3d7a-e2a0-464f-81b7-ea0e5029108a req-552877b6-ef57-44a7-b41f-eccb2998e5a8 service placement] 10.222.0.44 "GET /placement/allocation_candidates?limit=1000&resources=DISK_GB%3A1%2CMEMORY_MB%3A1024%2CVCPU%3A1&root_required=%21COMPUTE_STATUS_DISABLED" status: 200 len: 1309 microversion: 1.36
Dec 08 12:22:19.611835 n-d-820935-3 devstack@placement-api.service[110750]: [pid: 110750|app: 0|req: 488/974] 10.222.0.44 () {60 vars in 1506 bytes} [Wed Dec 8 12:22:19 2021] GET /placement/allocation_candidates?limit=1000&resources=DISK_GB%3A1%2CMEMORY_MB%3A1024%2CVCPU%3A1&root_required=%21COMPUTE_STATUS_DISABLED => generated 1309 bytes in 108 msecs (HTTP/1.1 200) 8 headers in 297 bytes (2 switches on core 0)
Dec 08 12:22:19.664775 n-d-820935-3 devstack@placement-api.service[110749]: DEBUG placement.requestlog [req-80ee3d7a-e2a0-464f-81b7-ea0e5029108a req-f8fc0e2c-5d2e-4911-b8fa-4bfb86c97918 None None] Starting request: 10.222.0.44 "GET /placement/allocations/1057435e-198b-48b7-80cb-f591aa73a86e" {{(pid=110749) __call__ /opt/stack/placement/placement/requestlog.py:55}}
Dec 08 12:22:19.678001 n-d-820935-3 devstack@placement-api.service[110749]: INFO placement.requestlog [req-80ee3d7a-e2a0-464f-81b7-ea0e5029108a req-f8fc0e2c-5d2e-4911-b8fa-4bfb86c97918 service placement] 10.222.0.44 "GET /placement/allocations/1057435e-198b-48b7-80cb-f591aa73a86e" status: 200 len: 19 microversion: 1.28
Dec 08 12:22:19.678503 n-d-820935-3 devstack@placement-api.service[110749]: [pid: 110749|app: 0|req: 487/975] 10.222.0.44 () {60 vars in 1380 bytes} [Wed Dec 8 12:22:19 2021] GET /placement/allocations/1057435e-198b-48b7-80cb-f591aa73a86e => generated 19 bytes in 14 msecs (HTTP/1.1 200) 8 headers in 295 bytes (1 switches on core 0)
Dec 08 12:22:19.685245 n-d-820935-3 devstack@placement-api.service[110750]: DEBUG placement.requestlog [req-80ee3d7a-e2a0-464f-81b7-ea0e5029108a req-0398e524-a28b-4338-b8e4-581add17ee20 None None] Starting request: 10.222.0.44 "PUT /placement/allocations/1057435e-198b-48b7-80cb-f591aa73a86e" {{(pid=110750) __call__ /opt/stack/placement/placement/requestlog.py:55}}
Dec 08 12:22:19.927205 n-d-820935-3 devstack@placement-api.service[110750]: DEBUG placement.handlers.allocation [req-80ee3d7a-e2a0-464f-81b7-ea0e5029108a req-0398e524-a28b-4338-b8e4-581add17ee20 service placement] Successfully wrote allocations [, , ] {{(pid=110750) _update_consumers_and_create_allocations /opt/stack/placement/placement/handlers/allocation.py:462}}
Dec 08 12:22:20.020174 n-d-820935-3 devstack@placement-api.service[110750]: INFO placement.requestlog [req-80ee3d7a-e2a0-464f-81b7-ea0e5029108a req-0398e524-a28b-4338-b8e4-581add17ee20 service placement] 10.222.0.44 "PUT /placement/allocations/1057435e-198b-48b7-80cb-f591aa73a86e" status: 204 len: 0 microversion: 1.36
Dec 08 12:22:20.020784 n-d-820935-3 devstack@placement-api.service[110750]: [pid: 110750|app: 0|req: 489/976] 10.222.0.44 () {64 vars in 1433 bytes} [Wed Dec 8 12:22:19 2021] PUT /placement/allocations/1057435e-198b-48b7-80cb-f591aa73a86e => generated 0 bytes in 336 msecs (HTTP/1.1 204) 5 headers in 199 bytes (1 switches on core 0)
Dec 08 12:22:20.097957 n-d-820935-3 devstack@placement-api.service[110749]: DEBUG placement.requestlog [req-772ce6ec-a83a-44da-bf17-486d9b161908 req-a2d05117-5f25-47ab-b7d5-a9c8c5ea1522 None None] Starting request: 10.222.0.44 "GET /placement/allocation_candidates?limit=1000&resources=DISK_GB%3A1%2CMEMORY_MB%3A1024%2CVCPU%3A1&root_required=%21COMPUTE_STATUS_DISABLED" {{(pid=110749) __call__ /opt/stack/placement/placement/requestlog.py:55}}
Dec 08 12:22:20.131708 n-d-820935-3 devstack@placement-api.service[110749]: DEBUG placement.objects.research_context [req-772ce6ec-a83a-44da-bf17-486d9b161908 req-a2d05117-5f25-47ab-b7d5-a9c8c5ea1522 service placement] getting providers with 1 DISK_GB {{(pid=110749) __init__ /opt/stack/placement/placement/objects/research_context.py:126}}
Dec 08 12:22:20.138946 n-d-820935-3 devstack@placement-api.service[110749]: DEBUG placement.objects.research_context [req-772ce6ec-a83a-44da-bf17-486d9b161908 req-a2d05117-5f25-47ab-b7d5-a9c8c5ea1522 service placement] getting providers with 1024 MEMORY_MB {{(pid=110749) __init__ /opt/stack/placement/placement/objects/research_context.py:126}}
Dec 08 12:22:20.146253 n-d-820935-3 devstack@placement-api.service[110749]: DEBUG placement.objects.research_context [req-772ce6ec-a83a-44da-bf17-486d9b161908 req-a2d05117-5f25-47ab-b7d5-a9c8c5ea1522 service placement] getting providers with 1 VCPU {{(pid=110749) __init__ /opt/stack/placement/placement/objects/research_context.py:126}}
Dec 08 12:22:20.152724 n-d-820935-3 devstack@placement-api.service[110749]: DEBUG placement.objects.research_context [req-772ce6ec-a83a-44da-bf17-486d9b161908 req-a2d05117-5f25-47ab-b7d5-a9c8c5ea1522 service placement] found 2 providers with available 1 DISK_GB {{(pid=110749) get_provider_ids_matching /opt/stack/placement/placement/objects/research_context.py:549}}
Dec 08 12:22:20.153106 n-d-820935-3 devstack@placement-api.service[110749]: DEBUG placement.objects.research_context [req-772ce6ec-a83a-44da-bf17-486d9b161908 req-a2d05117-5f25-47ab-b7d5-a9c8c5ea1522 service placement] found 2 providers with available 1024 MEMORY_MB {{(pid=110749) get_provider_ids_matching /opt/stack/placement/placement/objects/research_context.py:549}}
Dec 08 12:22:20.153456 n-d-820935-3 devstack@placement-api.service[110749]: DEBUG placement.objects.research_context [req-772ce6ec-a83a-44da-bf17-486d9b161908 req-a2d05117-5f25-47ab-b7d5-a9c8c5ea1522 service placement] found 2 providers after filtering by previous result {{(pid=110749) get_provider_ids_matching /opt/stack/placement/placement/objects/research_context.py:580}}
Dec 08 12:22:20.153781 n-d-820935-3 devstack@placement-api.service[110749]: DEBUG placement.objects.research_context [req-772ce6ec-a83a-44da-bf17-486d9b161908 req-a2d05117-5f25-47ab-b7d5-a9c8c5ea1522 service placement] found 2 providers with available 1 VCPU {{(pid=110749) get_provider_ids_matching /opt/stack/placement/placement/objects/research_context.py:549}}
Dec 08 12:22:20.154249 n-d-820935-3 devstack@placement-api.service[110749]: DEBUG placement.objects.research_context [req-772ce6ec-a83a-44da-bf17-486d9b161908 req-a2d05117-5f25-47ab-b7d5-a9c8c5ea1522 service placement] found 2 providers after filtering by previous result {{(pid=110749) get_provider_ids_matching /opt/stack/placement/placement/objects/research_context.py:580}}
Dec 08 12:22:20.166087 n-d-820935-3 devstack@placement-api.service[110749]: DEBUG placement.objects.allocation_candidate [req-772ce6ec-a83a-44da-bf17-486d9b161908 req-a2d05117-5f25-47ab-b7d5-a9c8c5ea1522 service placement] RequestGroup(use_same_provider=False, resources={DISK_GB:1, MEMORY_MB:1024, VCPU:1}, traits=[], aggregates=[]) (suffix '') returned 2 matches {{(pid=110749) _get_by_requests /opt/stack/placement/placement/objects/allocation_candidate.py:145}}
Dec 08 12:22:20.166563 n-d-820935-3 devstack@placement-api.service[110749]: DEBUG placement.objects.allocation_candidate [req-772ce6ec-a83a-44da-bf17-486d9b161908 req-a2d05117-5f25-47ab-b7d5-a9c8c5ea1522 service placement] Merging candidates yields 2 allocation requests and 2 provider summaries {{(pid=110749) _merge_candidates /opt/stack/placement/placement/objects/allocation_candidate.py:783}}
Dec 08 12:22:20.168696 n-d-820935-3 devstack@placement-api.service[110749]: INFO placement.requestlog [req-772ce6ec-a83a-44da-bf17-486d9b161908 req-a2d05117-5f25-47ab-b7d5-a9c8c5ea1522 service placement] 10.222.0.44 "GET /placement/allocation_candidates?limit=1000&resources=DISK_GB%3A1%2CMEMORY_MB%3A1024%2CVCPU%3A1&root_required=%21COMPUTE_STATUS_DISABLED" status: 200 len: 1309 microversion: 1.36
Dec 08 12:22:20.169094 n-d-820935-3 devstack@placement-api.service[110749]: [pid: 110749|app: 0|req: 488/977] 10.222.0.44 () {60 vars in 1506 bytes} [Wed Dec 8 12:22:20 2021] GET /placement/allocation_candidates?limit=1000&resources=DISK_GB%3A1%2CMEMORY_MB%3A1024%2CVCPU%3A1&root_required=%21COMPUTE_STATUS_DISABLED => generated 1309 bytes in 71 msecs (HTTP/1.1 200) 8 headers in 297 bytes (1 switches on core 0)
Dec 08 12:22:20.231519 n-d-820935-3 devstack@placement-api.service[110750]: DEBUG placement.requestlog [req-772ce6ec-a83a-44da-bf17-486d9b161908 req-3c932e04-351e-4a91-ac1e-76a7bca13f99 None None] Starting request: 10.222.0.44 "GET /placement/allocations/095c671a-eaa7-4642-b471-a5134791418b" {{(pid=110750) __call__ /opt/stack/placement/placement/requestlog.py:55}}
Dec 08 12:22:20.252102 n-d-820935-3 devstack@placement-api.service[110750]: INFO placement.requestlog [req-772ce6ec-a83a-44da-bf17-486d9b161908 req-3c932e04-351e-4a91-ac1e-76a7bca13f99 service placement] 10.222.0.44 "GET /placement/allocations/095c671a-eaa7-4642-b471-a5134791418b" status: 200 len: 19 microversion: 1.28
Dec 08 12:22:20.253125 n-d-820935-3 devstack@placement-api.service[110750]: [pid: 110750|app: 0|req: 490/978] 10.222.0.44 () {60 vars in 1380 bytes} [Wed Dec 8 12:22:20 2021] GET /placement/allocations/095c671a-eaa7-4642-b471-a5134791418b => generated 19 bytes in 22 msecs (HTTP/1.1 200) 8 headers in 295 bytes (1 switches on core 0)
Dec 08 12:22:20.262851 n-d-820935-3 devstack@placement-api.service[110749]: DEBUG placement.requestlog [req-772ce6ec-a83a-44da-bf17-486d9b161908 req-55b90d01-45ba-4212-9202-f85f6642ce35 None None] Starting request: 10.222.0.44 "PUT /placement/allocations/095c671a-eaa7-4642-b471-a5134791418b" {{(pid=110749) __call__ /opt/stack/placement/placement/requestlog.py:55}}
Dec 08 12:22:20.814514 n-d-820935-3 devstack@placement-api.service[110749]: DEBUG placement.handlers.allocation [req-772ce6ec-a83a-44da-bf17-486d9b161908 req-55b90d01-45ba-4212-9202-f85f6642ce35 service placement] Successfully wrote allocations [, , ] {{(pid=110749) _update_consumers_and_create_allocations /opt/stack/placement/placement/handlers/allocation.py:462}}
Dec 08 12:22:20.878202 n-d-820935-3 devstack@placement-api.service[110749]: INFO placement.requestlog [req-772ce6ec-a83a-44da-bf17-486d9b161908 req-55b90d01-45ba-4212-9202-f85f6642ce35 service placement] 10.222.0.44 "PUT /placement/allocations/095c671a-eaa7-4642-b471-a5134791418b" status: 204 len: 0 microversion: 1.36
Dec 08 12:22:20.879640 n-d-820935-3 devstack@placement-api.service[110749]: [pid: 110749|app: 0|req: 489/979] 10.222.0.44 () {64 vars in 1433 bytes} [Wed Dec 8 12:22:20 2021] PUT /placement/allocations/095c671a-eaa7-4642-b471-a5134791418b => generated 0 bytes in 617 msecs (HTTP/1.1 204) 5 headers in 199 bytes (1 switches on core 0)
Dec 08 12:22:21.292220 n-d-820935-3 devstack@placement-api.service[110750]: DEBUG placement.requestlog [req-80ee3d7a-e2a0-464f-81b7-ea0e5029108a req-503cafb4-47ee-49e7-817d-b64bdf2e6a1d None None] Starting request: 10.222.0.62 "GET /placement/allocations/1057435e-198b-48b7-80cb-f591aa73a86e" {{(pid=110750) __call__ /opt/stack/placement/placement/requestlog.py:55}}
Dec 08 12:22:21.310581 n-d-820935-3 devstack@placement-api.service[110750]: INFO placement.requestlog [req-80ee3d7a-e2a0-464f-81b7-ea0e5029108a req-503cafb4-47ee-49e7-817d-b64bdf2e6a1d service placement] 10.222.0.62 "GET /placement/allocations/1057435e-198b-48b7-80cb-f591aa73a86e" status: 200 len: 260 microversion: 1.28
Dec 08 12:22:21.311190 n-d-820935-3 devstack@placement-api.service[110750]: [pid: 110750|app: 0|req: 491/980] 10.222.0.62 () {60 vars in 1377 bytes} [Wed Dec 8 12:22:21 2021] GET /placement/allocations/1057435e-198b-48b7-80cb-f591aa73a86e => generated 260 bytes in 19 msecs (HTTP/1.1 200) 8 headers in 296 bytes (2 switches on core 0)
Dec 08 12:22:21.839614 n-d-820935-3 devstack@placement-api.service[110749]: DEBUG placement.requestlog [req-772ce6ec-a83a-44da-bf17-486d9b161908 req-ec5c84fc-1a11-4907-941f-b79d2a75a566 None None] Starting request: 10.222.0.62 "GET /placement/allocations/095c671a-eaa7-4642-b471-a5134791418b" {{(pid=110749) __call__ /opt/stack/placement/placement/requestlog.py:55}}
Dec 08 12:22:21.861528 n-d-820935-3 devstack@placement-api.service[110749]: INFO placement.requestlog [req-772ce6ec-a83a-44da-bf17-486d9b161908 req-ec5c84fc-1a11-4907-941f-b79d2a75a566 service placement] 10.222.0.62 "GET /placement/allocations/095c671a-eaa7-4642-b471-a5134791418b" status: 200 len: 260 microversion: 1.28
Dec 08 12:22:21.862384 n-d-820935-3 devstack@placement-api.service[110749]: [pid: 110749|app: 0|req: 490/981] 10.222.0.62 () {60 vars in 1377 bytes} [Wed Dec 8 12:22:21 2021] GET /placement/allocations/095c671a-eaa7-4642-b471-a5134791418b => generated 260 bytes in 23 msecs (HTTP/1.1 200) 8 headers in 296 bytes (1 switches on core 0)
Dec 08 12:22:30.994353 n-d-820935-3 devstack@placement-api.service[110750]: DEBUG placement.requestlog [req-e4d3d5b4-769f-4a51-815f-44ae68fdf138 req-03d73d38-16f7-4d29-a6c9-d3d448b47ae9 None None] Starting request: 10.222.0.69 "GET /placement/resource_providers/6d35f945-8359-419a-827f-b47b3c306c3d/allocations" {{(pid=110750) __call__ /opt/stack/placement/placement/requestlog.py:55}}
Dec 08 12:22:31.019830 n-d-820935-3 devstack@placement-api.service[110750]: INFO placement.requestlog [req-e4d3d5b4-769f-4a51-815f-44ae68fdf138 req-03d73d38-16f7-4d29-a6c9-d3d448b47ae9 service placement] 10.222.0.69 "GET /placement/resource_providers/6d35f945-8359-419a-827f-b47b3c306c3d/allocations" status: 200 len: 255 microversion: 1.0
Dec 08 12:22:31.020525 n-d-820935-3 devstack@placement-api.service[110750]: [pid: 110750|app: 0|req: 492/982] 10.222.0.69 () {58 vars in 1390 bytes} [Wed Dec 8 12:22:30 2021] GET /placement/resource_providers/6d35f945-8359-419a-827f-b47b3c306c3d/allocations => generated 255 bytes in 26 msecs (HTTP/1.1 200) 6 headers in 224 bytes (1 switches on core 0)
Dec 08 12:22:37.421225 n-d-820935-3 devstack@placement-api.service[110749]: DEBUG placement.requestlog [req-db7cacf6-ded1-434a-9f8a-e118c243b272 req-db42e039-8fe7-4500-9fa3-07f493bfc695 None None] Starting request: 10.222.0.62 "GET /placement/resource_providers/b0e37259-cf48-4f8b-8a26-c674c78b46cc/allocations" {{(pid=110749) __call__ /opt/stack/placement/placement/requestlog.py:55}}
Dec 08 12:22:37.443985 n-d-820935-3 devstack@placement-api.service[110749]: INFO placement.requestlog [req-db7cacf6-ded1-434a-9f8a-e118c243b272 req-db42e039-8fe7-4500-9fa3-07f493bfc695 service placement] 10.222.0.62 "GET /placement/resource_providers/b0e37259-cf48-4f8b-8a26-c674c78b46cc/allocations" status: 200 len: 458 microversion: 1.0
Dec 08 12:22:37.444856 n-d-820935-3 devstack@placement-api.service[110749]: [pid: 110749|app: 0|req: 491/983] 10.222.0.62 () {58 vars in 1390 bytes} [Wed Dec 8 12:22:37 2021] GET /placement/resource_providers/b0e37259-cf48-4f8b-8a26-c674c78b46cc/allocations => generated 458 bytes in 24 msecs (HTTP/1.1 200) 6 headers in 224 bytes (2 switches on core 0)
Dec 08 12:22:40.256071 n-d-820935-3 devstack@placement-api.service[110750]: DEBUG placement.requestlog [req-a42fa418-7c89-4ac3-b073-0a0c9fe8ae69 req-20702b60-ca17-43f3-b67f-8e9945e52f4b None None] Starting request: 10.222.0.62 "DELETE /placement/allocations/095c671a-eaa7-4642-b471-a5134791418b" {{(pid=110750) __call__ /opt/stack/placement/placement/requestlog.py:55}}
Dec 08 12:22:40.426026 n-d-820935-3 devstack@placement-api.service[110750]: DEBUG placement.handlers.allocation [req-a42fa418-7c89-4ac3-b073-0a0c9fe8ae69 req-20702b60-ca17-43f3-b67f-8e9945e52f4b service placement] Successfully deleted allocations [, , ] {{(pid=110750) delete_allocations /opt/stack/placement/placement/handlers/allocation.py:627}}
Dec 08 12:22:40.426528 n-d-820935-3 devstack@placement-api.service[110750]: INFO placement.requestlog [req-a42fa418-7c89-4ac3-b073-0a0c9fe8ae69 req-20702b60-ca17-43f3-b67f-8e9945e52f4b service placement] 10.222.0.62 "DELETE /placement/allocations/095c671a-eaa7-4642-b471-a5134791418b" status: 204 len: 0 microversion: 1.0
Dec 08 12:22:40.426939 n-d-820935-3 devstack@placement-api.service[110750]: [pid: 110750|app: 0|req: 493/984] 10.222.0.62 () {60 vars in 1355 bytes} [Wed Dec 8 12:22:40 2021] DELETE /placement/allocations/095c671a-eaa7-4642-b471-a5134791418b => generated 0 bytes in 172 msecs (HTTP/1.1 204) 5 headers in 198 bytes (1 switches on core 0)
Dec 08 12:22:57.979868 n-d-820935-3 devstack@placement-api.service[110749]: DEBUG placement.requestlog [req-44891ae0-e25f-48a3-9a7b-50994c9f8931 req-b65a3c65-1078-40ab-9ace-fadb20000063 None None] Starting request: 10.222.0.44 "GET /placement/resource_providers/b0e37259-cf48-4f8b-8a26-c674c78b46cc/traits" {{(pid=110749) __call__ /opt/stack/placement/placement/requestlog.py:55}}
Dec 08 12:22:58.141917 n-d-820935-3 devstack@placement-api.service[110749]: INFO placement.requestlog [req-44891ae0-e25f-48a3-9a7b-50994c9f8931 req-b65a3c65-1078-40ab-9ace-fadb20000063 service placement] 10.222.0.44 "GET /placement/resource_providers/b0e37259-cf48-4f8b-8a26-c674c78b46cc/traits" status: 200 len: 213 microversion: 1.6
Dec 08 12:22:58.142271 n-d-820935-3 devstack@placement-api.service[110749]: [pid: 110749|app: 0|req: 492/985] 10.222.0.44 () {60 vars in 1412 bytes} [Wed Dec 8 12:22:57 2021] GET /placement/resource_providers/b0e37259-cf48-4f8b-8a26-c674c78b46cc/traits => generated 213 bytes in 163 msecs (HTTP/1.1 200) 6 headers in 224 bytes (1 switches on core 0)
Dec 08 12:22:58.808264 n-d-820935-3 devstack@placement-api.service[110750]: DEBUG placement.requestlog [None req-98be7e8b-be41-493b-8f9f-517cb71985ed None None] Starting request: 10.222.0.44 "GET /placement/" {{(pid=110750) __call__ /opt/stack/placement/placement/requestlog.py:55}}
Dec 08 12:22:58.810381 n-d-820935-3 devstack@placement-api.service[110750]: INFO placement.requestlog [None req-98be7e8b-be41-493b-8f9f-517cb71985ed None None] 10.222.0.44 "GET /placement/" status: 200 len: 136 microversion: 1.0
Dec 08 12:22:58.813435 n-d-820935-3 devstack@placement-api.service[110750]: [pid: 110750|app: 0|req: 494/986] 10.222.0.44 () {54 vars in 916 bytes} [Wed Dec 8 12:22:58 2021] GET /placement => generated 136 bytes in 6 msecs (HTTP/1.1 200) 6 headers in 224 bytes (1 switches on core 0)
