Dec 07 19:55:18.000650 n-d-820935-1 devstack@placement-api.service[110121]: DEBUG placement.objects.research_context [req-592b2b91-12a8-4850-9f81-eb1219c34cc4 req-05c1e5cc-89cb-4052-904d-0c3e0632f48a service placement] found 2 providers after filtering by previous result {{(pid=110121) get_provider_ids_matching /opt/stack/placement/placement/objects/research_context.py:580}}
Dec 07 19:55:18.001067 n-d-820935-1 devstack@placement-api.service[110121]: DEBUG placement.objects.research_context [req-592b2b91-12a8-4850-9f81-eb1219c34cc4 req-05c1e5cc-89cb-4052-904d-0c3e0632f48a service placement] found 2 providers with available 1 VCPU {{(pid=110121) get_provider_ids_matching /opt/stack/placement/placement/objects/research_context.py:549}}
Dec 07 19:55:18.001488 n-d-820935-1 devstack@placement-api.service[110121]: DEBUG placement.objects.research_context [req-592b2b91-12a8-4850-9f81-eb1219c34cc4 req-05c1e5cc-89cb-4052-904d-0c3e0632f48a service placement] found 2 providers after filtering by previous result {{(pid=110121) get_provider_ids_matching /opt/stack/placement/placement/objects/research_context.py:580}}
Dec 07 19:55:18.014894 n-d-820935-1 devstack@placement-api.service[110121]: DEBUG placement.objects.allocation_candidate [req-592b2b91-12a8-4850-9f81-eb1219c34cc4 req-05c1e5cc-89cb-4052-904d-0c3e0632f48a service placement] RequestGroup(use_same_provider=False, resources={DISK_GB:1, MEMORY_MB:1024, VCPU:1}, traits=[], aggregates=[]) (suffix '') returned 2 matches {{(pid=110121) _get_by_requests /opt/stack/placement/placement/objects/allocation_candidate.py:145}}
Dec 07 19:55:18.015542 n-d-820935-1 devstack@placement-api.service[110121]: DEBUG placement.objects.allocation_candidate [req-592b2b91-12a8-4850-9f81-eb1219c34cc4 req-05c1e5cc-89cb-4052-904d-0c3e0632f48a service placement] Merging candidates yields 2 allocation requests and 2 provider summaries {{(pid=110121) _merge_candidates /opt/stack/placement/placement/objects/allocation_candidate.py:783}}
Dec 07 19:55:18.018007 n-d-820935-1 devstack@placement-api.service[110121]: INFO placement.requestlog [req-592b2b91-12a8-4850-9f81-eb1219c34cc4 req-05c1e5cc-89cb-4052-904d-0c3e0632f48a service placement] 10.222.0.43 "GET /placement/allocation_candidates?limit=1000&resources=DISK_GB%3A1%2CMEMORY_MB%3A1024%2CVCPU%3A1&root_required=%21COMPUTE_STATUS_DISABLED" status: 200 len: 1309 microversion: 1.36
Dec 07 19:55:18.023034 n-d-820935-1 devstack@placement-api.service[110121]: [pid: 110121|app: 0|req: 91/181] 10.222.0.43 () {60 vars in 1506 bytes} [Tue Dec 7 19:55:17 2021] GET /placement/allocation_candidates?limit=1000&resources=DISK_GB%3A1%2CMEMORY_MB%3A1024%2CVCPU%3A1&root_required=%21COMPUTE_STATUS_DISABLED => generated 1309 bytes in 119 msecs (HTTP/1.1 200) 8 headers in 297 bytes (1 switches on core 0)
Dec 07 19:55:18.074159 n-d-820935-1 devstack@placement-api.service[110120]: DEBUG placement.requestlog [req-592b2b91-12a8-4850-9f81-eb1219c34cc4 req-8912855c-8421-43c0-b9ce-1ffeb4720962 None None] Starting request: 10.222.0.43 "GET /placement/allocations/3b210cb3-1220-40e5-9938-ddcbd3bc93c9" {{(pid=110120) __call__ /opt/stack/placement/placement/requestlog.py:55}}
Dec 07 19:55:18.089743 n-d-820935-1 devstack@placement-api.service[110120]: INFO placement.requestlog [req-592b2b91-12a8-4850-9f81-eb1219c34cc4 req-8912855c-8421-43c0-b9ce-1ffeb4720962 service placement] 10.222.0.43 "GET /placement/allocations/3b210cb3-1220-40e5-9938-ddcbd3bc93c9" status: 200 len: 19 microversion: 1.28
Dec 07 19:55:18.092177 n-d-820935-1 devstack@placement-api.service[110120]: [pid: 110120|app: 0|req: 91/182] 10.222.0.43 () {60 vars in 1380 bytes} [Tue Dec 7 19:55:18 2021] GET /placement/allocations/3b210cb3-1220-40e5-9938-ddcbd3bc93c9 => generated 19 bytes in 18 msecs (HTTP/1.1 200) 8 headers in 295 bytes (1 switches on core 0)
Dec 07 19:55:18.101295 n-d-820935-1 devstack@placement-api.service[110121]: DEBUG placement.requestlog [req-592b2b91-12a8-4850-9f81-eb1219c34cc4 req-562ba1f4-74ab-45e4-96c8-85ac79c482b0 None None] Starting request: 10.222.0.43 "PUT /placement/allocations/3b210cb3-1220-40e5-9938-ddcbd3bc93c9" {{(pid=110121) __call__ /opt/stack/placement/placement/requestlog.py:55}}
Dec 07 19:55:18.169811 n-d-820935-1 devstack@placement-api.service[110121]: DEBUG placement.handlers.allocation [req-592b2b91-12a8-4850-9f81-eb1219c34cc4 req-562ba1f4-74ab-45e4-96c8-85ac79c482b0 service placement] Successfully wrote allocations [, , ] {{(pid=110121) _update_consumers_and_create_allocations /opt/stack/placement/placement/handlers/allocation.py:462}}
Dec 07 19:55:18.173809 n-d-820935-1 devstack@placement-api.service[110121]: INFO placement.requestlog [req-592b2b91-12a8-4850-9f81-eb1219c34cc4 req-562ba1f4-74ab-45e4-96c8-85ac79c482b0 service placement] 10.222.0.43 "PUT /placement/allocations/3b210cb3-1220-40e5-9938-ddcbd3bc93c9" status: 204 len: 0 microversion: 1.36
Dec 07 19:55:18.187837 n-d-820935-1 devstack@placement-api.service[110121]: [pid: 110121|app: 0|req: 92/183] 10.222.0.43 () {64 vars in 1433 bytes} [Tue Dec 7 19:55:18 2021] PUT /placement/allocations/3b210cb3-1220-40e5-9938-ddcbd3bc93c9 => generated 0 bytes in 74 msecs (HTTP/1.1 204) 5 headers in 199 bytes (1 switches on core 0)
Dec 07 19:55:18.674772 n-d-820935-1 devstack@placement-api.service[110120]: DEBUG placement.requestlog [req-592b2b91-12a8-4850-9f81-eb1219c34cc4 req-0661de75-c132-4514-9f20-651c24f7a844 None None] Starting request: 10.222.0.47 "GET /placement/allocations/3b210cb3-1220-40e5-9938-ddcbd3bc93c9" {{(pid=110120) __call__ /opt/stack/placement/placement/requestlog.py:55}}
Dec 07 19:55:18.708069 n-d-820935-1 devstack@placement-api.service[110120]: INFO placement.requestlog [req-592b2b91-12a8-4850-9f81-eb1219c34cc4 req-0661de75-c132-4514-9f20-651c24f7a844 service placement] 10.222.0.47 "GET /placement/allocations/3b210cb3-1220-40e5-9938-ddcbd3bc93c9" status: 200 len: 259 microversion: 1.28
Dec 07 19:55:18.709079 n-d-820935-1 devstack@placement-api.service[110120]: [pid: 110120|app: 0|req: 92/184] 10.222.0.47 () {60 vars in 1377 bytes} [Tue Dec 7 19:55:18 2021] GET /placement/allocations/3b210cb3-1220-40e5-9938-ddcbd3bc93c9 => generated 259 bytes in 35 msecs (HTTP/1.1 200) 8 headers in 296 bytes (1 switches on core 0)
Dec 07 19:55:37.497301 n-d-820935-1 devstack@placement-api.service[110121]: DEBUG placement.requestlog [req-1b65bc7d-976d-4b9e-aa14-cfa0c84f15e8 req-a8f4cbd1-76ad-41a6-8c0f-30b2690a6512 None None] Starting request: 10.222.0.43 "GET /placement/allocation_candidates?limit=1000&resources=DISK_GB%3A2%2CMEMORY_MB%3A1024%2CVCPU%3A1&root_required=%21COMPUTE_STATUS_DISABLED" {{(pid=110121) __call__ /opt/stack/placement/placement/requestlog.py:55}}
Dec 07 19:55:37.582592 n-d-820935-1 devstack@placement-api.service[110121]: DEBUG placement.objects.research_context [req-1b65bc7d-976d-4b9e-aa14-cfa0c84f15e8 req-a8f4cbd1-76ad-41a6-8c0f-30b2690a6512 service placement] getting providers with 2 DISK_GB {{(pid=110121) __init__ /opt/stack/placement/placement/objects/research_context.py:126}}
Dec 07 19:55:37.597652 n-d-820935-1 devstack@placement-api.service[110121]: DEBUG placement.objects.research_context [req-1b65bc7d-976d-4b9e-aa14-cfa0c84f15e8 req-a8f4cbd1-76ad-41a6-8c0f-30b2690a6512 service placement] getting providers with 1024 MEMORY_MB {{(pid=110121) __init__ /opt/stack/placement/placement/objects/research_context.py:126}}
Dec 07 19:55:37.605195 n-d-820935-1 devstack@placement-api.service[110121]: DEBUG placement.objects.research_context [req-1b65bc7d-976d-4b9e-aa14-cfa0c84f15e8 req-a8f4cbd1-76ad-41a6-8c0f-30b2690a6512 service placement] getting providers with 1 VCPU {{(pid=110121) __init__ /opt/stack/placement/placement/objects/research_context.py:126}}
Dec 07 19:55:37.640734 n-d-820935-1 devstack@placement-api.service[110121]: DEBUG placement.objects.research_context [req-1b65bc7d-976d-4b9e-aa14-cfa0c84f15e8 req-a8f4cbd1-76ad-41a6-8c0f-30b2690a6512 service placement] found 2 providers with available 2 DISK_GB {{(pid=110121) get_provider_ids_matching /opt/stack/placement/placement/objects/research_context.py:549}}
Dec 07 19:55:37.642386 n-d-820935-1 devstack@placement-api.service[110121]: DEBUG placement.objects.research_context [req-1b65bc7d-976d-4b9e-aa14-cfa0c84f15e8 req-a8f4cbd1-76ad-41a6-8c0f-30b2690a6512 service placement] found 2 providers with available 1024 MEMORY_MB {{(pid=110121) get_provider_ids_matching /opt/stack/placement/placement/objects/research_context.py:549}}
Dec 07 19:55:37.642789 n-d-820935-1 devstack@placement-api.service[110121]: DEBUG placement.objects.research_context [req-1b65bc7d-976d-4b9e-aa14-cfa0c84f15e8 req-a8f4cbd1-76ad-41a6-8c0f-30b2690a6512 service placement] found 2 providers after filtering by previous result {{(pid=110121) get_provider_ids_matching /opt/stack/placement/placement/objects/research_context.py:580}}
Dec 07 19:55:37.644265 n-d-820935-1 devstack@placement-api.service[110121]: DEBUG placement.objects.research_context [req-1b65bc7d-976d-4b9e-aa14-cfa0c84f15e8 req-a8f4cbd1-76ad-41a6-8c0f-30b2690a6512 service placement] found 2 providers with available 1 VCPU {{(pid=110121) get_provider_ids_matching /opt/stack/placement/placement/objects/research_context.py:549}}
Dec 07 19:55:37.645435 n-d-820935-1 devstack@placement-api.service[110121]: DEBUG placement.objects.research_context [req-1b65bc7d-976d-4b9e-aa14-cfa0c84f15e8 req-a8f4cbd1-76ad-41a6-8c0f-30b2690a6512 service placement] found 2 providers after filtering by previous result {{(pid=110121) get_provider_ids_matching /opt/stack/placement/placement/objects/research_context.py:580}}
Dec 07 19:55:37.691829 n-d-820935-1 devstack@placement-api.service[110121]: DEBUG placement.objects.allocation_candidate [req-1b65bc7d-976d-4b9e-aa14-cfa0c84f15e8 req-a8f4cbd1-76ad-41a6-8c0f-30b2690a6512 service placement] RequestGroup(use_same_provider=False, resources={DISK_GB:2, MEMORY_MB:1024, VCPU:1}, traits=[], aggregates=[]) (suffix '') returned 2 matches {{(pid=110121) _get_by_requests /opt/stack/placement/placement/objects/allocation_candidate.py:145}}
Dec 07 19:55:37.692352 n-d-820935-1 devstack@placement-api.service[110121]: DEBUG placement.objects.allocation_candidate [req-1b65bc7d-976d-4b9e-aa14-cfa0c84f15e8 req-a8f4cbd1-76ad-41a6-8c0f-30b2690a6512 service placement] Merging candidates yields 2 allocation requests and 2 provider summaries {{(pid=110121) _merge_candidates /opt/stack/placement/placement/objects/allocation_candidate.py:783}}
Dec 07 19:55:37.694347 n-d-820935-1 devstack@placement-api.service[110121]: INFO placement.requestlog [req-1b65bc7d-976d-4b9e-aa14-cfa0c84f15e8 req-a8f4cbd1-76ad-41a6-8c0f-30b2690a6512 service placement] 10.222.0.43 "GET /placement/allocation_candidates?limit=1000&resources=DISK_GB%3A2%2CMEMORY_MB%3A1024%2CVCPU%3A1&root_required=%21COMPUTE_STATUS_DISABLED" status: 200 len: 1309 microversion: 1.36
Dec 07 19:55:37.695221 n-d-820935-1 devstack@placement-api.service[110121]: [pid: 110121|app: 0|req: 93/185] 10.222.0.43 () {60 vars in 1506 bytes} [Tue Dec 7 19:55:37 2021] GET /placement/allocation_candidates?limit=1000&resources=DISK_GB%3A2%2CMEMORY_MB%3A1024%2CVCPU%3A1&root_required=%21COMPUTE_STATUS_DISABLED => generated 1309 bytes in 199 msecs (HTTP/1.1 200) 8 headers in 297 bytes (1 switches on core 0)
Dec 07 19:55:37.790726 n-d-820935-1 devstack@placement-api.service[110120]: DEBUG placement.requestlog [req-1b65bc7d-976d-4b9e-aa14-cfa0c84f15e8 req-fa5b8d94-279c-49a1-8854-28bb5e88ea05 None None] Starting request: 10.222.0.43 "GET /placement/allocations/d5d4c0bd-3e7d-4fe4-9b1f-5f8f2afaaf4b" {{(pid=110120) __call__ /opt/stack/placement/placement/requestlog.py:55}}
Dec 07 19:55:37.806183 n-d-820935-1 devstack@placement-api.service[110120]: INFO placement.requestlog [req-1b65bc7d-976d-4b9e-aa14-cfa0c84f15e8 req-fa5b8d94-279c-49a1-8854-28bb5e88ea05 service placement] 10.222.0.43 "GET /placement/allocations/d5d4c0bd-3e7d-4fe4-9b1f-5f8f2afaaf4b" status: 200 len: 19 microversion: 1.28
Dec 07 19:55:37.808389 n-d-820935-1 devstack@placement-api.service[110120]: [pid: 110120|app: 0|req: 93/186] 10.222.0.43 () {60 vars in 1380 bytes} [Tue Dec 7 19:55:37 2021] GET /placement/allocations/d5d4c0bd-3e7d-4fe4-9b1f-5f8f2afaaf4b => generated 19 bytes in 18 msecs (HTTP/1.1 200) 8 headers in 295 bytes (1 switches on core 0)
Dec 07 19:55:37.818497 n-d-820935-1 devstack@placement-api.service[110121]: DEBUG placement.requestlog [req-1b65bc7d-976d-4b9e-aa14-cfa0c84f15e8 req-9994c7fd-e8a5-471c-90e6-9fe9dd0300ab None None] Starting request: 10.222.0.43 "PUT /placement/allocations/d5d4c0bd-3e7d-4fe4-9b1f-5f8f2afaaf4b" {{(pid=110121) __call__ /opt/stack/placement/placement/requestlog.py:55}}
Dec 07 19:55:37.954798 n-d-820935-1 devstack@placement-api.service[110121]: DEBUG placement.handlers.allocation [req-1b65bc7d-976d-4b9e-aa14-cfa0c84f15e8 req-9994c7fd-e8a5-471c-90e6-9fe9dd0300ab service placement] Successfully wrote allocations [, , ] {{(pid=110121) _update_consumers_and_create_allocations /opt/stack/placement/placement/handlers/allocation.py:462}}
Dec 07 19:55:37.963868 n-d-820935-1 devstack@placement-api.service[110121]: INFO placement.requestlog [req-1b65bc7d-976d-4b9e-aa14-cfa0c84f15e8 req-9994c7fd-e8a5-471c-90e6-9fe9dd0300ab service placement] 10.222.0.43 "PUT /placement/allocations/d5d4c0bd-3e7d-4fe4-9b1f-5f8f2afaaf4b" status: 204 len: 0 microversion: 1.36
Dec 07 19:55:37.974043 n-d-820935-1 devstack@placement-api.service[110121]: [pid: 110121|app: 0|req: 94/187] 10.222.0.43 () {64 vars in 1433 bytes} [Tue Dec 7 19:55:37 2021] PUT /placement/allocations/d5d4c0bd-3e7d-4fe4-9b1f-5f8f2afaaf4b => generated 0 bytes in 147 msecs (HTTP/1.1 204) 5 headers in 199 bytes (1 switches on core 0)
Dec 07 19:55:38.433627 n-d-820935-1 devstack@placement-api.service[110120]: DEBUG placement.requestlog [req-1b65bc7d-976d-4b9e-aa14-cfa0c84f15e8 req-3a5a88e0-8514-4536-9334-576f6b796d3a None None] Starting request: 10.222.0.47 "GET /placement/allocations/d5d4c0bd-3e7d-4fe4-9b1f-5f8f2afaaf4b" {{(pid=110120) __call__ /opt/stack/placement/placement/requestlog.py:55}}
Dec 07 19:55:38.466709 n-d-820935-1 devstack@placement-api.service[110120]: INFO placement.requestlog [req-1b65bc7d-976d-4b9e-aa14-cfa0c84f15e8 req-3a5a88e0-8514-4536-9334-576f6b796d3a service placement] 10.222.0.47 "GET /placement/allocations/d5d4c0bd-3e7d-4fe4-9b1f-5f8f2afaaf4b" status: 200 len: 259 microversion: 1.28
Dec 07 19:55:38.467488 n-d-820935-1 devstack@placement-api.service[110120]: [pid: 110120|app: 0|req: 94/188] 10.222.0.47 () {60 vars in 1377 bytes} [Tue Dec 7 19:55:38 2021] GET /placement/allocations/d5d4c0bd-3e7d-4fe4-9b1f-5f8f2afaaf4b => generated 259 bytes in 34 msecs (HTTP/1.1 200) 8 headers in 296 bytes (1 switches on core 0)
Dec 07 19:55:41.697039 n-d-820935-1 devstack@placement-api.service[110121]: DEBUG placement.requestlog [req-12611cd9-dbd3-41ea-933d-b85c83f60390 req-099e679f-5207-4aab-9acb-d9f244f71fe5 None None] Starting request: 10.222.0.18 "DELETE /placement/allocations/cb5e036d-ca0f-4717-bf1d-b2a2ccd1ede8" {{(pid=110121) __call__ /opt/stack/placement/placement/requestlog.py:55}}
Dec 07 19:55:41.751813 n-d-820935-1 devstack@placement-api.service[110121]: DEBUG placement.handlers.allocation [req-12611cd9-dbd3-41ea-933d-b85c83f60390 req-099e679f-5207-4aab-9acb-d9f244f71fe5 service placement] Successfully deleted allocations [, , ] {{(pid=110121) delete_allocations /opt/stack/placement/placement/handlers/allocation.py:627}}
Dec 07 19:55:41.752543 n-d-820935-1 devstack@placement-api.service[110121]: INFO placement.requestlog [req-12611cd9-dbd3-41ea-933d-b85c83f60390 req-099e679f-5207-4aab-9acb-d9f244f71fe5 service placement] 10.222.0.18 "DELETE /placement/allocations/cb5e036d-ca0f-4717-bf1d-b2a2ccd1ede8" status: 204 len: 0 microversion: 1.0
Dec 07 19:55:41.753043 n-d-820935-1 devstack@placement-api.service[110121]: [pid: 110121|app: 0|req: 95/189] 10.222.0.18 () {60 vars in 1355 bytes} [Tue Dec 7 19:55:41 2021] DELETE /placement/allocations/cb5e036d-ca0f-4717-bf1d-b2a2ccd1ede8 => generated 0 bytes in 56 msecs (HTTP/1.1 204) 5 headers in 198 bytes (1 switches on core 0)
Dec 07 19:55:41.806601 n-d-820935-1 devstack@placement-api.service[110120]: DEBUG placement.requestlog [req-4e40a3b7-f0a2-4ff9-b922-b24c233cbb48 req-b6a4e1dd-570f-4273-ba7c-81f7d6cd85d7 None None] Starting request: 10.222.0.18 "GET /placement/allocations/f72c11b9-ad3d-4fec-b0c9-972765eaff85" {{(pid=110120) __call__ /opt/stack/placement/placement/requestlog.py:55}}
Dec 07 19:55:41.847996 n-d-820935-1 devstack@placement-api.service[110120]: INFO placement.requestlog [req-4e40a3b7-f0a2-4ff9-b922-b24c233cbb48 req-b6a4e1dd-570f-4273-ba7c-81f7d6cd85d7 service placement] 10.222.0.18 "GET /placement/allocations/f72c11b9-ad3d-4fec-b0c9-972765eaff85" status: 200 len: 259 microversion: 1.28
Dec 07 19:55:41.849083 n-d-820935-1 devstack@placement-api.service[110120]: [pid: 110120|app: 0|req: 95/190] 10.222.0.18 () {60 vars in 1377 bytes} [Tue Dec 7 19:55:41 2021] GET /placement/allocations/f72c11b9-ad3d-4fec-b0c9-972765eaff85 => generated 259 bytes in 43 msecs (HTTP/1.1 200) 8 headers in 296 bytes (2 switches on core 0)
Dec 07 19:55:43.995583 n-d-820935-1 devstack@placement-api.service[110121]: DEBUG placement.requestlog [None req-7a544318-68b6-46c3-8ed3-90da33bc91c9 None None] Starting request: 10.222.0.43 "GET /placement/" {{(pid=110121) __call__ /opt/stack/placement/placement/requestlog.py:55}}
Dec 07 19:55:43.996490 n-d-820935-1 devstack@placement-api.service[110121]: INFO placement.requestlog [None req-7a544318-68b6-46c3-8ed3-90da33bc91c9 None None] 10.222.0.43 "GET /placement/" status: 200 len: 136 microversion: 1.0
Dec 07 19:55:43.997520 n-d-820935-1 devstack@placement-api.service[110121]: [pid: 110121|app: 0|req: 96/191] 10.222.0.43 () {54 vars in 916 bytes} [Tue Dec 7 19:55:43 2021] GET /placement => generated 136 bytes in 3 msecs (HTTP/1.1 200) 6 headers in 224 bytes (1 switches on core 0)
Dec 07 19:55:44.011343 n-d-820935-1 devstack@placement-api.service[110120]: DEBUG placement.requestlog [req-8f2e12c8-2e22-4b3b-9a54-bd5a6706a72b req-cd867af9-6854-4d87-afe6-49092422a2ce None None] Starting request: 10.222.0.43 "GET /placement/allocations/550a67a2-6751-4ba1-82c6-eab60bedf4d9" {{(pid=110120) __call__ /opt/stack/placement/placement/requestlog.py:55}}
Dec 07 19:55:44.140602 n-d-820935-1 devstack@placement-api.service[110120]: INFO placement.requestlog [req-8f2e12c8-2e22-4b3b-9a54-bd5a6706a72b req-cd867af9-6854-4d87-afe6-49092422a2ce service placement] 10.222.0.43 "GET /placement/allocations/550a67a2-6751-4ba1-82c6-eab60bedf4d9" status: 200 len: 259 microversion: 1.28
Dec 07 19:55:44.151377 n-d-820935-1 devstack@placement-api.service[110120]: [pid: 110120|app: 0|req: 96/192] 10.222.0.43 () {60 vars in 1380 bytes} [Tue Dec 7 19:55:44 2021] GET /placement/allocations/550a67a2-6751-4ba1-82c6-eab60bedf4d9 => generated 259 bytes in 140 msecs (HTTP/1.1 200) 8 headers in 296 bytes (1 switches on core 0)
Dec 07 19:55:44.151679 n-d-820935-1 devstack@placement-api.service[110121]: DEBUG placement.requestlog [req-8f2e12c8-2e22-4b3b-9a54-bd5a6706a72b req-09d26673-b05a-40ed-a561-a4b37c4503d6 None None] Starting request: 10.222.0.43 "GET /placement/allocations/550a67a2-6751-4ba1-82c6-eab60bedf4d9" {{(pid=110121) __call__ /opt/stack/placement/placement/requestlog.py:55}}
Dec 07 19:55:44.172965 n-d-820935-1 devstack@placement-api.service[110121]: INFO placement.requestlog [req-8f2e12c8-2e22-4b3b-9a54-bd5a6706a72b req-09d26673-b05a-40ed-a561-a4b37c4503d6 service placement] 10.222.0.43 "GET /placement/allocations/550a67a2-6751-4ba1-82c6-eab60bedf4d9" status: 200 len: 259 microversion: 1.28
Dec 07 19:55:44.173966 n-d-820935-1 devstack@placement-api.service[110121]: [pid: 110121|app: 0|req: 97/193] 10.222.0.43 () {60 vars in 1380 bytes} [Tue Dec 7 19:55:44 2021] GET /placement/allocations/550a67a2-6751-4ba1-82c6-eab60bedf4d9 => generated 259 bytes in 22 msecs (HTTP/1.1 200) 8 headers in 296 bytes (1 switches on core 0)
Dec 07 19:55:44.181755 n-d-820935-1 devstack@placement-api.service[110120]: DEBUG placement.requestlog [req-8f2e12c8-2e22-4b3b-9a54-bd5a6706a72b req-d461867f-b890-4d1b-9f96-7d4d691b6052 None None] Starting request: 10.222.0.43 "GET /placement/allocations/9b4af761-89e3-42c3-895b-e0a603dcc971" {{(pid=110120) __call__ /opt/stack/placement/placement/requestlog.py:55}}
Dec 07 19:55:44.196455 n-d-820935-1 devstack@placement-api.service[110120]: INFO placement.requestlog [req-8f2e12c8-2e22-4b3b-9a54-bd5a6706a72b req-d461867f-b890-4d1b-9f96-7d4d691b6052 service placement] 10.222.0.43 "GET /placement/allocations/9b4af761-89e3-42c3-895b-e0a603dcc971" status: 200 len: 19 microversion: 1.28
Dec 07 19:55:44.205314 n-d-820935-1 devstack@placement-api.service[110120]: [pid: 110120|app: 0|req: 97/194] 10.222.0.43 () {60 vars in 1380 bytes} [Tue Dec 7 19:55:44 2021] GET /placement/allocations/9b4af761-89e3-42c3-895b-e0a603dcc971 => generated 19 bytes in 24 msecs (HTTP/1.1 200) 8 headers in 295 bytes (1 switches on core 0)
Dec 07 19:55:44.205660 n-d-820935-1 devstack@placement-api.service[110121]: DEBUG placement.requestlog [req-8f2e12c8-2e22-4b3b-9a54-bd5a6706a72b req-2a929639-37d9-449b-bb11-dbab7d315f5d None None] Starting request: 10.222.0.43 "POST /placement/allocations" {{(pid=110121) __call__ /opt/stack/placement/placement/requestlog.py:55}}
Dec 07 19:55:44.319972 n-d-820935-1 devstack@placement-api.service[110121]: DEBUG placement.handlers.allocation [req-8f2e12c8-2e22-4b3b-9a54-bd5a6706a72b req-2a929639-37d9-449b-bb11-dbab7d315f5d service placement] Successfully wrote allocations [, , , , , ] {{(pid=110121) _update_consumers_and_create_allocations /opt/stack/placement/placement/handlers/allocation.py:572}}
Dec 07 19:55:44.325026 n-d-820935-1 devstack@placement-api.service[110121]: INFO placement.requestlog [req-8f2e12c8-2e22-4b3b-9a54-bd5a6706a72b req-2a929639-37d9-449b-bb11-dbab7d315f5d service placement] 10.222.0.43 "POST /placement/allocations" status: 204 len: 0 microversion: 1.28
Dec 07 19:55:44.333106 n-d-820935-1 devstack@placement-api.service[110121]: [pid: 110121|app: 0|req: 98/195] 10.222.0.43 () {64 vars in 1323 bytes} [Tue Dec 7 19:55:44 2021] POST /placement/allocations => generated 0 bytes in 120 msecs (HTTP/1.1 204) 5 headers in 199 bytes (2 switches on core 0)
Dec 07 19:55:44.374977 n-d-820935-1 devstack@placement-api.service[110120]: DEBUG placement.requestlog [req-8f2e12c8-2e22-4b3b-9a54-bd5a6706a72b req-bdfb8a50-beda-43f5-b6c2-ac4752d39181 None None] Starting request: 10.222.0.43 "GET /placement/allocations/550a67a2-6751-4ba1-82c6-eab60bedf4d9" {{(pid=110120) __call__ /opt/stack/placement/placement/requestlog.py:55}}
Dec 07 19:55:44.387979 n-d-820935-1 devstack@placement-api.service[110120]: INFO placement.requestlog [req-8f2e12c8-2e22-4b3b-9a54-bd5a6706a72b req-bdfb8a50-beda-43f5-b6c2-ac4752d39181 service placement] 10.222.0.43 "GET /placement/allocations/550a67a2-6751-4ba1-82c6-eab60bedf4d9" status: 200 len: 19 microversion: 1.28
Dec 07 19:55:44.388355 n-d-820935-1 devstack@placement-api.service[110120]: [pid: 110120|app: 0|req: 98/196] 10.222.0.43 () {60 vars in 1380 bytes} [Tue Dec 7 19:55:44 2021] GET /placement/allocations/550a67a2-6751-4ba1-82c6-eab60bedf4d9 => generated 19 bytes in 14 msecs (HTTP/1.1 200) 8 headers in 295 bytes (1 switches on core 0)
Dec 07 19:55:44.394656 n-d-820935-1 devstack@placement-api.service[110121]: DEBUG placement.requestlog [req-8f2e12c8-2e22-4b3b-9a54-bd5a6706a72b req-c35532d6-01e3-4599-a606-3d39e92a3ee5 None None] Starting request: 10.222.0.43 "PUT /placement/allocations/550a67a2-6751-4ba1-82c6-eab60bedf4d9" {{(pid=110121) __call__ /opt/stack/placement/placement/requestlog.py:55}}
Dec 07 19:55:44.466910 n-d-820935-1 devstack@placement-api.service[110121]: DEBUG placement.handlers.allocation [req-8f2e12c8-2e22-4b3b-9a54-bd5a6706a72b req-c35532d6-01e3-4599-a606-3d39e92a3ee5 service placement] Successfully wrote allocations [, , ] {{(pid=110121) _update_consumers_and_create_allocations /opt/stack/placement/placement/handlers/allocation.py:462}}
Dec 07 19:55:44.485739 n-d-820935-1 devstack@placement-api.service[110121]: INFO placement.requestlog [req-8f2e12c8-2e22-4b3b-9a54-bd5a6706a72b req-c35532d6-01e3-4599-a606-3d39e92a3ee5 service placement] 10.222.0.43 "PUT /placement/allocations/550a67a2-6751-4ba1-82c6-eab60bedf4d9" status: 204 len: 0 microversion: 1.28
Dec 07 19:55:44.493902 n-d-820935-1 devstack@placement-api.service[110121]: [pid: 110121|app: 0|req: 99/197] 10.222.0.43 () {64 vars in 1433 bytes} [Tue Dec 7 19:55:44 2021] PUT /placement/allocations/550a67a2-6751-4ba1-82c6-eab60bedf4d9 => generated 0 bytes in 92 msecs (HTTP/1.1 204) 5 headers in 199 bytes (1 switches on core 0)
Dec 07 19:55:44.642615 n-d-820935-1 devstack@placement-api.service[110120]: DEBUG placement.requestlog [req-8f2e12c8-2e22-4b3b-9a54-bd5a6706a72b req-6ca32623-08d0-4c98-b270-057104f4cf2b None None] Starting request: 10.222.0.47 "GET /placement/allocations/550a67a2-6751-4ba1-82c6-eab60bedf4d9" {{(pid=110120) __call__ /opt/stack/placement/placement/requestlog.py:55}}
Dec 07 19:55:44.659369 n-d-820935-1 devstack@placement-api.service[110120]: INFO placement.requestlog [req-8f2e12c8-2e22-4b3b-9a54-bd5a6706a72b req-6ca32623-08d0-4c98-b270-057104f4cf2b service placement] 10.222.0.47 "GET /placement/allocations/550a67a2-6751-4ba1-82c6-eab60bedf4d9" status: 200 len: 259 microversion: 1.28
Dec 07 19:55:44.660353 n-d-820935-1 devstack@placement-api.service[110120]: [pid: 110120|app: 0|req: 99/198] 10.222.0.47 () {60 vars in 1377 bytes} [Tue Dec 7 19:55:44 2021] GET /placement/allocations/550a67a2-6751-4ba1-82c6-eab60bedf4d9 => generated 259 bytes in 18 msecs (HTTP/1.1 200) 8 headers in 296 bytes (1 switches on core 0)
Dec 07 19:55:52.701234 n-d-820935-1 devstack@placement-api.service[110121]: DEBUG placement.requestlog [req-4d0b6745-dee6-4409-8433-e92f950c89f9 req-5eac0b50-4a26-4c37-b7e4-7c5d108f6ec0 None None] Starting request: 10.222.0.18 "GET /placement/resource_providers/891805cc-78c4-4cb7-9914-096ab05597a1/allocations" {{(pid=110121) __call__ /opt/stack/placement/placement/requestlog.py:55}}
Dec 07 19:55:53.018935 n-d-820935-1 devstack@placement-api.service[110120]: DEBUG placement.requestlog [req-4b84ab39-1a65-49a4-9ade-9abc09fbf85c req-e07297e0-b266-477a-86fd-27ef5a916a45 None None] Starting request: 10.222.0.47 "GET /placement/resource_providers/68a8291d-f403-41d9-b5ac-d3a70bc2fa56/allocations" {{(pid=110120) __call__ /opt/stack/placement/placement/requestlog.py:55}}
Dec 07 19:55:53.125149 n-d-820935-1 devstack@placement-api.service[110121]: INFO placement.requestlog [req-4d0b6745-dee6-4409-8433-e92f950c89f9 req-5eac0b50-4a26-4c37-b7e4-7c5d108f6ec0 service placement] 10.222.0.18 "GET /placement/resource_providers/891805cc-78c4-4cb7-9914-096ab05597a1/allocations" status: 200 len: 457 microversion: 1.0
Dec 07 19:55:53.128373 n-d-820935-1 devstack@placement-api.service[110121]: [pid: 110121|app: 0|req: 100/199] 10.222.0.18 () {58 vars in 1390 bytes} [Tue Dec 7 19:55:52 2021] GET /placement/resource_providers/891805cc-78c4-4cb7-9914-096ab05597a1/allocations => generated 457 bytes in 427 msecs (HTTP/1.1 200) 6 headers in 224 bytes (1 switches on core 0)
Dec 07 19:55:53.180376 n-d-820935-1 devstack@placement-api.service[110121]: DEBUG placement.requestlog [req-4d0b6745-dee6-4409-8433-e92f950c89f9 req-644fa144-3cdb-42de-8db1-5f0c98e8e4f8 None None] Starting request: 10.222.0.18 "GET /placement/resource_providers?in_tree=891805cc-78c4-4cb7-9914-096ab05597a1" {{(pid=110121) __call__ /opt/stack/placement/placement/requestlog.py:55}}
Dec 07 19:55:53.227235 n-d-820935-1 devstack@placement-api.service[110121]: INFO placement.requestlog [req-4d0b6745-dee6-4409-8433-e92f950c89f9 req-644fa144-3cdb-42de-8db1-5f0c98e8e4f8 service placement] 10.222.0.18 "GET /placement/resource_providers?in_tree=891805cc-78c4-4cb7-9914-096ab05597a1" status: 200 len: 863 microversion: 1.14
Dec 07 19:55:53.229733 n-d-820935-1 devstack@placement-api.service[110121]: [pid: 110121|app: 0|req: 101/200] 10.222.0.18 () {60 vars in 1376 bytes} [Tue Dec 7 19:55:53 2021] GET /placement/resource_providers?in_tree=891805cc-78c4-4cb7-9914-096ab05597a1 => generated 863 bytes in 50 msecs (HTTP/1.1 200) 6 headers in 225 bytes (2 switches on core 0)
Dec 07 19:55:53.240756 n-d-820935-1 devstack@placement-api.service[110121]: DEBUG placement.requestlog [req-4d0b6745-dee6-4409-8433-e92f950c89f9 req-b05c1592-8a67-4996-acda-d3fb79f82492 None None] Starting request: 10.222.0.18 "GET /placement/resource_providers/891805cc-78c4-4cb7-9914-096ab05597a1/inventories" {{(pid=110121) __call__ /opt/stack/placement/placement/requestlog.py:55}}
Dec 07 19:55:53.258763 n-d-820935-1 devstack@placement-api.service[110120]: INFO placement.requestlog [req-4b84ab39-1a65-49a4-9ade-9abc09fbf85c req-e07297e0-b266-477a-86fd-27ef5a916a45 service placement] 10.222.0.47 "GET /placement/resource_providers/68a8291d-f403-41d9-b5ac-d3a70bc2fa56/allocations" status: 200 len: 760 microversion: 1.0
Dec 07 19:55:53.260622 n-d-820935-1 devstack@placement-api.service[110120]: [pid: 110120|app: 0|req: 100/201] 10.222.0.47 () {58 vars in 1390 bytes} [Tue Dec 7 19:55:53 2021] GET /placement/resource_providers/68a8291d-f403-41d9-b5ac-d3a70bc2fa56/allocations => generated 760 bytes in 242 msecs (HTTP/1.1 200) 6 headers in 224 bytes (1 switches on core 0)
Dec 07 19:55:53.284089 n-d-820935-1 devstack@placement-api.service[110121]: INFO placement.requestlog [req-4d0b6745-dee6-4409-8433-e92f950c89f9 req-b05c1592-8a67-4996-acda-d3fb79f82492 service placement] 10.222.0.18 "GET /placement/resource_providers/891805cc-78c4-4cb7-9914-096ab05597a1/inventories" status: 200 len: 398 microversion: 1.0
Dec 07 19:55:53.287359 n-d-820935-1 devstack@placement-api.service[110121]: [pid: 110121|app: 0|req: 102/202] 10.222.0.18 () {58 vars in 1390 bytes} [Tue Dec 7 19:55:53 2021] GET /placement/resource_providers/891805cc-78c4-4cb7-9914-096ab05597a1/inventories => generated 398 bytes in 47 msecs (HTTP/1.1 200) 6 headers in 224 bytes (2 switches on core 0)
Dec 07 19:55:53.305821 n-d-820935-1 devstack@placement-api.service[110120]: DEBUG placement.requestlog [req-4d0b6745-dee6-4409-8433-e92f950c89f9 req-b4421e67-5e1b-4d29-b4ca-5678cf9b0c22 None None] Starting request: 10.222.0.18 "GET /placement/resource_providers/891805cc-78c4-4cb7-9914-096ab05597a1/aggregates" {{(pid=110120) __call__ /opt/stack/placement/placement/requestlog.py:55}}
Dec 07 19:55:53.344223 n-d-820935-1 devstack@placement-api.service[110120]: INFO placement.requestlog [req-4d0b6745-dee6-4409-8433-e92f950c89f9 req-b4421e67-5e1b-4d29-b4ca-5678cf9b0c22 service placement] 10.222.0.18 "GET /placement/resource_providers/891805cc-78c4-4cb7-9914-096ab05597a1/aggregates" status: 200 len: 54 microversion: 1.19
Dec 07 19:55:53.349721 n-d-820935-1 devstack@placement-api.service[110120]: [pid: 110120|app: 0|req: 101/203] 10.222.0.18 () {60 vars in 1431 bytes} [Tue Dec 7 19:55:53 2021] GET /placement/resource_providers/891805cc-78c4-4cb7-9914-096ab05597a1/aggregates => generated 54 bytes in 44 msecs (HTTP/1.1 200) 8 headers in 295 bytes (1 switches on core 0)
Dec 07 19:55:53.356065 n-d-820935-1 devstack@placement-api.service[110121]: DEBUG placement.requestlog [req-4d0b6745-dee6-4409-8433-e92f950c89f9 req-c23bc0fa-c6aa-4e7e-9c02-0fc0ce77d602 None None] Starting request: 10.222.0.18 "GET /placement/resource_providers/891805cc-78c4-4cb7-9914-096ab05597a1/traits" {{(pid=110121) __call__ /opt/stack/placement/placement/requestlog.py:55}}
Dec 07 19:55:53.363218 n-d-820935-1 devstack@placement-api.service[110120]: DEBUG placement.requestlog [req-4b84ab39-1a65-49a4-9ade-9abc09fbf85c req-7e28ecb1-59e1-4424-8763-e30024c8841a None None] Starting request: 10.222.0.47 "GET /placement/resource_providers?in_tree=68a8291d-f403-41d9-b5ac-d3a70bc2fa56" {{(pid=110120) __call__ /opt/stack/placement/placement/requestlog.py:55}}
Dec 07 19:55:53.431545 n-d-820935-1 devstack@placement-api.service[110120]: INFO placement.requestlog [req-4b84ab39-1a65-49a4-9ade-9abc09fbf85c req-7e28ecb1-59e1-4424-8763-e30024c8841a service placement] 10.222.0.47 "GET /placement/resource_providers?in_tree=68a8291d-f403-41d9-b5ac-d3a70bc2fa56" status: 200 len: 863 microversion: 1.14
Dec 07 19:55:53.432995 n-d-820935-1 devstack@placement-api.service[110120]: [pid: 110120|app: 0|req: 102/204] 10.222.0.47 () {60 vars in 1376 bytes} [Tue Dec 7 19:55:53 2021] GET /placement/resource_providers?in_tree=68a8291d-f403-41d9-b5ac-d3a70bc2fa56 => generated 863 bytes in 70 msecs (HTTP/1.1 200) 6 headers in 225 bytes (1 switches on core 0)
Dec 07 19:55:53.439667 n-d-820935-1 devstack@placement-api.service[110121]: INFO placement.requestlog [req-4d0b6745-dee6-4409-8433-e92f950c89f9 req-c23bc0fa-c6aa-4e7e-9c02-0fc0ce77d602 service placement] 10.222.0.18 "GET /placement/resource_providers/891805cc-78c4-4cb7-9914-096ab05597a1/traits" status: 200 len: 212 microversion: 1.6
Dec 07 19:55:53.443112 n-d-820935-1 devstack@placement-api.service[110121]: [pid: 110121|app: 0|req: 103/205] 10.222.0.18 () {60 vars in 1418 bytes} [Tue Dec 7 19:55:53 2021] GET /placement/resource_providers/891805cc-78c4-4cb7-9914-096ab05597a1/traits => generated 212 bytes in 87 msecs (HTTP/1.1 200) 6 headers in 224 bytes (2 switches on core 0)
Dec 07 19:55:53.450013 n-d-820935-1 devstack@placement-api.service[110120]: DEBUG placement.requestlog [req-4b84ab39-1a65-49a4-9ade-9abc09fbf85c req-aff3c655-e83d-432f-b9e9-0498c3366482 None None] Starting request: 10.222.0.47 "GET /placement/resource_providers/68a8291d-f403-41d9-b5ac-d3a70bc2fa56/inventories" {{(pid=110120) __call__ /opt/stack/placement/placement/requestlog.py:55}}
Dec 07 19:55:53.486913 n-d-820935-1 devstack@placement-api.service[110120]: INFO placement.requestlog [req-4b84ab39-1a65-49a4-9ade-9abc09fbf85c req-aff3c655-e83d-432f-b9e9-0498c3366482 service placement] 10.222.0.47 "GET /placement/resource_providers/68a8291d-f403-41d9-b5ac-d3a70bc2fa56/inventories" status: 200 len: 398 microversion: 1.0
Dec 07 19:55:53.493270 n-d-820935-1 devstack@placement-api.service[110120]: [pid: 110120|app: 0|req: 103/206] 10.222.0.47 () {58 vars in 1390 bytes} [Tue Dec 7 19:55:53 2021] GET /placement/resource_providers/68a8291d-f403-41d9-b5ac-d3a70bc2fa56/inventories => generated 398 bytes in 44 msecs (HTTP/1.1 200) 6 headers in 224 bytes (1 switches on core 0)
Dec 07 19:55:53.536585 n-d-820935-1 devstack@placement-api.service[110121]: DEBUG placement.requestlog [req-4b84ab39-1a65-49a4-9ade-9abc09fbf85c req-a0227324-60e8-4f3f-a315-6c0bc0b1913e None None] Starting request: 10.222.0.47 "GET /placement/resource_providers/68a8291d-f403-41d9-b5ac-d3a70bc2fa56/aggregates" {{(pid=110121) __call__ /opt/stack/placement/placement/requestlog.py:55}}
Dec 07 19:55:53.559994 n-d-820935-1 devstack@placement-api.service[110121]: INFO placement.requestlog [req-4b84ab39-1a65-49a4-9ade-9abc09fbf85c req-a0227324-60e8-4f3f-a315-6c0bc0b1913e service placement] 10.222.0.47 "GET /placement/resource_providers/68a8291d-f403-41d9-b5ac-d3a70bc2fa56/aggregates" status: 200 len: 54 microversion: 1.19
Dec 07 19:55:53.561060 n-d-820935-1 devstack@placement-api.service[110121]: [pid: 110121|app: 0|req: 104/207] 10.222.0.47 () {60 vars in 1431 bytes} [Tue Dec 7 19:55:53 2021] GET /placement/resource_providers/68a8291d-f403-41d9-b5ac-d3a70bc2fa56/aggregates => generated 54 bytes in 25 msecs (HTTP/1.1 200) 8 headers in 295 bytes (1 switches on core 0)
Dec 07 19:55:53.571420 n-d-820935-1 devstack@placement-api.service[110120]: DEBUG placement.requestlog [req-4b84ab39-1a65-49a4-9ade-9abc09fbf85c req-2e4d32a4-52ec-444c-bfd9-415c45c9cbbb None None] Starting request: 10.222.0.47 "GET /placement/resource_providers/68a8291d-f403-41d9-b5ac-d3a70bc2fa56/traits" {{(pid=110120) __call__ /opt/stack/placement/placement/requestlog.py:55}}
Dec 07 19:55:53.624397 n-d-820935-1 devstack@placement-api.service[110120]: INFO placement.requestlog [req-4b84ab39-1a65-49a4-9ade-9abc09fbf85c req-2e4d32a4-52ec-444c-bfd9-415c45c9cbbb service placement] 10.222.0.47 "GET /placement/resource_providers/68a8291d-f403-41d9-b5ac-d3a70bc2fa56/traits" status: 200 len: 212 microversion: 1.6
Dec 07 19:55:53.625166 n-d-820935-1 devstack@placement-api.service[110120]: [pid: 110120|app: 0|req: 104/208] 10.222.0.47 () {60 vars in 1418 bytes} [Tue Dec 7 19:55:53 2021] GET /placement/resource_providers/68a8291d-f403-41d9-b5ac-d3a70bc2fa56/traits => generated 212 bytes in 54 msecs (HTTP/1.1 200) 6 headers in 224 bytes (1 switches on core 0)
Dec 07 19:55:54.873901 n-d-820935-1 devstack@placement-api.service[110121]: DEBUG placement.requestlog [req-0d4b1c99-ff24-4bf2-9b28-aaca81dd0b0a req-ba30806e-8f89-45b0-b417-5c066e78fd87 None None] Starting request: 10.222.0.47 "GET /placement/allocations/69ac8a52-be33-4b98-a710-407c573ec8e9" {{(pid=110121) __call__ /opt/stack/placement/placement/requestlog.py:55}}
Dec 07 19:55:54.915302 n-d-820935-1 devstack@placement-api.service[110121]: INFO placement.requestlog [req-0d4b1c99-ff24-4bf2-9b28-aaca81dd0b0a req-ba30806e-8f89-45b0-b417-5c066e78fd87 service placement] 10.222.0.47 "GET /placement/allocations/69ac8a52-be33-4b98-a710-407c573ec8e9" status: 200 len: 259 microversion: 1.28
Dec 07 19:55:54.924072 n-d-820935-1 devstack@placement-api.service[110121]: [pid: 110121|app: 0|req: 105/209] 10.222.0.47 () {60 vars in 1377 bytes} [Tue Dec 7 19:55:54 2021] GET /placement/allocations/69ac8a52-be33-4b98-a710-407c573ec8e9 => generated 259 bytes in 50 msecs (HTTP/1.1 200) 8 headers in 296 bytes (1 switches on core 0)
Dec 07 19:55:54.932969 n-d-820935-1 devstack@placement-api.service[110120]: DEBUG placement.requestlog [req-0d4b1c99-ff24-4bf2-9b28-aaca81dd0b0a req-f4960959-4fcb-4f36-8279-8793aff89c1f None None] Starting request: 10.222.0.47 "PUT /placement/allocations/69ac8a52-be33-4b98-a710-407c573ec8e9" {{(pid=110120) __call__ /opt/stack/placement/placement/requestlog.py:55}}
Dec 07 19:55:55.137532 n-d-820935-1 devstack@placement-api.service[110120]: DEBUG placement.handlers.allocation [req-0d4b1c99-ff24-4bf2-9b28-aaca81dd0b0a req-f4960959-4fcb-4f36-8279-8793aff89c1f service placement] Successfully wrote allocations [, , ] {{(pid=110120) _update_consumers_and_create_allocations /opt/stack/placement/placement/handlers/allocation.py:462}}
Dec 07 19:55:55.148095 n-d-820935-1 devstack@placement-api.service[110120]: INFO placement.requestlog [req-0d4b1c99-ff24-4bf2-9b28-aaca81dd0b0a req-f4960959-4fcb-4f36-8279-8793aff89c1f service placement] 10.222.0.47 "PUT /placement/allocations/69ac8a52-be33-4b98-a710-407c573ec8e9" status: 204 len: 0 microversion: 1.28
Dec 07 19:55:55.148927 n-d-820935-1 devstack@placement-api.service[110120]: [pid: 110120|app: 0|req: 105/210] 10.222.0.47 () {64 vars in 1430 bytes} [Tue Dec 7 19:55:54 2021] PUT /placement/allocations/69ac8a52-be33-4b98-a710-407c573ec8e9 => generated 0 bytes in 216 msecs (HTTP/1.1 204) 5 headers in 199 bytes (1 switches on core 0)
Dec 07 19:56:00.715151 n-d-820935-1 devstack@placement-api.service[110121]: DEBUG placement.requestlog [req-bbb4611d-9826-4dc4-8de6-8dae43ccaa18 req-7dee9b52-bc95-4b44-831d-15e75f235a57 None None] Starting request: 10.222.0.43 "GET /placement/allocation_candidates?limit=1000&resources=DISK_GB%3A1%2CMEMORY_MB%3A1024%2CVCPU%3A1&root_required=%21COMPUTE_STATUS_DISABLED" {{(pid=110121) __call__ /opt/stack/placement/placement/requestlog.py:55}}
Dec 07 19:56:00.803881 n-d-820935-1 devstack@placement-api.service[110121]: DEBUG placement.objects.research_context [req-bbb4611d-9826-4dc4-8de6-8dae43ccaa18 req-7dee9b52-bc95-4b44-831d-15e75f235a57 service placement] getting providers with 1 DISK_GB {{(pid=110121) __init__ /opt/stack/placement/placement/objects/research_context.py:126}}
Dec 07 19:56:00.831261 n-d-820935-1 devstack@placement-api.service[110121]: DEBUG placement.objects.research_context [req-bbb4611d-9826-4dc4-8de6-8dae43ccaa18 req-7dee9b52-bc95-4b44-831d-15e75f235a57 service placement] getting providers with 1024 MEMORY_MB {{(pid=110121) __init__ /opt/stack/placement/placement/objects/research_context.py:126}}
Dec 07 19:56:00.857747 n-d-820935-1 devstack@placement-api.service[110121]: DEBUG placement.objects.research_context [req-bbb4611d-9826-4dc4-8de6-8dae43ccaa18 req-7dee9b52-bc95-4b44-831d-15e75f235a57 service placement] getting providers with 1 VCPU {{(pid=110121) __init__ /opt/stack/placement/placement/objects/research_context.py:126}}
Dec 07 19:56:00.895137 n-d-820935-1 devstack@placement-api.service[110121]: DEBUG placement.objects.research_context [req-bbb4611d-9826-4dc4-8de6-8dae43ccaa18 req-7dee9b52-bc95-4b44-831d-15e75f235a57 service placement] found 2 providers with available 1 DISK_GB {{(pid=110121) get_provider_ids_matching /opt/stack/placement/placement/objects/research_context.py:549}}
Dec 07 19:56:00.895814 n-d-820935-1 devstack@placement-api.service[110121]: DEBUG placement.objects.research_context [req-bbb4611d-9826-4dc4-8de6-8dae43ccaa18 req-7dee9b52-bc95-4b44-831d-15e75f235a57 service placement] found 2 providers with available 1024 MEMORY_MB {{(pid=110121) get_provider_ids_matching /opt/stack/placement/placement/objects/research_context.py:549}}
Dec 07 19:56:00.896319 n-d-820935-1 devstack@placement-api.service[110121]: DEBUG placement.objects.research_context [req-bbb4611d-9826-4dc4-8de6-8dae43ccaa18 req-7dee9b52-bc95-4b44-831d-15e75f235a57 service placement] found 2 providers after filtering by previous result {{(pid=110121) get_provider_ids_matching /opt/stack/placement/placement/objects/research_context.py:580}}
Dec 07 19:56:00.896862 n-d-820935-1 devstack@placement-api.service[110121]: DEBUG placement.objects.research_context [req-bbb4611d-9826-4dc4-8de6-8dae43ccaa18 req-7dee9b52-bc95-4b44-831d-15e75f235a57 service placement] found 2 providers with available 1 VCPU {{(pid=110121) get_provider_ids_matching /opt/stack/placement/placement/objects/research_context.py:549}}
Dec 07 19:56:00.897344 n-d-820935-1 devstack@placement-api.service[110121]: DEBUG placement.objects.research_context [req-bbb4611d-9826-4dc4-8de6-8dae43ccaa18 req-7dee9b52-bc95-4b44-831d-15e75f235a57 service placement] found 2 providers after filtering by previous result {{(pid=110121) get_provider_ids_matching /opt/stack/placement/placement/objects/research_context.py:580}}
Dec 07 19:56:00.934689 n-d-820935-1 devstack@placement-api.service[110121]: DEBUG placement.objects.allocation_candidate [req-bbb4611d-9826-4dc4-8de6-8dae43ccaa18 req-7dee9b52-bc95-4b44-831d-15e75f235a57 service placement] RequestGroup(use_same_provider=False, resources={DISK_GB:1, MEMORY_MB:1024, VCPU:1}, traits=[], aggregates=[]) (suffix '') returned 2 matches {{(pid=110121) _get_by_requests /opt/stack/placement/placement/objects/allocation_candidate.py:145}}
Dec 07 19:56:00.935361 n-d-820935-1 devstack@placement-api.service[110121]: DEBUG placement.objects.allocation_candidate [req-bbb4611d-9826-4dc4-8de6-8dae43ccaa18 req-7dee9b52-bc95-4b44-831d-15e75f235a57 service placement] Merging candidates yields 2 allocation requests and 2 provider summaries {{(pid=110121) _merge_candidates /opt/stack/placement/placement/objects/allocation_candidate.py:783}}
Dec 07 19:56:00.944538 n-d-820935-1 devstack@placement-api.service[110121]: INFO placement.requestlog [req-bbb4611d-9826-4dc4-8de6-8dae43ccaa18 req-7dee9b52-bc95-4b44-831d-15e75f235a57 service placement] 10.222.0.43 "GET /placement/allocation_candidates?limit=1000&resources=DISK_GB%3A1%2CMEMORY_MB%3A1024%2CVCPU%3A1&root_required=%21COMPUTE_STATUS_DISABLED" status: 200 len: 1309 microversion: 1.36
Dec 07 19:56:00.954432 n-d-820935-1 devstack@placement-api.service[110121]: [pid: 110121|app: 0|req: 106/211] 10.222.0.43 () {60 vars in 1506 bytes} [Tue Dec 7 19:56:00 2021] GET /placement/allocation_candidates?limit=1000&resources=DISK_GB%3A1%2CMEMORY_MB%3A1024%2CVCPU%3A1&root_required=%21COMPUTE_STATUS_DISABLED => generated 1309 bytes in 233 msecs (HTTP/1.1 200) 8 headers in 297 bytes (1 switches on core 0)
Dec 07 19:56:01.113047 n-d-820935-1 devstack@placement-api.service[110120]: DEBUG placement.requestlog [req-bbb4611d-9826-4dc4-8de6-8dae43ccaa18 req-686d44b5-a68a-4133-b4d1-77a4d90979a4 None None] Starting request: 10.222.0.43 "GET /placement/allocations/d3c53d89-847f-4bfc-a71a-cfe2ab45255e" {{(pid=110120) __call__ /opt/stack/placement/placement/requestlog.py:55}}
Dec 07 19:56:01.136786 n-d-820935-1 devstack@placement-api.service[110120]: INFO placement.requestlog [req-bbb4611d-9826-4dc4-8de6-8dae43ccaa18 req-686d44b5-a68a-4133-b4d1-77a4d90979a4 service placement] 10.222.0.43 "GET /placement/allocations/d3c53d89-847f-4bfc-a71a-cfe2ab45255e" status: 200 len: 19 microversion: 1.28
Dec 07 19:56:01.146974 n-d-820935-1 devstack@placement-api.service[110120]: [pid: 110120|app: 0|req: 106/212] 10.222.0.43 () {60 vars in 1380 bytes} [Tue Dec 7 19:56:01 2021] GET /placement/allocations/d3c53d89-847f-4bfc-a71a-cfe2ab45255e => generated 19 bytes in 34 msecs (HTTP/1.1 200) 8 headers in 295 bytes (1 switches on core 0)
Dec 07 19:56:01.167759 n-d-820935-1 devstack@placement-api.service[110121]: DEBUG placement.requestlog [req-bbb4611d-9826-4dc4-8de6-8dae43ccaa18 req-9d49b829-d79a-472b-a2be-70863c814db3 None None] Starting request: 10.222.0.43 "PUT /placement/allocations/d3c53d89-847f-4bfc-a71a-cfe2ab45255e" {{(pid=110121) __call__ /opt/stack/placement/placement/requestlog.py:55}}
Dec 07 19:56:01.312737 n-d-820935-1 devstack@placement-api.service[110121]: DEBUG placement.handlers.allocation [req-bbb4611d-9826-4dc4-8de6-8dae43ccaa18 req-9d49b829-d79a-472b-a2be-70863c814db3 service placement] Successfully wrote allocations [, , ] {{(pid=110121) _update_consumers_and_create_allocations /opt/stack/placement/placement/handlers/allocation.py:462}}
Dec 07 19:56:01.323839 n-d-820935-1 devstack@placement-api.service[110121]: INFO placement.requestlog [req-bbb4611d-9826-4dc4-8de6-8dae43ccaa18 req-9d49b829-d79a-472b-a2be-70863c814db3 service placement] 10.222.0.43 "PUT /placement/allocations/d3c53d89-847f-4bfc-a71a-cfe2ab45255e" status: 204 len: 0 microversion: 1.36
Dec 07 19:56:01.324969 n-d-820935-1 devstack@placement-api.service[110121]: [pid: 110121|app: 0|req: 107/213] 10.222.0.43 () {64 vars in 1433 bytes} [Tue Dec 7 19:56:01 2021] PUT /placement/allocations/d3c53d89-847f-4bfc-a71a-cfe2ab45255e => generated 0 bytes in 157 msecs (HTTP/1.1 204) 5 headers in 199 bytes (1 switches on core 0)
Dec 07 19:56:02.062504 n-d-820935-1 devstack@placement-api.service[110120]: DEBUG placement.requestlog [req-bbb4611d-9826-4dc4-8de6-8dae43ccaa18 req-664a3707-67c0-4588-a62c-b1e1d12bac47 None None] Starting request: 10.222.0.18 "GET /placement/allocations/d3c53d89-847f-4bfc-a71a-cfe2ab45255e" {{(pid=110120) __call__ /opt/stack/placement/placement/requestlog.py:55}}
Dec 07 19:56:02.100366 n-d-820935-1 devstack@placement-api.service[110120]: INFO placement.requestlog [req-bbb4611d-9826-4dc4-8de6-8dae43ccaa18 req-664a3707-67c0-4588-a62c-b1e1d12bac47 service placement] 10.222.0.18 "GET /placement/allocations/d3c53d89-847f-4bfc-a71a-cfe2ab45255e" status: 200 len: 259 microversion: 1.28
Dec 07 19:56:02.101141 n-d-820935-1 devstack@placement-api.service[110120]: [pid: 110120|app: 0|req: 107/214] 10.222.0.18 () {60 vars in 1377 bytes} [Tue Dec 7 19:56:02 2021] GET /placement/allocations/d3c53d89-847f-4bfc-a71a-cfe2ab45255e => generated 259 bytes in 39 msecs (HTTP/1.1 200) 8 headers in 296 bytes (1 switches on core 0)
Dec 07 19:56:07.238928 n-d-820935-1 devstack@placement-api.service[110121]: DEBUG placement.requestlog [req-18177179-33ee-43d9-b9bb-9ecd41e9e35c req-2e0e80a1-4236-4370-bc9d-98ef26f187e2 None None] Starting request: 10.222.0.47 "DELETE /placement/allocations/3b210cb3-1220-40e5-9938-ddcbd3bc93c9" {{(pid=110121) __call__ /opt/stack/placement/placement/requestlog.py:55}}
Dec 07 19:56:07.340709 n-d-820935-1 devstack@placement-api.service[110121]: DEBUG placement.handlers.allocation [req-18177179-33ee-43d9-b9bb-9ecd41e9e35c req-2e0e80a1-4236-4370-bc9d-98ef26f187e2 service placement] Successfully deleted allocations [, , ] {{(pid=110121) delete_allocations /opt/stack/placement/placement/handlers/allocation.py:627}}
Dec 07 19:56:07.341769 n-d-820935-1 devstack@placement-api.service[110121]: INFO placement.requestlog [req-18177179-33ee-43d9-b9bb-9ecd41e9e35c req-2e0e80a1-4236-4370-bc9d-98ef26f187e2 service placement] 10.222.0.47 "DELETE /placement/allocations/3b210cb3-1220-40e5-9938-ddcbd3bc93c9" status: 204 len: 0 microversion: 1.0
Dec 07 19:56:07.342271 n-d-820935-1 devstack@placement-api.service[110121]: [pid: 110121|app: 0|req: 108/215] 10.222.0.47 () {60 vars in 1355 bytes} [Tue Dec 7 19:56:07 2021] DELETE /placement/allocations/3b210cb3-1220-40e5-9938-ddcbd3bc93c9 => generated 0 bytes in 104 msecs (HTTP/1.1 204) 5 headers in 198 bytes (1 switches on core 0)
Dec 07 19:56:21.540842 n-d-820935-1 devstack@placement-api.service[110120]: DEBUG placement.requestlog [req-1d022d2a-eebc-48d1-b8f6-5f57b4fe47d5 req-aba05cc3-da3a-412b-ba93-dd6495e62998 None None] Starting request: 10.222.0.43 "GET /placement/allocation_candidates?limit=1000&resources=DISK_GB%3A1%2CMEMORY_MB%3A1024%2CVCPU%3A1&root_required=%21COMPUTE_STATUS_DISABLED" {{(pid=110120) __call__ /opt/stack/placement/placement/requestlog.py:55}}
Dec 07 19:56:21.586598 n-d-820935-1 devstack@placement-api.service[110120]: DEBUG placement.objects.research_context [req-1d022d2a-eebc-48d1-b8f6-5f57b4fe47d5 req-aba05cc3-da3a-412b-ba93-dd6495e62998 service placement] getting providers with 1 DISK_GB {{(pid=110120) __init__ /opt/stack/placement/placement/objects/research_context.py:126}}
Dec 07 19:56:21.592214 n-d-820935-1 devstack@placement-api.service[110120]: DEBUG placement.objects.research_context [req-1d022d2a-eebc-48d1-b8f6-5f57b4fe47d5 req-aba05cc3-da3a-412b-ba93-dd6495e62998 service placement] getting providers with 1024 MEMORY_MB {{(pid=110120) __init__ /opt/stack/placement/placement/objects/research_context.py:126}}
