Dec 16 09:50:26.569101 n-d-820558-3 cinder-volume[91818]: DEBUG cinder.volume.manager [None req-3b7c8f99-6377-47d9-af46-ef35c2b89ca4 tempest-VolumesCloneTest-227071035 None] Flow 'volume_create_manager' (10d5e1c2-b3fd-49f1-8581-bcfb508a6336) transitioned into state 'SUCCESS' from state 'RUNNING' {{(pid=91818) _flow_receiver /usr/local/lib/python3.8/dist-packages/taskflow/listeners/logging.py:141}}
Dec 16 09:50:26.585795 n-d-820558-3 cinder-volume[91818]: INFO cinder.volume.manager [None req-3b7c8f99-6377-47d9-af46-ef35c2b89ca4 tempest-VolumesCloneTest-227071035 None] Created volume successfully.
Dec 16 09:50:29.028404 n-d-820558-3 cinder-volume[91818]: DEBUG cinder.volume.flows.manager.create_volume [None req-61d58d66-9a59-4109-9023-289502df7bb6 tempest-VolumesCloneTest-227071035 None] Volume reschedule parameters: True retry: {'num_attempts': 1, 'backends': ['n-d-820558-3@lvmdriver-1#lvmdriver-1'], 'hosts': ['n-d-820558-3@lvmdriver-1#lvmdriver-1']} {{(pid=91818) get_flow /opt/stack/cinder/cinder/volume/flows/manager/create_volume.py:1293}}
Dec 16 09:50:29.047521 n-d-820558-3 cinder-volume[91818]: WARNING stevedore.named [None req-61d58d66-9a59-4109-9023-289502df7bb6 tempest-VolumesCloneTest-227071035 None] Could not load cinder.keymgr.conf_key_mgr.ConfKeyManager
Dec 16 09:50:29.048036 n-d-820558-3 cinder-volume[91818]: WARNING castellan.key_manager [None req-61d58d66-9a59-4109-9023-289502df7bb6 tempest-VolumesCloneTest-227071035 None] Deprecation Warning : cinder.keymgr.conf_key_mgr.ConfKeyManager is not a stevedore based driver, trying to load it as a class: stevedore.exception.NoMatches: No 'castellan.drivers' driver found, looking for 'cinder.keymgr.conf_key_mgr.ConfKeyManager'
Dec 16 09:50:29.169333 n-d-820558-3 cinder-volume[91818]: DEBUG cinder.volume.manager [None req-61d58d66-9a59-4109-9023-289502df7bb6 tempest-VolumesCloneTest-227071035 None] Flow 'volume_create_manager' (03d70db5-88a6-4c51-914f-505a89659e30) transitioned into state 'RUNNING' from state 'PENDING' {{(pid=91818) _flow_receiver /usr/local/lib/python3.8/dist-packages/taskflow/listeners/logging.py:141}}
Dec 16 09:50:29.184023 n-d-820558-3 cinder-volume[91818]: DEBUG cinder.volume.manager [None req-61d58d66-9a59-4109-9023-289502df7bb6 tempest-VolumesCloneTest-227071035 None] Task 'cinder.volume.flows.manager.create_volume.ExtractVolumeRefTask;volume:create' (505500d7-da64-44e2-902a-c06f01032d3e) transitioned into state 'RUNNING' from state 'PENDING' {{(pid=91818) _task_receiver /usr/local/lib/python3.8/dist-packages/taskflow/listeners/logging.py:190}}
Dec 16 09:50:29.233319 n-d-820558-3 cinder-volume[91818]: DEBUG oslo_db.sqlalchemy.engines [None req-61d58d66-9a59-4109-9023-289502df7bb6 tempest-VolumesCloneTest-227071035 None] MySQL server mode set to STRICT_TRANS_TABLES,STRICT_ALL_TABLES,NO_ZERO_IN_DATE,NO_ZERO_DATE,ERROR_FOR_DIVISION_BY_ZERO,TRADITIONAL,NO_ENGINE_SUBSTITUTION {{(pid=91818) _check_effective_sql_mode /usr/local/lib/python3.8/dist-packages/oslo_db/sqlalchemy/engines.py:304}}
Dec 16 09:50:29.283810 n-d-820558-3 cinder-volume[91818]: DEBUG cinder.volume.manager [None req-61d58d66-9a59-4109-9023-289502df7bb6 tempest-VolumesCloneTest-227071035 None] Task 'cinder.volume.flows.manager.create_volume.ExtractVolumeRefTask;volume:create' (505500d7-da64-44e2-902a-c06f01032d3e) transitioned into state 'SUCCESS' from state 'RUNNING' with result 'Volume(_name_id=None,admin_metadata=,attach_status='detached',availability_zone='nova',bootable=False,cluster=,cluster_name=None,consistencygroup=,consistencygroup_id=None,created_at=2021-12-16T09:50:28Z,deleted=False,deleted_at=None,display_description=None,display_name='tempest-VolumesCloneTest-Volume-2006792873',ec2_id=None,encryption_key_id=None,glance_metadata=,group=,group_id=None,host='n-d-820558-3@lvmdriver-1#lvmdriver-1',id=8c1c01e3-cc6c-4db4-bbb7-df49c7c00618,launched_at=None,metadata={},migration_status=None,multiattach=False,previous_status=None,project_id='80afdfeec43441fd9205605666a1d171',provider_auth=None,provider_geometry=None,provider_id=None,provider_location=None,replication_driver_data=None,replication_extended_status=None,replication_status=None,scheduled_at=2021-12-16T09:50:29Z,service_uuid=None,shared_targets=True,size=2,snapshot_id=None,snapshots=,source_volid=21fecbbf-290c-4e27-a2af-713bad1b3a67,status='creating',terminated_at=None,updated_at=2021-12-16T09:50:29Z,user_id='46a8ed046ffa48ad8a94ef5f3e05ae1e',volume_attachment=,volume_type=VolumeType(5c727c3c-8f69-4bc3-8bd6-8031e59f8a7b),volume_type_id=5c727c3c-8f69-4bc3-8bd6-8031e59f8a7b)' {{(pid=91818) _task_receiver /usr/local/lib/python3.8/dist-packages/taskflow/listeners/logging.py:178}}
Dec 16 09:50:29.318717 n-d-820558-3 cinder-volume[91818]: DEBUG cinder.volume.manager [None req-61d58d66-9a59-4109-9023-289502df7bb6 tempest-VolumesCloneTest-227071035 None] Task 'cinder.volume.flows.manager.create_volume.OnFailureRescheduleTask;volume:create' (3305e8f1-d76d-4fb0-9785-3d05ec356018) transitioned into state 'RUNNING' from state 'PENDING' {{(pid=91818) _task_receiver /usr/local/lib/python3.8/dist-packages/taskflow/listeners/logging.py:190}}
Dec 16 09:50:29.320891 n-d-820558-3 cinder-volume[91818]: DEBUG cinder.volume.manager [None req-61d58d66-9a59-4109-9023-289502df7bb6 tempest-VolumesCloneTest-227071035 None] Task 'cinder.volume.flows.manager.create_volume.OnFailureRescheduleTask;volume:create' (3305e8f1-d76d-4fb0-9785-3d05ec356018) transitioned into state 'SUCCESS' from state 'RUNNING' with result 'None' {{(pid=91818) _task_receiver /usr/local/lib/python3.8/dist-packages/taskflow/listeners/logging.py:178}}
Dec 16 09:50:29.324378 n-d-820558-3 cinder-volume[91818]: DEBUG cinder.volume.manager [None req-61d58d66-9a59-4109-9023-289502df7bb6 tempest-VolumesCloneTest-227071035 None] Task 'cinder.volume.flows.manager.create_volume.ExtractVolumeSpecTask;volume:create' (10b9c17c-352e-47dd-a6e5-66b2855656af) transitioned into state 'RUNNING' from state 'PENDING' {{(pid=91818) _task_receiver /usr/local/lib/python3.8/dist-packages/taskflow/listeners/logging.py:190}}
Dec 16 09:50:29.434814 n-d-820558-3 cinder-volume[91818]: DEBUG cinder.volume.manager [None req-61d58d66-9a59-4109-9023-289502df7bb6 tempest-VolumesCloneTest-227071035 None] Task 'cinder.volume.flows.manager.create_volume.ExtractVolumeSpecTask;volume:create' (10b9c17c-352e-47dd-a6e5-66b2855656af) transitioned into state 'SUCCESS' from state 'RUNNING' with result '{'status': 'creating', 'type': 'source_vol', 'volume_id': '8c1c01e3-cc6c-4db4-bbb7-df49c7c00618', 'volume_name': 'volume-8c1c01e3-cc6c-4db4-bbb7-df49c7c00618', 'volume_size': 2, 'source_volid': '21fecbbf-290c-4e27-a2af-713bad1b3a67', 'source_volstatus': 'available'}' {{(pid=91818) _task_receiver /usr/local/lib/python3.8/dist-packages/taskflow/listeners/logging.py:178}}
Dec 16 09:50:29.437114 n-d-820558-3 cinder-volume[91818]: DEBUG cinder.volume.manager [None req-61d58d66-9a59-4109-9023-289502df7bb6 tempest-VolumesCloneTest-227071035 None] Task 'cinder.volume.flows.manager.create_volume.NotifyVolumeActionTask;volume:create, create.start' (708af59f-4b1c-4830-ad40-b18546c65011) transitioned into state 'RUNNING' from state 'PENDING' {{(pid=91818) _task_receiver /usr/local/lib/python3.8/dist-packages/taskflow/listeners/logging.py:190}}
Dec 16 09:50:29.456166 n-d-820558-3 cinder-volume[91818]: DEBUG cinder.volume.manager [None req-61d58d66-9a59-4109-9023-289502df7bb6 tempest-VolumesCloneTest-227071035 None] Task 'cinder.volume.flows.manager.create_volume.NotifyVolumeActionTask;volume:create, create.start' (708af59f-4b1c-4830-ad40-b18546c65011) transitioned into state 'SUCCESS' from state 'RUNNING' with result 'None' {{(pid=91818) _task_receiver /usr/local/lib/python3.8/dist-packages/taskflow/listeners/logging.py:178}}
Dec 16 09:50:29.461558 n-d-820558-3 cinder-volume[91818]: DEBUG cinder.volume.manager [None req-61d58d66-9a59-4109-9023-289502df7bb6 tempest-VolumesCloneTest-227071035 None] Task 'cinder.volume.flows.manager.create_volume.CreateVolumeFromSpecTask;volume:create' (f7d7c245-3286-4b4d-8924-7cf64bfd1164) transitioned into state 'RUNNING' from state 'PENDING' {{(pid=91818) _task_receiver /usr/local/lib/python3.8/dist-packages/taskflow/listeners/logging.py:190}}
Dec 16 09:50:29.473274 n-d-820558-3 cinder-volume[91818]: INFO cinder.volume.flows.manager.create_volume [None req-61d58d66-9a59-4109-9023-289502df7bb6 tempest-VolumesCloneTest-227071035 None] Volume 8c1c01e3-cc6c-4db4-bbb7-df49c7c00618: being created as source_vol with specification: {'status': 'creating', 'volume_name': 'volume-8c1c01e3-cc6c-4db4-bbb7-df49c7c00618', 'volume_size': 2, 'source_volid': '21fecbbf-290c-4e27-a2af-713bad1b3a67', 'source_volstatus': 'available'}
Dec 16 09:50:29.642352 n-d-820558-3 cinder-volume[91818]: INFO cinder.volume.drivers.lvm [None req-61d58d66-9a59-4109-9023-289502df7bb6 tempest-VolumesCloneTest-227071035 None] Creating clone of volume: 21fecbbf-290c-4e27-a2af-713bad1b3a67
Dec 16 09:50:29.646409 n-d-820558-3 cinder-volume[91818]: DEBUG oslo_concurrency.processutils [None req-61d58d66-9a59-4109-9023-289502df7bb6 tempest-VolumesCloneTest-227071035 None] Running cmd (subprocess): sudo cinder-rootwrap /etc/cinder/rootwrap.conf env LC_ALL=C lvs --noheadings --unit=g -o vg_name,name,size --nosuffix stack-volumes-lvmdriver-1/volume-21fecbbf-290c-4e27-a2af-713bad1b3a67 {{(pid=91818) execute /usr/local/lib/python3.8/dist-packages/oslo_concurrency/processutils.py:384}}
Dec 16 09:50:29.731890 n-d-820558-3 sudo[112383]: ubuntu : TTY=unknown ; PWD=/ ; USER=root ; COMMAND=/usr/local/bin/cinder-rootwrap /etc/cinder/rootwrap.conf env LC_ALL=C lvs --noheadings --unit=g -o vg_name,name,size --nosuffix stack-volumes-lvmdriver-1/volume-21fecbbf-290c-4e27-a2af-713bad1b3a67
Dec 16 09:50:29.734073 n-d-820558-3 sudo[112383]: pam_unix(sudo:session): session opened for user root by (uid=0)
Dec 16 09:50:30.648773 n-d-820558-3 sudo[112383]: pam_unix(sudo:session): session closed for user root
Dec 16 09:50:30.652563 n-d-820558-3 cinder-volume[91818]: DEBUG oslo_concurrency.processutils [None req-61d58d66-9a59-4109-9023-289502df7bb6 tempest-VolumesCloneTest-227071035 None] CMD "sudo cinder-rootwrap /etc/cinder/rootwrap.conf env LC_ALL=C lvs --noheadings --unit=g -o vg_name,name,size --nosuffix stack-volumes-lvmdriver-1/volume-21fecbbf-290c-4e27-a2af-713bad1b3a67" returned: 0 in 1.007s {{(pid=91818) execute /usr/local/lib/python3.8/dist-packages/oslo_concurrency/processutils.py:422}}
Dec 16 09:50:30.654086 n-d-820558-3 cinder-volume[91818]: DEBUG oslo_concurrency.processutils [None req-61d58d66-9a59-4109-9023-289502df7bb6 tempest-VolumesCloneTest-227071035 None] Running cmd (subprocess): sudo cinder-rootwrap /etc/cinder/rootwrap.conf env LC_ALL=C lvcreate --name clone-snap-8c1c01e3-cc6c-4db4-bbb7-df49c7c00618 --snapshot stack-volumes-lvmdriver-1/volume-21fecbbf-290c-4e27-a2af-713bad1b3a67 -L 1.00g {{(pid=91818) execute /usr/local/lib/python3.8/dist-packages/oslo_concurrency/processutils.py:384}}
Dec 16 09:50:30.716659 n-d-820558-3 sudo[112404]: ubuntu : TTY=unknown ; PWD=/ ; USER=root ; COMMAND=/usr/local/bin/cinder-rootwrap /etc/cinder/rootwrap.conf env LC_ALL=C lvcreate --name clone-snap-8c1c01e3-cc6c-4db4-bbb7-df49c7c00618 --snapshot stack-volumes-lvmdriver-1/volume-21fecbbf-290c-4e27-a2af-713bad1b3a67 -L 1.00g
Dec 16 09:50:30.725351 n-d-820558-3 sudo[112404]: pam_unix(sudo:session): session opened for user root by (uid=0)
Dec 16 09:50:31.993124 n-d-820558-3 sudo[112404]: pam_unix(sudo:session): session closed for user root
Dec 16 09:50:31.996261 n-d-820558-3 cinder-volume[91818]: DEBUG oslo_concurrency.processutils [None req-61d58d66-9a59-4109-9023-289502df7bb6 tempest-VolumesCloneTest-227071035 None] CMD "sudo cinder-rootwrap /etc/cinder/rootwrap.conf env LC_ALL=C lvcreate --name clone-snap-8c1c01e3-cc6c-4db4-bbb7-df49c7c00618 --snapshot stack-volumes-lvmdriver-1/volume-21fecbbf-290c-4e27-a2af-713bad1b3a67 -L 1.00g" returned: 0 in 1.342s {{(pid=91818) execute /usr/local/lib/python3.8/dist-packages/oslo_concurrency/processutils.py:422}}
Dec 16 09:50:31.998250 n-d-820558-3 cinder-volume[91818]: DEBUG oslo_concurrency.processutils [None req-61d58d66-9a59-4109-9023-289502df7bb6 tempest-VolumesCloneTest-227071035 None] Running cmd (subprocess): sudo cinder-rootwrap /etc/cinder/rootwrap.conf env LC_ALL=C lvcreate -n volume-8c1c01e3-cc6c-4db4-bbb7-df49c7c00618 stack-volumes-lvmdriver-1 -L 2g {{(pid=91818) execute /usr/local/lib/python3.8/dist-packages/oslo_concurrency/processutils.py:384}}
Dec 16 09:50:32.039346 n-d-820558-3 sudo[112517]: ubuntu : TTY=unknown ; PWD=/ ; USER=root ; COMMAND=/usr/local/bin/cinder-rootwrap /etc/cinder/rootwrap.conf env LC_ALL=C lvcreate -n volume-8c1c01e3-cc6c-4db4-bbb7-df49c7c00618 stack-volumes-lvmdriver-1 -L 2g
Dec 16 09:50:32.040859 n-d-820558-3 sudo[112517]: pam_unix(sudo:session): session opened for user root by (uid=0)
Dec 16 09:50:32.910973 n-d-820558-3 sudo[112517]: pam_unix(sudo:session): session closed for user root
Dec 16 09:50:32.913506 n-d-820558-3 cinder-volume[91818]: DEBUG oslo_concurrency.processutils [None req-61d58d66-9a59-4109-9023-289502df7bb6 tempest-VolumesCloneTest-227071035 None] CMD "sudo cinder-rootwrap /etc/cinder/rootwrap.conf env LC_ALL=C lvcreate -n volume-8c1c01e3-cc6c-4db4-bbb7-df49c7c00618 stack-volumes-lvmdriver-1 -L 2g" returned: 0 in 0.915s {{(pid=91818) execute /usr/local/lib/python3.8/dist-packages/oslo_concurrency/processutils.py:422}}
Dec 16 09:50:32.917109 n-d-820558-3 cinder-volume[91818]: DEBUG oslo_concurrency.processutils [None req-61d58d66-9a59-4109-9023-289502df7bb6 tempest-VolumesCloneTest-227071035 None] Running cmd (subprocess): sudo cinder-rootwrap /etc/cinder/rootwrap.conf lvchange -a y --yes -K stack-volumes-lvmdriver-1/clone-snap-8c1c01e3-cc6c-4db4-bbb7-df49c7c00618 {{(pid=91818) execute /usr/local/lib/python3.8/dist-packages/oslo_concurrency/processutils.py:384}}
Dec 16 09:50:32.941321 n-d-820558-3 sudo[112555]: ubuntu : TTY=unknown ; PWD=/ ; USER=root ; COMMAND=/usr/local/bin/cinder-rootwrap /etc/cinder/rootwrap.conf lvchange -a y --yes -K stack-volumes-lvmdriver-1/clone-snap-8c1c01e3-cc6c-4db4-bbb7-df49c7c00618
Dec 16 09:50:32.942223 n-d-820558-3 sudo[112555]: pam_unix(sudo:session): session opened for user root by (uid=0)
Dec 16 09:50:33.510723 n-d-820558-3 sudo[112555]: pam_unix(sudo:session): session closed for user root
Dec 16 09:50:33.513562 n-d-820558-3 cinder-volume[91818]: DEBUG oslo_concurrency.processutils [None req-61d58d66-9a59-4109-9023-289502df7bb6 tempest-VolumesCloneTest-227071035 None] CMD "sudo cinder-rootwrap /etc/cinder/rootwrap.conf lvchange -a y --yes -K stack-volumes-lvmdriver-1/clone-snap-8c1c01e3-cc6c-4db4-bbb7-df49c7c00618" returned: 0 in 0.596s {{(pid=91818) execute /usr/local/lib/python3.8/dist-packages/oslo_concurrency/processutils.py:422}}
Dec 16 09:50:33.516397 n-d-820558-3 cinder-volume[91818]: DEBUG oslo_concurrency.processutils [None req-61d58d66-9a59-4109-9023-289502df7bb6 tempest-VolumesCloneTest-227071035 None] Running cmd (subprocess): sudo cinder-rootwrap /etc/cinder/rootwrap.conf dd count=0 if=/dev/mapper/stack--volumes--lvmdriver--1-clone--snap--8c1c01e3--cc6c--4db4--bbb7--df49c7c00618 of=/dev/mapper/stack--volumes--lvmdriver--1-volume--8c1c01e3--cc6c--4db4--bbb7--df49c7c00618 iflag=direct {{(pid=91818) execute /usr/local/lib/python3.8/dist-packages/oslo_concurrency/processutils.py:384}}
Dec 16 09:50:33.577029 n-d-820558-3 sudo[112558]: ubuntu : TTY=unknown ; PWD=/ ; USER=root ; COMMAND=/usr/local/bin/cinder-rootwrap /etc/cinder/rootwrap.conf dd count=0 if=/dev/mapper/stack--volumes--lvmdriver--1-clone--snap--8c1c01e3--cc6c--4db4--bbb7--df49c7c00618 of=/dev/mapper/stack--volumes--lvmdriver--1-volume--8c1c01e3--cc6c--4db4--bbb7--df49c7c00618 iflag=direct
Dec 16 09:50:33.582926 n-d-820558-3 sudo[112558]: pam_unix(sudo:session): session opened for user root by (uid=0)
Dec 16 09:50:34.106662 n-d-820558-3 sudo[112558]: pam_unix(sudo:session): session closed for user root
Dec 16 09:50:34.119864 n-d-820558-3 cinder-volume[91818]: DEBUG oslo_concurrency.processutils [None req-61d58d66-9a59-4109-9023-289502df7bb6 tempest-VolumesCloneTest-227071035 None] CMD "sudo cinder-rootwrap /etc/cinder/rootwrap.conf dd count=0 if=/dev/mapper/stack--volumes--lvmdriver--1-clone--snap--8c1c01e3--cc6c--4db4--bbb7--df49c7c00618 of=/dev/mapper/stack--volumes--lvmdriver--1-volume--8c1c01e3--cc6c--4db4--bbb7--df49c7c00618 iflag=direct" returned: 0 in 0.603s {{(pid=91818) execute /usr/local/lib/python3.8/dist-packages/oslo_concurrency/processutils.py:422}}
Dec 16 09:50:34.121155 n-d-820558-3 cinder-volume[91818]: DEBUG oslo_concurrency.processutils [None req-61d58d66-9a59-4109-9023-289502df7bb6 tempest-VolumesCloneTest-227071035 None] Running cmd (subprocess): sudo cinder-rootwrap /etc/cinder/rootwrap.conf dd count=0 if=/dev/mapper/stack--volumes--lvmdriver--1-clone--snap--8c1c01e3--cc6c--4db4--bbb7--df49c7c00618 of=/dev/mapper/stack--volumes--lvmdriver--1-volume--8c1c01e3--cc6c--4db4--bbb7--df49c7c00618 oflag=direct {{(pid=91818) execute /usr/local/lib/python3.8/dist-packages/oslo_concurrency/processutils.py:384}}
Dec 16 09:50:34.156544 n-d-820558-3 sudo[112570]: ubuntu : TTY=unknown ; PWD=/ ; USER=root ; COMMAND=/usr/local/bin/cinder-rootwrap /etc/cinder/rootwrap.conf dd count=0 if=/dev/mapper/stack--volumes--lvmdriver--1-clone--snap--8c1c01e3--cc6c--4db4--bbb7--df49c7c00618 of=/dev/mapper/stack--volumes--lvmdriver--1-volume--8c1c01e3--cc6c--4db4--bbb7--df49c7c00618 oflag=direct
Dec 16 09:50:34.157415 n-d-820558-3 sudo[112570]: pam_unix(sudo:session): session opened for user root by (uid=0)
Dec 16 09:50:34.750347 n-d-820558-3 sudo[112570]: pam_unix(sudo:session): session closed for user root
Dec 16 09:50:34.753649 n-d-820558-3 cinder-volume[91818]: DEBUG oslo_concurrency.processutils [None req-61d58d66-9a59-4109-9023-289502df7bb6 tempest-VolumesCloneTest-227071035 None] CMD "sudo cinder-rootwrap /etc/cinder/rootwrap.conf dd count=0 if=/dev/mapper/stack--volumes--lvmdriver--1-clone--snap--8c1c01e3--cc6c--4db4--bbb7--df49c7c00618 of=/dev/mapper/stack--volumes--lvmdriver--1-volume--8c1c01e3--cc6c--4db4--bbb7--df49c7c00618 oflag=direct" returned: 0 in 0.632s {{(pid=91818) execute /usr/local/lib/python3.8/dist-packages/oslo_concurrency/processutils.py:422}}
Dec 16 09:50:34.758485 n-d-820558-3 cinder-volume[91818]: DEBUG oslo_concurrency.processutils [None req-61d58d66-9a59-4109-9023-289502df7bb6 tempest-VolumesCloneTest-227071035 None] Running cmd (subprocess): sudo cinder-rootwrap /etc/cinder/rootwrap.conf dd if=/dev/mapper/stack--volumes--lvmdriver--1-clone--snap--8c1c01e3--cc6c--4db4--bbb7--df49c7c00618 of=/dev/mapper/stack--volumes--lvmdriver--1-volume--8c1c01e3--cc6c--4db4--bbb7--df49c7c00618 count=1073741824 bs=1M iflag=count_bytes,direct oflag=direct {{(pid=91818) execute /usr/local/lib/python3.8/dist-packages/oslo_concurrency/processutils.py:384}}
Dec 16 09:50:34.814264 n-d-820558-3 sudo[112582]: ubuntu : TTY=unknown ; PWD=/ ; USER=root ; COMMAND=/usr/local/bin/cinder-rootwrap /etc/cinder/rootwrap.conf dd if=/dev/mapper/stack--volumes--lvmdriver--1-clone--snap--8c1c01e3--cc6c--4db4--bbb7--df49c7c00618 of=/dev/mapper/stack--volumes--lvmdriver--1-volume--8c1c01e3--cc6c--4db4--bbb7--df49c7c00618 count=1073741824 bs=1M iflag=count_bytes,direct oflag=direct
Dec 16 09:50:34.815082 n-d-820558-3 sudo[112582]: pam_unix(sudo:session): session opened for user root by (uid=0)
Dec 16 09:50:42.260666 n-d-820558-3 sudo[112582]: pam_unix(sudo:session): session closed for user root
Dec 16 09:50:42.263095 n-d-820558-3 cinder-volume[91818]: DEBUG oslo_concurrency.processutils [None req-61d58d66-9a59-4109-9023-289502df7bb6 tempest-VolumesCloneTest-227071035 None] CMD "sudo cinder-rootwrap /etc/cinder/rootwrap.conf dd if=/dev/mapper/stack--volumes--lvmdriver--1-clone--snap--8c1c01e3--cc6c--4db4--bbb7--df49c7c00618 of=/dev/mapper/stack--volumes--lvmdriver--1-volume--8c1c01e3--cc6c--4db4--bbb7--df49c7c00618 count=1073741824 bs=1M iflag=count_bytes,direct oflag=direct" returned: 0 in 7.505s {{(pid=91818) execute /usr/local/lib/python3.8/dist-packages/oslo_concurrency/processutils.py:422}}
Dec 16 09:50:42.264096 n-d-820558-3 cinder-volume[91818]: DEBUG cinder.volume.volume_utils [None req-61d58d66-9a59-4109-9023-289502df7bb6 tempest-VolumesCloneTest-227071035 None] Volume copy details: src /dev/mapper/stack--volumes--lvmdriver--1-clone--snap--8c1c01e3--cc6c--4db4--bbb7--df49c7c00618, dest /dev/mapper/stack--volumes--lvmdriver--1-volume--8c1c01e3--cc6c--4db4--bbb7--df49c7c00618, size 1024.00 MB, duration 7.51 sec {{(pid=91818) _copy_volume_with_path /opt/stack/cinder/cinder/volume/volume_utils.py:501}}
Dec 16 09:50:42.264633 n-d-820558-3 cinder-volume[91818]: INFO cinder.volume.volume_utils [None req-61d58d66-9a59-4109-9023-289502df7bb6 tempest-VolumesCloneTest-227071035 None] Volume copy 1024.00 MB at 136.41 MB/s
Dec 16 09:50:42.266221 n-d-820558-3 cinder-volume[91818]: DEBUG oslo_concurrency.processutils [None req-61d58d66-9a59-4109-9023-289502df7bb6 tempest-VolumesCloneTest-227071035 None] Running cmd (subprocess): sudo cinder-rootwrap /etc/cinder/rootwrap.conf env LC_ALL=C lvs --noheadings --unit=g -o vg_name,name,size --nosuffix stack-volumes-lvmdriver-1/clone-snap-8c1c01e3-cc6c-4db4-bbb7-df49c7c00618 {{(pid=91818) execute /usr/local/lib/python3.8/dist-packages/oslo_concurrency/processutils.py:384}}
Dec 16 09:50:42.314554 n-d-820558-3 sudo[112685]: ubuntu : TTY=unknown ; PWD=/ ; USER=root ; COMMAND=/usr/local/bin/cinder-rootwrap /etc/cinder/rootwrap.conf env LC_ALL=C lvs --noheadings --unit=g -o vg_name,name,size --nosuffix stack-volumes-lvmdriver-1/clone-snap-8c1c01e3-cc6c-4db4-bbb7-df49c7c00618
Dec 16 09:50:42.317769 n-d-820558-3 sudo[112685]: pam_unix(sudo:session): session opened for user root by (uid=0)
Dec 16 09:50:42.813878 n-d-820558-3 sudo[112685]: pam_unix(sudo:session): session closed for user root
Dec 16 09:50:42.816193 n-d-820558-3 cinder-volume[91818]: DEBUG oslo_concurrency.processutils [None req-61d58d66-9a59-4109-9023-289502df7bb6 tempest-VolumesCloneTest-227071035 None] CMD "sudo cinder-rootwrap /etc/cinder/rootwrap.conf env LC_ALL=C lvs --noheadings --unit=g -o vg_name,name,size --nosuffix stack-volumes-lvmdriver-1/clone-snap-8c1c01e3-cc6c-4db4-bbb7-df49c7c00618" returned: 0 in 0.550s {{(pid=91818) execute /usr/local/lib/python3.8/dist-packages/oslo_concurrency/processutils.py:422}}
Dec 16 09:50:42.819156 n-d-820558-3 cinder-volume[91818]: DEBUG oslo_concurrency.processutils [None req-61d58d66-9a59-4109-9023-289502df7bb6 tempest-VolumesCloneTest-227071035 None] Running cmd (subprocess): sudo cinder-rootwrap /etc/cinder/rootwrap.conf lvremove --config activation { retry_deactivation = 1} -f stack-volumes-lvmdriver-1/clone-snap-8c1c01e3-cc6c-4db4-bbb7-df49c7c00618 {{(pid=91818) execute /usr/local/lib/python3.8/dist-packages/oslo_concurrency/processutils.py:384}}
Dec 16 09:50:42.843849 n-d-820558-3 sudo[112688]: ubuntu : TTY=unknown ; PWD=/ ; USER=root ; COMMAND=/usr/local/bin/cinder-rootwrap /etc/cinder/rootwrap.conf lvremove --config activation { retry_deactivation = 1} -f stack-volumes-lvmdriver-1/clone-snap-8c1c01e3-cc6c-4db4-bbb7-df49c7c00618
Dec 16 09:50:42.845823 n-d-820558-3 sudo[112688]: pam_unix(sudo:session): session opened for user root by (uid=0)
Dec 16 09:50:43.669780 n-d-820558-3 sudo[112688]: pam_unix(sudo:session): session closed for user root
Dec 16 09:50:43.672315 n-d-820558-3 cinder-volume[91818]: DEBUG oslo_concurrency.processutils [None req-61d58d66-9a59-4109-9023-289502df7bb6 tempest-VolumesCloneTest-227071035 None] CMD "sudo cinder-rootwrap /etc/cinder/rootwrap.conf lvremove --config activation { retry_deactivation = 1} -f stack-volumes-lvmdriver-1/clone-snap-8c1c01e3-cc6c-4db4-bbb7-df49c7c00618" returned: 0 in 0.853s {{(pid=91818) execute /usr/local/lib/python3.8/dist-packages/oslo_concurrency/processutils.py:422}}
Dec 16 09:50:43.678010 n-d-820558-3 cinder-volume[91818]: DEBUG cinder.volume.manager [None req-61d58d66-9a59-4109-9023-289502df7bb6 tempest-VolumesCloneTest-227071035 None] Task 'cinder.volume.flows.manager.create_volume.CreateVolumeFromSpecTask;volume:create' (f7d7c245-3286-4b4d-8924-7cf64bfd1164) transitioned into state 'SUCCESS' from state 'RUNNING' with result '{'status': 'creating', 'volume_name': 'volume-8c1c01e3-cc6c-4db4-bbb7-df49c7c00618', 'volume_size': 2, 'source_volid': '21fecbbf-290c-4e27-a2af-713bad1b3a67', 'source_volstatus': 'available'}' {{(pid=91818) _task_receiver /usr/local/lib/python3.8/dist-packages/taskflow/listeners/logging.py:178}}
Dec 16 09:50:43.681426 n-d-820558-3 cinder-volume[91818]: DEBUG cinder.volume.manager [None req-61d58d66-9a59-4109-9023-289502df7bb6 tempest-VolumesCloneTest-227071035 None] Task 'cinder.volume.flows.manager.create_volume.CreateVolumeOnFinishTask;volume:create, create.end' (08f4af1c-599b-43e3-94ff-515f23d228dc) transitioned into state 'RUNNING' from state 'PENDING' {{(pid=91818) _task_receiver /usr/local/lib/python3.8/dist-packages/taskflow/listeners/logging.py:190}}
Dec 16 09:50:43.698725 n-d-820558-3 cinder-volume[91818]: INFO cinder.volume.flows.manager.create_volume [None req-61d58d66-9a59-4109-9023-289502df7bb6 tempest-VolumesCloneTest-227071035 None] Volume volume-8c1c01e3-cc6c-4db4-bbb7-df49c7c00618 (8c1c01e3-cc6c-4db4-bbb7-df49c7c00618): created successfully
Dec 16 09:50:43.702618 n-d-820558-3 cinder-volume[91818]: DEBUG cinder.volume.manager [None req-61d58d66-9a59-4109-9023-289502df7bb6 tempest-VolumesCloneTest-227071035 None] Task 'cinder.volume.flows.manager.create_volume.CreateVolumeOnFinishTask;volume:create, create.end' (08f4af1c-599b-43e3-94ff-515f23d228dc) transitioned into state 'SUCCESS' from state 'RUNNING' with result 'None' {{(pid=91818) _task_receiver /usr/local/lib/python3.8/dist-packages/taskflow/listeners/logging.py:178}}
Dec 16 09:50:43.708227 n-d-820558-3 cinder-volume[91818]: DEBUG cinder.volume.manager [None req-61d58d66-9a59-4109-9023-289502df7bb6 tempest-VolumesCloneTest-227071035 None] Flow 'volume_create_manager' (03d70db5-88a6-4c51-914f-505a89659e30) transitioned into state 'SUCCESS' from state 'RUNNING' {{(pid=91818) _flow_receiver /usr/local/lib/python3.8/dist-packages/taskflow/listeners/logging.py:141}}
Dec 16 09:50:43.730045 n-d-820558-3 cinder-volume[91818]: INFO cinder.volume.manager [None req-61d58d66-9a59-4109-9023-289502df7bb6 tempest-VolumesCloneTest-227071035 None] Created volume successfully.
Dec 16 09:50:44.268880 n-d-820558-3 cinder-volume[91818]: DEBUG cinder.coordination [None req-a69d4653-fa6b-4d0a-8988-cd1e73f64eaa tempest-VolumesCloneTest-227071035 None] Lock "b'cinder-8c1c01e3-cc6c-4db4-bbb7-df49c7c00618-delete_volume'" acquired by "delete_volume" :: waited 0.012s {{(pid=91818) _synchronized /opt/stack/cinder/cinder/coordination.py:146}}
Dec 16 09:50:44.438921 n-d-820558-3 cinder-volume[91818]: INFO cinder.volume.targets.iscsi [None req-a69d4653-fa6b-4d0a-8988-cd1e73f64eaa tempest-VolumesCloneTest-227071035 None] Skipping remove_export. No iscsi_target is presently exported for volume: 8c1c01e3-cc6c-4db4-bbb7-df49c7c00618
Dec 16 09:50:44.439837 n-d-820558-3 cinder-volume[91818]: DEBUG oslo_concurrency.processutils [None req-a69d4653-fa6b-4d0a-8988-cd1e73f64eaa tempest-VolumesCloneTest-227071035 None] Running cmd (subprocess): sudo cinder-rootwrap /etc/cinder/rootwrap.conf env LC_ALL=C lvs --noheadings --unit=g -o vg_name,name,size --nosuffix stack-volumes-lvmdriver-1/volume-8c1c01e3-cc6c-4db4-bbb7-df49c7c00618 {{(pid=91818) execute /usr/local/lib/python3.8/dist-packages/oslo_concurrency/processutils.py:384}}
Dec 16 09:50:44.487574 n-d-820558-3 sudo[112731]: ubuntu : TTY=unknown ; PWD=/ ; USER=root ; COMMAND=/usr/local/bin/cinder-rootwrap /etc/cinder/rootwrap.conf env LC_ALL=C lvs --noheadings --unit=g -o vg_name,name,size --nosuffix stack-volumes-lvmdriver-1/volume-8c1c01e3-cc6c-4db4-bbb7-df49c7c00618
Dec 16 09:50:44.488392 n-d-820558-3 sudo[112731]: pam_unix(sudo:session): session opened for user root by (uid=0)
Dec 16 09:50:45.325932 n-d-820558-3 sudo[112731]: pam_unix(sudo:session): session closed for user root
Dec 16 09:50:45.329200 n-d-820558-3 cinder-volume[91818]: DEBUG oslo_concurrency.processutils [None req-a69d4653-fa6b-4d0a-8988-cd1e73f64eaa tempest-VolumesCloneTest-227071035 None] CMD "sudo cinder-rootwrap /etc/cinder/rootwrap.conf env LC_ALL=C lvs --noheadings --unit=g -o vg_name,name,size --nosuffix stack-volumes-lvmdriver-1/volume-8c1c01e3-cc6c-4db4-bbb7-df49c7c00618" returned: 0 in 0.889s {{(pid=91818) execute /usr/local/lib/python3.8/dist-packages/oslo_concurrency/processutils.py:422}}
Dec 16 09:50:45.331584 n-d-820558-3 cinder-volume[91818]: DEBUG oslo_concurrency.processutils [None req-a69d4653-fa6b-4d0a-8988-cd1e73f64eaa tempest-VolumesCloneTest-227071035 None] Running cmd (subprocess): sudo cinder-rootwrap /etc/cinder/rootwrap.conf env LC_ALL=C lvdisplay --noheading -C -o Attr --readonly stack-volumes-lvmdriver-1/volume-8c1c01e3-cc6c-4db4-bbb7-df49c7c00618 {{(pid=91818) execute /usr/local/lib/python3.8/dist-packages/oslo_concurrency/processutils.py:384}}
Dec 16 09:50:45.356808 n-d-820558-3 sudo[112757]: ubuntu : TTY=unknown ; PWD=/ ; USER=root ; COMMAND=/usr/local/bin/cinder-rootwrap /etc/cinder/rootwrap.conf env LC_ALL=C lvdisplay --noheading -C -o Attr --readonly stack-volumes-lvmdriver-1/volume-8c1c01e3-cc6c-4db4-bbb7-df49c7c00618
Dec 16 09:50:45.357678 n-d-820558-3 sudo[112757]: pam_unix(sudo:session): session opened for user root by (uid=0)
Dec 16 09:50:45.811826 n-d-820558-3 sudo[112757]: pam_unix(sudo:session): session closed for user root
Dec 16 09:50:45.815477 n-d-820558-3 cinder-volume[91818]: DEBUG oslo_concurrency.processutils [None req-a69d4653-fa6b-4d0a-8988-cd1e73f64eaa tempest-VolumesCloneTest-227071035 None] CMD "sudo cinder-rootwrap /etc/cinder/rootwrap.conf env LC_ALL=C lvdisplay --noheading -C -o Attr --readonly stack-volumes-lvmdriver-1/volume-8c1c01e3-cc6c-4db4-bbb7-df49c7c00618" returned: 0 in 0.483s {{(pid=91818) execute /usr/local/lib/python3.8/dist-packages/oslo_concurrency/processutils.py:422}}
Dec 16 09:50:45.818590 n-d-820558-3 cinder-volume[91818]: DEBUG oslo_concurrency.processutils [None req-a69d4653-fa6b-4d0a-8988-cd1e73f64eaa tempest-VolumesCloneTest-227071035 None] Running cmd (subprocess): sudo cinder-rootwrap /etc/cinder/rootwrap.conf lvremove --config activation { retry_deactivation = 1} -f stack-volumes-lvmdriver-1/volume-8c1c01e3-cc6c-4db4-bbb7-df49c7c00618 {{(pid=91818) execute /usr/local/lib/python3.8/dist-packages/oslo_concurrency/processutils.py:384}}
Dec 16 09:50:45.857355 n-d-820558-3 sudo[112770]: ubuntu : TTY=unknown ; PWD=/ ; USER=root ; COMMAND=/usr/local/bin/cinder-rootwrap /etc/cinder/rootwrap.conf lvremove --config activation { retry_deactivation = 1} -f stack-volumes-lvmdriver-1/volume-8c1c01e3-cc6c-4db4-bbb7-df49c7c00618
Dec 16 09:50:45.859638 n-d-820558-3 sudo[112770]: pam_unix(sudo:session): session opened for user root by (uid=0)
Dec 16 09:50:46.601720 n-d-820558-3 sudo[112770]: pam_unix(sudo:session): session closed for user root
Dec 16 09:50:46.605308 n-d-820558-3 cinder-volume[91818]: DEBUG oslo_concurrency.processutils [None req-a69d4653-fa6b-4d0a-8988-cd1e73f64eaa tempest-VolumesCloneTest-227071035 None] CMD "sudo cinder-rootwrap /etc/cinder/rootwrap.conf lvremove --config activation { retry_deactivation = 1} -f stack-volumes-lvmdriver-1/volume-8c1c01e3-cc6c-4db4-bbb7-df49c7c00618" returned: 0 in 0.786s {{(pid=91818) execute /usr/local/lib/python3.8/dist-packages/oslo_concurrency/processutils.py:422}}
Dec 16 09:50:46.607290 n-d-820558-3 cinder-volume[91818]: INFO cinder.volume.drivers.lvm [None req-a69d4653-fa6b-4d0a-8988-cd1e73f64eaa tempest-VolumesCloneTest-227071035 None] Successfully deleted volume: 8c1c01e3-cc6c-4db4-bbb7-df49c7c00618
Dec 16 09:50:46.760712 n-d-820558-3 cinder-volume[91818]: DEBUG cinder.quota [None req-a69d4653-fa6b-4d0a-8988-cd1e73f64eaa tempest-VolumesCloneTest-227071035 None] Created reservations ['45b880e3-a959-4a3e-90d4-a321a86deb7a', '2693de1c-58fd-41ac-a03b-2acbce625ebf', '80004635-1f28-4a70-ad68-4f9335544498', 'ddd89dc8-4fff-47fe-952a-5cb0b15c2d71'] {{(pid=91818) reserve /opt/stack/cinder/cinder/quota.py:1036}}
Dec 16 09:50:46.764295 n-d-820558-3 cinder-volume[91818]: WARNING py.warnings [None req-a69d4653-fa6b-4d0a-8988-cd1e73f64eaa tempest-VolumesCloneTest-227071035 None] /usr/local/lib/python3.8/dist-packages/sqlalchemy/orm/evaluator.py:95: SAWarning: Evaluating non-mapped column expression 'updated_at' onto ORM instances; this is a deprecated use case. Please make use of the actual mapped columns in ORM-evaluated UPDATE / DELETE expressions.
Dec 16 09:50:46.764295 n-d-820558-3 cinder-volume[91818]: util.warn(
Dec 16 09:50:46.764295 n-d-820558-3 cinder-volume[91818]:
Dec 16 09:50:46.956173 n-d-820558-3 cinder-volume[91818]: DEBUG cinder.volume.drivers.lvm [None req-a69d4653-fa6b-4d0a-8988-cd1e73f64eaa tempest-VolumesCloneTest-227071035 None] Updating volume stats {{(pid=91818) _update_volume_stats /opt/stack/cinder/cinder/volume/drivers/lvm.py:214}}
Dec 16 09:50:46.956966 n-d-820558-3 cinder-volume[91818]: DEBUG oslo_concurrency.processutils [None req-a69d4653-fa6b-4d0a-8988-cd1e73f64eaa tempest-VolumesCloneTest-227071035 None] Running cmd (subprocess): sudo cinder-rootwrap /etc/cinder/rootwrap.conf env LC_ALL=C vgs --noheadings --unit=g -o name,size,free,lv_count,uuid --separator : --nosuffix stack-volumes-lvmdriver-1 {{(pid=91818) execute /usr/local/lib/python3.8/dist-packages/oslo_concurrency/processutils.py:384}}
Dec 16 09:50:47.029484 n-d-820558-3 sudo[112803]: ubuntu : TTY=unknown ; PWD=/ ; USER=root ; COMMAND=/usr/local/bin/cinder-rootwrap /etc/cinder/rootwrap.conf env LC_ALL=C vgs --noheadings --unit=g -o name,size,free,lv_count,uuid --separator : --nosuffix stack-volumes-lvmdriver-1
Dec 16 09:50:47.030635 n-d-820558-3 sudo[112803]: pam_unix(sudo:session): session opened for user root by (uid=0)
Dec 16 09:50:47.885153 n-d-820558-3 sudo[112803]: pam_unix(sudo:session): session closed for user root
Dec 16 09:50:47.887804 n-d-820558-3 cinder-volume[91818]: DEBUG oslo_concurrency.processutils [None req-a69d4653-fa6b-4d0a-8988-cd1e73f64eaa tempest-VolumesCloneTest-227071035 None] CMD "sudo cinder-rootwrap /etc/cinder/rootwrap.conf env LC_ALL=C vgs --noheadings --unit=g -o name,size,free,lv_count,uuid --separator : --nosuffix stack-volumes-lvmdriver-1" returned: 0 in 0.930s {{(pid=91818) execute /usr/local/lib/python3.8/dist-packages/oslo_concurrency/processutils.py:422}}
Dec 16 09:50:47.896274 n-d-820558-3 cinder-volume[91818]: DEBUG oslo_concurrency.processutils [None req-a69d4653-fa6b-4d0a-8988-cd1e73f64eaa tempest-VolumesCloneTest-227071035 None] Running cmd (subprocess): sudo cinder-rootwrap /etc/cinder/rootwrap.conf env LC_ALL=C lvs --noheadings --unit=g -o vg_name,name,size --nosuffix stack-volumes-lvmdriver-1 {{(pid=91818) execute /usr/local/lib/python3.8/dist-packages/oslo_concurrency/processutils.py:384}}
Dec 16 09:50:47.980994 n-d-820558-3 sudo[112819]: ubuntu : TTY=unknown ; PWD=/ ; USER=root ; COMMAND=/usr/local/bin/cinder-rootwrap /etc/cinder/rootwrap.conf env LC_ALL=C lvs --noheadings --unit=g -o vg_name,name,size --nosuffix stack-volumes-lvmdriver-1
Dec 16 09:50:47.983288 n-d-820558-3 sudo[112819]: pam_unix(sudo:session): session opened for user root by (uid=0)
Dec 16 09:50:48.314428 n-d-820558-3 cinder-volume[91818]: DEBUG cinder.coordination [None req-585b17d0-c2e1-40e8-aed7-c34999aa14a2 tempest-VolumesCloneTest-227071035 None] Lock "b'cinder-21fecbbf-290c-4e27-a2af-713bad1b3a67-delete_volume'" acquired by "delete_volume" :: waited 0.020s {{(pid=91818) _synchronized /opt/stack/cinder/cinder/coordination.py:146}}
Dec 16 09:50:48.536475 n-d-820558-3 cinder-volume[91818]: INFO cinder.volume.targets.iscsi [None req-585b17d0-c2e1-40e8-aed7-c34999aa14a2 tempest-VolumesCloneTest-227071035 None] Skipping remove_export. No iscsi_target is presently exported for volume: 21fecbbf-290c-4e27-a2af-713bad1b3a67
Dec 16 09:50:48.538887 n-d-820558-3 cinder-volume[91818]: DEBUG oslo_concurrency.processutils [None req-585b17d0-c2e1-40e8-aed7-c34999aa14a2 tempest-VolumesCloneTest-227071035 None] Running cmd (subprocess): sudo cinder-rootwrap /etc/cinder/rootwrap.conf env LC_ALL=C lvs --noheadings --unit=g -o vg_name,name,size --nosuffix stack-volumes-lvmdriver-1/volume-21fecbbf-290c-4e27-a2af-713bad1b3a67 {{(pid=91818) execute /usr/local/lib/python3.8/dist-packages/oslo_concurrency/processutils.py:384}}
Dec 16 09:50:48.574220 n-d-820558-3 sudo[112822]: ubuntu : TTY=unknown ; PWD=/ ; USER=root ; COMMAND=/usr/local/bin/cinder-rootwrap /etc/cinder/rootwrap.conf env LC_ALL=C lvs --noheadings --unit=g -o vg_name,name,size --nosuffix stack-volumes-lvmdriver-1/volume-21fecbbf-290c-4e27-a2af-713bad1b3a67
Dec 16 09:50:48.575085 n-d-820558-3 sudo[112822]: pam_unix(sudo:session): session opened for user root by (uid=0)
Dec 16 09:50:48.812399 n-d-820558-3 sudo[112819]: pam_unix(sudo:session): session closed for user root
Dec 16 09:50:48.815310 n-d-820558-3 cinder-volume[91818]: DEBUG oslo_concurrency.processutils [None req-a69d4653-fa6b-4d0a-8988-cd1e73f64eaa tempest-VolumesCloneTest-227071035 None] CMD "sudo cinder-rootwrap /etc/cinder/rootwrap.conf env LC_ALL=C lvs --noheadings --unit=g -o vg_name,name,size --nosuffix stack-volumes-lvmdriver-1" returned: 0 in 0.918s {{(pid=91818) execute /usr/local/lib/python3.8/dist-packages/oslo_concurrency/processutils.py:422}}
Dec 16 09:50:48.815310 n-d-820558-3 cinder-volume[91818]: DEBUG cinder.manager [None req-a69d4653-fa6b-4d0a-8988-cd1e73f64eaa tempest-VolumesCloneTest-227071035 None] Notifying Schedulers of capabilities ... {{(pid=91818) _publish_service_capabilities /opt/stack/cinder/cinder/manager.py:192}}
Dec 16 09:50:48.830187 n-d-820558-3 cinder-volume[91818]: INFO cinder.volume.manager [None req-a69d4653-fa6b-4d0a-8988-cd1e73f64eaa tempest-VolumesCloneTest-227071035 None] Deleted volume successfully.
Dec 16 09:50:48.853191 n-d-820558-3 cinder-volume[91818]: DEBUG cinder.coordination [None req-a69d4653-fa6b-4d0a-8988-cd1e73f64eaa tempest-VolumesCloneTest-227071035 None] Lock "b'cinder-8c1c01e3-cc6c-4db4-bbb7-df49c7c00618-delete_volume'" released by "delete_volume" :: held 4.583s {{(pid=91818) _synchronized /opt/stack/cinder/cinder/coordination.py:158}}
Dec 16 09:50:49.210920 n-d-820558-3 sudo[112822]: pam_unix(sudo:session): session closed for user root
Dec 16 09:50:49.213022 n-d-820558-3 cinder-volume[91818]: DEBUG oslo_concurrency.processutils [None req-585b17d0-c2e1-40e8-aed7-c34999aa14a2 tempest-VolumesCloneTest-227071035 None] CMD "sudo cinder-rootwrap /etc/cinder/rootwrap.conf env LC_ALL=C lvs --noheadings --unit=g -o vg_name,name,size --nosuffix stack-volumes-lvmdriver-1/volume-21fecbbf-290c-4e27-a2af-713bad1b3a67" returned: 0 in 0.674s {{(pid=91818) execute /usr/local/lib/python3.8/dist-packages/oslo_concurrency/processutils.py:422}}
Dec 16 09:50:49.215900 n-d-820558-3 cinder-volume[91818]: DEBUG oslo_concurrency.processutils [None req-585b17d0-c2e1-40e8-aed7-c34999aa14a2 tempest-VolumesCloneTest-227071035 None] Running cmd (subprocess): sudo cinder-rootwrap /etc/cinder/rootwrap.conf env LC_ALL=C lvdisplay --noheading -C -o Attr --readonly stack-volumes-lvmdriver-1/volume-21fecbbf-290c-4e27-a2af-713bad1b3a67 {{(pid=91818) execute /usr/local/lib/python3.8/dist-packages/oslo_concurrency/processutils.py:384}}
Dec 16 09:50:49.238074 n-d-820558-3 sudo[112827]: ubuntu : TTY=unknown ; PWD=/ ; USER=root ; COMMAND=/usr/local/bin/cinder-rootwrap /etc/cinder/rootwrap.conf env LC_ALL=C lvdisplay --noheading -C -o Attr --readonly stack-volumes-lvmdriver-1/volume-21fecbbf-290c-4e27-a2af-713bad1b3a67
Dec 16 09:50:49.239504 n-d-820558-3 sudo[112827]: pam_unix(sudo:session): session opened for user root by (uid=0)
Dec 16 09:50:49.879978 n-d-820558-3 sudo[112827]: pam_unix(sudo:session): session closed for user root
Dec 16 09:50:49.882404 n-d-820558-3 cinder-volume[91818]: DEBUG oslo_concurrency.processutils [None req-585b17d0-c2e1-40e8-aed7-c34999aa14a2 tempest-VolumesCloneTest-227071035 None] CMD "sudo cinder-rootwrap /etc/cinder/rootwrap.conf env LC_ALL=C lvdisplay --noheading -C -o Attr --readonly stack-volumes-lvmdriver-1/volume-21fecbbf-290c-4e27-a2af-713bad1b3a67" returned: 0 in 0.666s {{(pid=91818) execute /usr/local/lib/python3.8/dist-packages/oslo_concurrency/processutils.py:422}}
Dec 16 09:50:49.885300 n-d-820558-3 cinder-volume[91818]: DEBUG oslo_concurrency.processutils [None req-585b17d0-c2e1-40e8-aed7-c34999aa14a2 tempest-VolumesCloneTest-227071035 None] Running cmd (subprocess): sudo cinder-rootwrap /etc/cinder/rootwrap.conf lvremove --config activation { retry_deactivation = 1} -f stack-volumes-lvmdriver-1/volume-21fecbbf-290c-4e27-a2af-713bad1b3a67 {{(pid=91818) execute /usr/local/lib/python3.8/dist-packages/oslo_concurrency/processutils.py:384}}
Dec 16 09:50:49.959473 n-d-820558-3 sudo[112844]: ubuntu : TTY=unknown ; PWD=/ ; USER=root ; COMMAND=/usr/local/bin/cinder-rootwrap /etc/cinder/rootwrap.conf lvremove --config activation { retry_deactivation = 1} -f stack-volumes-lvmdriver-1/volume-21fecbbf-290c-4e27-a2af-713bad1b3a67
Dec 16 09:50:49.960972 n-d-820558-3 sudo[112844]: pam_unix(sudo:session): session opened for user root by (uid=0)
Dec 16 09:50:50.705271 n-d-820558-3 sudo[112844]: pam_unix(sudo:session): session closed for user root
Dec 16 09:50:50.709154 n-d-820558-3 cinder-volume[91818]: DEBUG oslo_concurrency.processutils [None req-585b17d0-c2e1-40e8-aed7-c34999aa14a2 tempest-VolumesCloneTest-227071035 None] CMD "sudo cinder-rootwrap /etc/cinder/rootwrap.conf lvremove --config activation { retry_deactivation = 1} -f stack-volumes-lvmdriver-1/volume-21fecbbf-290c-4e27-a2af-713bad1b3a67" returned: 0 in 0.823s {{(pid=91818) execute /usr/local/lib/python3.8/dist-packages/oslo_concurrency/processutils.py:422}}
Dec 16 09:50:50.718131 n-d-820558-3 cinder-volume[91818]: INFO cinder.volume.drivers.lvm [None req-585b17d0-c2e1-40e8-aed7-c34999aa14a2 tempest-VolumesCloneTest-227071035 None] Successfully deleted volume: 21fecbbf-290c-4e27-a2af-713bad1b3a67
Dec 16 09:50:50.815551 n-d-820558-3 cinder-volume[91818]: DEBUG cinder.quota [None req-585b17d0-c2e1-40e8-aed7-c34999aa14a2 tempest-VolumesCloneTest-227071035 None] Created reservations ['5124531d-c8aa-4238-98cc-9b99bf44f534', 'fc53bc80-5db6-4e5d-b544-50d501106be9', '02bb52a0-11b3-4987-beee-cad342e78c40', 'a1fe4fe8-e1c2-4ae3-97c6-221ec732d7af'] {{(pid=91818) reserve /opt/stack/cinder/cinder/quota.py:1036}}
Dec 16 09:50:50.819881 n-d-820558-3 cinder-volume[91818]: WARNING py.warnings [None req-585b17d0-c2e1-40e8-aed7-c34999aa14a2 tempest-VolumesCloneTest-227071035 None] /usr/local/lib/python3.8/dist-packages/sqlalchemy/orm/evaluator.py:95: SAWarning: Evaluating non-mapped column expression 'updated_at' onto ORM instances; this is a deprecated use case. Please make use of the actual mapped columns in ORM-evaluated UPDATE / DELETE expressions.
Dec 16 09:50:50.819881 n-d-820558-3 cinder-volume[91818]: util.warn(
Dec 16 09:50:50.819881 n-d-820558-3 cinder-volume[91818]:
Dec 16 09:50:50.890432 n-d-820558-3 cinder-volume[91818]: DEBUG cinder.volume.drivers.lvm [None req-585b17d0-c2e1-40e8-aed7-c34999aa14a2 tempest-VolumesCloneTest-227071035 None] Updating volume stats {{(pid=91818) _update_volume_stats /opt/stack/cinder/cinder/volume/drivers/lvm.py:214}}
Dec 16 09:50:50.893691 n-d-820558-3 cinder-volume[91818]: DEBUG oslo_concurrency.processutils [None req-585b17d0-c2e1-40e8-aed7-c34999aa14a2 tempest-VolumesCloneTest-227071035 None] Running cmd (subprocess): sudo cinder-rootwrap /etc/cinder/rootwrap.conf env LC_ALL=C vgs --noheadings --unit=g -o name,size,free,lv_count,uuid --separator : --nosuffix stack-volumes-lvmdriver-1 {{(pid=91818) execute /usr/local/lib/python3.8/dist-packages/oslo_concurrency/processutils.py:384}}
Dec 16 09:50:50.925477 n-d-820558-3 sudo[112861]: ubuntu : TTY=unknown ; PWD=/ ; USER=root ; COMMAND=/usr/local/bin/cinder-rootwrap /etc/cinder/rootwrap.conf env LC_ALL=C vgs --noheadings --unit=g -o name,size,free,lv_count,uuid --separator : --nosuffix stack-volumes-lvmdriver-1
Dec 16 09:50:50.926449 n-d-820558-3 sudo[112861]: pam_unix(sudo:session): session opened for user root by (uid=0)
Dec 16 09:50:51.140325 n-d-820558-3 cinder-volume[91818]: DEBUG cinder.coordination [None req-c19ffd20-26ce-4da8-a3d0-4abd3cb0d24b tempest-VolumesCloneTest-227071035 None] Lock "b'cinder-4229c1c9-5926-44d2-b324-8e2a4d90e8df-delete_volume'" acquired by "delete_volume" :: waited 0.029s {{(pid=91818) _synchronized /opt/stack/cinder/cinder/coordination.py:146}}
Dec 16 09:50:51.302273 n-d-820558-3 cinder-volume[91818]: INFO cinder.volume.targets.iscsi [None req-c19ffd20-26ce-4da8-a3d0-4abd3cb0d24b tempest-VolumesCloneTest-227071035 None] Skipping remove_export. No iscsi_target is presently exported for volume: 4229c1c9-5926-44d2-b324-8e2a4d90e8df
Dec 16 09:50:51.303953 n-d-820558-3 cinder-volume[91818]: DEBUG oslo_concurrency.processutils [None req-c19ffd20-26ce-4da8-a3d0-4abd3cb0d24b tempest-VolumesCloneTest-227071035 None] Running cmd (subprocess): sudo cinder-rootwrap /etc/cinder/rootwrap.conf env LC_ALL=C lvs --noheadings --unit=g -o vg_name,name,size --nosuffix stack-volumes-lvmdriver-1/volume-4229c1c9-5926-44d2-b324-8e2a4d90e8df {{(pid=91818) execute /usr/local/lib/python3.8/dist-packages/oslo_concurrency/processutils.py:384}}
Dec 16 09:50:51.344185 n-d-820558-3 sudo[112870]: ubuntu : TTY=unknown ; PWD=/ ; USER=root ; COMMAND=/usr/local/bin/cinder-rootwrap /etc/cinder/rootwrap.conf env LC_ALL=C lvs --noheadings --unit=g -o vg_name,name,size --nosuffix stack-volumes-lvmdriver-1/volume-4229c1c9-5926-44d2-b324-8e2a4d90e8df
Dec 16 09:50:51.345019 n-d-820558-3 sudo[112870]: pam_unix(sudo:session): session opened for user root by (uid=0)
Dec 16 09:50:51.642252 n-d-820558-3 sudo[112861]: pam_unix(sudo:session): session closed for user root
Dec 16 09:50:51.645154 n-d-820558-3 cinder-volume[91818]: DEBUG oslo_concurrency.processutils [None req-585b17d0-c2e1-40e8-aed7-c34999aa14a2 tempest-VolumesCloneTest-227071035 None] CMD "sudo cinder-rootwrap /etc/cinder/rootwrap.conf env LC_ALL=C vgs --noheadings --unit=g -o name,size,free,lv_count,uuid --separator : --nosuffix stack-volumes-lvmdriver-1" returned: 0 in 0.753s {{(pid=91818) execute /usr/local/lib/python3.8/dist-packages/oslo_concurrency/processutils.py:422}}
Dec 16 09:50:51.648353 n-d-820558-3 cinder-volume[91818]: DEBUG oslo_concurrency.processutils [None req-585b17d0-c2e1-40e8-aed7-c34999aa14a2 tempest-VolumesCloneTest-227071035 None] Running cmd (subprocess): sudo cinder-rootwrap /etc/cinder/rootwrap.conf env LC_ALL=C lvs --noheadings --unit=g -o vg_name,name,size --nosuffix stack-volumes-lvmdriver-1 {{(pid=91818) execute /usr/local/lib/python3.8/dist-packages/oslo_concurrency/processutils.py:384}}
Dec 16 09:50:51.673771 n-d-820558-3 sudo[112895]: ubuntu : TTY=unknown ; PWD=/ ; USER=root ; COMMAND=/usr/local/bin/cinder-rootwrap /etc/cinder/rootwrap.conf env LC_ALL=C lvs --noheadings --unit=g -o vg_name,name,size --nosuffix stack-volumes-lvmdriver-1
Dec 16 09:50:51.675035 n-d-820558-3 sudo[112895]: pam_unix(sudo:session): session opened for user root by (uid=0)
Dec 16 09:50:52.045219 n-d-820558-3 sudo[112870]: pam_unix(sudo:session): session closed for user root
Dec 16 09:50:52.048532 n-d-820558-3 cinder-volume[91818]: DEBUG oslo_concurrency.processutils [None req-c19ffd20-26ce-4da8-a3d0-4abd3cb0d24b tempest-VolumesCloneTest-227071035 None] CMD "sudo cinder-rootwrap /etc/cinder/rootwrap.conf env LC_ALL=C lvs --noheadings --unit=g -o vg_name,name,size --nosuffix stack-volumes-lvmdriver-1/volume-4229c1c9-5926-44d2-b324-8e2a4d90e8df" returned: 0 in 0.744s {{(pid=91818) execute /usr/local/lib/python3.8/dist-packages/oslo_concurrency/processutils.py:422}}
Dec 16 09:50:52.051591 n-d-820558-3 cinder-volume[91818]: DEBUG oslo_concurrency.processutils [None req-c19ffd20-26ce-4da8-a3d0-4abd3cb0d24b tempest-VolumesCloneTest-227071035 None] Running cmd (subprocess): sudo cinder-rootwrap /etc/cinder/rootwrap.conf env LC_ALL=C lvdisplay --noheading -C -o Attr --readonly stack-volumes-lvmdriver-1/volume-4229c1c9-5926-44d2-b324-8e2a4d90e8df {{(pid=91818) execute /usr/local/lib/python3.8/dist-packages/oslo_concurrency/processutils.py:384}}
Dec 16 09:50:52.111326 n-d-820558-3 sudo[112909]: ubuntu : TTY=unknown ; PWD=/ ; USER=root ; COMMAND=/usr/local/bin/cinder-rootwrap /etc/cinder/rootwrap.conf env LC_ALL=C lvdisplay --noheading -C -o Attr --readonly stack-volumes-lvmdriver-1/volume-4229c1c9-5926-44d2-b324-8e2a4d90e8df
Dec 16 09:50:52.115339 n-d-820558-3 sudo[112909]: pam_unix(sudo:session): session opened for user root by (uid=0)
Dec 16 09:50:52.319954 n-d-820558-3 sudo[112895]: pam_unix(sudo:session): session closed for user root
Dec 16 09:50:52.323427 n-d-820558-3 cinder-volume[91818]: DEBUG oslo_concurrency.processutils [None req-585b17d0-c2e1-40e8-aed7-c34999aa14a2 tempest-VolumesCloneTest-227071035 None] CMD "sudo cinder-rootwrap /etc/cinder/rootwrap.conf env LC_ALL=C lvs --noheadings --unit=g -o vg_name,name,size --nosuffix stack-volumes-lvmdriver-1" returned: 0 in 0.675s {{(pid=91818) execute /usr/local/lib/python3.8/dist-packages/oslo_concurrency/processutils.py:422}}
Dec 16 09:50:52.325634 n-d-820558-3 cinder-volume[91818]: DEBUG cinder.manager [None req-585b17d0-c2e1-40e8-aed7-c34999aa14a2 tempest-VolumesCloneTest-227071035 None] Notifying Schedulers of capabilities ... {{(pid=91818) _publish_service_capabilities /opt/stack/cinder/cinder/manager.py:192}}
Dec 16 09:50:52.331538 n-d-820558-3 cinder-volume[91818]: INFO cinder.volume.manager [None req-585b17d0-c2e1-40e8-aed7-c34999aa14a2 tempest-VolumesCloneTest-227071035 None] Deleted volume successfully.
