Dec 16 09:31:13.489332 n-d-820550-2 devstack@placement-api.service[103299]: INFO placement.requestlog [req-867084a6-6112-4e6c-943a-f50e94a2869c req-0c924f1b-df17-4ce4-af99-25801823e67d service placement] 10.222.0.60 "GET /placement/allocation_candidates?limit=1000&resources=DISK_GB%3A1%2CMEMORY_MB%3A1024%2CVCPU%3A1&root_required=%21COMPUTE_STATUS_DISABLED" status: 200 len: 1309 microversion: 1.36
Dec 16 09:31:13.491421 n-d-820550-2 devstack@placement-api.service[103299]: [pid: 103299|app: 0|req: 213/432] 10.222.0.60 () {60 vars in 1506 bytes} [Thu Dec 16 09:31:13 2021] GET /placement/allocation_candidates?limit=1000&resources=DISK_GB%3A1%2CMEMORY_MB%3A1024%2CVCPU%3A1&root_required=%21COMPUTE_STATUS_DISABLED => generated 1309 bytes in 115 msecs (HTTP/1.1 200) 8 headers in 297 bytes (1 switches on core 0)
Dec 16 09:31:13.542775 n-d-820550-2 devstack@placement-api.service[103298]: DEBUG placement.requestlog [req-867084a6-6112-4e6c-943a-f50e94a2869c req-d1a712ed-8aae-4cdd-84d8-08c799dd729b None None] Starting request: 10.222.0.60 "GET /placement/allocations/16c34073-d486-427f-8297-1185a1c1567f" {{(pid=103298) __call__ /opt/stack/placement/placement/requestlog.py:55}}
Dec 16 09:31:13.554392 n-d-820550-2 devstack@placement-api.service[103298]: INFO placement.requestlog [req-867084a6-6112-4e6c-943a-f50e94a2869c req-d1a712ed-8aae-4cdd-84d8-08c799dd729b service placement] 10.222.0.60 "GET /placement/allocations/16c34073-d486-427f-8297-1185a1c1567f" status: 200 len: 19 microversion: 1.28
Dec 16 09:31:13.557968 n-d-820550-2 devstack@placement-api.service[103298]: [pid: 103298|app: 0|req: 220/433] 10.222.0.60 () {60 vars in 1380 bytes} [Thu Dec 16 09:31:13 2021] GET /placement/allocations/16c34073-d486-427f-8297-1185a1c1567f => generated 19 bytes in 15 msecs (HTTP/1.1 200) 8 headers in 295 bytes (1 switches on core 0)
Dec 16 09:31:13.563640 n-d-820550-2 devstack@placement-api.service[103299]: DEBUG placement.requestlog [req-867084a6-6112-4e6c-943a-f50e94a2869c req-18d04f5f-04da-4622-998a-1172a77db31e None None] Starting request: 10.222.0.60 "PUT /placement/allocations/16c34073-d486-427f-8297-1185a1c1567f" {{(pid=103299) __call__ /opt/stack/placement/placement/requestlog.py:55}}
Dec 16 09:31:13.905990 n-d-820550-2 devstack@placement-api.service[103298]: DEBUG placement.requestlog [req-4e64698c-d0be-4928-b69b-41e28768c4c2 req-64f0daaa-ea1b-4f17-8d59-fb0c4d5e600e None None] Starting request: 10.222.0.60 "GET /placement/allocation_candidates?limit=1000&resources=DISK_GB%3A1%2CMEMORY_MB%3A1024%2CVCPU%3A1&root_required=%21COMPUTE_STATUS_DISABLED" {{(pid=103298) __call__ /opt/stack/placement/placement/requestlog.py:55}}
Dec 16 09:31:13.951621 n-d-820550-2 devstack@placement-api.service[103298]: DEBUG placement.objects.research_context [req-4e64698c-d0be-4928-b69b-41e28768c4c2 req-64f0daaa-ea1b-4f17-8d59-fb0c4d5e600e service placement] getting providers with 1 DISK_GB {{(pid=103298) __init__ /opt/stack/placement/placement/objects/research_context.py:126}}
Dec 16 09:31:13.958315 n-d-820550-2 devstack@placement-api.service[103298]: DEBUG placement.objects.research_context [req-4e64698c-d0be-4928-b69b-41e28768c4c2 req-64f0daaa-ea1b-4f17-8d59-fb0c4d5e600e service placement] getting providers with 1024 MEMORY_MB {{(pid=103298) __init__ /opt/stack/placement/placement/objects/research_context.py:126}}
Dec 16 09:31:13.967737 n-d-820550-2 devstack@placement-api.service[103298]: DEBUG placement.objects.research_context [req-4e64698c-d0be-4928-b69b-41e28768c4c2 req-64f0daaa-ea1b-4f17-8d59-fb0c4d5e600e service placement] getting providers with 1 VCPU {{(pid=103298) __init__ /opt/stack/placement/placement/objects/research_context.py:126}}
Dec 16 09:31:13.984090 n-d-820550-2 devstack@placement-api.service[103298]: DEBUG placement.objects.research_context [req-4e64698c-d0be-4928-b69b-41e28768c4c2 req-64f0daaa-ea1b-4f17-8d59-fb0c4d5e600e service placement] found 2 providers with available 1 DISK_GB {{(pid=103298) get_provider_ids_matching /opt/stack/placement/placement/objects/research_context.py:549}}
Dec 16 09:31:13.984366 n-d-820550-2 devstack@placement-api.service[103298]: DEBUG placement.objects.research_context [req-4e64698c-d0be-4928-b69b-41e28768c4c2 req-64f0daaa-ea1b-4f17-8d59-fb0c4d5e600e service placement] found 2 providers with available 1024 MEMORY_MB {{(pid=103298) get_provider_ids_matching /opt/stack/placement/placement/objects/research_context.py:549}}
Dec 16 09:31:13.984825 n-d-820550-2 devstack@placement-api.service[103298]: DEBUG placement.objects.research_context [req-4e64698c-d0be-4928-b69b-41e28768c4c2 req-64f0daaa-ea1b-4f17-8d59-fb0c4d5e600e service placement] found 2 providers after filtering by previous result {{(pid=103298) get_provider_ids_matching /opt/stack/placement/placement/objects/research_context.py:580}}
Dec 16 09:31:13.985286 n-d-820550-2 devstack@placement-api.service[103298]: DEBUG placement.objects.research_context [req-4e64698c-d0be-4928-b69b-41e28768c4c2 req-64f0daaa-ea1b-4f17-8d59-fb0c4d5e600e service placement] found 2 providers with available 1 VCPU {{(pid=103298) get_provider_ids_matching /opt/stack/placement/placement/objects/research_context.py:549}}
Dec 16 09:31:13.985711 n-d-820550-2 devstack@placement-api.service[103298]: DEBUG placement.objects.research_context [req-4e64698c-d0be-4928-b69b-41e28768c4c2 req-64f0daaa-ea1b-4f17-8d59-fb0c4d5e600e service placement] found 2 providers after filtering by previous result {{(pid=103298) get_provider_ids_matching /opt/stack/placement/placement/objects/research_context.py:580}}
Dec 16 09:31:13.986272 n-d-820550-2 devstack@placement-api.service[103299]: DEBUG placement.handlers.allocation [req-867084a6-6112-4e6c-943a-f50e94a2869c req-18d04f5f-04da-4622-998a-1172a77db31e service placement] Successfully wrote allocations [, , ] {{(pid=103299) _update_consumers_and_create_allocations /opt/stack/placement/placement/handlers/allocation.py:462}}
Dec 16 09:31:14.010688 n-d-820550-2 devstack@placement-api.service[103298]: DEBUG placement.objects.allocation_candidate [req-4e64698c-d0be-4928-b69b-41e28768c4c2 req-64f0daaa-ea1b-4f17-8d59-fb0c4d5e600e service placement] RequestGroup(use_same_provider=False, resources={DISK_GB:1, MEMORY_MB:1024, VCPU:1}, traits=[], aggregates=[]) (suffix '') returned 2 matches {{(pid=103298) _get_by_requests /opt/stack/placement/placement/objects/allocation_candidate.py:145}}
Dec 16 09:31:14.011072 n-d-820550-2 devstack@placement-api.service[103298]: DEBUG placement.objects.allocation_candidate [req-4e64698c-d0be-4928-b69b-41e28768c4c2 req-64f0daaa-ea1b-4f17-8d59-fb0c4d5e600e service placement] Merging candidates yields 2 allocation requests and 2 provider summaries {{(pid=103298) _merge_candidates /opt/stack/placement/placement/objects/allocation_candidate.py:783}}
Dec 16 09:31:14.012657 n-d-820550-2 devstack@placement-api.service[103298]: INFO placement.requestlog [req-4e64698c-d0be-4928-b69b-41e28768c4c2 req-64f0daaa-ea1b-4f17-8d59-fb0c4d5e600e service placement] 10.222.0.60 "GET /placement/allocation_candidates?limit=1000&resources=DISK_GB%3A1%2CMEMORY_MB%3A1024%2CVCPU%3A1&root_required=%21COMPUTE_STATUS_DISABLED" status: 200 len: 1309 microversion: 1.36
Dec 16 09:31:14.013432 n-d-820550-2 devstack@placement-api.service[103298]: [pid: 103298|app: 0|req: 221/434] 10.222.0.60 () {60 vars in 1506 bytes} [Thu Dec 16 09:31:13 2021] GET /placement/allocation_candidates?limit=1000&resources=DISK_GB%3A1%2CMEMORY_MB%3A1024%2CVCPU%3A1&root_required=%21COMPUTE_STATUS_DISABLED => generated 1309 bytes in 108 msecs (HTTP/1.1 200) 8 headers in 297 bytes (1 switches on core 0)
Dec 16 09:31:14.070585 n-d-820550-2 devstack@placement-api.service[103299]: INFO placement.requestlog [req-867084a6-6112-4e6c-943a-f50e94a2869c req-18d04f5f-04da-4622-998a-1172a77db31e service placement] 10.222.0.60 "PUT /placement/allocations/16c34073-d486-427f-8297-1185a1c1567f" status: 204 len: 0 microversion: 1.36
Dec 16 09:31:14.070847 n-d-820550-2 devstack@placement-api.service[103299]: [pid: 103299|app: 0|req: 214/435] 10.222.0.60 () {64 vars in 1433 bytes} [Thu Dec 16 09:31:13 2021] PUT /placement/allocations/16c34073-d486-427f-8297-1185a1c1567f => generated 0 bytes in 509 msecs (HTTP/1.1 204) 5 headers in 199 bytes (2 switches on core 0)
Dec 16 09:31:14.075162 n-d-820550-2 devstack@placement-api.service[103298]: DEBUG placement.requestlog [req-4e64698c-d0be-4928-b69b-41e28768c4c2 req-8abb6088-e490-403e-8d68-bced7179ca49 None None] Starting request: 10.222.0.60 "GET /placement/allocations/b184a632-ca14-45d5-8c6d-bb0ef87cee8e" {{(pid=103298) __call__ /opt/stack/placement/placement/requestlog.py:55}}
Dec 16 09:31:14.086090 n-d-820550-2 devstack@placement-api.service[103299]: DEBUG placement.requestlog [req-867084a6-6112-4e6c-943a-f50e94a2869c req-469aa32c-9eef-4387-8a1b-83fd26dd92aa None None] Starting request: 10.222.0.60 "GET /placement/allocations/1456d6f8-eee1-4326-86ca-37e50469cb48" {{(pid=103299) __call__ /opt/stack/placement/placement/requestlog.py:55}}
Dec 16 09:31:14.091773 n-d-820550-2 devstack@placement-api.service[103298]: INFO placement.requestlog [req-4e64698c-d0be-4928-b69b-41e28768c4c2 req-8abb6088-e490-403e-8d68-bced7179ca49 service placement] 10.222.0.60 "GET /placement/allocations/b184a632-ca14-45d5-8c6d-bb0ef87cee8e" status: 200 len: 19 microversion: 1.28
Dec 16 09:31:14.092011 n-d-820550-2 devstack@placement-api.service[103298]: [pid: 103298|app: 0|req: 222/436] 10.222.0.60 () {60 vars in 1380 bytes} [Thu Dec 16 09:31:14 2021] GET /placement/allocations/b184a632-ca14-45d5-8c6d-bb0ef87cee8e => generated 19 bytes in 17 msecs (HTTP/1.1 200) 8 headers in 295 bytes (1 switches on core 0)
Dec 16 09:31:14.098985 n-d-820550-2 devstack@placement-api.service[103298]: DEBUG placement.requestlog [req-4e64698c-d0be-4928-b69b-41e28768c4c2 req-36c9c798-9e62-412f-b7ea-09db2b77f4d0 None None] Starting request: 10.222.0.60 "PUT /placement/allocations/b184a632-ca14-45d5-8c6d-bb0ef87cee8e" {{(pid=103298) __call__ /opt/stack/placement/placement/requestlog.py:55}}
Dec 16 09:31:14.114740 n-d-820550-2 devstack@placement-api.service[103299]: INFO placement.requestlog [req-867084a6-6112-4e6c-943a-f50e94a2869c req-469aa32c-9eef-4387-8a1b-83fd26dd92aa service placement] 10.222.0.60 "GET /placement/allocations/1456d6f8-eee1-4326-86ca-37e50469cb48" status: 200 len: 19 microversion: 1.28
Dec 16 09:31:14.121424 n-d-820550-2 devstack@placement-api.service[103299]: [pid: 103299|app: 0|req: 215/437] 10.222.0.60 () {60 vars in 1380 bytes} [Thu Dec 16 09:31:14 2021] GET /placement/allocations/1456d6f8-eee1-4326-86ca-37e50469cb48 => generated 19 bytes in 35 msecs (HTTP/1.1 200) 8 headers in 295 bytes (1 switches on core 0)
Dec 16 09:31:14.127687 n-d-820550-2 devstack@placement-api.service[103299]: DEBUG placement.requestlog [req-867084a6-6112-4e6c-943a-f50e94a2869c req-e9a035ee-ecff-4b0c-943d-5ef38a5a3361 None None] Starting request: 10.222.0.60 "PUT /placement/allocations/1456d6f8-eee1-4326-86ca-37e50469cb48" {{(pid=103299) __call__ /opt/stack/placement/placement/requestlog.py:55}}
Dec 16 09:31:14.377452 n-d-820550-2 devstack@placement-api.service[103298]: DEBUG placement.handlers.allocation [req-4e64698c-d0be-4928-b69b-41e28768c4c2 req-36c9c798-9e62-412f-b7ea-09db2b77f4d0 service placement] Successfully wrote allocations [, , ] {{(pid=103298) _update_consumers_and_create_allocations /opt/stack/placement/placement/handlers/allocation.py:462}}
Dec 16 09:31:14.387025 n-d-820550-2 devstack@placement-api.service[103299]: DEBUG placement.handlers.allocation [req-867084a6-6112-4e6c-943a-f50e94a2869c req-e9a035ee-ecff-4b0c-943d-5ef38a5a3361 service placement] Successfully wrote allocations [, , ] {{(pid=103299) _update_consumers_and_create_allocations /opt/stack/placement/placement/handlers/allocation.py:462}}
Dec 16 09:31:14.554279 n-d-820550-2 devstack@placement-api.service[103298]: INFO placement.requestlog [req-4e64698c-d0be-4928-b69b-41e28768c4c2 req-36c9c798-9e62-412f-b7ea-09db2b77f4d0 service placement] 10.222.0.60 "PUT /placement/allocations/b184a632-ca14-45d5-8c6d-bb0ef87cee8e" status: 204 len: 0 microversion: 1.36
Dec 16 09:31:14.555360 n-d-820550-2 devstack@placement-api.service[103299]: INFO placement.requestlog [req-867084a6-6112-4e6c-943a-f50e94a2869c req-e9a035ee-ecff-4b0c-943d-5ef38a5a3361 service placement] 10.222.0.60 "PUT /placement/allocations/1456d6f8-eee1-4326-86ca-37e50469cb48" status: 204 len: 0 microversion: 1.36
Dec 16 09:31:14.555813 n-d-820550-2 devstack@placement-api.service[103298]: [pid: 103298|app: 0|req: 223/439] 10.222.0.60 () {64 vars in 1433 bytes} [Thu Dec 16 09:31:14 2021] PUT /placement/allocations/b184a632-ca14-45d5-8c6d-bb0ef87cee8e => generated 0 bytes in 450 msecs (HTTP/1.1 204) 5 headers in 199 bytes (2 switches on core 0)
Dec 16 09:31:14.556107 n-d-820550-2 devstack@placement-api.service[103299]: [pid: 103299|app: 0|req: 216/439] 10.222.0.60 () {64 vars in 1433 bytes} [Thu Dec 16 09:31:14 2021] PUT /placement/allocations/1456d6f8-eee1-4326-86ca-37e50469cb48 => generated 0 bytes in 421 msecs (HTTP/1.1 204) 5 headers in 199 bytes (1 switches on core 0)
Dec 16 09:31:14.571494 n-d-820550-2 devstack@placement-api.service[103298]: DEBUG placement.requestlog [req-867084a6-6112-4e6c-943a-f50e94a2869c req-243aa7c4-9ed0-4dc7-9ef8-724ce1068cd6 None None] Starting request: 10.222.0.60 "GET /placement/allocations/3c66af04-a2b5-46d7-9bd2-5afd61d12f8f" {{(pid=103298) __call__ /opt/stack/placement/placement/requestlog.py:55}}
Dec 16 09:31:14.583190 n-d-820550-2 devstack@placement-api.service[103298]: INFO placement.requestlog [req-867084a6-6112-4e6c-943a-f50e94a2869c req-243aa7c4-9ed0-4dc7-9ef8-724ce1068cd6 service placement] 10.222.0.60 "GET /placement/allocations/3c66af04-a2b5-46d7-9bd2-5afd61d12f8f" status: 200 len: 19 microversion: 1.28
Dec 16 09:31:14.583426 n-d-820550-2 devstack@placement-api.service[103298]: [pid: 103298|app: 0|req: 224/440] 10.222.0.60 () {60 vars in 1380 bytes} [Thu Dec 16 09:31:14 2021] GET /placement/allocations/3c66af04-a2b5-46d7-9bd2-5afd61d12f8f => generated 19 bytes in 12 msecs (HTTP/1.1 200) 8 headers in 295 bytes (1 switches on core 0)
Dec 16 09:31:14.620693 n-d-820550-2 devstack@placement-api.service[103299]: DEBUG placement.requestlog [req-867084a6-6112-4e6c-943a-f50e94a2869c req-8e84b741-c7aa-41ac-97a0-f07c6e91aa90 None None] Starting request: 10.222.0.60 "PUT /placement/allocations/3c66af04-a2b5-46d7-9bd2-5afd61d12f8f" {{(pid=103299) __call__ /opt/stack/placement/placement/requestlog.py:55}}
Dec 16 09:31:14.803806 n-d-820550-2 devstack@placement-api.service[103299]: DEBUG placement.handlers.allocation [req-867084a6-6112-4e6c-943a-f50e94a2869c req-8e84b741-c7aa-41ac-97a0-f07c6e91aa90 service placement] Successfully wrote allocations [, , ] {{(pid=103299) _update_consumers_and_create_allocations /opt/stack/placement/placement/handlers/allocation.py:462}}
Dec 16 09:31:14.925061 n-d-820550-2 devstack@placement-api.service[103299]: INFO placement.requestlog [req-867084a6-6112-4e6c-943a-f50e94a2869c req-8e84b741-c7aa-41ac-97a0-f07c6e91aa90 service placement] 10.222.0.60 "PUT /placement/allocations/3c66af04-a2b5-46d7-9bd2-5afd61d12f8f" status: 204 len: 0 microversion: 1.36
Dec 16 09:31:14.925931 n-d-820550-2 devstack@placement-api.service[103299]: [pid: 103299|app: 0|req: 217/441] 10.222.0.60 () {64 vars in 1433 bytes} [Thu Dec 16 09:31:14 2021] PUT /placement/allocations/3c66af04-a2b5-46d7-9bd2-5afd61d12f8f => generated 0 bytes in 306 msecs (HTTP/1.1 204) 5 headers in 199 bytes (1 switches on core 0)
Dec 16 09:31:15.904695 n-d-820550-2 devstack@placement-api.service[103298]: DEBUG placement.requestlog [req-4e64698c-d0be-4928-b69b-41e28768c4c2 req-9697a094-6bf5-423c-a0af-d3844df4a521 None None] Starting request: 10.222.0.58 "GET /placement/allocations/b184a632-ca14-45d5-8c6d-bb0ef87cee8e" {{(pid=103298) __call__ /opt/stack/placement/placement/requestlog.py:55}}
Dec 16 09:31:15.919280 n-d-820550-2 devstack@placement-api.service[103298]: INFO placement.requestlog [req-4e64698c-d0be-4928-b69b-41e28768c4c2 req-9697a094-6bf5-423c-a0af-d3844df4a521 service placement] 10.222.0.58 "GET /placement/allocations/b184a632-ca14-45d5-8c6d-bb0ef87cee8e" status: 200 len: 259 microversion: 1.28
Dec 16 09:31:15.919491 n-d-820550-2 devstack@placement-api.service[103298]: [pid: 103298|app: 0|req: 225/442] 10.222.0.58 () {60 vars in 1377 bytes} [Thu Dec 16 09:31:15 2021] GET /placement/allocations/b184a632-ca14-45d5-8c6d-bb0ef87cee8e => generated 259 bytes in 15 msecs (HTTP/1.1 200) 8 headers in 296 bytes (1 switches on core 0)
Dec 16 09:31:17.032848 n-d-820550-2 devstack@placement-api.service[103299]: DEBUG placement.requestlog [req-867084a6-6112-4e6c-943a-f50e94a2869c req-e69e4f97-941e-4d15-9be7-56707b2ab9a7 None None] Starting request: 10.222.0.58 "GET /placement/allocations/16c34073-d486-427f-8297-1185a1c1567f" {{(pid=103299) __call__ /opt/stack/placement/placement/requestlog.py:55}}
Dec 16 09:31:17.057894 n-d-820550-2 devstack@placement-api.service[103299]: INFO placement.requestlog [req-867084a6-6112-4e6c-943a-f50e94a2869c req-e69e4f97-941e-4d15-9be7-56707b2ab9a7 service placement] 10.222.0.58 "GET /placement/allocations/16c34073-d486-427f-8297-1185a1c1567f" status: 200 len: 259 microversion: 1.28
Dec 16 09:31:17.058173 n-d-820550-2 devstack@placement-api.service[103299]: [pid: 103299|app: 0|req: 218/443] 10.222.0.58 () {60 vars in 1377 bytes} [Thu Dec 16 09:31:17 2021] GET /placement/allocations/16c34073-d486-427f-8297-1185a1c1567f => generated 259 bytes in 26 msecs (HTTP/1.1 200) 8 headers in 296 bytes (1 switches on core 0)
Dec 16 09:31:17.428071 n-d-820550-2 devstack@placement-api.service[103298]: DEBUG placement.requestlog [req-867084a6-6112-4e6c-943a-f50e94a2869c req-3aa8907d-695c-46dc-8c77-ab5a3b3cec5e None None] Starting request: 10.222.0.57 "GET /placement/allocations/1456d6f8-eee1-4326-86ca-37e50469cb48" {{(pid=103298) __call__ /opt/stack/placement/placement/requestlog.py:55}}
Dec 16 09:31:17.436415 n-d-820550-2 devstack@placement-api.service[103298]: INFO placement.requestlog [req-867084a6-6112-4e6c-943a-f50e94a2869c req-3aa8907d-695c-46dc-8c77-ab5a3b3cec5e service placement] 10.222.0.57 "GET /placement/allocations/1456d6f8-eee1-4326-86ca-37e50469cb48" status: 200 len: 259 microversion: 1.28
Dec 16 09:31:17.436763 n-d-820550-2 devstack@placement-api.service[103298]: [pid: 103298|app: 0|req: 226/444] 10.222.0.57 () {60 vars in 1377 bytes} [Thu Dec 16 09:31:17 2021] GET /placement/allocations/1456d6f8-eee1-4326-86ca-37e50469cb48 => generated 259 bytes in 16 msecs (HTTP/1.1 200) 8 headers in 296 bytes (1 switches on core 0)
Dec 16 09:31:18.077622 n-d-820550-2 devstack@placement-api.service[103299]: DEBUG placement.requestlog [req-6632bf0f-49f7-4440-836e-249189138f25 req-a6e38031-77f4-4861-a2f8-5662631b383d None None] Starting request: 10.222.0.58 "GET /placement/resource_providers/d25874f3-a907-4643-b38b-c7469845321f/allocations" {{(pid=103299) __call__ /opt/stack/placement/placement/requestlog.py:55}}
Dec 16 09:31:18.106433 n-d-820550-2 devstack@placement-api.service[103298]: DEBUG placement.requestlog [req-867084a6-6112-4e6c-943a-f50e94a2869c req-35319553-a13a-4dd0-b843-9f0f076873f0 None None] Starting request: 10.222.0.58 "GET /placement/allocations/3c66af04-a2b5-46d7-9bd2-5afd61d12f8f" {{(pid=103298) __call__ /opt/stack/placement/placement/requestlog.py:55}}
Dec 16 09:31:18.135081 n-d-820550-2 devstack@placement-api.service[103299]: INFO placement.requestlog [req-6632bf0f-49f7-4440-836e-249189138f25 req-a6e38031-77f4-4861-a2f8-5662631b383d service placement] 10.222.0.58 "GET /placement/resource_providers/d25874f3-a907-4643-b38b-c7469845321f/allocations" status: 200 len: 558 microversion: 1.0
Dec 16 09:31:18.135606 n-d-820550-2 devstack@placement-api.service[103299]: [pid: 103299|app: 0|req: 219/445] 10.222.0.58 () {58 vars in 1390 bytes} [Thu Dec 16 09:31:18 2021] GET /placement/resource_providers/d25874f3-a907-4643-b38b-c7469845321f/allocations => generated 558 bytes in 58 msecs (HTTP/1.1 200) 6 headers in 224 bytes (1 switches on core 0)
Dec 16 09:31:18.139852 n-d-820550-2 devstack@placement-api.service[103298]: INFO placement.requestlog [req-867084a6-6112-4e6c-943a-f50e94a2869c req-35319553-a13a-4dd0-b843-9f0f076873f0 service placement] 10.222.0.58 "GET /placement/allocations/3c66af04-a2b5-46d7-9bd2-5afd61d12f8f" status: 200 len: 259 microversion: 1.28
Dec 16 09:31:18.140456 n-d-820550-2 devstack@placement-api.service[103298]: [pid: 103298|app: 0|req: 227/446] 10.222.0.58 () {60 vars in 1377 bytes} [Thu Dec 16 09:31:18 2021] GET /placement/allocations/3c66af04-a2b5-46d7-9bd2-5afd61d12f8f => generated 259 bytes in 34 msecs (HTTP/1.1 200) 8 headers in 296 bytes (2 switches on core 0)
Dec 16 09:31:21.685502 n-d-820550-2 devstack@placement-api.service[103299]: DEBUG placement.requestlog [req-e3bae6c0-fc91-4815-b6d5-927e20a148b2 req-0fe60bba-3c72-4918-9371-05a8601e7b97 None None] Starting request: 10.222.0.60 "GET /placement/allocation_candidates?limit=1000&resources=DISK_GB%3A1%2CMEMORY_MB%3A1024%2CVCPU%3A1&root_required=%21COMPUTE_STATUS_DISABLED" {{(pid=103299) __call__ /opt/stack/placement/placement/requestlog.py:55}}
Dec 16 09:31:21.756885 n-d-820550-2 devstack@placement-api.service[103299]: DEBUG placement.objects.research_context [req-e3bae6c0-fc91-4815-b6d5-927e20a148b2 req-0fe60bba-3c72-4918-9371-05a8601e7b97 service placement] getting providers with 1 DISK_GB {{(pid=103299) __init__ /opt/stack/placement/placement/objects/research_context.py:126}}
Dec 16 09:31:21.763378 n-d-820550-2 devstack@placement-api.service[103299]: DEBUG placement.objects.research_context [req-e3bae6c0-fc91-4815-b6d5-927e20a148b2 req-0fe60bba-3c72-4918-9371-05a8601e7b97 service placement] getting providers with 1024 MEMORY_MB {{(pid=103299) __init__ /opt/stack/placement/placement/objects/research_context.py:126}}
Dec 16 09:31:21.770179 n-d-820550-2 devstack@placement-api.service[103299]: DEBUG placement.objects.research_context [req-e3bae6c0-fc91-4815-b6d5-927e20a148b2 req-0fe60bba-3c72-4918-9371-05a8601e7b97 service placement] getting providers with 1 VCPU {{(pid=103299) __init__ /opt/stack/placement/placement/objects/research_context.py:126}}
Dec 16 09:31:21.776385 n-d-820550-2 devstack@placement-api.service[103299]: DEBUG placement.objects.research_context [req-e3bae6c0-fc91-4815-b6d5-927e20a148b2 req-0fe60bba-3c72-4918-9371-05a8601e7b97 service placement] found 2 providers with available 1 DISK_GB {{(pid=103299) get_provider_ids_matching /opt/stack/placement/placement/objects/research_context.py:549}}
Dec 16 09:31:21.776869 n-d-820550-2 devstack@placement-api.service[103299]: DEBUG placement.objects.research_context [req-e3bae6c0-fc91-4815-b6d5-927e20a148b2 req-0fe60bba-3c72-4918-9371-05a8601e7b97 service placement] found 2 providers with available 1024 MEMORY_MB {{(pid=103299) get_provider_ids_matching /opt/stack/placement/placement/objects/research_context.py:549}}
Dec 16 09:31:21.777325 n-d-820550-2 devstack@placement-api.service[103299]: DEBUG placement.objects.research_context [req-e3bae6c0-fc91-4815-b6d5-927e20a148b2 req-0fe60bba-3c72-4918-9371-05a8601e7b97 service placement] found 2 providers after filtering by previous result {{(pid=103299) get_provider_ids_matching /opt/stack/placement/placement/objects/research_context.py:580}}
Dec 16 09:31:21.777772 n-d-820550-2 devstack@placement-api.service[103299]: DEBUG placement.objects.research_context [req-e3bae6c0-fc91-4815-b6d5-927e20a148b2 req-0fe60bba-3c72-4918-9371-05a8601e7b97 service placement] found 2 providers with available 1 VCPU {{(pid=103299) get_provider_ids_matching /opt/stack/placement/placement/objects/research_context.py:549}}
Dec 16 09:31:21.778193 n-d-820550-2 devstack@placement-api.service[103299]: DEBUG placement.objects.research_context [req-e3bae6c0-fc91-4815-b6d5-927e20a148b2 req-0fe60bba-3c72-4918-9371-05a8601e7b97 service placement] found 2 providers after filtering by previous result {{(pid=103299) get_provider_ids_matching /opt/stack/placement/placement/objects/research_context.py:580}}
Dec 16 09:31:21.791518 n-d-820550-2 devstack@placement-api.service[103299]: DEBUG placement.objects.allocation_candidate [req-e3bae6c0-fc91-4815-b6d5-927e20a148b2 req-0fe60bba-3c72-4918-9371-05a8601e7b97 service placement] RequestGroup(use_same_provider=False, resources={DISK_GB:1, MEMORY_MB:1024, VCPU:1}, traits=[], aggregates=[]) (suffix '') returned 2 matches {{(pid=103299) _get_by_requests /opt/stack/placement/placement/objects/allocation_candidate.py:145}}
Dec 16 09:31:21.793679 n-d-820550-2 devstack@placement-api.service[103299]: DEBUG placement.objects.allocation_candidate [req-e3bae6c0-fc91-4815-b6d5-927e20a148b2 req-0fe60bba-3c72-4918-9371-05a8601e7b97 service placement] Merging candidates yields 2 allocation requests and 2 provider summaries {{(pid=103299) _merge_candidates /opt/stack/placement/placement/objects/allocation_candidate.py:783}}
Dec 16 09:31:21.794388 n-d-820550-2 devstack@placement-api.service[103299]: INFO placement.requestlog [req-e3bae6c0-fc91-4815-b6d5-927e20a148b2 req-0fe60bba-3c72-4918-9371-05a8601e7b97 service placement] 10.222.0.60 "GET /placement/allocation_candidates?limit=1000&resources=DISK_GB%3A1%2CMEMORY_MB%3A1024%2CVCPU%3A1&root_required=%21COMPUTE_STATUS_DISABLED" status: 200 len: 1309 microversion: 1.36
Dec 16 09:31:21.795113 n-d-820550-2 devstack@placement-api.service[103299]: [pid: 103299|app: 0|req: 220/447] 10.222.0.60 () {60 vars in 1506 bytes} [Thu Dec 16 09:31:21 2021] GET /placement/allocation_candidates?limit=1000&resources=DISK_GB%3A1%2CMEMORY_MB%3A1024%2CVCPU%3A1&root_required=%21COMPUTE_STATUS_DISABLED => generated 1309 bytes in 110 msecs (HTTP/1.1 200) 8 headers in 297 bytes (1 switches on core 0)
Dec 16 09:31:21.867317 n-d-820550-2 devstack@placement-api.service[103298]: DEBUG placement.requestlog [req-e3bae6c0-fc91-4815-b6d5-927e20a148b2 req-40af9bcb-7441-4746-aafd-469a32d3177f None None] Starting request: 10.222.0.60 "GET /placement/allocations/23fa82b0-7188-4e98-9368-099a2fbc7cca" {{(pid=103298) __call__ /opt/stack/placement/placement/requestlog.py:55}}
Dec 16 09:31:21.886057 n-d-820550-2 devstack@placement-api.service[103298]: INFO placement.requestlog [req-e3bae6c0-fc91-4815-b6d5-927e20a148b2 req-40af9bcb-7441-4746-aafd-469a32d3177f service placement] 10.222.0.60 "GET /placement/allocations/23fa82b0-7188-4e98-9368-099a2fbc7cca" status: 200 len: 19 microversion: 1.28
Dec 16 09:31:21.888228 n-d-820550-2 devstack@placement-api.service[103298]: [pid: 103298|app: 0|req: 228/448] 10.222.0.60 () {60 vars in 1380 bytes} [Thu Dec 16 09:31:21 2021] GET /placement/allocations/23fa82b0-7188-4e98-9368-099a2fbc7cca => generated 19 bytes in 21 msecs (HTTP/1.1 200) 8 headers in 295 bytes (1 switches on core 0)
Dec 16 09:31:21.895430 n-d-820550-2 devstack@placement-api.service[103299]: DEBUG placement.requestlog [req-e3bae6c0-fc91-4815-b6d5-927e20a148b2 req-fc9a2d73-0b10-4175-8a74-6ca89b120e5f None None] Starting request: 10.222.0.60 "PUT /placement/allocations/23fa82b0-7188-4e98-9368-099a2fbc7cca" {{(pid=103299) __call__ /opt/stack/placement/placement/requestlog.py:55}}
Dec 16 09:31:22.685396 n-d-820550-2 devstack@placement-api.service[103299]: DEBUG placement.handlers.allocation [req-e3bae6c0-fc91-4815-b6d5-927e20a148b2 req-fc9a2d73-0b10-4175-8a74-6ca89b120e5f service placement] Successfully wrote allocations [, , ] {{(pid=103299) _update_consumers_and_create_allocations /opt/stack/placement/placement/handlers/allocation.py:462}}
Dec 16 09:31:22.890367 n-d-820550-2 devstack@placement-api.service[103299]: INFO placement.requestlog [req-e3bae6c0-fc91-4815-b6d5-927e20a148b2 req-fc9a2d73-0b10-4175-8a74-6ca89b120e5f service placement] 10.222.0.60 "PUT /placement/allocations/23fa82b0-7188-4e98-9368-099a2fbc7cca" status: 204 len: 0 microversion: 1.36
Dec 16 09:31:22.890999 n-d-820550-2 devstack@placement-api.service[103299]: [pid: 103299|app: 0|req: 221/449] 10.222.0.60 () {64 vars in 1433 bytes} [Thu Dec 16 09:31:21 2021] PUT /placement/allocations/23fa82b0-7188-4e98-9368-099a2fbc7cca => generated 0 bytes in 996 msecs (HTTP/1.1 204) 5 headers in 199 bytes (1 switches on core 0)
Dec 16 09:31:24.526948 n-d-820550-2 devstack@placement-api.service[103298]: DEBUG placement.requestlog [req-e3bae6c0-fc91-4815-b6d5-927e20a148b2 req-c7392c41-0a81-4b99-bd23-8606fb060e5b None None] Starting request: 10.222.0.57 "GET /placement/allocations/23fa82b0-7188-4e98-9368-099a2fbc7cca" {{(pid=103298) __call__ /opt/stack/placement/placement/requestlog.py:55}}
Dec 16 09:31:24.554837 n-d-820550-2 devstack@placement-api.service[103298]: INFO placement.requestlog [req-e3bae6c0-fc91-4815-b6d5-927e20a148b2 req-c7392c41-0a81-4b99-bd23-8606fb060e5b service placement] 10.222.0.57 "GET /placement/allocations/23fa82b0-7188-4e98-9368-099a2fbc7cca" status: 200 len: 259 microversion: 1.28
Dec 16 09:31:24.555778 n-d-820550-2 devstack@placement-api.service[103298]: [pid: 103298|app: 0|req: 229/450] 10.222.0.57 () {60 vars in 1377 bytes} [Thu Dec 16 09:31:24 2021] GET /placement/allocations/23fa82b0-7188-4e98-9368-099a2fbc7cca => generated 259 bytes in 29 msecs (HTTP/1.1 200) 8 headers in 296 bytes (1 switches on core 0)
Dec 16 09:31:25.935446 n-d-820550-2 devstack@placement-api.service[103299]: DEBUG placement.requestlog [req-fa01c12b-920e-4993-ae90-4ff9bd867450 req-358bf492-61d9-4c4f-8f5d-cf557ef75f8c None None] Starting request: 10.222.0.57 "GET /placement/resource_providers/f0200fe9-1526-47e7-b62a-a29b3e7cef22/allocations" {{(pid=103299) __call__ /opt/stack/placement/placement/requestlog.py:55}}
Dec 16 09:31:25.960845 n-d-820550-2 devstack@placement-api.service[103299]: INFO placement.requestlog [req-fa01c12b-920e-4993-ae90-4ff9bd867450 req-358bf492-61d9-4c4f-8f5d-cf557ef75f8c service placement] 10.222.0.57 "GET /placement/resource_providers/f0200fe9-1526-47e7-b62a-a29b3e7cef22/allocations" status: 200 len: 631 microversion: 1.0
Dec 16 09:31:25.961252 n-d-820550-2 devstack@placement-api.service[103299]: [pid: 103299|app: 0|req: 222/451] 10.222.0.57 () {58 vars in 1390 bytes} [Thu Dec 16 09:31:25 2021] GET /placement/resource_providers/f0200fe9-1526-47e7-b62a-a29b3e7cef22/allocations => generated 631 bytes in 26 msecs (HTTP/1.1 200) 6 headers in 224 bytes (1 switches on core 0)
Dec 16 09:31:32.210425 n-d-820550-2 devstack@placement-api.service[103298]: DEBUG placement.requestlog [req-da381377-43eb-48f3-a645-d17f25cbbc36 req-19baf8bd-337a-4633-876a-7da2e31aa7d2 None None] Starting request: 10.222.0.57 "DELETE /placement/allocations/7e7b2978-ea46-4ed7-a881-1038bf0daee4" {{(pid=103298) __call__ /opt/stack/placement/placement/requestlog.py:55}}
Dec 16 09:31:32.587325 n-d-820550-2 devstack@placement-api.service[103298]: DEBUG placement.handlers.allocation [req-da381377-43eb-48f3-a645-d17f25cbbc36 req-19baf8bd-337a-4633-876a-7da2e31aa7d2 service placement] Successfully deleted allocations [, , ] {{(pid=103298) delete_allocations /opt/stack/placement/placement/handlers/allocation.py:627}}
Dec 16 09:31:32.588527 n-d-820550-2 devstack@placement-api.service[103298]: INFO placement.requestlog [req-da381377-43eb-48f3-a645-d17f25cbbc36 req-19baf8bd-337a-4633-876a-7da2e31aa7d2 service placement] 10.222.0.57 "DELETE /placement/allocations/7e7b2978-ea46-4ed7-a881-1038bf0daee4" status: 204 len: 0 microversion: 1.0
Dec 16 09:31:32.589198 n-d-820550-2 devstack@placement-api.service[103298]: [pid: 103298|app: 0|req: 230/452] 10.222.0.57 () {60 vars in 1355 bytes} [Thu Dec 16 09:31:32 2021] DELETE /placement/allocations/7e7b2978-ea46-4ed7-a881-1038bf0daee4 => generated 0 bytes in 378 msecs (HTTP/1.1 204) 5 headers in 198 bytes (1 switches on core 0)
Dec 16 09:31:36.667305 n-d-820550-2 devstack@placement-api.service[103299]: DEBUG placement.requestlog [req-c716d156-06f2-4d05-9205-b33abf3b2e5b req-409888f0-62eb-422c-9da3-34f91faf593d None None] Starting request: 10.222.0.58 "DELETE /placement/allocations/b184a632-ca14-45d5-8c6d-bb0ef87cee8e" {{(pid=103299) __call__ /opt/stack/placement/placement/requestlog.py:55}}
Dec 16 09:31:36.884168 n-d-820550-2 devstack@placement-api.service[103299]: DEBUG placement.handlers.allocation [req-c716d156-06f2-4d05-9205-b33abf3b2e5b req-409888f0-62eb-422c-9da3-34f91faf593d service placement] Successfully deleted allocations [, , ] {{(pid=103299) delete_allocations /opt/stack/placement/placement/handlers/allocation.py:627}}
Dec 16 09:31:36.888445 n-d-820550-2 devstack@placement-api.service[103299]: INFO placement.requestlog [req-c716d156-06f2-4d05-9205-b33abf3b2e5b req-409888f0-62eb-422c-9da3-34f91faf593d service placement] 10.222.0.58 "DELETE /placement/allocations/b184a632-ca14-45d5-8c6d-bb0ef87cee8e" status: 204 len: 0 microversion: 1.0
Dec 16 09:31:36.888445 n-d-820550-2 devstack@placement-api.service[103299]: [pid: 103299|app: 0|req: 223/453] 10.222.0.58 () {60 vars in 1355 bytes} [Thu Dec 16 09:31:36 2021] DELETE /placement/allocations/b184a632-ca14-45d5-8c6d-bb0ef87cee8e => generated 0 bytes in 218 msecs (HTTP/1.1 204) 5 headers in 198 bytes (1 switches on core 0)
Dec 16 09:31:37.081201 n-d-820550-2 devstack@placement-api.service[103298]: DEBUG placement.requestlog [req-d6ed99da-a2a7-4039-b5e6-cf10984aeb0a req-8a02149c-3bb5-4fbd-ba14-5e3fea1a56e3 None None] Starting request: 10.222.0.58 "DELETE /placement/allocations/b1ca4839-8593-467a-a0a0-680c168f2685" {{(pid=103298) __call__ /opt/stack/placement/placement/requestlog.py:55}}
Dec 16 09:31:37.309640 n-d-820550-2 devstack@placement-api.service[103298]: DEBUG placement.handlers.allocation [req-d6ed99da-a2a7-4039-b5e6-cf10984aeb0a req-8a02149c-3bb5-4fbd-ba14-5e3fea1a56e3 service placement] Successfully deleted allocations [, , ] {{(pid=103298) delete_allocations /opt/stack/placement/placement/handlers/allocation.py:627}}
Dec 16 09:31:37.310156 n-d-820550-2 devstack@placement-api.service[103298]: INFO placement.requestlog [req-d6ed99da-a2a7-4039-b5e6-cf10984aeb0a req-8a02149c-3bb5-4fbd-ba14-5e3fea1a56e3 service placement] 10.222.0.58 "DELETE /placement/allocations/b1ca4839-8593-467a-a0a0-680c168f2685" status: 204 len: 0 microversion: 1.0
Dec 16 09:31:37.310640 n-d-820550-2 devstack@placement-api.service[103298]: [pid: 103298|app: 0|req: 231/454] 10.222.0.58 () {60 vars in 1355 bytes} [Thu Dec 16 09:31:37 2021] DELETE /placement/allocations/b1ca4839-8593-467a-a0a0-680c168f2685 => generated 0 bytes in 230 msecs (HTTP/1.1 204) 5 headers in 198 bytes (2 switches on core 0)
Dec 16 09:31:38.789695 n-d-820550-2 devstack@placement-api.service[103299]: DEBUG placement.requestlog [req-c01e11b9-c3ef-4551-a254-645f8051e45a req-523f2c3e-d2aa-421b-9093-93a6def02bab None None] Starting request: 10.222.0.60 "GET /placement/allocation_candidates?limit=1000&resources=DISK_GB%3A1%2CMEMORY_MB%3A1024%2CVCPU%3A1&root_required=%21COMPUTE_STATUS_DISABLED" {{(pid=103299) __call__ /opt/stack/placement/placement/requestlog.py:55}}
Dec 16 09:31:38.899629 n-d-820550-2 devstack@placement-api.service[103299]: DEBUG placement.objects.research_context [req-c01e11b9-c3ef-4551-a254-645f8051e45a req-523f2c3e-d2aa-421b-9093-93a6def02bab service placement] getting providers with 1 DISK_GB {{(pid=103299) __init__ /opt/stack/placement/placement/objects/research_context.py:126}}
Dec 16 09:31:38.915411 n-d-820550-2 devstack@placement-api.service[103299]: DEBUG placement.objects.research_context [req-c01e11b9-c3ef-4551-a254-645f8051e45a req-523f2c3e-d2aa-421b-9093-93a6def02bab service placement] getting providers with 1024 MEMORY_MB {{(pid=103299) __init__ /opt/stack/placement/placement/objects/research_context.py:126}}
Dec 16 09:31:38.929447 n-d-820550-2 devstack@placement-api.service[103299]: DEBUG placement.objects.research_context [req-c01e11b9-c3ef-4551-a254-645f8051e45a req-523f2c3e-d2aa-421b-9093-93a6def02bab service placement] getting providers with 1 VCPU {{(pid=103299) __init__ /opt/stack/placement/placement/objects/research_context.py:126}}
Dec 16 09:31:38.947261 n-d-820550-2 devstack@placement-api.service[103299]: DEBUG placement.objects.research_context [req-c01e11b9-c3ef-4551-a254-645f8051e45a req-523f2c3e-d2aa-421b-9093-93a6def02bab service placement] found 2 providers with available 1 DISK_GB {{(pid=103299) get_provider_ids_matching /opt/stack/placement/placement/objects/research_context.py:549}}
Dec 16 09:31:38.947625 n-d-820550-2 devstack@placement-api.service[103299]: DEBUG placement.objects.research_context [req-c01e11b9-c3ef-4551-a254-645f8051e45a req-523f2c3e-d2aa-421b-9093-93a6def02bab service placement] found 2 providers with available 1024 MEMORY_MB {{(pid=103299) get_provider_ids_matching /opt/stack/placement/placement/objects/research_context.py:549}}
Dec 16 09:31:38.947967 n-d-820550-2 devstack@placement-api.service[103299]: DEBUG placement.objects.research_context [req-c01e11b9-c3ef-4551-a254-645f8051e45a req-523f2c3e-d2aa-421b-9093-93a6def02bab service placement] found 2 providers after filtering by previous result {{(pid=103299) get_provider_ids_matching /opt/stack/placement/placement/objects/research_context.py:580}}
Dec 16 09:31:38.948295 n-d-820550-2 devstack@placement-api.service[103299]: DEBUG placement.objects.research_context [req-c01e11b9-c3ef-4551-a254-645f8051e45a req-523f2c3e-d2aa-421b-9093-93a6def02bab service placement] found 2 providers with available 1 VCPU {{(pid=103299) get_provider_ids_matching /opt/stack/placement/placement/objects/research_context.py:549}}
Dec 16 09:31:38.948893 n-d-820550-2 devstack@placement-api.service[103299]: DEBUG placement.objects.research_context [req-c01e11b9-c3ef-4551-a254-645f8051e45a req-523f2c3e-d2aa-421b-9093-93a6def02bab service placement] found 2 providers after filtering by previous result {{(pid=103299) get_provider_ids_matching /opt/stack/placement/placement/objects/research_context.py:580}}
Dec 16 09:31:38.976815 n-d-820550-2 devstack@placement-api.service[103299]: DEBUG placement.objects.allocation_candidate [req-c01e11b9-c3ef-4551-a254-645f8051e45a req-523f2c3e-d2aa-421b-9093-93a6def02bab service placement] RequestGroup(use_same_provider=False, resources={DISK_GB:1, MEMORY_MB:1024, VCPU:1}, traits=[], aggregates=[]) (suffix '') returned 2 matches {{(pid=103299) _get_by_requests /opt/stack/placement/placement/objects/allocation_candidate.py:145}}
Dec 16 09:31:38.977341 n-d-820550-2 devstack@placement-api.service[103299]: DEBUG placement.objects.allocation_candidate [req-c01e11b9-c3ef-4551-a254-645f8051e45a req-523f2c3e-d2aa-421b-9093-93a6def02bab service placement] Merging candidates yields 2 allocation requests and 2 provider summaries {{(pid=103299) _merge_candidates /opt/stack/placement/placement/objects/allocation_candidate.py:783}}
Dec 16 09:31:38.980806 n-d-820550-2 devstack@placement-api.service[103299]: INFO placement.requestlog [req-c01e11b9-c3ef-4551-a254-645f8051e45a req-523f2c3e-d2aa-421b-9093-93a6def02bab service placement] 10.222.0.60 "GET /placement/allocation_candidates?limit=1000&resources=DISK_GB%3A1%2CMEMORY_MB%3A1024%2CVCPU%3A1&root_required=%21COMPUTE_STATUS_DISABLED" status: 200 len: 1309 microversion: 1.36
Dec 16 09:31:38.982782 n-d-820550-2 devstack@placement-api.service[103299]: [pid: 103299|app: 0|req: 224/455] 10.222.0.60 () {60 vars in 1506 bytes} [Thu Dec 16 09:31:38 2021] GET /placement/allocation_candidates?limit=1000&resources=DISK_GB%3A1%2CMEMORY_MB%3A1024%2CVCPU%3A1&root_required=%21COMPUTE_STATUS_DISABLED => generated 1309 bytes in 193 msecs (HTTP/1.1 200) 8 headers in 297 bytes (1 switches on core 0)
Dec 16 09:31:39.078050 n-d-820550-2 devstack@placement-api.service[103298]: DEBUG placement.requestlog [req-c01e11b9-c3ef-4551-a254-645f8051e45a req-92df0830-2fae-46e8-b6a8-4fec5d7380a7 None None] Starting request: 10.222.0.60 "GET /placement/allocations/dd540a4a-2149-4a72-804d-b9306761915d" {{(pid=103298) __call__ /opt/stack/placement/placement/requestlog.py:55}}
Dec 16 09:31:39.092275 n-d-820550-2 devstack@placement-api.service[103298]: INFO placement.requestlog [req-c01e11b9-c3ef-4551-a254-645f8051e45a req-92df0830-2fae-46e8-b6a8-4fec5d7380a7 service placement] 10.222.0.60 "GET /placement/allocations/dd540a4a-2149-4a72-804d-b9306761915d" status: 200 len: 19 microversion: 1.28
Dec 16 09:31:39.092888 n-d-820550-2 devstack@placement-api.service[103298]: [pid: 103298|app: 0|req: 232/456] 10.222.0.60 () {60 vars in 1380 bytes} [Thu Dec 16 09:31:39 2021] GET /placement/allocations/dd540a4a-2149-4a72-804d-b9306761915d => generated 19 bytes in 17 msecs (HTTP/1.1 200) 8 headers in 295 bytes (1 switches on core 0)
Dec 16 09:31:39.100098 n-d-820550-2 devstack@placement-api.service[103299]: DEBUG placement.requestlog [req-c01e11b9-c3ef-4551-a254-645f8051e45a req-91e81dd8-261d-4bd5-a04d-d8d766c265b6 None None] Starting request: 10.222.0.60 "PUT /placement/allocations/dd540a4a-2149-4a72-804d-b9306761915d" {{(pid=103299) __call__ /opt/stack/placement/placement/requestlog.py:55}}
Dec 16 09:31:39.259374 n-d-820550-2 devstack@placement-api.service[103299]: DEBUG placement.handlers.allocation [req-c01e11b9-c3ef-4551-a254-645f8051e45a req-91e81dd8-261d-4bd5-a04d-d8d766c265b6 service placement] Successfully wrote allocations [, , ] {{(pid=103299) _update_consumers_and_create_allocations /opt/stack/placement/placement/handlers/allocation.py:462}}
Dec 16 09:31:39.367292 n-d-820550-2 devstack@placement-api.service[103299]: INFO placement.requestlog [req-c01e11b9-c3ef-4551-a254-645f8051e45a req-91e81dd8-261d-4bd5-a04d-d8d766c265b6 service placement] 10.222.0.60 "PUT /placement/allocations/dd540a4a-2149-4a72-804d-b9306761915d" status: 204 len: 0 microversion: 1.36
Dec 16 09:31:39.372294 n-d-820550-2 devstack@placement-api.service[103299]: [pid: 103299|app: 0|req: 225/457] 10.222.0.60 () {64 vars in 1433 bytes} [Thu Dec 16 09:31:39 2021] PUT /placement/allocations/dd540a4a-2149-4a72-804d-b9306761915d => generated 0 bytes in 268 msecs (HTTP/1.1 204) 5 headers in 199 bytes (2 switches on core 0)
Dec 16 09:31:40.554390 n-d-820550-2 devstack@placement-api.service[103298]: DEBUG placement.requestlog [req-c01e11b9-c3ef-4551-a254-645f8051e45a req-0ba4eb21-879b-4766-8f55-320d9d14cd6e None None] Starting request: 10.222.0.58 "GET /placement/allocations/dd540a4a-2149-4a72-804d-b9306761915d" {{(pid=103298) __call__ /opt/stack/placement/placement/requestlog.py:55}}
Dec 16 09:31:40.585231 n-d-820550-2 devstack@placement-api.service[103298]: INFO placement.requestlog [req-c01e11b9-c3ef-4551-a254-645f8051e45a req-0ba4eb21-879b-4766-8f55-320d9d14cd6e service placement] 10.222.0.58 "GET /placement/allocations/dd540a4a-2149-4a72-804d-b9306761915d" status: 200 len: 259 microversion: 1.28
Dec 16 09:31:40.585938 n-d-820550-2 devstack@placement-api.service[103298]: [pid: 103298|app: 0|req: 233/458] 10.222.0.58 () {60 vars in 1377 bytes} [Thu Dec 16 09:31:40 2021] GET /placement/allocations/dd540a4a-2149-4a72-804d-b9306761915d => generated 259 bytes in 32 msecs (HTTP/1.1 200) 8 headers in 296 bytes (1 switches on core 0)
Dec 16 09:31:41.511688 n-d-820550-2 devstack@placement-api.service[103299]: DEBUG placement.requestlog [req-26a8bea1-44c3-4a7b-9b2e-576a0d614dad req-15ee20b9-d7ff-4b60-92bf-29a1ded7db16 None None] Starting request: 10.222.0.57 "GET /placement/allocations/f889d042-7378-4865-8230-ca4e3982e384" {{(pid=103299) __call__ /opt/stack/placement/placement/requestlog.py:55}}
Dec 16 09:31:41.533463 n-d-820550-2 devstack@placement-api.service[103299]: INFO placement.requestlog [req-26a8bea1-44c3-4a7b-9b2e-576a0d614dad req-15ee20b9-d7ff-4b60-92bf-29a1ded7db16 service placement] 10.222.0.57 "GET /placement/allocations/f889d042-7378-4865-8230-ca4e3982e384" status: 200 len: 259 microversion: 1.28
Dec 16 09:31:41.535122 n-d-820550-2 devstack@placement-api.service[103299]: [pid: 103299|app: 0|req: 226/459] 10.222.0.57 () {60 vars in 1377 bytes} [Thu Dec 16 09:31:41 2021] GET /placement/allocations/f889d042-7378-4865-8230-ca4e3982e384 => generated 259 bytes in 23 msecs (HTTP/1.1 200) 8 headers in 296 bytes (1 switches on core 0)
Dec 16 09:31:43.254014 n-d-820550-2 devstack@placement-api.service[103298]: DEBUG placement.requestlog [req-275da352-dff6-400b-9f89-0adb5fc25158 req-af80475d-94ec-4fb1-b94e-d8f53cc2687a None None] Starting request: 10.222.0.58 "DELETE /placement/allocations/16c34073-d486-427f-8297-1185a1c1567f" {{(pid=103298) __call__ /opt/stack/placement/placement/requestlog.py:55}}
Dec 16 09:31:43.578327 n-d-820550-2 devstack@placement-api.service[103298]: DEBUG placement.handlers.allocation [req-275da352-dff6-400b-9f89-0adb5fc25158 req-af80475d-94ec-4fb1-b94e-d8f53cc2687a service placement] Successfully deleted allocations [, , ] {{(pid=103298) delete_allocations /opt/stack/placement/placement/handlers/allocation.py:627}}
Dec 16 09:31:43.579039 n-d-820550-2 devstack@placement-api.service[103298]: INFO placement.requestlog [req-275da352-dff6-400b-9f89-0adb5fc25158 req-af80475d-94ec-4fb1-b94e-d8f53cc2687a service placement] 10.222.0.58 "DELETE /placement/allocations/16c34073-d486-427f-8297-1185a1c1567f" status: 204 len: 0 microversion: 1.0
Dec 16 09:31:43.579524 n-d-820550-2 devstack@placement-api.service[103298]: [pid: 103298|app: 0|req: 234/460] 10.222.0.58 () {60 vars in 1355 bytes} [Thu Dec 16 09:31:43 2021] DELETE /placement/allocations/16c34073-d486-427f-8297-1185a1c1567f => generated 0 bytes in 326 msecs (HTTP/1.1 204) 5 headers in 198 bytes (1 switches on core 0)
Dec 16 09:31:49.579900 n-d-820550-2 devstack@placement-api.service[103299]: DEBUG placement.requestlog [req-c7036a44-bbac-402c-8d41-9472cfca3089 req-c55eefdf-ccb7-4c6e-ab20-23a7876bb211 None None] Starting request: 10.222.0.58 "GET /placement/allocations/6cdf5e28-0532-4a2f-9547-017c96163461" {{(pid=103299) __call__ /opt/stack/placement/placement/requestlog.py:55}}
Dec 16 09:31:49.608789 n-d-820550-2 devstack@placement-api.service[103299]: INFO placement.requestlog [req-c7036a44-bbac-402c-8d41-9472cfca3089 req-c55eefdf-ccb7-4c6e-ab20-23a7876bb211 service placement] 10.222.0.58 "GET /placement/allocations/6cdf5e28-0532-4a2f-9547-017c96163461" status: 200 len: 259 microversion: 1.28
Dec 16 09:31:49.610156 n-d-820550-2 devstack@placement-api.service[103299]: [pid: 103299|app: 0|req: 227/461] 10.222.0.58 () {60 vars in 1377 bytes} [Thu Dec 16 09:31:49 2021] GET /placement/allocations/6cdf5e28-0532-4a2f-9547-017c96163461 => generated 259 bytes in 31 msecs (HTTP/1.1 200) 8 headers in 296 bytes (1 switches on core 0)
Dec 16 09:31:49.618388 n-d-820550-2 devstack@placement-api.service[103298]: DEBUG placement.requestlog [req-c7036a44-bbac-402c-8d41-9472cfca3089 req-8e5e08dc-46bc-4249-a587-ec1d309baed2 None None] Starting request: 10.222.0.58 "PUT /placement/allocations/6cdf5e28-0532-4a2f-9547-017c96163461" {{(pid=103298) __call__ /opt/stack/placement/placement/requestlog.py:55}}
Dec 16 09:31:49.719473 n-d-820550-2 devstack@placement-api.service[103298]: DEBUG placement.handlers.allocation [req-c7036a44-bbac-402c-8d41-9472cfca3089 req-8e5e08dc-46bc-4249-a587-ec1d309baed2 service placement] Successfully wrote allocations [, , ] {{(pid=103298) _update_consumers_and_create_allocations /opt/stack/placement/placement/handlers/allocation.py:462}}
Dec 16 09:31:49.878146 n-d-820550-2 devstack@placement-api.service[103298]: INFO placement.requestlog [req-c7036a44-bbac-402c-8d41-9472cfca3089 req-8e5e08dc-46bc-4249-a587-ec1d309baed2 service placement] 10.222.0.58 "PUT /placement/allocations/6cdf5e28-0532-4a2f-9547-017c96163461" status: 204 len: 0 microversion: 1.28
Dec 16 09:31:49.878146 n-d-820550-2 devstack@placement-api.service[103298]: [pid: 103298|app: 0|req: 235/462] 10.222.0.58 () {64 vars in 1430 bytes} [Thu Dec 16 09:31:49 2021] PUT /placement/allocations/6cdf5e28-0532-4a2f-9547-017c96163461 => generated 0 bytes in 255 msecs (HTTP/1.1 204) 5 headers in 199 bytes (2 switches on core 0)
Dec 16 09:31:50.470647 n-d-820550-2 devstack@placement-api.service[103299]: DEBUG placement.requestlog [req-3b899d3f-25a9-4245-8977-dbf92a39a51b req-c2f8ee9c-f5ea-4b51-b2b2-7394f17f9572 None None] Starting request: 10.222.0.57 "DELETE /placement/allocations/1456d6f8-eee1-4326-86ca-37e50469cb48" {{(pid=103299) __call__ /opt/stack/placement/placement/requestlog.py:55}}
Dec 16 09:31:50.489604 n-d-820550-2 devstack@placement-api.service[103298]: DEBUG placement.requestlog [req-47992cc6-9f22-4d9c-99b9-2131bf22e4a4 req-064b04be-2a92-4c73-9a37-2fce09a43641 None None] Starting request: 10.222.0.58 "DELETE /placement/allocations/3c66af04-a2b5-46d7-9bd2-5afd61d12f8f" {{(pid=103298) __call__ /opt/stack/placement/placement/requestlog.py:55}}
Dec 16 09:31:50.750790 n-d-820550-2 devstack@placement-api.service[103299]: DEBUG placement.handlers.allocation [req-3b899d3f-25a9-4245-8977-dbf92a39a51b req-c2f8ee9c-f5ea-4b51-b2b2-7394f17f9572 service placement] Successfully deleted allocations [, , ] {{(pid=103299) delete_allocations /opt/stack/placement/placement/handlers/allocation.py:627}}
Dec 16 09:31:50.750790 n-d-820550-2 devstack@placement-api.service[103299]: INFO placement.requestlog [req-3b899d3f-25a9-4245-8977-dbf92a39a51b req-c2f8ee9c-f5ea-4b51-b2b2-7394f17f9572 service placement] 10.222.0.57 "DELETE /placement/allocations/1456d6f8-eee1-4326-86ca-37e50469cb48" status: 204 len: 0 microversion: 1.0
Dec 16 09:31:50.750790 n-d-820550-2 devstack@placement-api.service[103299]: [pid: 103299|app: 0|req: 228/463] 10.222.0.57 () {60 vars in 1355 bytes} [Thu Dec 16 09:31:50 2021] DELETE /placement/allocations/1456d6f8-eee1-4326-86ca-37e50469cb48 => generated 0 bytes in 272 msecs (HTTP/1.1 204) 5 headers in 198 bytes (1 switches on core 0)
Dec 16 09:31:50.769634 n-d-820550-2 devstack@placement-api.service[103298]: DEBUG placement.handlers.allocation [req-47992cc6-9f22-4d9c-99b9-2131bf22e4a4 req-064b04be-2a92-4c73-9a37-2fce09a43641 service placement] Successfully deleted allocations [, , ] {{(pid=103298) delete_allocations /opt/stack/placement/placement/handlers/allocation.py:627}}
