Jan 21 16:31:18.487921 n-d-820531-6 devstack@placement-api.service[104093]: DEBUG placement.objects.research_context [req-f1b01e60-a738-4829-96ad-b83692384e28 req-cbce765a-7e58-4c1a-a4fe-15867fe7b2a1 service placement] getting providers with 1 DISK_GB {{(pid=104093) __init__ /opt/stack/placement/placement/objects/research_context.py:126}}
Jan 21 16:31:18.504027 n-d-820531-6 devstack@placement-api.service[104093]: DEBUG placement.objects.research_context [req-f1b01e60-a738-4829-96ad-b83692384e28 req-cbce765a-7e58-4c1a-a4fe-15867fe7b2a1 service placement] getting providers with 1024 MEMORY_MB {{(pid=104093) __init__ /opt/stack/placement/placement/objects/research_context.py:126}}
Jan 21 16:31:18.517586 n-d-820531-6 devstack@placement-api.service[104093]: DEBUG placement.objects.research_context [req-f1b01e60-a738-4829-96ad-b83692384e28 req-cbce765a-7e58-4c1a-a4fe-15867fe7b2a1 service placement] getting providers with 1 VCPU {{(pid=104093) __init__ /opt/stack/placement/placement/objects/research_context.py:126}}
Jan 21 16:31:18.534616 n-d-820531-6 devstack@placement-api.service[104093]: DEBUG placement.objects.research_context [req-f1b01e60-a738-4829-96ad-b83692384e28 req-cbce765a-7e58-4c1a-a4fe-15867fe7b2a1 service placement] found 2 providers with available 1 DISK_GB {{(pid=104093) get_provider_ids_matching /opt/stack/placement/placement/objects/research_context.py:549}}
Jan 21 16:31:18.536080 n-d-820531-6 devstack@placement-api.service[104093]: DEBUG placement.objects.research_context [req-f1b01e60-a738-4829-96ad-b83692384e28 req-cbce765a-7e58-4c1a-a4fe-15867fe7b2a1 service placement] found 2 providers with available 1024 MEMORY_MB {{(pid=104093) get_provider_ids_matching /opt/stack/placement/placement/objects/research_context.py:549}}
Jan 21 16:31:18.536449 n-d-820531-6 devstack@placement-api.service[104093]: DEBUG placement.objects.research_context [req-f1b01e60-a738-4829-96ad-b83692384e28 req-cbce765a-7e58-4c1a-a4fe-15867fe7b2a1 service placement] found 2 providers after filtering by previous result {{(pid=104093) get_provider_ids_matching /opt/stack/placement/placement/objects/research_context.py:580}}
Jan 21 16:31:18.537717 n-d-820531-6 devstack@placement-api.service[104093]: DEBUG placement.objects.research_context [req-f1b01e60-a738-4829-96ad-b83692384e28 req-cbce765a-7e58-4c1a-a4fe-15867fe7b2a1 service placement] found 2 providers with available 1 VCPU {{(pid=104093) get_provider_ids_matching /opt/stack/placement/placement/objects/research_context.py:549}}
Jan 21 16:31:18.538206 n-d-820531-6 devstack@placement-api.service[104093]: DEBUG placement.objects.research_context [req-f1b01e60-a738-4829-96ad-b83692384e28 req-cbce765a-7e58-4c1a-a4fe-15867fe7b2a1 service placement] found 2 providers after filtering by previous result {{(pid=104093) get_provider_ids_matching /opt/stack/placement/placement/objects/research_context.py:580}}
Jan 21 16:31:18.566017 n-d-820531-6 devstack@placement-api.service[104093]: DEBUG placement.objects.allocation_candidate [req-f1b01e60-a738-4829-96ad-b83692384e28 req-cbce765a-7e58-4c1a-a4fe-15867fe7b2a1 service placement] RequestGroup(use_same_provider=False, resources={DISK_GB:1, MEMORY_MB:1024, VCPU:1}, traits=[], aggregates=[]) (suffix '') returned 2 matches {{(pid=104093) _get_by_requests /opt/stack/placement/placement/objects/allocation_candidate.py:145}}
Jan 21 16:31:18.566755 n-d-820531-6 devstack@placement-api.service[104093]: DEBUG placement.objects.allocation_candidate [req-f1b01e60-a738-4829-96ad-b83692384e28 req-cbce765a-7e58-4c1a-a4fe-15867fe7b2a1 service placement] Merging candidates yields 2 allocation requests and 2 provider summaries {{(pid=104093) _merge_candidates /opt/stack/placement/placement/objects/allocation_candidate.py:783}}
Jan 21 16:31:18.572103 n-d-820531-6 devstack@placement-api.service[104093]: INFO placement.requestlog [req-f1b01e60-a738-4829-96ad-b83692384e28 req-cbce765a-7e58-4c1a-a4fe-15867fe7b2a1 service placement] 10.222.0.84 "GET /placement/allocation_candidates?limit=1000&resources=DISK_GB%3A1%2CMEMORY_MB%3A1024%2CVCPU%3A1&root_required=%21COMPUTE_STATUS_DISABLED" status: 200 len: 1309 microversion: 1.36
Jan 21 16:31:18.584107 n-d-820531-6 devstack@placement-api.service[104093]: [pid: 104093|app: 0|req: 305/609] 10.222.0.84 () {60 vars in 1506 bytes} [Fri Jan 21 16:31:18 2022] GET /placement/allocation_candidates?limit=1000&resources=DISK_GB%3A1%2CMEMORY_MB%3A1024%2CVCPU%3A1&root_required=%21COMPUTE_STATUS_DISABLED => generated 1309 bytes in 158 msecs (HTTP/1.1 200) 8 headers in 297 bytes (1 switches on core 0)
Jan 21 16:31:18.688501 n-d-820531-6 devstack@placement-api.service[104094]: DEBUG placement.requestlog [req-f1b01e60-a738-4829-96ad-b83692384e28 req-8b0b4bd8-0ede-4174-9cb3-0616d8209506 None None] Starting request: 10.222.0.84 "GET /placement/allocations/0d7a0307-1b68-4f0d-89c0-b07425a3ece9" {{(pid=104094) __call__ /opt/stack/placement/placement/requestlog.py:55}}
Jan 21 16:31:18.705388 n-d-820531-6 devstack@placement-api.service[104094]: INFO placement.requestlog [req-f1b01e60-a738-4829-96ad-b83692384e28 req-8b0b4bd8-0ede-4174-9cb3-0616d8209506 service placement] 10.222.0.84 "GET /placement/allocations/0d7a0307-1b68-4f0d-89c0-b07425a3ece9" status: 200 len: 19 microversion: 1.28
Jan 21 16:31:18.705814 n-d-820531-6 devstack@placement-api.service[104094]: [pid: 104094|app: 0|req: 305/610] 10.222.0.84 () {60 vars in 1380 bytes} [Fri Jan 21 16:31:18 2022] GET /placement/allocations/0d7a0307-1b68-4f0d-89c0-b07425a3ece9 => generated 19 bytes in 18 msecs (HTTP/1.1 200) 8 headers in 295 bytes (1 switches on core 0)
Jan 21 16:31:18.714156 n-d-820531-6 devstack@placement-api.service[104093]: DEBUG placement.requestlog [req-f1b01e60-a738-4829-96ad-b83692384e28 req-d98540f7-55fa-46fc-9e35-ca3b3088321d None None] Starting request: 10.222.0.84 "PUT /placement/allocations/0d7a0307-1b68-4f0d-89c0-b07425a3ece9" {{(pid=104093) __call__ /opt/stack/placement/placement/requestlog.py:55}}
Jan 21 16:31:18.842850 n-d-820531-6 devstack@placement-api.service[104093]: DEBUG placement.handlers.allocation [req-f1b01e60-a738-4829-96ad-b83692384e28 req-d98540f7-55fa-46fc-9e35-ca3b3088321d service placement] Successfully wrote allocations [, , ] {{(pid=104093) _update_consumers_and_create_allocations /opt/stack/placement/placement/handlers/allocation.py:462}}
Jan 21 16:31:18.853464 n-d-820531-6 devstack@placement-api.service[104093]: INFO placement.requestlog [req-f1b01e60-a738-4829-96ad-b83692384e28 req-d98540f7-55fa-46fc-9e35-ca3b3088321d service placement] 10.222.0.84 "PUT /placement/allocations/0d7a0307-1b68-4f0d-89c0-b07425a3ece9" status: 204 len: 0 microversion: 1.36
Jan 21 16:31:18.854613 n-d-820531-6 devstack@placement-api.service[104093]: [pid: 104093|app: 0|req: 306/611] 10.222.0.84 () {64 vars in 1433 bytes} [Fri Jan 21 16:31:18 2022] PUT /placement/allocations/0d7a0307-1b68-4f0d-89c0-b07425a3ece9 => generated 0 bytes in 141 msecs (HTTP/1.1 204) 5 headers in 199 bytes (1 switches on core 0)
Jan 21 16:31:19.455068 n-d-820531-6 devstack@placement-api.service[104094]: DEBUG placement.requestlog [req-f1b01e60-a738-4829-96ad-b83692384e28 req-eb6010d1-4049-4083-9ba6-71f238cf69f7 None None] Starting request: 10.222.0.91 "GET /placement/allocations/0d7a0307-1b68-4f0d-89c0-b07425a3ece9" {{(pid=104094) __call__ /opt/stack/placement/placement/requestlog.py:55}}
Jan 21 16:31:19.510709 n-d-820531-6 devstack@placement-api.service[104094]: INFO placement.requestlog [req-f1b01e60-a738-4829-96ad-b83692384e28 req-eb6010d1-4049-4083-9ba6-71f238cf69f7 service placement] 10.222.0.91 "GET /placement/allocations/0d7a0307-1b68-4f0d-89c0-b07425a3ece9" status: 200 len: 259 microversion: 1.28
Jan 21 16:31:19.511266 n-d-820531-6 devstack@placement-api.service[104094]: [pid: 104094|app: 0|req: 306/612] 10.222.0.91 () {60 vars in 1377 bytes} [Fri Jan 21 16:31:19 2022] GET /placement/allocations/0d7a0307-1b68-4f0d-89c0-b07425a3ece9 => generated 259 bytes in 57 msecs (HTTP/1.1 200) 8 headers in 296 bytes (1 switches on core 0)
Jan 21 16:31:30.894525 n-d-820531-6 devstack@placement-api.service[104093]: DEBUG placement.requestlog [req-cc0b7414-c69d-4c28-a5db-07e4fff8104b req-61d484fc-53b9-44ee-bdbc-f8916525980f None None] Starting request: 10.222.0.110 "DELETE /placement/allocations/a5e6af1c-bd19-4ba8-ac78-e881794a938f" {{(pid=104093) __call__ /opt/stack/placement/placement/requestlog.py:55}}
Jan 21 16:31:30.959735 n-d-820531-6 devstack@placement-api.service[104093]: DEBUG placement.handlers.allocation [req-cc0b7414-c69d-4c28-a5db-07e4fff8104b req-61d484fc-53b9-44ee-bdbc-f8916525980f service placement] Successfully deleted allocations [, , ] {{(pid=104093) delete_allocations /opt/stack/placement/placement/handlers/allocation.py:627}}
Jan 21 16:31:30.960533 n-d-820531-6 devstack@placement-api.service[104093]: INFO placement.requestlog [req-cc0b7414-c69d-4c28-a5db-07e4fff8104b req-61d484fc-53b9-44ee-bdbc-f8916525980f service placement] 10.222.0.110 "DELETE /placement/allocations/a5e6af1c-bd19-4ba8-ac78-e881794a938f" status: 204 len: 0 microversion: 1.0
Jan 21 16:31:30.961934 n-d-820531-6 devstack@placement-api.service[104093]: [pid: 104093|app: 0|req: 307/613] 10.222.0.110 () {60 vars in 1356 bytes} [Fri Jan 21 16:31:30 2022] DELETE /placement/allocations/a5e6af1c-bd19-4ba8-ac78-e881794a938f => generated 0 bytes in 67 msecs (HTTP/1.1 204) 5 headers in 198 bytes (1 switches on core 0)
Jan 21 16:31:32.184680 n-d-820531-6 devstack@placement-api.service[104094]: DEBUG placement.requestlog [req-6f77aad3-1c59-4e5c-8ff4-08b8d1f23c24 req-a0f9703e-b45f-417b-a359-65958eae7c9d None None] Starting request: 10.222.0.110 "GET /placement/allocations/a499927d-5557-439b-bd49-e81f01d76799" {{(pid=104094) __call__ /opt/stack/placement/placement/requestlog.py:55}}
Jan 21 16:31:32.211701 n-d-820531-6 devstack@placement-api.service[104094]: INFO placement.requestlog [req-6f77aad3-1c59-4e5c-8ff4-08b8d1f23c24 req-a0f9703e-b45f-417b-a359-65958eae7c9d service placement] 10.222.0.110 "GET /placement/allocations/a499927d-5557-439b-bd49-e81f01d76799" status: 200 len: 259 microversion: 1.28
Jan 21 16:31:32.211968 n-d-820531-6 devstack@placement-api.service[104094]: [pid: 104094|app: 0|req: 307/614] 10.222.0.110 () {60 vars in 1378 bytes} [Fri Jan 21 16:31:32 2022] GET /placement/allocations/a499927d-5557-439b-bd49-e81f01d76799 => generated 259 bytes in 28 msecs (HTTP/1.1 200) 8 headers in 296 bytes (1 switches on core 0)
Jan 21 16:31:38.564660 n-d-820531-6 devstack@placement-api.service[104093]: DEBUG placement.requestlog [req-08b8924f-6b3c-4056-9775-1b1d44fb27e2 req-af3a2455-8ea5-466b-80a0-6e1a1c88cc1a None None] Starting request: 10.222.0.84 "GET /placement/allocation_candidates?limit=1000&resources=DISK_GB%3A1%2CMEMORY_MB%3A1024%2CVCPU%3A1&root_required=%21COMPUTE_STATUS_DISABLED" {{(pid=104093) __call__ /opt/stack/placement/placement/requestlog.py:55}}
Jan 21 16:31:38.633764 n-d-820531-6 devstack@placement-api.service[104093]: DEBUG placement.objects.research_context [req-08b8924f-6b3c-4056-9775-1b1d44fb27e2 req-af3a2455-8ea5-466b-80a0-6e1a1c88cc1a service placement] getting providers with 1 DISK_GB {{(pid=104093) __init__ /opt/stack/placement/placement/objects/research_context.py:126}}
Jan 21 16:31:38.647787 n-d-820531-6 devstack@placement-api.service[104093]: DEBUG placement.objects.research_context [req-08b8924f-6b3c-4056-9775-1b1d44fb27e2 req-af3a2455-8ea5-466b-80a0-6e1a1c88cc1a service placement] getting providers with 1024 MEMORY_MB {{(pid=104093) __init__ /opt/stack/placement/placement/objects/research_context.py:126}}
Jan 21 16:31:38.666127 n-d-820531-6 devstack@placement-api.service[104093]: DEBUG placement.objects.research_context [req-08b8924f-6b3c-4056-9775-1b1d44fb27e2 req-af3a2455-8ea5-466b-80a0-6e1a1c88cc1a service placement] getting providers with 1 VCPU {{(pid=104093) __init__ /opt/stack/placement/placement/objects/research_context.py:126}}
Jan 21 16:31:38.682881 n-d-820531-6 devstack@placement-api.service[104093]: DEBUG placement.objects.research_context [req-08b8924f-6b3c-4056-9775-1b1d44fb27e2 req-af3a2455-8ea5-466b-80a0-6e1a1c88cc1a service placement] found 2 providers with available 1 DISK_GB {{(pid=104093) get_provider_ids_matching /opt/stack/placement/placement/objects/research_context.py:549}}
Jan 21 16:31:38.683581 n-d-820531-6 devstack@placement-api.service[104093]: DEBUG placement.objects.research_context [req-08b8924f-6b3c-4056-9775-1b1d44fb27e2 req-af3a2455-8ea5-466b-80a0-6e1a1c88cc1a service placement] found 2 providers with available 1024 MEMORY_MB {{(pid=104093) get_provider_ids_matching /opt/stack/placement/placement/objects/research_context.py:549}}
Jan 21 16:31:38.684058 n-d-820531-6 devstack@placement-api.service[104093]: DEBUG placement.objects.research_context [req-08b8924f-6b3c-4056-9775-1b1d44fb27e2 req-af3a2455-8ea5-466b-80a0-6e1a1c88cc1a service placement] found 2 providers after filtering by previous result {{(pid=104093) get_provider_ids_matching /opt/stack/placement/placement/objects/research_context.py:580}}
Jan 21 16:31:38.684577 n-d-820531-6 devstack@placement-api.service[104093]: DEBUG placement.objects.research_context [req-08b8924f-6b3c-4056-9775-1b1d44fb27e2 req-af3a2455-8ea5-466b-80a0-6e1a1c88cc1a service placement] found 2 providers with available 1 VCPU {{(pid=104093) get_provider_ids_matching /opt/stack/placement/placement/objects/research_context.py:549}}
Jan 21 16:31:38.685157 n-d-820531-6 devstack@placement-api.service[104093]: DEBUG placement.objects.research_context [req-08b8924f-6b3c-4056-9775-1b1d44fb27e2 req-af3a2455-8ea5-466b-80a0-6e1a1c88cc1a service placement] found 2 providers after filtering by previous result {{(pid=104093) get_provider_ids_matching /opt/stack/placement/placement/objects/research_context.py:580}}
Jan 21 16:31:38.712252 n-d-820531-6 devstack@placement-api.service[104093]: DEBUG placement.objects.allocation_candidate [req-08b8924f-6b3c-4056-9775-1b1d44fb27e2 req-af3a2455-8ea5-466b-80a0-6e1a1c88cc1a service placement] RequestGroup(use_same_provider=False, resources={DISK_GB:1, MEMORY_MB:1024, VCPU:1}, traits=[], aggregates=[]) (suffix '') returned 2 matches {{(pid=104093) _get_by_requests /opt/stack/placement/placement/objects/allocation_candidate.py:145}}
Jan 21 16:31:38.712841 n-d-820531-6 devstack@placement-api.service[104093]: DEBUG placement.objects.allocation_candidate [req-08b8924f-6b3c-4056-9775-1b1d44fb27e2 req-af3a2455-8ea5-466b-80a0-6e1a1c88cc1a service placement] Merging candidates yields 2 allocation requests and 2 provider summaries {{(pid=104093) _merge_candidates /opt/stack/placement/placement/objects/allocation_candidate.py:783}}
Jan 21 16:31:38.718632 n-d-820531-6 devstack@placement-api.service[104093]: INFO placement.requestlog [req-08b8924f-6b3c-4056-9775-1b1d44fb27e2 req-af3a2455-8ea5-466b-80a0-6e1a1c88cc1a service placement] 10.222.0.84 "GET /placement/allocation_candidates?limit=1000&resources=DISK_GB%3A1%2CMEMORY_MB%3A1024%2CVCPU%3A1&root_required=%21COMPUTE_STATUS_DISABLED" status: 200 len: 1309 microversion: 1.36
Jan 21 16:31:38.719244 n-d-820531-6 devstack@placement-api.service[104093]: [pid: 104093|app: 0|req: 308/615] 10.222.0.84 () {60 vars in 1506 bytes} [Fri Jan 21 16:31:38 2022] GET /placement/allocation_candidates?limit=1000&resources=DISK_GB%3A1%2CMEMORY_MB%3A1024%2CVCPU%3A1&root_required=%21COMPUTE_STATUS_DISABLED => generated 1309 bytes in 155 msecs (HTTP/1.1 200) 8 headers in 297 bytes (1 switches on core 0)
Jan 21 16:31:38.794868 n-d-820531-6 devstack@placement-api.service[104094]: DEBUG placement.requestlog [req-08b8924f-6b3c-4056-9775-1b1d44fb27e2 req-b59264da-dbc5-4319-bf09-c4df8d300466 None None] Starting request: 10.222.0.84 "GET /placement/allocations/39f683f0-12c2-46c0-8d62-f68a41394e18" {{(pid=104094) __call__ /opt/stack/placement/placement/requestlog.py:55}}
Jan 21 16:31:38.809627 n-d-820531-6 devstack@placement-api.service[104094]: INFO placement.requestlog [req-08b8924f-6b3c-4056-9775-1b1d44fb27e2 req-b59264da-dbc5-4319-bf09-c4df8d300466 service placement] 10.222.0.84 "GET /placement/allocations/39f683f0-12c2-46c0-8d62-f68a41394e18" status: 200 len: 19 microversion: 1.28
Jan 21 16:31:38.814629 n-d-820531-6 devstack@placement-api.service[104094]: [pid: 104094|app: 0|req: 308/616] 10.222.0.84 () {60 vars in 1380 bytes} [Fri Jan 21 16:31:38 2022] GET /placement/allocations/39f683f0-12c2-46c0-8d62-f68a41394e18 => generated 19 bytes in 20 msecs (HTTP/1.1 200) 8 headers in 295 bytes (1 switches on core 0)
Jan 21 16:31:38.818708 n-d-820531-6 devstack@placement-api.service[104093]: DEBUG placement.requestlog [req-08b8924f-6b3c-4056-9775-1b1d44fb27e2 req-75a7d5cd-c752-407b-a595-4d18f0843da7 None None] Starting request: 10.222.0.84 "PUT /placement/allocations/39f683f0-12c2-46c0-8d62-f68a41394e18" {{(pid=104093) __call__ /opt/stack/placement/placement/requestlog.py:55}}
Jan 21 16:31:38.902316 n-d-820531-6 devstack@placement-api.service[104093]: DEBUG placement.handlers.allocation [req-08b8924f-6b3c-4056-9775-1b1d44fb27e2 req-75a7d5cd-c752-407b-a595-4d18f0843da7 service placement] Successfully wrote allocations [, , ] {{(pid=104093) _update_consumers_and_create_allocations /opt/stack/placement/placement/handlers/allocation.py:462}}
Jan 21 16:31:38.908741 n-d-820531-6 devstack@placement-api.service[104093]: INFO placement.requestlog [req-08b8924f-6b3c-4056-9775-1b1d44fb27e2 req-75a7d5cd-c752-407b-a595-4d18f0843da7 service placement] 10.222.0.84 "PUT /placement/allocations/39f683f0-12c2-46c0-8d62-f68a41394e18" status: 204 len: 0 microversion: 1.36
Jan 21 16:31:38.917754 n-d-820531-6 devstack@placement-api.service[104093]: [pid: 104093|app: 0|req: 309/617] 10.222.0.84 () {64 vars in 1433 bytes} [Fri Jan 21 16:31:38 2022] PUT /placement/allocations/39f683f0-12c2-46c0-8d62-f68a41394e18 => generated 0 bytes in 92 msecs (HTTP/1.1 204) 5 headers in 199 bytes (1 switches on core 0)
Jan 21 16:31:39.374783 n-d-820531-6 devstack@placement-api.service[104094]: DEBUG placement.requestlog [req-08b8924f-6b3c-4056-9775-1b1d44fb27e2 req-72629787-1a61-44c8-83fe-ff0f931cef36 None None] Starting request: 10.222.0.110 "GET /placement/allocations/39f683f0-12c2-46c0-8d62-f68a41394e18" {{(pid=104094) __call__ /opt/stack/placement/placement/requestlog.py:55}}
Jan 21 16:31:39.393172 n-d-820531-6 devstack@placement-api.service[104094]: INFO placement.requestlog [req-08b8924f-6b3c-4056-9775-1b1d44fb27e2 req-72629787-1a61-44c8-83fe-ff0f931cef36 service placement] 10.222.0.110 "GET /placement/allocations/39f683f0-12c2-46c0-8d62-f68a41394e18" status: 200 len: 259 microversion: 1.28
Jan 21 16:31:39.394456 n-d-820531-6 devstack@placement-api.service[104094]: [pid: 104094|app: 0|req: 309/618] 10.222.0.110 () {60 vars in 1378 bytes} [Fri Jan 21 16:31:39 2022] GET /placement/allocations/39f683f0-12c2-46c0-8d62-f68a41394e18 => generated 259 bytes in 20 msecs (HTTP/1.1 200) 8 headers in 296 bytes (1 switches on core 0)
Jan 21 16:31:40.704164 n-d-820531-6 devstack@placement-api.service[104093]: DEBUG placement.requestlog [req-3ae41c34-7742-4a8e-adf0-d6fa374a502e req-2703182d-7f7f-4cf3-8335-46527ecfb571 None None] Starting request: 10.222.0.91 "GET /placement/allocations/0011c1db-d6d9-4b6e-8437-03041e05be06" {{(pid=104093) __call__ /opt/stack/placement/placement/requestlog.py:55}}
Jan 21 16:31:40.734176 n-d-820531-6 devstack@placement-api.service[104093]: INFO placement.requestlog [req-3ae41c34-7742-4a8e-adf0-d6fa374a502e req-2703182d-7f7f-4cf3-8335-46527ecfb571 service placement] 10.222.0.91 "GET /placement/allocations/0011c1db-d6d9-4b6e-8437-03041e05be06" status: 200 len: 259 microversion: 1.28
Jan 21 16:31:40.735125 n-d-820531-6 devstack@placement-api.service[104093]: [pid: 104093|app: 0|req: 310/619] 10.222.0.91 () {60 vars in 1377 bytes} [Fri Jan 21 16:31:40 2022] GET /placement/allocations/0011c1db-d6d9-4b6e-8437-03041e05be06 => generated 259 bytes in 31 msecs (HTTP/1.1 200) 8 headers in 296 bytes (1 switches on core 0)
Jan 21 16:31:40.750153 n-d-820531-6 devstack@placement-api.service[104094]: DEBUG placement.requestlog [req-3ae41c34-7742-4a8e-adf0-d6fa374a502e req-907478cc-7277-4830-8a31-b03622178348 None None] Starting request: 10.222.0.91 "GET /placement/allocations/0011c1db-d6d9-4b6e-8437-03041e05be06" {{(pid=104094) __call__ /opt/stack/placement/placement/requestlog.py:55}}
Jan 21 16:31:40.819018 n-d-820531-6 devstack@placement-api.service[104094]: INFO placement.requestlog [req-3ae41c34-7742-4a8e-adf0-d6fa374a502e req-907478cc-7277-4830-8a31-b03622178348 service placement] 10.222.0.91 "GET /placement/allocations/0011c1db-d6d9-4b6e-8437-03041e05be06" status: 200 len: 259 microversion: 1.28
Jan 21 16:31:40.821794 n-d-820531-6 devstack@placement-api.service[104094]: [pid: 104094|app: 0|req: 310/620] 10.222.0.91 () {60 vars in 1377 bytes} [Fri Jan 21 16:31:40 2022] GET /placement/allocations/0011c1db-d6d9-4b6e-8437-03041e05be06 => generated 259 bytes in 73 msecs (HTTP/1.1 200) 8 headers in 296 bytes (1 switches on core 0)
Jan 21 16:31:40.829749 n-d-820531-6 devstack@placement-api.service[104093]: DEBUG placement.requestlog [req-3ae41c34-7742-4a8e-adf0-d6fa374a502e req-da74746e-7b30-4d72-b629-7669c734368d None None] Starting request: 10.222.0.91 "GET /placement/allocations/a499927d-5557-439b-bd49-e81f01d76799" {{(pid=104093) __call__ /opt/stack/placement/placement/requestlog.py:55}}
Jan 21 16:31:40.863285 n-d-820531-6 devstack@placement-api.service[104093]: INFO placement.requestlog [req-3ae41c34-7742-4a8e-adf0-d6fa374a502e req-da74746e-7b30-4d72-b629-7669c734368d service placement] 10.222.0.91 "GET /placement/allocations/a499927d-5557-439b-bd49-e81f01d76799" status: 200 len: 259 microversion: 1.28
Jan 21 16:31:40.864196 n-d-820531-6 devstack@placement-api.service[104093]: [pid: 104093|app: 0|req: 311/621] 10.222.0.91 () {60 vars in 1377 bytes} [Fri Jan 21 16:31:40 2022] GET /placement/allocations/a499927d-5557-439b-bd49-e81f01d76799 => generated 259 bytes in 35 msecs (HTTP/1.1 200) 8 headers in 296 bytes (1 switches on core 0)
Jan 21 16:31:40.873811 n-d-820531-6 devstack@placement-api.service[104094]: DEBUG placement.requestlog [req-3ae41c34-7742-4a8e-adf0-d6fa374a502e req-f50f7d7e-29b7-40f2-aa72-4a76cf519b91 None None] Starting request: 10.222.0.91 "POST /placement/allocations" {{(pid=104094) __call__ /opt/stack/placement/placement/requestlog.py:55}}
Jan 21 16:31:41.086598 n-d-820531-6 devstack@placement-api.service[104094]: DEBUG placement.handlers.allocation [req-3ae41c34-7742-4a8e-adf0-d6fa374a502e req-f50f7d7e-29b7-40f2-aa72-4a76cf519b91 service placement] Successfully wrote allocations [, , , , , ] {{(pid=104094) _update_consumers_and_create_allocations /opt/stack/placement/placement/handlers/allocation.py:572}}
Jan 21 16:31:41.095571 n-d-820531-6 devstack@placement-api.service[104094]: INFO placement.requestlog [req-3ae41c34-7742-4a8e-adf0-d6fa374a502e req-f50f7d7e-29b7-40f2-aa72-4a76cf519b91 service placement] 10.222.0.91 "POST /placement/allocations" status: 204 len: 0 microversion: 1.28
Jan 21 16:31:41.096526 n-d-820531-6 devstack@placement-api.service[104094]: [pid: 104094|app: 0|req: 311/622] 10.222.0.91 () {64 vars in 1320 bytes} [Fri Jan 21 16:31:40 2022] POST /placement/allocations => generated 0 bytes in 224 msecs (HTTP/1.1 204) 5 headers in 199 bytes (2 switches on core 0)
Jan 21 16:31:59.061945 n-d-820531-6 devstack@placement-api.service[104093]: DEBUG placement.requestlog [req-3d711d16-82e5-4bf9-a222-874d79a77a2d req-f05c658f-97bc-4634-a78b-9ed329f40e44 None None] Starting request: 10.222.0.91 "DELETE /placement/allocations/a499927d-5557-439b-bd49-e81f01d76799" {{(pid=104093) __call__ /opt/stack/placement/placement/requestlog.py:55}}
Jan 21 16:31:59.115482 n-d-820531-6 devstack@placement-api.service[104093]: DEBUG placement.handlers.allocation [req-3d711d16-82e5-4bf9-a222-874d79a77a2d req-f05c658f-97bc-4634-a78b-9ed329f40e44 service placement] Successfully deleted allocations [, , ] {{(pid=104093) delete_allocations /opt/stack/placement/placement/handlers/allocation.py:627}}
Jan 21 16:31:59.115977 n-d-820531-6 devstack@placement-api.service[104093]: INFO placement.requestlog [req-3d711d16-82e5-4bf9-a222-874d79a77a2d req-f05c658f-97bc-4634-a78b-9ed329f40e44 service placement] 10.222.0.91 "DELETE /placement/allocations/a499927d-5557-439b-bd49-e81f01d76799" status: 204 len: 0 microversion: 1.0
Jan 21 16:31:59.116798 n-d-820531-6 devstack@placement-api.service[104093]: [pid: 104093|app: 0|req: 312/623] 10.222.0.91 () {60 vars in 1355 bytes} [Fri Jan 21 16:31:59 2022] DELETE /placement/allocations/a499927d-5557-439b-bd49-e81f01d76799 => generated 0 bytes in 56 msecs (HTTP/1.1 204) 5 headers in 198 bytes (1 switches on core 0)
Jan 21 16:32:01.065272 n-d-820531-6 devstack@placement-api.service[104094]: DEBUG placement.requestlog [req-36013856-34d6-45de-b25d-91820497b061 req-c30dac0b-e43d-4de2-95be-ceb51e3ff3a7 None None] Starting request: 10.222.0.110 "GET /placement/resource_providers/28fb4f9f-b116-444a-9e58-2d7236b8e801/allocations" {{(pid=104094) __call__ /opt/stack/placement/placement/requestlog.py:55}}
Jan 21 16:32:01.123344 n-d-820531-6 devstack@placement-api.service[104094]: INFO placement.requestlog [req-36013856-34d6-45de-b25d-91820497b061 req-c30dac0b-e43d-4de2-95be-ceb51e3ff3a7 service placement] 10.222.0.110 "GET /placement/resource_providers/28fb4f9f-b116-444a-9e58-2d7236b8e801/allocations" status: 200 len: 630 microversion: 1.0
Jan 21 16:32:01.125041 n-d-820531-6 devstack@placement-api.service[104094]: [pid: 104094|app: 0|req: 312/624] 10.222.0.110 () {58 vars in 1391 bytes} [Fri Jan 21 16:32:01 2022] GET /placement/resource_providers/28fb4f9f-b116-444a-9e58-2d7236b8e801/allocations => generated 630 bytes in 60 msecs (HTTP/1.1 200) 6 headers in 224 bytes (2 switches on core 0)
Jan 21 16:32:05.504826 n-d-820531-6 devstack@placement-api.service[104093]: DEBUG placement.requestlog [req-b9ad7f40-46f6-449d-9985-f096207f658b req-6792a65d-ea7e-4986-ae66-b155440e68f4 None None] Starting request: 10.222.0.110 "DELETE /placement/allocations/0dd96767-b00e-4879-a978-a4120329747b" {{(pid=104093) __call__ /opt/stack/placement/placement/requestlog.py:55}}
Jan 21 16:32:05.567660 n-d-820531-6 devstack@placement-api.service[104093]: DEBUG placement.handlers.allocation [req-b9ad7f40-46f6-449d-9985-f096207f658b req-6792a65d-ea7e-4986-ae66-b155440e68f4 service placement] Successfully deleted allocations [, , ] {{(pid=104093) delete_allocations /opt/stack/placement/placement/handlers/allocation.py:627}}
Jan 21 16:32:05.568594 n-d-820531-6 devstack@placement-api.service[104093]: INFO placement.requestlog [req-b9ad7f40-46f6-449d-9985-f096207f658b req-6792a65d-ea7e-4986-ae66-b155440e68f4 service placement] 10.222.0.110 "DELETE /placement/allocations/0dd96767-b00e-4879-a978-a4120329747b" status: 204 len: 0 microversion: 1.0
Jan 21 16:32:05.569943 n-d-820531-6 devstack@placement-api.service[104093]: [pid: 104093|app: 0|req: 313/625] 10.222.0.110 () {60 vars in 1356 bytes} [Fri Jan 21 16:32:05 2022] DELETE /placement/allocations/0dd96767-b00e-4879-a978-a4120329747b => generated 0 bytes in 65 msecs (HTTP/1.1 204) 5 headers in 198 bytes (1 switches on core 0)
Jan 21 16:32:10.354514 n-d-820531-6 devstack@placement-api.service[104094]: DEBUG placement.requestlog [req-dc3a174a-351c-4f29-9036-f8775f9ad0a0 req-52534f50-449c-442f-b641-16291840de9c None None] Starting request: 10.222.0.110 "DELETE /placement/allocations/bcd6cdba-689b-4409-a64a-d7f5dc07c918" {{(pid=104094) __call__ /opt/stack/placement/placement/requestlog.py:55}}
Jan 21 16:32:10.486640 n-d-820531-6 devstack@placement-api.service[104094]: DEBUG placement.handlers.allocation [req-dc3a174a-351c-4f29-9036-f8775f9ad0a0 req-52534f50-449c-442f-b641-16291840de9c service placement] Successfully deleted allocations [, , ] {{(pid=104094) delete_allocations /opt/stack/placement/placement/handlers/allocation.py:627}}
Jan 21 16:32:10.487196 n-d-820531-6 devstack@placement-api.service[104094]: INFO placement.requestlog [req-dc3a174a-351c-4f29-9036-f8775f9ad0a0 req-52534f50-449c-442f-b641-16291840de9c service placement] 10.222.0.110 "DELETE /placement/allocations/bcd6cdba-689b-4409-a64a-d7f5dc07c918" status: 204 len: 0 microversion: 1.0
Jan 21 16:32:10.487964 n-d-820531-6 devstack@placement-api.service[104094]: [pid: 104094|app: 0|req: 313/626] 10.222.0.110 () {60 vars in 1356 bytes} [Fri Jan 21 16:32:10 2022] DELETE /placement/allocations/bcd6cdba-689b-4409-a64a-d7f5dc07c918 => generated 0 bytes in 134 msecs (HTTP/1.1 204) 5 headers in 198 bytes (1 switches on core 0)
Jan 21 16:32:10.561595 n-d-820531-6 devstack@placement-api.service[104093]: DEBUG placement.requestlog [req-648c4ff7-9a79-4cc8-afdc-c6ed45502130 req-ba13e7b1-2bd9-4ac3-b6af-959a8adfdddc None None] Starting request: 10.222.0.91 "GET /placement/resource_providers/b768a478-257b-4eb5-b40f-d79942e9c848/allocations" {{(pid=104093) __call__ /opt/stack/placement/placement/requestlog.py:55}}
Jan 21 16:32:10.630513 n-d-820531-6 devstack@placement-api.service[104093]: INFO placement.requestlog [req-648c4ff7-9a79-4cc8-afdc-c6ed45502130 req-ba13e7b1-2bd9-4ac3-b6af-959a8adfdddc service placement] 10.222.0.91 "GET /placement/resource_providers/b768a478-257b-4eb5-b40f-d79942e9c848/allocations" status: 200 len: 255 microversion: 1.0
Jan 21 16:32:10.634058 n-d-820531-6 devstack@placement-api.service[104093]: [pid: 104093|app: 0|req: 314/627] 10.222.0.91 () {58 vars in 1390 bytes} [Fri Jan 21 16:32:10 2022] GET /placement/resource_providers/b768a478-257b-4eb5-b40f-d79942e9c848/allocations => generated 255 bytes in 73 msecs (HTTP/1.1 200) 6 headers in 224 bytes (1 switches on core 0)
Jan 21 16:32:15.110328 n-d-820531-6 devstack@placement-api.service[104094]: DEBUG placement.requestlog [req-ffe13ae2-e8e4-4729-ae38-87e14562ec2b req-402eb7c4-e051-4550-a1e9-7b4272e4e7a3 None None] Starting request: 10.222.0.110 "DELETE /placement/allocations/3664f4b2-5cad-43c4-bb4c-27a3fa93a981" {{(pid=104094) __call__ /opt/stack/placement/placement/requestlog.py:55}}
Jan 21 16:32:15.204685 n-d-820531-6 devstack@placement-api.service[104094]: DEBUG placement.handlers.allocation [req-ffe13ae2-e8e4-4729-ae38-87e14562ec2b req-402eb7c4-e051-4550-a1e9-7b4272e4e7a3 service placement] Successfully deleted allocations [, , ] {{(pid=104094) delete_allocations /opt/stack/placement/placement/handlers/allocation.py:627}}
Jan 21 16:32:15.205200 n-d-820531-6 devstack@placement-api.service[104094]: INFO placement.requestlog [req-ffe13ae2-e8e4-4729-ae38-87e14562ec2b req-402eb7c4-e051-4550-a1e9-7b4272e4e7a3 service placement] 10.222.0.110 "DELETE /placement/allocations/3664f4b2-5cad-43c4-bb4c-27a3fa93a981" status: 204 len: 0 microversion: 1.0
Jan 21 16:32:15.205864 n-d-820531-6 devstack@placement-api.service[104094]: [pid: 104094|app: 0|req: 314/628] 10.222.0.110 () {60 vars in 1356 bytes} [Fri Jan 21 16:32:15 2022] DELETE /placement/allocations/3664f4b2-5cad-43c4-bb4c-27a3fa93a981 => generated 0 bytes in 98 msecs (HTTP/1.1 204) 5 headers in 198 bytes (2 switches on core 0)
Jan 21 16:32:20.985122 n-d-820531-6 devstack@placement-api.service[104093]: DEBUG placement.requestlog [req-da674754-0734-44d9-9a30-f434a62a74f3 req-fbc6d5b2-b1f6-4541-9f2c-a681d06654f3 None None] Starting request: 10.222.0.110 "DELETE /placement/allocations/39f683f0-12c2-46c0-8d62-f68a41394e18" {{(pid=104093) __call__ /opt/stack/placement/placement/requestlog.py:55}}
Jan 21 16:32:21.031199 n-d-820531-6 devstack@placement-api.service[104093]: DEBUG placement.handlers.allocation [req-da674754-0734-44d9-9a30-f434a62a74f3 req-fbc6d5b2-b1f6-4541-9f2c-a681d06654f3 service placement] Successfully deleted allocations [, , ] {{(pid=104093) delete_allocations /opt/stack/placement/placement/handlers/allocation.py:627}}
Jan 21 16:32:21.034227 n-d-820531-6 devstack@placement-api.service[104093]: INFO placement.requestlog [req-da674754-0734-44d9-9a30-f434a62a74f3 req-fbc6d5b2-b1f6-4541-9f2c-a681d06654f3 service placement] 10.222.0.110 "DELETE /placement/allocations/39f683f0-12c2-46c0-8d62-f68a41394e18" status: 204 len: 0 microversion: 1.0
Jan 21 16:32:21.035200 n-d-820531-6 devstack@placement-api.service[104093]: [pid: 104093|app: 0|req: 315/629] 10.222.0.110 () {60 vars in 1356 bytes} [Fri Jan 21 16:32:20 2022] DELETE /placement/allocations/39f683f0-12c2-46c0-8d62-f68a41394e18 => generated 0 bytes in 50 msecs (HTTP/1.1 204) 5 headers in 198 bytes (1 switches on core 0)
Jan 21 16:32:24.993589 n-d-820531-6 devstack@placement-api.service[104094]: DEBUG placement.requestlog [req-b0afab6f-2efe-4133-9182-7c035cf76b6c req-4981edcb-cb9e-44f4-a4d0-906082d96152 None None] Starting request: 10.222.0.110 "DELETE /placement/allocations/e8e3b154-a018-4cea-b161-d31e5d68df8b" {{(pid=104094) __call__ /opt/stack/placement/placement/requestlog.py:55}}
Jan 21 16:32:25.047980 n-d-820531-6 devstack@placement-api.service[104094]: DEBUG placement.handlers.allocation [req-b0afab6f-2efe-4133-9182-7c035cf76b6c req-4981edcb-cb9e-44f4-a4d0-906082d96152 service placement] Successfully deleted allocations [, ] {{(pid=104094) delete_allocations /opt/stack/placement/placement/handlers/allocation.py:627}}
Jan 21 16:32:25.048488 n-d-820531-6 devstack@placement-api.service[104094]: INFO placement.requestlog [req-b0afab6f-2efe-4133-9182-7c035cf76b6c req-4981edcb-cb9e-44f4-a4d0-906082d96152 service placement] 10.222.0.110 "DELETE /placement/allocations/e8e3b154-a018-4cea-b161-d31e5d68df8b" status: 204 len: 0 microversion: 1.0
Jan 21 16:32:25.048938 n-d-820531-6 devstack@placement-api.service[104094]: [pid: 104094|app: 0|req: 315/630] 10.222.0.110 () {60 vars in 1356 bytes} [Fri Jan 21 16:32:24 2022] DELETE /placement/allocations/e8e3b154-a018-4cea-b161-d31e5d68df8b => generated 0 bytes in 56 msecs (HTTP/1.1 204) 5 headers in 198 bytes (1 switches on core 0)
Jan 21 16:32:30.191847 n-d-820531-6 devstack@placement-api.service[104093]: DEBUG placement.requestlog [req-da646bfe-9c94-4a6b-9fb7-09e4402246dc req-9aa1a2ad-a903-4639-9cd0-be258794328e None None] Starting request: 10.222.0.84 "GET /placement/allocation_candidates?limit=1000&resources=DISK_GB%3A1%2CMEMORY_MB%3A1024%2CVCPU%3A1&root_required=%21COMPUTE_STATUS_DISABLED" {{(pid=104093) __call__ /opt/stack/placement/placement/requestlog.py:55}}
Jan 21 16:32:30.264590 n-d-820531-6 devstack@placement-api.service[104093]: DEBUG placement.objects.research_context [req-da646bfe-9c94-4a6b-9fb7-09e4402246dc req-9aa1a2ad-a903-4639-9cd0-be258794328e service placement] getting providers with 1 DISK_GB {{(pid=104093) __init__ /opt/stack/placement/placement/objects/research_context.py:126}}
Jan 21 16:32:30.272057 n-d-820531-6 devstack@placement-api.service[104093]: DEBUG placement.objects.research_context [req-da646bfe-9c94-4a6b-9fb7-09e4402246dc req-9aa1a2ad-a903-4639-9cd0-be258794328e service placement] getting providers with 1024 MEMORY_MB {{(pid=104093) __init__ /opt/stack/placement/placement/objects/research_context.py:126}}
Jan 21 16:32:30.280856 n-d-820531-6 devstack@placement-api.service[104093]: DEBUG placement.objects.research_context [req-da646bfe-9c94-4a6b-9fb7-09e4402246dc req-9aa1a2ad-a903-4639-9cd0-be258794328e service placement] getting providers with 1 VCPU {{(pid=104093) __init__ /opt/stack/placement/placement/objects/research_context.py:126}}
Jan 21 16:32:30.290210 n-d-820531-6 devstack@placement-api.service[104093]: DEBUG placement.objects.research_context [req-da646bfe-9c94-4a6b-9fb7-09e4402246dc req-9aa1a2ad-a903-4639-9cd0-be258794328e service placement] found 2 providers with available 1 DISK_GB {{(pid=104093) get_provider_ids_matching /opt/stack/placement/placement/objects/research_context.py:549}}
Jan 21 16:32:30.291083 n-d-820531-6 devstack@placement-api.service[104093]: DEBUG placement.objects.research_context [req-da646bfe-9c94-4a6b-9fb7-09e4402246dc req-9aa1a2ad-a903-4639-9cd0-be258794328e service placement] found 2 providers with available 1024 MEMORY_MB {{(pid=104093) get_provider_ids_matching /opt/stack/placement/placement/objects/research_context.py:549}}
Jan 21 16:32:30.291521 n-d-820531-6 devstack@placement-api.service[104093]: DEBUG placement.objects.research_context [req-da646bfe-9c94-4a6b-9fb7-09e4402246dc req-9aa1a2ad-a903-4639-9cd0-be258794328e service placement] found 2 providers after filtering by previous result {{(pid=104093) get_provider_ids_matching /opt/stack/placement/placement/objects/research_context.py:580}}
Jan 21 16:32:30.292352 n-d-820531-6 devstack@placement-api.service[104093]: DEBUG placement.objects.research_context [req-da646bfe-9c94-4a6b-9fb7-09e4402246dc req-9aa1a2ad-a903-4639-9cd0-be258794328e service placement] found 2 providers with available 1 VCPU {{(pid=104093) get_provider_ids_matching /opt/stack/placement/placement/objects/research_context.py:549}}
Jan 21 16:32:30.294169 n-d-820531-6 devstack@placement-api.service[104093]: DEBUG placement.objects.research_context [req-da646bfe-9c94-4a6b-9fb7-09e4402246dc req-9aa1a2ad-a903-4639-9cd0-be258794328e service placement] found 2 providers after filtering by previous result {{(pid=104093) get_provider_ids_matching /opt/stack/placement/placement/objects/research_context.py:580}}
Jan 21 16:32:30.325493 n-d-820531-6 devstack@placement-api.service[104093]: DEBUG placement.objects.allocation_candidate [req-da646bfe-9c94-4a6b-9fb7-09e4402246dc req-9aa1a2ad-a903-4639-9cd0-be258794328e service placement] RequestGroup(use_same_provider=False, resources={DISK_GB:1, MEMORY_MB:1024, VCPU:1}, traits=[], aggregates=[]) (suffix '') returned 2 matches {{(pid=104093) _get_by_requests /opt/stack/placement/placement/objects/allocation_candidate.py:145}}
Jan 21 16:32:30.327236 n-d-820531-6 devstack@placement-api.service[104093]: DEBUG placement.objects.allocation_candidate [req-da646bfe-9c94-4a6b-9fb7-09e4402246dc req-9aa1a2ad-a903-4639-9cd0-be258794328e service placement] Merging candidates yields 2 allocation requests and 2 provider summaries {{(pid=104093) _merge_candidates /opt/stack/placement/placement/objects/allocation_candidate.py:783}}
Jan 21 16:32:30.331060 n-d-820531-6 devstack@placement-api.service[104093]: INFO placement.requestlog [req-da646bfe-9c94-4a6b-9fb7-09e4402246dc req-9aa1a2ad-a903-4639-9cd0-be258794328e service placement] 10.222.0.84 "GET /placement/allocation_candidates?limit=1000&resources=DISK_GB%3A1%2CMEMORY_MB%3A1024%2CVCPU%3A1&root_required=%21COMPUTE_STATUS_DISABLED" status: 200 len: 1309 microversion: 1.36
Jan 21 16:32:30.332001 n-d-820531-6 devstack@placement-api.service[104093]: [pid: 104093|app: 0|req: 316/631] 10.222.0.84 () {60 vars in 1506 bytes} [Fri Jan 21 16:32:30 2022] GET /placement/allocation_candidates?limit=1000&resources=DISK_GB%3A1%2CMEMORY_MB%3A1024%2CVCPU%3A1&root_required=%21COMPUTE_STATUS_DISABLED => generated 1309 bytes in 140 msecs (HTTP/1.1 200) 8 headers in 297 bytes (1 switches on core 0)
Jan 21 16:32:30.405893 n-d-820531-6 devstack@placement-api.service[104094]: DEBUG placement.requestlog [req-da646bfe-9c94-4a6b-9fb7-09e4402246dc req-8757aff3-4021-4ade-b1fe-b151fd656f05 None None] Starting request: 10.222.0.84 "GET /placement/allocations/7b3b201c-531d-4a3e-a173-d0f136efa7e8" {{(pid=104094) __call__ /opt/stack/placement/placement/requestlog.py:55}}
Jan 21 16:32:30.421195 n-d-820531-6 devstack@placement-api.service[104094]: INFO placement.requestlog [req-da646bfe-9c94-4a6b-9fb7-09e4402246dc req-8757aff3-4021-4ade-b1fe-b151fd656f05 service placement] 10.222.0.84 "GET /placement/allocations/7b3b201c-531d-4a3e-a173-d0f136efa7e8" status: 200 len: 19 microversion: 1.28
Jan 21 16:32:30.427285 n-d-820531-6 devstack@placement-api.service[104094]: [pid: 104094|app: 0|req: 316/632] 10.222.0.84 () {60 vars in 1380 bytes} [Fri Jan 21 16:32:30 2022] GET /placement/allocations/7b3b201c-531d-4a3e-a173-d0f136efa7e8 => generated 19 bytes in 21 msecs (HTTP/1.1 200) 8 headers in 295 bytes (1 switches on core 0)
Jan 21 16:32:30.430209 n-d-820531-6 devstack@placement-api.service[104093]: DEBUG placement.requestlog [req-da646bfe-9c94-4a6b-9fb7-09e4402246dc req-6bd8fec8-cb44-4a8b-bb30-715ef00cd658 None None] Starting request: 10.222.0.84 "PUT /placement/allocations/7b3b201c-531d-4a3e-a173-d0f136efa7e8" {{(pid=104093) __call__ /opt/stack/placement/placement/requestlog.py:55}}
Jan 21 16:32:30.528662 n-d-820531-6 devstack@placement-api.service[104093]: DEBUG placement.handlers.allocation [req-da646bfe-9c94-4a6b-9fb7-09e4402246dc req-6bd8fec8-cb44-4a8b-bb30-715ef00cd658 service placement] Successfully wrote allocations [, , ] {{(pid=104093) _update_consumers_and_create_allocations /opt/stack/placement/placement/handlers/allocation.py:462}}
Jan 21 16:32:30.536513 n-d-820531-6 devstack@placement-api.service[104093]: INFO placement.requestlog [req-da646bfe-9c94-4a6b-9fb7-09e4402246dc req-6bd8fec8-cb44-4a8b-bb30-715ef00cd658 service placement] 10.222.0.84 "PUT /placement/allocations/7b3b201c-531d-4a3e-a173-d0f136efa7e8" status: 204 len: 0 microversion: 1.36
Jan 21 16:32:30.537269 n-d-820531-6 devstack@placement-api.service[104093]: [pid: 104093|app: 0|req: 317/633] 10.222.0.84 () {64 vars in 1433 bytes} [Fri Jan 21 16:32:30 2022] PUT /placement/allocations/7b3b201c-531d-4a3e-a173-d0f136efa7e8 => generated 0 bytes in 107 msecs (HTTP/1.1 204) 5 headers in 199 bytes (1 switches on core 0)
Jan 21 16:32:31.114031 n-d-820531-6 devstack@placement-api.service[104094]: DEBUG placement.requestlog [req-da646bfe-9c94-4a6b-9fb7-09e4402246dc req-e4d76af1-0a9c-4fa5-8557-b239ed19109a None None] Starting request: 10.222.0.91 "GET /placement/allocations/7b3b201c-531d-4a3e-a173-d0f136efa7e8" {{(pid=104094) __call__ /opt/stack/placement/placement/requestlog.py:55}}
Jan 21 16:32:31.149951 n-d-820531-6 devstack@placement-api.service[104094]: INFO placement.requestlog [req-da646bfe-9c94-4a6b-9fb7-09e4402246dc req-e4d76af1-0a9c-4fa5-8557-b239ed19109a service placement] 10.222.0.91 "GET /placement/allocations/7b3b201c-531d-4a3e-a173-d0f136efa7e8" status: 200 len: 259 microversion: 1.28
Jan 21 16:32:31.150339 n-d-820531-6 devstack@placement-api.service[104094]: [pid: 104094|app: 0|req: 317/634] 10.222.0.91 () {60 vars in 1377 bytes} [Fri Jan 21 16:32:31 2022] GET /placement/allocations/7b3b201c-531d-4a3e-a173-d0f136efa7e8 => generated 259 bytes in 37 msecs (HTTP/1.1 200) 8 headers in 296 bytes (2 switches on core 0)
Jan 21 16:33:01.927824 n-d-820531-6 devstack@placement-api.service[104093]: DEBUG placement.requestlog [req-d50bd37b-3bf2-48d6-8c2b-09c51e8fea73 req-66a998bd-e97c-480d-b64a-d98b3df35edc None None] Starting request: 10.222.0.84 "GET /placement/allocation_candidates?resources=DISK_GB%3A1%2CMEMORY_MB%3A1024%2CVCPU%3A1&root_required=%21COMPUTE_STATUS_DISABLED" {{(pid=104093) __call__ /opt/stack/placement/placement/requestlog.py:55}}
Jan 21 16:33:01.973851 n-d-820531-6 devstack@placement-api.service[104094]: DEBUG placement.requestlog [req-08604cda-43c0-4cf1-aa3e-24551992e4c8 req-0a8bcb81-2f0e-4518-8df2-64af8f618654 None None] Starting request: 10.222.0.110 "GET /placement/resource_providers/28fb4f9f-b116-444a-9e58-2d7236b8e801/allocations" {{(pid=104094) __call__ /opt/stack/placement/placement/requestlog.py:55}}
Jan 21 16:33:02.018941 n-d-820531-6 devstack@placement-api.service[104093]: DEBUG placement.objects.research_context [req-d50bd37b-3bf2-48d6-8c2b-09c51e8fea73 req-66a998bd-e97c-480d-b64a-d98b3df35edc service placement] getting providers with 1 DISK_GB {{(pid=104093) __init__ /opt/stack/placement/placement/objects/research_context.py:126}}
Jan 21 16:33:02.046397 n-d-820531-6 devstack@placement-api.service[104093]: DEBUG placement.objects.research_context [req-d50bd37b-3bf2-48d6-8c2b-09c51e8fea73 req-66a998bd-e97c-480d-b64a-d98b3df35edc service placement] getting providers with 1024 MEMORY_MB {{(pid=104093) __init__ /opt/stack/placement/placement/objects/research_context.py:126}}
Jan 21 16:33:02.047665 n-d-820531-6 devstack@placement-api.service[104094]: INFO placement.requestlog [req-08604cda-43c0-4cf1-aa3e-24551992e4c8 req-0a8bcb81-2f0e-4518-8df2-64af8f618654 service placement] 10.222.0.110 "GET /placement/resource_providers/28fb4f9f-b116-444a-9e58-2d7236b8e801/allocations" status: 200 len: 140 microversion: 1.0
Jan 21 16:33:02.048484 n-d-820531-6 devstack@placement-api.service[104094]: [pid: 104094|app: 0|req: 318/635] 10.222.0.110 () {58 vars in 1391 bytes} [Fri Jan 21 16:33:01 2022] GET /placement/resource_providers/28fb4f9f-b116-444a-9e58-2d7236b8e801/allocations => generated 140 bytes in 75 msecs (HTTP/1.1 200) 6 headers in 224 bytes (2 switches on core 0)
Jan 21 16:33:02.061375 n-d-820531-6 devstack@placement-api.service[104093]: DEBUG placement.objects.research_context [req-d50bd37b-3bf2-48d6-8c2b-09c51e8fea73 req-66a998bd-e97c-480d-b64a-d98b3df35edc service placement] getting providers with 1 VCPU {{(pid=104093) __init__ /opt/stack/placement/placement/objects/research_context.py:126}}
Jan 21 16:33:02.070895 n-d-820531-6 devstack@placement-api.service[104093]: DEBUG placement.objects.research_context [req-d50bd37b-3bf2-48d6-8c2b-09c51e8fea73 req-66a998bd-e97c-480d-b64a-d98b3df35edc service placement] found 2 providers with available 1 DISK_GB {{(pid=104093) get_provider_ids_matching /opt/stack/placement/placement/objects/research_context.py:549}}
Jan 21 16:33:02.071168 n-d-820531-6 devstack@placement-api.service[104093]: DEBUG placement.objects.research_context [req-d50bd37b-3bf2-48d6-8c2b-09c51e8fea73 req-66a998bd-e97c-480d-b64a-d98b3df35edc service placement] found 2 providers with available 1024 MEMORY_MB {{(pid=104093) get_provider_ids_matching /opt/stack/placement/placement/objects/research_context.py:549}}
Jan 21 16:33:02.072407 n-d-820531-6 devstack@placement-api.service[104093]: DEBUG placement.objects.research_context [req-d50bd37b-3bf2-48d6-8c2b-09c51e8fea73 req-66a998bd-e97c-480d-b64a-d98b3df35edc service placement] found 2 providers after filtering by previous result {{(pid=104093) get_provider_ids_matching /opt/stack/placement/placement/objects/research_context.py:580}}
Jan 21 16:33:02.072828 n-d-820531-6 devstack@placement-api.service[104093]: DEBUG placement.objects.research_context [req-d50bd37b-3bf2-48d6-8c2b-09c51e8fea73 req-66a998bd-e97c-480d-b64a-d98b3df35edc service placement] found 2 providers with available 1 VCPU {{(pid=104093) get_provider_ids_matching /opt/stack/placement/placement/objects/research_context.py:549}}
Jan 21 16:33:02.073254 n-d-820531-6 devstack@placement-api.service[104093]: DEBUG placement.objects.research_context [req-d50bd37b-3bf2-48d6-8c2b-09c51e8fea73 req-66a998bd-e97c-480d-b64a-d98b3df35edc service placement] found 2 providers after filtering by previous result {{(pid=104093) get_provider_ids_matching /opt/stack/placement/placement/objects/research_context.py:580}}
Jan 21 16:33:02.095943 n-d-820531-6 devstack@placement-api.service[104093]: DEBUG placement.objects.allocation_candidate [req-d50bd37b-3bf2-48d6-8c2b-09c51e8fea73 req-66a998bd-e97c-480d-b64a-d98b3df35edc service placement] RequestGroup(use_same_provider=False, resources={DISK_GB:1, MEMORY_MB:1024, VCPU:1}, traits=[], aggregates=[]) (suffix '') returned 2 matches {{(pid=104093) _get_by_requests /opt/stack/placement/placement/objects/allocation_candidate.py:145}}
Jan 21 16:33:02.096778 n-d-820531-6 devstack@placement-api.service[104093]: DEBUG placement.objects.allocation_candidate [req-d50bd37b-3bf2-48d6-8c2b-09c51e8fea73 req-66a998bd-e97c-480d-b64a-d98b3df35edc service placement] Merging candidates yields 2 allocation requests and 2 provider summaries {{(pid=104093) _merge_candidates /opt/stack/placement/placement/objects/allocation_candidate.py:783}}
Jan 21 16:33:02.101013 n-d-820531-6 devstack@placement-api.service[104093]: INFO placement.requestlog [req-d50bd37b-3bf2-48d6-8c2b-09c51e8fea73 req-66a998bd-e97c-480d-b64a-d98b3df35edc service placement] 10.222.0.84 "GET /placement/allocation_candidates?resources=DISK_GB%3A1%2CMEMORY_MB%3A1024%2CVCPU%3A1&root_required=%21COMPUTE_STATUS_DISABLED" status: 200 len: 1309 microversion: 1.36
Jan 21 16:33:02.102091 n-d-820531-6 devstack@placement-api.service[104093]: [pid: 104093|app: 0|req: 318/636] 10.222.0.84 () {60 vars in 1484 bytes} [Fri Jan 21 16:33:01 2022] GET /placement/allocation_candidates?resources=DISK_GB%3A1%2CMEMORY_MB%3A1024%2CVCPU%3A1&root_required=%21COMPUTE_STATUS_DISABLED => generated 1309 bytes in 174 msecs (HTTP/1.1 200) 8 headers in 297 bytes (1 switches on core 0)
Jan 21 16:33:02.182533 n-d-820531-6 devstack@placement-api.service[104094]: DEBUG placement.requestlog [req-d50bd37b-3bf2-48d6-8c2b-09c51e8fea73 req-97327708-c360-41e0-aaa0-b7da72006263 None None] Starting request: 10.222.0.84 "GET /placement/allocations/79a62afd-d01c-4317-9f6b-8e408551ea65" {{(pid=104094) __call__ /opt/stack/placement/placement/requestlog.py:55}}
Jan 21 16:33:02.198652 n-d-820531-6 devstack@placement-api.service[104094]: INFO placement.requestlog [req-d50bd37b-3bf2-48d6-8c2b-09c51e8fea73 req-97327708-c360-41e0-aaa0-b7da72006263 service placement] 10.222.0.84 "GET /placement/allocations/79a62afd-d01c-4317-9f6b-8e408551ea65" status: 200 len: 19 microversion: 1.28
Jan 21 16:33:02.199297 n-d-820531-6 devstack@placement-api.service[104094]: [pid: 104094|app: 0|req: 319/637] 10.222.0.84 () {60 vars in 1380 bytes} [Fri Jan 21 16:33:02 2022] GET /placement/allocations/79a62afd-d01c-4317-9f6b-8e408551ea65 => generated 19 bytes in 17 msecs (HTTP/1.1 200) 8 headers in 295 bytes (1 switches on core 0)
Jan 21 16:33:02.207743 n-d-820531-6 devstack@placement-api.service[104093]: DEBUG placement.requestlog [req-d50bd37b-3bf2-48d6-8c2b-09c51e8fea73 req-e3d47968-bb98-4e87-8ad0-04af5b5283de None None] Starting request: 10.222.0.84 "PUT /placement/allocations/79a62afd-d01c-4317-9f6b-8e408551ea65" {{(pid=104093) __call__ /opt/stack/placement/placement/requestlog.py:55}}
Jan 21 16:33:02.437322 n-d-820531-6 devstack@placement-api.service[104093]: DEBUG placement.handlers.allocation [req-d50bd37b-3bf2-48d6-8c2b-09c51e8fea73 req-e3d47968-bb98-4e87-8ad0-04af5b5283de service placement] Successfully wrote allocations [, , ] {{(pid=104093) _update_consumers_and_create_allocations /opt/stack/placement/placement/handlers/allocation.py:462}}
